[INFO] fetching crate qk 0.1.4...
[INFO] testing qk-0.1.4 against nightly-2025-01-18 for randomize-layout-2
[INFO] extracting crate qk 0.1.4 into /workspace/builds/worker-3-tc1/source
[INFO] validating manifest of crates.io crate qk 0.1.4 on toolchain nightly-2025-01-18
[INFO] running `Command { std: CARGO_HOME="/workspace/cargo-home" RUSTUP_HOME="/workspace/rustup-home" "/workspace/cargo-home/bin/cargo" "+nightly-2025-01-18" "metadata" "--manifest-path" "Cargo.toml" "--no-deps", kill_on_drop: false }`
[INFO] started tweaking crates.io crate qk 0.1.4
[INFO] finished tweaking crates.io crate qk 0.1.4
[INFO] tweaked toml for crates.io crate qk 0.1.4 written to /workspace/builds/worker-3-tc1/source/Cargo.toml
[INFO] crate crates.io crate qk 0.1.4 already has a lockfile, it will not be regenerated
[INFO] running `Command { std: CARGO_HOME="/workspace/cargo-home" RUSTUP_HOME="/workspace/rustup-home" "/workspace/cargo-home/bin/cargo" "+nightly-2025-01-18" "fetch" "--manifest-path" "Cargo.toml", kill_on_drop: false }`
[INFO] [stderr]  Downloading crates ...
[INFO] [stderr]   Downloaded confy v0.6.0
[INFO] [stderr]   Downloaded assert_fs v1.0.13
[INFO] running `Command { std: "docker" "create" "-v" "/var/lib/crater-agent-workspace/builds/worker-3-tc1/target:/opt/rustwide/target:rw,Z" "-v" "/var/lib/crater-agent-workspace/builds/worker-3-tc1/source:/opt/rustwide/workdir:ro,Z" "-v" "/var/lib/crater-agent-workspace/cargo-home:/opt/rustwide/cargo-home:ro,Z" "-v" "/var/lib/crater-agent-workspace/rustup-home:/opt/rustwide/rustup-home:ro,Z" "-e" "SOURCE_DIR=/opt/rustwide/workdir" "-e" "CARGO_TARGET_DIR=/opt/rustwide/target" "-e" "CARGO_HOME=/opt/rustwide/cargo-home" "-e" "RUSTUP_HOME=/opt/rustwide/rustup-home" "-w" "/opt/rustwide/workdir" "-m" "1610612736" "--user" "0:0" "--network" "none" "ghcr.io/rust-lang/crates-build-env/linux@sha256:819108c5571ea2e421544af4d832f968d213c87fbe3707a016657f43d2f853bc" "/opt/rustwide/cargo-home/bin/cargo" "+nightly-2025-01-18" "metadata" "--no-deps" "--format-version=1", kill_on_drop: false }`
[INFO] [stdout] e17c3fc055c96c05b181d1a0e11ea562058867ae4ad13d66e085540aedb30e3a
[INFO] running `Command { std: "docker" "start" "-a" "e17c3fc055c96c05b181d1a0e11ea562058867ae4ad13d66e085540aedb30e3a", kill_on_drop: false }`
[INFO] running `Command { std: "docker" "inspect" "e17c3fc055c96c05b181d1a0e11ea562058867ae4ad13d66e085540aedb30e3a", kill_on_drop: false }`
[INFO] running `Command { std: "docker" "rm" "-f" "e17c3fc055c96c05b181d1a0e11ea562058867ae4ad13d66e085540aedb30e3a", kill_on_drop: false }`
[INFO] [stdout] e17c3fc055c96c05b181d1a0e11ea562058867ae4ad13d66e085540aedb30e3a
[INFO] running `Command { std: "docker" "create" "-v" "/var/lib/crater-agent-workspace/builds/worker-3-tc1/target:/opt/rustwide/target:rw,Z" "-v" "/var/lib/crater-agent-workspace/builds/worker-3-tc1/source:/opt/rustwide/workdir:ro,Z" "-v" "/var/lib/crater-agent-workspace/cargo-home:/opt/rustwide/cargo-home:ro,Z" "-v" "/var/lib/crater-agent-workspace/rustup-home:/opt/rustwide/rustup-home:ro,Z" "-e" "SOURCE_DIR=/opt/rustwide/workdir" "-e" "CARGO_TARGET_DIR=/opt/rustwide/target" "-e" "CARGO_INCREMENTAL=0" "-e" "RUST_BACKTRACE=full" "-e" "RUSTFLAGS=--cap-lints=forbid" "-e" "RUSTDOCFLAGS=--cap-lints=forbid" "-e" "CARGO_HOME=/opt/rustwide/cargo-home" "-e" "RUSTUP_HOME=/opt/rustwide/rustup-home" "-w" "/opt/rustwide/workdir" "-m" "1610612736" "--user" "0:0" "--network" "none" "ghcr.io/rust-lang/crates-build-env/linux@sha256:819108c5571ea2e421544af4d832f968d213c87fbe3707a016657f43d2f853bc" "/opt/rustwide/cargo-home/bin/cargo" "+nightly-2025-01-18" "build" "--frozen" "--message-format=json", kill_on_drop: false }`
[INFO] [stdout] fa4e3aed910b06da5160279f316daa23a8aa70561724e9152e37412a1bf9363a
[INFO] running `Command { std: "docker" "start" "-a" "fa4e3aed910b06da5160279f316daa23a8aa70561724e9152e37412a1bf9363a", kill_on_drop: false }`
[INFO] [stderr]    Compiling proc-macro2 v1.0.69
[INFO] [stderr]    Compiling serde v1.0.190
[INFO] [stderr]    Compiling rustix v0.38.21
[INFO] [stderr]    Compiling libc v0.2.149
[INFO] [stderr]    Compiling hashbrown v0.14.3
[INFO] [stderr]    Compiling utf8parse v0.2.1
[INFO] [stderr]    Compiling linux-raw-sys v0.4.10
[INFO] [stderr]    Compiling bitflags v2.4.1
[INFO] [stderr]    Compiling colorchoice v1.0.0
[INFO] [stderr]    Compiling anstyle v1.0.4
[INFO] [stderr]    Compiling option-ext v0.2.0
[INFO] [stderr]    Compiling anstyle-query v1.0.2
[INFO] [stderr]    Compiling thiserror v1.0.50
[INFO] [stderr]    Compiling winnow v0.5.35
[INFO] [stderr]    Compiling clap_lex v0.7.0
[INFO] [stderr]    Compiling anyhow v1.0.75
[INFO] [stderr]    Compiling strsim v0.11.0
[INFO] [stderr]    Compiling anstyle-parse v0.2.3
[INFO] [stderr]    Compiling anstream v0.6.13
[INFO] [stderr]    Compiling quote v1.0.33
[INFO] [stderr]    Compiling syn v2.0.38
[INFO] [stderr]    Compiling dirs-sys v0.4.1
[INFO] [stderr]    Compiling indexmap v2.1.0
[INFO] [stderr]    Compiling directories v5.0.1
[INFO] [stderr]    Compiling terminal_size v0.3.0
[INFO] [stderr]    Compiling clap_builder v4.5.2
[INFO] [stderr]    Compiling serde_derive v1.0.190
[INFO] [stderr]    Compiling thiserror-impl v1.0.50
[INFO] [stderr]    Compiling clap v4.5.3
[INFO] [stderr]    Compiling serde_spanned v0.6.5
[INFO] [stderr]    Compiling toml_datetime v0.6.5
[INFO] [stderr]    Compiling toml_edit v0.21.0
[INFO] [stderr]    Compiling toml v0.8.8
[INFO] [stderr]    Compiling confy v0.6.0
[INFO] [stderr]    Compiling qk v0.1.4 (/opt/rustwide/workdir)
[INFO] [stderr]     Finished `dev` profile [unoptimized + debuginfo] target(s) in 20.04s
[INFO] running `Command { std: "docker" "inspect" "fa4e3aed910b06da5160279f316daa23a8aa70561724e9152e37412a1bf9363a", kill_on_drop: false }`
[INFO] running `Command { std: "docker" "rm" "-f" "fa4e3aed910b06da5160279f316daa23a8aa70561724e9152e37412a1bf9363a", kill_on_drop: false }`
[INFO] [stdout] fa4e3aed910b06da5160279f316daa23a8aa70561724e9152e37412a1bf9363a
[INFO] running `Command { std: "docker" "create" "-v" "/var/lib/crater-agent-workspace/builds/worker-3-tc1/target:/opt/rustwide/target:rw,Z" "-v" "/var/lib/crater-agent-workspace/builds/worker-3-tc1/source:/opt/rustwide/workdir:ro,Z" "-v" "/var/lib/crater-agent-workspace/cargo-home:/opt/rustwide/cargo-home:ro,Z" "-v" "/var/lib/crater-agent-workspace/rustup-home:/opt/rustwide/rustup-home:ro,Z" "-e" "SOURCE_DIR=/opt/rustwide/workdir" "-e" "CARGO_TARGET_DIR=/opt/rustwide/target" "-e" "CARGO_INCREMENTAL=0" "-e" "RUST_BACKTRACE=full" "-e" "RUSTFLAGS=--cap-lints=forbid" "-e" "RUSTDOCFLAGS=--cap-lints=forbid" "-e" "CARGO_HOME=/opt/rustwide/cargo-home" "-e" "RUSTUP_HOME=/opt/rustwide/rustup-home" "-w" "/opt/rustwide/workdir" "-m" "1610612736" "--user" "0:0" "--network" "none" "ghcr.io/rust-lang/crates-build-env/linux@sha256:819108c5571ea2e421544af4d832f968d213c87fbe3707a016657f43d2f853bc" "/opt/rustwide/cargo-home/bin/cargo" "+nightly-2025-01-18" "test" "--frozen" "--no-run" "--message-format=json", kill_on_drop: false }`
[INFO] [stdout] 56cb1547d67df436913a2e398eb1b70bef00eb2a740e20ed674e92c1f164883f
[INFO] running `Command { std: "docker" "start" "-a" "56cb1547d67df436913a2e398eb1b70bef00eb2a740e20ed674e92c1f164883f", kill_on_drop: false }`
[INFO] [stderr]    Compiling memchr v2.6.4
[INFO] [stderr]    Compiling rustix v0.38.21
[INFO] [stderr]    Compiling regex-syntax v0.8.2
[INFO] [stderr]    Compiling either v1.9.0
[INFO] [stderr]    Compiling doc-comment v0.3.3
[INFO] [stderr]    Compiling same-file v1.0.6
[INFO] [stderr]    Compiling predicates-core v1.0.6
[INFO] [stderr]    Compiling fnv v1.0.7
[INFO] [stderr]    Compiling once_cell v1.18.0
[INFO] [stderr]    Compiling termtree v0.4.1
[INFO] [stderr]    Compiling lazy_static v1.4.0
[INFO] [stderr]    Compiling difflib v0.4.0
[INFO] [stderr]    Compiling fastrand v2.0.1
[INFO] [stderr]    Compiling wait-timeout v0.2.0
[INFO] [stderr]    Compiling walkdir v2.4.0
[INFO] [stderr]    Compiling predicates-tree v1.0.9
[INFO] [stderr]    Compiling thread_local v1.1.7
[INFO] [stderr]    Compiling itertools v0.11.0
[INFO] [stderr]    Compiling aho-corasick v1.1.2
[INFO] [stderr]    Compiling predicates v3.0.4
[INFO] [stderr]    Compiling regex-automata v0.4.3
[INFO] [stderr]    Compiling terminal_size v0.3.0
[INFO] [stderr]    Compiling tempfile v3.8.1
[INFO] [stderr]    Compiling clap_builder v4.5.2
[INFO] [stderr]    Compiling clap v4.5.3
[INFO] [stderr]    Compiling qk v0.1.4 (/opt/rustwide/workdir)
[INFO] [stderr]    Compiling bstr v1.7.0
[INFO] [stderr]    Compiling regex v1.10.2
[INFO] [stderr]    Compiling globset v0.4.13
[INFO] [stderr]    Compiling assert_cmd v2.0.12
[INFO] [stderr]    Compiling ignore v0.4.20
[INFO] [stderr]    Compiling globwalk v0.8.1
[INFO] [stderr]    Compiling assert_fs v1.0.13
[INFO] [stderr]     Finished `test` profile [unoptimized + debuginfo] target(s) in 12.70s
[INFO] running `Command { std: "docker" "inspect" "56cb1547d67df436913a2e398eb1b70bef00eb2a740e20ed674e92c1f164883f", kill_on_drop: false }`
[INFO] running `Command { std: "docker" "rm" "-f" "56cb1547d67df436913a2e398eb1b70bef00eb2a740e20ed674e92c1f164883f", kill_on_drop: false }`
[INFO] [stdout] 56cb1547d67df436913a2e398eb1b70bef00eb2a740e20ed674e92c1f164883f
[INFO] running `Command { std: "docker" "create" "-v" "/var/lib/crater-agent-workspace/builds/worker-3-tc1/target:/opt/rustwide/target:rw,Z" "-v" "/var/lib/crater-agent-workspace/builds/worker-3-tc1/source:/opt/rustwide/workdir:ro,Z" "-v" "/var/lib/crater-agent-workspace/cargo-home:/opt/rustwide/cargo-home:ro,Z" "-v" "/var/lib/crater-agent-workspace/rustup-home:/opt/rustwide/rustup-home:ro,Z" "-e" "SOURCE_DIR=/opt/rustwide/workdir" "-e" "CARGO_TARGET_DIR=/opt/rustwide/target" "-e" "CARGO_INCREMENTAL=0" "-e" "RUST_BACKTRACE=full" "-e" "RUSTFLAGS=--cap-lints=forbid" "-e" "RUSTDOCFLAGS=--cap-lints=forbid" "-e" "CARGO_HOME=/opt/rustwide/cargo-home" "-e" "RUSTUP_HOME=/opt/rustwide/rustup-home" "-w" "/opt/rustwide/workdir" "-m" "1610612736" "--user" "0:0" "--network" "none" "ghcr.io/rust-lang/crates-build-env/linux@sha256:819108c5571ea2e421544af4d832f968d213c87fbe3707a016657f43d2f853bc" "/opt/rustwide/cargo-home/bin/cargo" "+nightly-2025-01-18" "test" "--frozen", kill_on_drop: false }`
[INFO] [stdout] be79241492e6ad0294132419158b5fc574aa3508d98d2e556c28e42f337873ce
[INFO] running `Command { std: "docker" "start" "-a" "be79241492e6ad0294132419158b5fc574aa3508d98d2e556c28e42f337873ce", kill_on_drop: false }`
[INFO] [stderr]     Finished `test` profile [unoptimized + debuginfo] target(s) in 0.10s
[INFO] [stderr]      Running unittests src/lib.rs (/opt/rustwide/target/debug/deps/qk-518ecedb2dec15af)
[INFO] [stdout] 
[INFO] [stdout] running 19 tests
[INFO] [stdout] test commands_parser::tests::test_match_custom_arg ... ok
[INFO] [stdout] test commands_parser::tests::test_match_custom_arg_starting_with_number ... ok
[INFO] [stdout] test commands_parser::tests::test_match_name ... ok
[INFO] [stdout] test commands_parser::tests::test_match_name_with_empty_string ... ok
[INFO] [stdout] test commands_parser::tests::test_match_simple_args ... ok
[INFO] [stdout] test commands_parser::tests::test_match_simple_args_multi_line ... ok
[INFO] [stdout] test commands_parser::tests::test_match_literal_with_empty_string ... ok
[INFO] [stdout] test commands_parser::tests::test_match_unit ... ok
[INFO] [stdout] test commands_parser::tests::test_parse_multi_line ... ok
[INFO] [stdout] test commands_parser::tests::test_parse_with_simple_command ... ok
[INFO] [stdout] test config::tests::test_commands_method_with_simple_commands ... ok
[INFO] [stdout] test config::tests::test_find_template_returns_none_when_empty ... ok
[INFO] [stdout] test commands_parser::tests::test_match_unit_error ... ok
[INFO] [stdout] test commands_parser::tests::test_parse_with_custom_args ... ok
[INFO] [stdout] test config::tests::test_find_template_returns_none_when_not_present ... ok
[INFO] [stdout] test commands_parser::tests::test_parse ... ok
[INFO] [stdout] test config::tests::test_find_template_returns_the_template ... ok
[INFO] [stdout] test config::tests::test_from_template_config ... ok
[INFO] [stdout] test config::tests::test_templates ... ok
[INFO] [stderr]      Running unittests src/main.rs (/opt/rustwide/target/debug/deps/qk-6b8a20e4b0a07c66)
[INFO] [stdout] 
[INFO] [stdout] test result: ok. 19 passed; 0 failed; 0 ignored; 0 measured; 0 filtered out; finished in 0.01s
[INFO] [stdout] 
[INFO] [stdout] 
[INFO] [stdout] running 1 test
[INFO] [stderr]      Running tests/create_project.rs (/opt/rustwide/target/debug/deps/create_project-bf831d2ef5776f08)
[INFO] [stdout] test cmd::tests::verify_cmd ... ok
[INFO] [stdout] 
[INFO] [stdout] test result: ok. 1 passed; 0 failed; 0 ignored; 0 measured; 0 filtered out; finished in 0.00s
[INFO] [stdout] 
[INFO] [stdout] 
[INFO] [stdout] running 14 tests
[INFO] [stdout] test test_create_project_custom_args_option_required_missing ... ok
[INFO] [stdout] test test_create_project_custom_args_positional_empty_values_not_allowed ... ok
[INFO] [stdout] test test_create_project_custom_args_option_optional_only_short ... ok
[INFO] [stdout] test test_create_project_custom_args_option_required ... ok
[INFO] [stdout] test test_create_project_custom_args_option_optional_missing ... ok
[INFO] [stdout] test test_create_project ... ok
[INFO] [stdout] test test_create_project_custom_args_flag ... ok
[INFO] [stdout] test test_create_project_custom_args_positional_empty_values_allowed ... ok
[INFO] [stdout] test test_create_project_custom_args_positional_optional ... ok
[INFO] [stdout] test test_create_project_custom_args_positional_required_missing ... ok
[INFO] [stdout] test test_create_project_custom_args_positional_required ... ok
[INFO] [stdout] test test_create_project_custom_args_positional_optional_missing ... ok
[INFO] [stdout] test test_create_project_overwrite ... ok
[INFO] [stdout] test test_create_project_custom_args_positional_short ... FAILED
[INFO] [stdout] 
[INFO] [stdout] failures:
[INFO] [stdout] 
[INFO] [stdout] ---- test_create_project_custom_args_positional_short stdout ----
[INFO] [stdout] 
[INFO] [stdout] thread 'test_create_project_custom_args_positional_short' panicked at /rustc/6067b36314ab5eb2eb47cecc464545ba58e1ad24/library/core/src/ops/function.rs:250:5:
[INFO] [stdout] Unexpected stderr, failed diff original var
[INFO] [stdout] ├── original: error: failed parsing commands
[INFO] [stdout] │   
[INFO] [stdout] │   Caused by:
[INFO] [stdout] │       short not allowed in positional arguments
[INFO] [stdout] ├── diff: 
[INFO] [stdout] │   --- 	orig
[INFO] [stdout] │   +++ 	var
[INFO] [stdout] │   @@ -4,0 +5,58 @@
[INFO] [stdout] │   +
[INFO] [stdout] │   +Stack backtrace:
[INFO] [stdout] │   +   0: anyhow::error::<impl anyhow::Error>::msg
[INFO] [stdout] │   +             at /opt/rustwide/cargo-home/registry/src/index.crates.io-1949cf8c6b5b557f/anyhow-1.0.75/src/backtrace.rs:27:14
[INFO] [stdout] │   +   1: anyhow::__private::format_err
[INFO] [stdout] │   +             at /opt/rustwide/cargo-home/registry/src/index.crates.io-1949cf8c6b5b557f/anyhow-1.0.75/src/lib.rs:675:13
[INFO] [stdout] │   +   2: qk::commands_parser::match_custom_arg
[INFO] [stdout] │   +             at ./src/commands_parser.rs:197:13
[INFO] [stdout] │   +   3: qk::commands_parser::match_unit
[INFO] [stdout] │   +             at ./src/commands_parser.rs:267:13
[INFO] [stdout] │   +   4: qk::commands_parser::match_args
[INFO] [stdout] │   +             at ./src/commands_parser.rs:279:34
[INFO] [stdout] │   +   5: qk::commands_parser::parse
[INFO] [stdout] │   +             at ./src/commands_parser.rs:103:5
[INFO] [stdout] │   +   6: qk::config::Template::commands
[INFO] [stdout] │   +             at ./src/config.rs:145:25
[INFO] [stdout] │   +   7: qk::project::Project::commands
[INFO] [stdout] │   +             at ./src/project.rs:94:31
[INFO] [stdout] │   +   8: qk::project::Project::create
[INFO] [stdout] │   +             at ./src/project.rs:73:24
[INFO] [stdout] │   +   9: qk::project::Project::open_or_create
[INFO] [stdout] │   +             at ./src/project.rs:61:13
[INFO] [stdout] │   +  10: qk::handle_main_operation
[INFO] [stdout] │   +             at ./src/main.rs:111:5
[INFO] [stdout] │   +  11: qk::run
[INFO] [stdout] │   +             at ./src/main.rs:41:5
[INFO] [stdout] │   +  12: qk::main
[INFO] [stdout] │   +             at ./src/main.rs:18:23
[INFO] [stdout] │   +  13: core::ops::function::FnOnce::call_once
[INFO] [stdout] │   +             at /rustc/6067b36314ab5eb2eb47cecc464545ba58e1ad24/library/core/src/ops/function.rs:250:5
[INFO] [stdout] │   +  14: std::sys::backtrace::__rust_begin_short_backtrace
[INFO] [stdout] │   +             at /rustc/6067b36314ab5eb2eb47cecc464545ba58e1ad24/library/std/src/sys/backtrace.rs:152:18
[INFO] [stdout] │   +  15: std::rt::lang_start::{{closure}}
[INFO] [stdout] │   +             at /rustc/6067b36314ab5eb2eb47cecc464545ba58e1ad24/library/std/src/rt.rs:194:18
[INFO] [stdout] │   +  16: core::ops::function::impls::<impl core::ops::function::FnOnce<A> for &F>::call_once
[INFO] [stdout] │   +             at /rustc/6067b36314ab5eb2eb47cecc464545ba58e1ad24/library/core/src/ops/function.rs:284:13
[INFO] [stdout] │   +  17: std::panicking::try::do_call
[INFO] [stdout] │   +             at /rustc/6067b36314ab5eb2eb47cecc464545ba58e1ad24/library/std/src/panicking.rs:587:40
[INFO] [stdout] │   +  18: std::panicking::try
[INFO] [stdout] │   +             at /rustc/6067b36314ab5eb2eb47cecc464545ba58e1ad24/library/std/src/panicking.rs:550:19
[INFO] [stdout] │   +  19: std::panic::catch_unwind
[INFO] [stdout] │   +             at /rustc/6067b36314ab5eb2eb47cecc464545ba58e1ad24/library/std/src/panic.rs:358:14
[INFO] [stdout] │   +  20: std::rt::lang_start_internal::{{closure}}
[INFO] [stdout] │   +             at /rustc/6067b36314ab5eb2eb47cecc464545ba58e1ad24/library/std/src/rt.rs:163:24
[INFO] [stdout] │   +  21: std::panicking::try::do_call
[INFO] [stdout] │   +             at /rustc/6067b36314ab5eb2eb47cecc464545ba58e1ad24/library/std/src/panicking.rs:587:40
[INFO] [stdout] │   +  22: std::panicking::try
[INFO] [stdout] │   +             at /rustc/6067b36314ab5eb2eb47cecc464545ba58e1ad24/library/std/src/panicking.rs:550:19
[INFO] [stdout] │   +  23: std::panic::catch_unwind
[INFO] [stdout] │   +             at /rustc/6067b36314ab5eb2eb47cecc464545ba58e1ad24/library/std/src/panic.rs:358:14
[INFO] [stdout] │   +  24: std::rt::lang_start_internal
[INFO] [stdout] │   +             at /rustc/6067b36314ab5eb2eb47cecc464545ba58e1ad24/library/std/src/rt.rs:159:5
[INFO] [stdout] │   +  25: std::rt::lang_start
[INFO] [stdout] │   +             at /rustc/6067b36314ab5eb2eb47cecc464545ba58e1ad24/library/std/src/rt.rs:193:5
[INFO] [stdout] │   +  26: main
[INFO] [stdout] │   +  27: <unknown>
[INFO] [stdout] │   +  28: __libc_start_main
[INFO] [stdout] │   +  29: _start
[INFO] [stdout] └── var as str: error: failed parsing commands
[INFO] [stdout]     
[INFO] [stdout]     Caused by:
[INFO] [stdout]         short not allowed in positional arguments
[INFO] [stdout]     
[INFO] [stdout]     Stack backtrace:
[INFO] [stdout]        0: anyhow::error::<impl anyhow::Error>::msg
[INFO] [stdout]                  at /opt/rustwide/cargo-home/registry/src/index.crates.io-1949cf8c6b5b557f/anyhow-1.0.75/src/backtrace.rs:27:14
[INFO] [stdout]        1: anyhow::__private::format_err
[INFO] [stdout]                  at /opt/rustwide/cargo-home/registry/src/index.crates.io-1949cf8c6b5b557f/anyhow-1.0.75/src/lib.rs:675:13
[INFO] [stdout]        2: qk::commands_parser::match_custom_arg
[INFO] [stdout]                  at ./src/commands_parser.rs:197:13
[INFO] [stdout]        3: qk::commands_parser::match_unit
[INFO] [stdout]                  at ./src/commands_parser.rs:267:13
[INFO] [stdout]        4: qk::commands_parser::match_args
[INFO] [stdout]                  at ./src/commands_parser.rs:279:34
[INFO] [stdout]        5: qk::commands_parser::parse
[INFO] [stdout]                  at ./src/commands_parser.rs:103:5
[INFO] [stdout]        6: qk::config::Template::commands
[INFO] [stdout]                  at ./src/config.rs:145:25
[INFO] [stdout]        7: qk::project::Project::commands
[INFO] [stdout]                  at ./src/project.rs:94:31
[INFO] [stdout]        8: qk::project::Project::create
[INFO] [stdout]                  at ./src/project.rs:73:24
[INFO] [stdout]        9: qk::project::Project::open_or_create
[INFO] [stdout]                  at ./src/project.rs:61:13
[INFO] [stdout]       10: qk::handle_main_operation
[INFO] [stdout]                  at ./src/main.rs:111:5
[INFO] [stdout]       11: qk::run
[INFO] [stdout]                  at ./src/main.rs:41:5
[INFO] [stdout]       12: qk::main
[INFO] [stdout]                  at ./src/main.rs:18:23
[INFO] [stdout]       13: core::ops::function::FnOnce::call_once
[INFO] [stdout]                  at /rustc/6067b36314ab5eb2eb47cecc464545ba58e1ad24/library/core/src/ops/function.rs:250:5
[INFO] [stdout]       14: std::sys::backtrace::__rust_begin_short_backtrace
[INFO] [stdout]                  at /rustc/6067b36314ab5eb2eb47cecc464545ba58e1ad24/library/std/src/sys/backtrace.rs:152:18
[INFO] [stdout]       15: std::rt::lang_start::{{closure}}
[INFO] [stdout]                  at /rustc/6067b36314ab5eb2eb47cecc464545ba58e1ad24/library/std/src/rt.rs:194:18
[INFO] [stdout]       16: core::ops::function::impls::<impl core::ops::function::FnOnce<A> for &F>::call_once
[INFO] [stdout]                  at /rustc/6067b36314ab5eb2eb47cecc464545ba58e1ad24/library/core/src/ops/function.rs:284:13
[INFO] [stdout]       17: std::panicking::try::do_call
[INFO] [stdout]                  at /rustc/6067b36314ab5eb2eb47cecc464545ba58e1ad24/library/std/src/panicking.rs:587:40
[INFO] [stdout]       18: std::panicking::try
[INFO] [stdout]                  at /rustc/6067b36314ab5eb2eb47cecc464545ba58e1ad24/library/std/src/panicking.rs:550:19
[INFO] [stdout]       19: std::panic::catch_unwind
[INFO] [stdout]                  at /rustc/6067b36314ab5eb2eb47cecc464545ba58e1ad24/library/std/src/panic.rs:358:14
[INFO] [stdout]       20: std::rt::lang_start_internal::{{closure}}
[INFO] [stdout]                  at /rustc/6067b36314ab5eb2eb47cecc464545ba58e1ad24/library/std/src/rt.rs:163:24
[INFO] [stdout]       21: std::panicking::try::do_call
[INFO] [stdout]                  at /rustc/6067b36314ab5eb2eb47cecc464545ba58e1ad24/library/std/src/panicking.rs:587:40
[INFO] [stdout]       22: std::panicking::try
[INFO] [stdout]                  at /rustc/6067b36314ab5eb2eb47cecc464545ba58e1ad24/library/std/src/panicking.rs:550:19
[INFO] [stdout]       23: std::panic::catch_unwind
[INFO] [stdout]                  at /rustc/6067b36314ab5eb2eb47cecc464545ba58e1ad24/library/std/src/panic.rs:358:14
[INFO] [stdout]       24: std::rt::lang_start_internal
[INFO] [stdout]                  at /rustc/6067b36314ab5eb2eb47cecc464545ba58e1ad24/library/std/src/rt.rs:159:5
[INFO] [stdout]       25: std::rt::lang_start
[INFO] [stdout]                  at /rustc/6067b36314ab5eb2eb47cecc464545ba58e1ad24/library/std/src/rt.rs:193:5
[INFO] [stdout]       26: main
[INFO] [stdout]       27: <unknown>
[INFO] [stdout]       28: __libc_start_main
[INFO] [stdout]       29: _start
[INFO] [stdout] 
[INFO] [stdout] command=`QK_CONFIG_PATH="/tmp/.tmp9CIHQ8/qk.toml" "/opt/rustwide/target/debug/qk" "mytemplate" "myproject" "hello" "--no-create-projects-dir"`
[INFO] [stdout] code=1
[INFO] [stdout] stdout=""
[INFO] [stdout] stderr=```
[INFO] [stdout] error: failed parsing commands
[INFO] [stdout] 
[INFO] [stdout] Caused by:
[INFO] [stdout]     short not allowed in positional arguments
[INFO] [stdout] 
[INFO] [stdout] Stack backtrace:
[INFO] [stdout]    0: anyhow::error::<impl anyhow::Error>::msg
[INFO] [stdout]              at /opt/rustwide/cargo-home/registry/src/index.crates.io-1949cf8c6b5b557f/anyhow-1.0.75/src/backtrace.rs:27:14
[INFO] [stdout]    1: anyhow::__private::format_err
[INFO] [stdout]              at /opt/rustwide/cargo-home/registry/src/index.crates.io-1949cf8c6b5b557f/anyhow-1.0.75/src/lib.rs:675:13
[INFO] [stdout]    2: qk::commands_parser::match_custom_arg
[INFO] [stdout]              at ./src/commands_parser.rs:197:13
[INFO] [stdout]    3: qk::commands_parser::match_unit
[INFO] [stdout]              at ./src/commands_parser.rs:267:13
[INFO] [stdout]    4: qk::commands_parser::match_args
[INFO] [stdout]              at ./src/commands_parser.rs:279:34
[INFO] [stderr] error: test failed, to rerun pass `--test create_project`
[INFO] [stdout]    5: qk::commands_parser::parse
[INFO] [stdout]              at ./src/commands_parser.rs:103:5
[INFO] [stdout]    6: qk::config::Template::commands
[INFO] [stdout]              at ./src/config.rs:145:25
[INFO] [stdout]    7: qk::project::Project::commands
[INFO] [stdout]              at ./src/project.rs:94:31
[INFO] [stdout]    8: qk::project::Project::create
[INFO] [stdout]              at ./src/project.rs:73:24
[INFO] [stdout]    9: qk::project::Project::open_or_create
[INFO] [stdout]              at ./src/project.rs:61:13
[INFO] [stdout]   10: qk::handle_main_operation
[INFO] [stdout]              at ./src/main.rs:111:5
[INFO] [stdout]   11: qk::run
[INFO] [stdout]              at ./src/main.rs:41:5
[INFO] [stdout]   12: qk::main
[INFO] [stdout]              at ./src/main.rs:18:23
[INFO] [stdout]   13: core::ops::function::FnOnce::call_once
[INFO] [stdout]              at /rustc/6067b36314ab5eb2eb47cecc464545ba58e1ad24/library/core/src/ops/function.rs:250:5
[INFO] [stdout]   14: std::sys::backtrace::__rust_begin_short_backtrace
[INFO] [stdout]              at /rustc/6067b36314ab5eb2eb47cecc464545ba58e1ad24/library/std/src/sys/backtrace.rs:152:18
[INFO] [stdout]   15: std::rt::lang_start::{{closure}}
[INFO] [stdout]              at /rustc/6067b36314ab5eb2eb47cecc464545ba58e1ad24/library/std/src/rt.rs:194:18
[INFO] [stdout]   16: core::ops::function::impls::<impl core::ops::function::FnOnce<A> for &F>::call_once
[INFO] [stdout]              at /rustc/6067b36314ab5eb2eb47cecc464545ba58e1ad24/library/core/src/ops/function.rs:284:13
[INFO] [stdout]   17: std::panicking::try::do_call
[INFO] [stdout]              at /rustc/6067b36314ab5eb2eb47cecc464545ba58e1ad24/library/std/src/panicking.rs:587:40
[INFO] [stdout]   18: std::panicking::try
[INFO] [stdout]              at /rustc/6067b36314ab5eb2eb47cecc464545ba58e1ad24/library/std/src/panicking.rs:550:19
[INFO] [stdout]   19: std::panic::catch_unwind
[INFO] [stdout]              at /rustc/6067b36314ab5eb2eb47cecc464545ba58e1ad24/library/std/src/panic.rs:358:14
[INFO] [stdout]   20: std::rt::lang_start_internal::{{closure}}
[INFO] [stdout]              at /rustc/6067b36314ab5eb2eb47cecc464545ba58e1ad24/library/std/src/rt.rs:163:24
[INFO] [stdout]   21: std::panicking::try::do_call
[INFO] [stdout]              at /rustc/6067b36314ab5eb2eb47cecc464545ba58e1ad24/library/std/src/panicking.rs:587:40
[INFO] [stdout]   22: std::panicking::try
[INFO] [stdout]              at /rustc/6067b36314ab5eb2eb47cecc464545ba58e1ad24/library/std/src/panicking.rs:550:19
[INFO] [stdout]   23: std::panic::catch_unwind
[INFO] [stdout]              at /rustc/6067b36314ab5eb2eb47cecc464545ba58e1ad24/library/std/src/panic.rs:358:14
[INFO] [stdout]   24: std::rt::lang_start_internal
[INFO] [stdout]              at /rustc/6067b36314ab5eb2eb47cecc464545ba58e1ad24/library/std/src/rt.rs:159:5
[INFO] [stdout]   25: std::rt::lang_start
[INFO] [stdout]              at /rustc/6067b36314ab5eb2eb47cecc464545ba58e1ad24/library/std/src/rt.rs:193:5
[INFO] [stdout]   26: main
[INFO] [stdout]   27: <unknown>
[INFO] [stdout]   28: __libc_start_main
[INFO] [stdout]   29: _start
[INFO] [stdout] ```
[INFO] [stdout] 
[INFO] [stdout] 
[INFO] [stdout] stack backtrace:
[INFO] [stdout]    0:     0x64a10721ba2a - std::backtrace_rs::backtrace::libunwind::trace::hb059275cfc8d6126
[INFO] [stdout]                                at /rustc/6067b36314ab5eb2eb47cecc464545ba58e1ad24/library/std/src/../../backtrace/src/backtrace/libunwind.rs:116:5
[INFO] [stdout]    1:     0x64a10721ba2a - std::backtrace_rs::backtrace::trace_unsynchronized::h2da071e4327ce3ee
[INFO] [stdout]                                at /rustc/6067b36314ab5eb2eb47cecc464545ba58e1ad24/library/std/src/../../backtrace/src/backtrace/mod.rs:66:5
[INFO] [stdout]    2:     0x64a10721ba2a - std::sys::backtrace::_print_fmt::h842a1474e6f8d23f
[INFO] [stdout]                                at /rustc/6067b36314ab5eb2eb47cecc464545ba58e1ad24/library/std/src/sys/backtrace.rs:66:9
[INFO] [stdout]    3:     0x64a10721ba2a - <std::sys::backtrace::BacktraceLock::print::DisplayBacktrace as core::fmt::Display>::fmt::h71a62eb3b9696b12
[INFO] [stdout]                                at /rustc/6067b36314ab5eb2eb47cecc464545ba58e1ad24/library/std/src/sys/backtrace.rs:39:26
[INFO] [stdout]    4:     0x64a1072458a3 - core::fmt::rt::Argument::fmt::hdb6b616786b41dc1
[INFO] [stdout]                                at /rustc/6067b36314ab5eb2eb47cecc464545ba58e1ad24/library/core/src/fmt/rt.rs:177:76
[INFO] [stdout]    5:     0x64a1072458a3 - core::fmt::write::h2cc1698af7e2d686
[INFO] [stdout]                                at /rustc/6067b36314ab5eb2eb47cecc464545ba58e1ad24/library/core/src/fmt/mod.rs:1440:21
[INFO] [stdout]    6:     0x64a107217d83 - std::io::Write::write_fmt::hab1b4cd059a79022
[INFO] [stdout]                                at /rustc/6067b36314ab5eb2eb47cecc464545ba58e1ad24/library/std/src/io/mod.rs:1887:15
[INFO] [stdout]    7:     0x64a10721b872 - std::sys::backtrace::BacktraceLock::print::h147fe35b4ea13b08
[INFO] [stdout]                                at /rustc/6067b36314ab5eb2eb47cecc464545ba58e1ad24/library/std/src/sys/backtrace.rs:42:9
[INFO] [stdout]    8:     0x64a10721d4cf - std::panicking::default_hook::{{closure}}::hbd44223dbdc0d208
[INFO] [stdout]                                at /rustc/6067b36314ab5eb2eb47cecc464545ba58e1ad24/library/std/src/panicking.rs:298:22
[INFO] [stdout]    9:     0x64a10721d2e8 - std::panicking::default_hook::h20f81eb0576efcec
[INFO] [stdout]                                at /rustc/6067b36314ab5eb2eb47cecc464545ba58e1ad24/library/std/src/panicking.rs:322:9
[INFO] [stdout]   10:     0x64a107174183 - <alloc::boxed::Box<F,A> as core::ops::function::Fn<Args>>::call::hdb53814c496a4d34
[INFO] [stdout]                                at /rustc/6067b36314ab5eb2eb47cecc464545ba58e1ad24/library/alloc/src/boxed.rs:2027:9
[INFO] [stdout]   11:     0x64a107174183 - test::test_main::{{closure}}::hc0a4963c59427c24
[INFO] [stdout]                                at /rustc/6067b36314ab5eb2eb47cecc464545ba58e1ad24/library/test/src/lib.rs:134:21
[INFO] [stdout]   12:     0x64a10721dfc3 - <alloc::boxed::Box<F,A> as core::ops::function::Fn<Args>>::call::h591b2225413a77e9
[INFO] [stdout]                                at /rustc/6067b36314ab5eb2eb47cecc464545ba58e1ad24/library/alloc/src/boxed.rs:2027:9
[INFO] [stdout]   13:     0x64a10721dfc3 - std::panicking::rust_panic_with_hook::h625eea43051b2edc
[INFO] [stdout]                                at /rustc/6067b36314ab5eb2eb47cecc464545ba58e1ad24/library/std/src/panicking.rs:839:13
[INFO] [stdout]   14:     0x64a10721dc7a - std::panicking::begin_panic_handler::{{closure}}::h4f9159cfbc3f6bd3
[INFO] [stdout]                                at /rustc/6067b36314ab5eb2eb47cecc464545ba58e1ad24/library/std/src/panicking.rs:704:13
[INFO] [stdout]   15:     0x64a10721bf29 - std::sys::backtrace::__rust_end_short_backtrace::h0390abce48353151
[INFO] [stdout]                                at /rustc/6067b36314ab5eb2eb47cecc464545ba58e1ad24/library/std/src/sys/backtrace.rs:168:18
[INFO] [stdout]   16:     0x64a10721d90d - rust_begin_unwind
[INFO] [stdout]                                at /rustc/6067b36314ab5eb2eb47cecc464545ba58e1ad24/library/std/src/panicking.rs:695:5
[INFO] [stdout]   17:     0x64a107243f70 - core::panicking::panic_fmt::h9e7c637e9e5f29c9
[INFO] [stdout]                                at /rustc/6067b36314ab5eb2eb47cecc464545ba58e1ad24/library/core/src/panicking.rs:75:14
[INFO] [stdout]   18:     0x64a107197433 - core::panicking::panic_display::hbbdbdea6c3f2693a
[INFO] [stdout]                                at /rustc/6067b36314ab5eb2eb47cecc464545ba58e1ad24/library/core/src/panicking.rs:261:5
[INFO] [stdout]   19:     0x64a10719342e - assert_cmd::assert::AssertError::panic::panic_cold_display::hdb268a1349a8bbbb
[INFO] [stdout]                                at /rustc/6067b36314ab5eb2eb47cecc464545ba58e1ad24/library/core/src/panic.rs:100:13
[INFO] [stdout]   20:     0x64a107191ae7 - assert_cmd::assert::AssertError::panic::h8753abb190ff1490
[INFO] [stdout]                                at /opt/rustwide/cargo-home/registry/src/index.crates.io-1949cf8c6b5b557f/assert_cmd-2.0.12/src/assert.rs:1033:9
[INFO] [stdout]   21:     0x64a107193ef7 - core::ops::function::FnOnce::call_once::h787b57f939667920
[INFO] [stdout]                                at /rustc/6067b36314ab5eb2eb47cecc464545ba58e1ad24/library/core/src/ops/function.rs:250:5
[INFO] [stdout]   22:     0x64a10718c590 - core::result::Result<T,E>::unwrap_or_else::h901f3cee8ec73416
[INFO] [stdout]                                at /rustc/6067b36314ab5eb2eb47cecc464545ba58e1ad24/library/core/src/result.rs:1463:23
[INFO] [stdout]   23:     0x64a10712f565 - assert_cmd::assert::Assert::stderr::h61d310ed6dbc4dc8
[INFO] [stdout]                                at /opt/rustwide/cargo-home/registry/src/index.crates.io-1949cf8c6b5b557f/assert_cmd-2.0.12/src/assert.rs:460:9
[INFO] [stdout]   24:     0x64a107134e61 - create_project::test_create_project_custom_args_positional_short::h2e702be913785c22
[INFO] [stdout]                                at /opt/rustwide/workdir/tests/create_project.rs:217:5
[INFO] [stdout]   25:     0x64a107134987 - create_project::test_create_project_custom_args_positional_short::{{closure}}::h5b10452a54e77c72
[INFO] [stdout]                                at /opt/rustwide/workdir/tests/create_project.rs:200:54
[INFO] [stdout]   26:     0x64a107130346 - core::ops::function::FnOnce::call_once::heebd818af194f1bc
[INFO] [stdout]                                at /rustc/6067b36314ab5eb2eb47cecc464545ba58e1ad24/library/core/src/ops/function.rs:250:5
[INFO] [stdout]   27:     0x64a1071798db - core::ops::function::FnOnce::call_once::he27718dfdd183f43
[INFO] [stdout]                                at /rustc/6067b36314ab5eb2eb47cecc464545ba58e1ad24/library/core/src/ops/function.rs:250:5
[INFO] [stdout]   28:     0x64a1071798db - test::__rust_begin_short_backtrace::h4e84902998457a5d
[INFO] [stdout]                                at /rustc/6067b36314ab5eb2eb47cecc464545ba58e1ad24/library/test/src/lib.rs:632:18
[INFO] [stdout]   29:     0x64a107178813 - test::run_test_in_process::{{closure}}::h7176fd18fc1feca0
[INFO] [stdout]                                at /rustc/6067b36314ab5eb2eb47cecc464545ba58e1ad24/library/test/src/lib.rs:655:60
[INFO] [stdout]   30:     0x64a107178813 - <core::panic::unwind_safe::AssertUnwindSafe<F> as core::ops::function::FnOnce<()>>::call_once::hf79cff2a624d8cf7
[INFO] [stdout]                                at /rustc/6067b36314ab5eb2eb47cecc464545ba58e1ad24/library/core/src/panic/unwind_safe.rs:272:9
[INFO] [stdout]   31:     0x64a107178813 - std::panicking::try::do_call::h3da0561d9ab99c25
[INFO] [stdout]                                at /rustc/6067b36314ab5eb2eb47cecc464545ba58e1ad24/library/std/src/panicking.rs:587:40
[INFO] [stdout]   32:     0x64a107178813 - std::panicking::try::h41c9fa508bc61df6
[INFO] [stdout]                                at /rustc/6067b36314ab5eb2eb47cecc464545ba58e1ad24/library/std/src/panicking.rs:550:19
[INFO] [stdout]   33:     0x64a107178813 - std::panic::catch_unwind::h6b3ff07bb5afad93
[INFO] [stdout]                                at /rustc/6067b36314ab5eb2eb47cecc464545ba58e1ad24/library/std/src/panic.rs:358:14
[INFO] [stdout]   34:     0x64a107178813 - test::run_test_in_process::hc7253dd11b39b9f4
[INFO] [stdout]                                at /rustc/6067b36314ab5eb2eb47cecc464545ba58e1ad24/library/test/src/lib.rs:655:27
[INFO] [stdout]   35:     0x64a107178813 - test::run_test::{{closure}}::hfb2007f8649c30bb
[INFO] [stdout]                                at /rustc/6067b36314ab5eb2eb47cecc464545ba58e1ad24/library/test/src/lib.rs:576:43
[INFO] [stdout]   36:     0x64a10713b8f5 - test::run_test::{{closure}}::h56a17aa7a282a9f4
[INFO] [stdout]                                at /rustc/6067b36314ab5eb2eb47cecc464545ba58e1ad24/library/test/src/lib.rs:606:41
[INFO] [stdout]   37:     0x64a10713b8f5 - std::sys::backtrace::__rust_begin_short_backtrace::hd2d2d2fb8e8c6aac
[INFO] [stdout]                                at /rustc/6067b36314ab5eb2eb47cecc464545ba58e1ad24/library/std/src/sys/backtrace.rs:152:18
[INFO] [stdout]   38:     0x64a10713f1da - std::thread::Builder::spawn_unchecked_::{{closure}}::{{closure}}::h4faa3f9db6133423
[INFO] [stdout]                                at /rustc/6067b36314ab5eb2eb47cecc464545ba58e1ad24/library/std/src/thread/mod.rs:559:17
[INFO] [stdout]   39:     0x64a10713f1da - <core::panic::unwind_safe::AssertUnwindSafe<F> as core::ops::function::FnOnce<()>>::call_once::hf2e855a36a4ea846
[INFO] [stdout]                                at /rustc/6067b36314ab5eb2eb47cecc464545ba58e1ad24/library/core/src/panic/unwind_safe.rs:272:9
[INFO] [stdout]   40:     0x64a10713f1da - std::panicking::try::do_call::h2f73af3616c35465
[INFO] [stdout]                                at /rustc/6067b36314ab5eb2eb47cecc464545ba58e1ad24/library/std/src/panicking.rs:587:40
[INFO] [stdout]   41:     0x64a10713f1da - std::panicking::try::hd1660ce9efadef5a
[INFO] [stdout]                                at /rustc/6067b36314ab5eb2eb47cecc464545ba58e1ad24/library/std/src/panicking.rs:550:19
[INFO] [stdout]   42:     0x64a10713f1da - std::panic::catch_unwind::h5ee8d7823b8ca744
[INFO] [stdout]                                at /rustc/6067b36314ab5eb2eb47cecc464545ba58e1ad24/library/std/src/panic.rs:358:14
[INFO] [stdout]   43:     0x64a10713f1da - std::thread::Builder::spawn_unchecked_::{{closure}}::h53c3a1894dce8407
[INFO] [stdout]                                at /rustc/6067b36314ab5eb2eb47cecc464545ba58e1ad24/library/std/src/thread/mod.rs:557:30
[INFO] [stdout]   44:     0x64a10713f1da - core::ops::function::FnOnce::call_once{{vtable.shim}}::h048ce291ad4f62bf
[INFO] [stdout]                                at /rustc/6067b36314ab5eb2eb47cecc464545ba58e1ad24/library/core/src/ops/function.rs:250:5
[INFO] [stdout]   45:     0x64a10722348b - <alloc::boxed::Box<F,A> as core::ops::function::FnOnce<Args>>::call_once::ha52bedf99a3b4981
[INFO] [stdout]                                at /rustc/6067b36314ab5eb2eb47cecc464545ba58e1ad24/library/alloc/src/boxed.rs:2013:9
[INFO] [stdout]   46:     0x64a10722348b - <alloc::boxed::Box<F,A> as core::ops::function::FnOnce<Args>>::call_once::h567748934d80ccf8
[INFO] [stdout]                                at /rustc/6067b36314ab5eb2eb47cecc464545ba58e1ad24/library/alloc/src/boxed.rs:2013:9
[INFO] [stdout]   47:     0x64a10722348b - std::sys::pal::unix::thread::Thread::new::thread_start::h2d970728ae887adc
[INFO] [stdout]                                at /rustc/6067b36314ab5eb2eb47cecc464545ba58e1ad24/library/std/src/sys/pal/unix/thread.rs:106:17
[INFO] [stdout]   48:     0x7ba4e0017ac3 - <unknown>
[INFO] [stdout]   49:     0x7ba4e00a8a04 - clone
[INFO] [stdout]   50:                0x0 - <unknown>
[INFO] [stdout] 
[INFO] [stdout] 
[INFO] [stdout] failures:
[INFO] [stdout]     test_create_project_custom_args_positional_short
[INFO] [stdout] 
[INFO] [stdout] test result: FAILED. 13 passed; 1 failed; 0 ignored; 0 measured; 0 filtered out; finished in 0.13s
[INFO] [stdout] 
[INFO] running `Command { std: "docker" "inspect" "be79241492e6ad0294132419158b5fc574aa3508d98d2e556c28e42f337873ce", kill_on_drop: false }`
[INFO] running `Command { std: "docker" "rm" "-f" "be79241492e6ad0294132419158b5fc574aa3508d98d2e556c28e42f337873ce", kill_on_drop: false }`
[INFO] [stdout] be79241492e6ad0294132419158b5fc574aa3508d98d2e556c28e42f337873ce
