[INFO] fetching crate qbittorrent_rust 0.1.2...
[INFO] testing qbittorrent_rust-0.1.2 against nightly-2025-01-18 for randomize-layout-2
[INFO] extracting crate qbittorrent_rust 0.1.2 into /workspace/builds/worker-1-tc1/source
[INFO] validating manifest of crates.io crate qbittorrent_rust 0.1.2 on toolchain nightly-2025-01-18
[INFO] running `Command { std: CARGO_HOME="/workspace/cargo-home" RUSTUP_HOME="/workspace/rustup-home" "/workspace/cargo-home/bin/cargo" "+nightly-2025-01-18" "metadata" "--manifest-path" "Cargo.toml" "--no-deps", kill_on_drop: false }`
[INFO] started tweaking crates.io crate qbittorrent_rust 0.1.2
[INFO] finished tweaking crates.io crate qbittorrent_rust 0.1.2
[INFO] tweaked toml for crates.io crate qbittorrent_rust 0.1.2 written to /workspace/builds/worker-1-tc1/source/Cargo.toml
[INFO] running `Command { std: CARGO_HOME="/workspace/cargo-home" RUSTUP_HOME="/workspace/rustup-home" "/workspace/cargo-home/bin/cargo" "+nightly-2025-01-18" "generate-lockfile" "--manifest-path" "Cargo.toml", kill_on_drop: false }`
[INFO] [stderr]     Updating crates.io index
[INFO] [stderr]      Locking 166 packages to latest compatible versions
[INFO] running `Command { std: CARGO_HOME="/workspace/cargo-home" RUSTUP_HOME="/workspace/rustup-home" "/workspace/cargo-home/bin/cargo" "+nightly-2025-01-18" "fetch" "--manifest-path" "Cargo.toml", kill_on_drop: false }`
[INFO] [stderr]  Downloading crates ...
[INFO] [stderr]   Downloaded proc_macros_qbittorrent_rust v0.1.5
[INFO] running `Command { std: "docker" "create" "-v" "/var/lib/crater-agent-workspace/builds/worker-1-tc1/target:/opt/rustwide/target:rw,Z" "-v" "/var/lib/crater-agent-workspace/builds/worker-1-tc1/source:/opt/rustwide/workdir:ro,Z" "-v" "/var/lib/crater-agent-workspace/cargo-home:/opt/rustwide/cargo-home:ro,Z" "-v" "/var/lib/crater-agent-workspace/rustup-home:/opt/rustwide/rustup-home:ro,Z" "-e" "SOURCE_DIR=/opt/rustwide/workdir" "-e" "CARGO_TARGET_DIR=/opt/rustwide/target" "-e" "CARGO_HOME=/opt/rustwide/cargo-home" "-e" "RUSTUP_HOME=/opt/rustwide/rustup-home" "-w" "/opt/rustwide/workdir" "-m" "1610612736" "--user" "0:0" "--network" "none" "ghcr.io/rust-lang/crates-build-env/linux@sha256:819108c5571ea2e421544af4d832f968d213c87fbe3707a016657f43d2f853bc" "/opt/rustwide/cargo-home/bin/cargo" "+nightly-2025-01-18" "metadata" "--no-deps" "--format-version=1", kill_on_drop: false }`
[INFO] [stdout] 66ab5c15c18e3340194d3aad68f8ae9267a6a30bcd55296bc3168df47af8f297
[INFO] running `Command { std: "docker" "start" "-a" "66ab5c15c18e3340194d3aad68f8ae9267a6a30bcd55296bc3168df47af8f297", kill_on_drop: false }`
[INFO] running `Command { std: "docker" "inspect" "66ab5c15c18e3340194d3aad68f8ae9267a6a30bcd55296bc3168df47af8f297", kill_on_drop: false }`
[INFO] running `Command { std: "docker" "rm" "-f" "66ab5c15c18e3340194d3aad68f8ae9267a6a30bcd55296bc3168df47af8f297", kill_on_drop: false }`
[INFO] [stdout] 66ab5c15c18e3340194d3aad68f8ae9267a6a30bcd55296bc3168df47af8f297
[INFO] running `Command { std: "docker" "create" "-v" "/var/lib/crater-agent-workspace/builds/worker-1-tc1/target:/opt/rustwide/target:rw,Z" "-v" "/var/lib/crater-agent-workspace/builds/worker-1-tc1/source:/opt/rustwide/workdir:ro,Z" "-v" "/var/lib/crater-agent-workspace/cargo-home:/opt/rustwide/cargo-home:ro,Z" "-v" "/var/lib/crater-agent-workspace/rustup-home:/opt/rustwide/rustup-home:ro,Z" "-e" "SOURCE_DIR=/opt/rustwide/workdir" "-e" "CARGO_TARGET_DIR=/opt/rustwide/target" "-e" "CARGO_INCREMENTAL=0" "-e" "RUST_BACKTRACE=full" "-e" "RUSTFLAGS=--cap-lints=forbid" "-e" "RUSTDOCFLAGS=--cap-lints=forbid" "-e" "CARGO_HOME=/opt/rustwide/cargo-home" "-e" "RUSTUP_HOME=/opt/rustwide/rustup-home" "-w" "/opt/rustwide/workdir" "-m" "1610612736" "--user" "0:0" "--network" "none" "ghcr.io/rust-lang/crates-build-env/linux@sha256:819108c5571ea2e421544af4d832f968d213c87fbe3707a016657f43d2f853bc" "/opt/rustwide/cargo-home/bin/cargo" "+nightly-2025-01-18" "build" "--frozen" "--message-format=json", kill_on_drop: false }`
[INFO] [stdout] a350060cd1022737b0e2cbb502fbdb23bce8924325889c36cb84a876b3e143aa
[INFO] running `Command { std: "docker" "start" "-a" "a350060cd1022737b0e2cbb502fbdb23bce8924325889c36cb84a876b3e143aa", kill_on_drop: false }`
[INFO] [stderr]    Compiling libc v0.2.169
[INFO] [stderr]    Compiling autocfg v1.4.0
[INFO] [stderr]    Compiling smallvec v1.13.2
[INFO] [stderr]    Compiling stable_deref_trait v1.2.0
[INFO] [stderr]    Compiling pin-project-lite v0.2.16
[INFO] [stderr]    Compiling parking_lot_core v0.9.10
[INFO] [stderr]    Compiling bytes v1.9.0
[INFO] [stderr]    Compiling scopeguard v1.2.0
[INFO] [stderr]    Compiling futures-core v0.3.31
[INFO] [stderr]    Compiling shlex v1.3.0
[INFO] [stderr]    Compiling itoa v1.0.14
[INFO] [stderr]    Compiling vcpkg v0.2.15
[INFO] [stderr]    Compiling futures-sink v0.3.31
[INFO] [stderr]    Compiling pkg-config v0.3.31
[INFO] [stderr]    Compiling litemap v0.7.4
[INFO] [stderr]    Compiling syn v2.0.96
[INFO] [stderr]    Compiling writeable v0.5.5
[INFO] [stderr]    Compiling memchr v2.7.4
[INFO] [stderr]    Compiling fnv v1.0.7
[INFO] [stderr]    Compiling futures-task v0.3.31
[INFO] [stderr]    Compiling cc v1.2.10
[INFO] [stderr]    Compiling icu_locid_transform_data v1.5.0
[INFO] [stderr]    Compiling pin-utils v0.1.0
[INFO] [stderr]    Compiling futures-io v0.3.31
[INFO] [stderr]    Compiling tracing-core v0.1.33
[INFO] [stderr]    Compiling hashbrown v0.15.2
[INFO] [stderr]    Compiling openssl v0.10.68
[INFO] [stderr]    Compiling equivalent v1.0.1
[INFO] [stderr]    Compiling httparse v1.9.5
[INFO] [stderr]    Compiling foreign-types-shared v0.1.1
[INFO] [stderr]    Compiling icu_properties_data v1.5.0
[INFO] [stderr]    Compiling foreign-types v0.3.2
[INFO] [stderr]    Compiling atomic-waker v1.1.2
[INFO] [stderr]    Compiling utf16_iter v1.0.5
[INFO] [stderr]    Compiling write16 v1.0.0
[INFO] [stderr]    Compiling icu_normalizer_data v1.5.0
[INFO] [stderr]    Compiling bitflags v2.8.0
[INFO] [stderr]    Compiling serde v1.0.217
[INFO] [stderr]    Compiling try-lock v0.2.5
[INFO] [stderr]    Compiling native-tls v0.2.12
[INFO] [stderr]    Compiling utf8_iter v1.0.4
[INFO] [stderr]    Compiling indexmap v2.7.1
[INFO] [stderr]    Compiling lock_api v0.4.12
[INFO] [stderr]    Compiling slab v0.4.9
[INFO] [stderr]    Compiling http v1.2.0
[INFO] [stderr]    Compiling tracing v0.1.41
[INFO] [stderr]    Compiling want v0.3.1
[INFO] [stderr]    Compiling futures-channel v0.3.31
[INFO] [stderr]    Compiling tower-service v0.3.3
[INFO] [stderr]    Compiling log v0.4.25
[INFO] [stderr]    Compiling unicase v2.8.1
[INFO] [stderr]    Compiling openssl-probe v0.1.5
[INFO] [stderr]    Compiling percent-encoding v2.3.1
[INFO] [stderr]    Compiling serde_json v1.0.137
[INFO] [stderr]    Compiling ryu v1.0.18
[INFO] [stderr]    Compiling form_urlencoded v1.2.1
[INFO] [stderr]    Compiling futures-util v0.3.31
[INFO] [stderr]    Compiling sync_wrapper v1.0.2
[INFO] [stderr]    Compiling mime v0.3.17
[INFO] [stderr]    Compiling tower-layer v0.3.3
[INFO] [stderr]    Compiling rustls-pki-types v1.10.1
[INFO] [stderr]    Compiling encoding_rs v0.8.35
[INFO] [stderr]    Compiling mime_guess v2.0.5
[INFO] [stderr]    Compiling ipnet v2.11.0
[INFO] [stderr]    Compiling base64 v0.22.1
[INFO] [stderr]    Compiling http-body v1.0.1
[INFO] [stderr]    Compiling openssl-sys v0.9.104
[INFO] [stderr]    Compiling rustls-pemfile v2.2.0
[INFO] [stderr]    Compiling socket2 v0.5.8
[INFO] [stderr]    Compiling mio v1.0.3
[INFO] [stderr]    Compiling signal-hook-registry v1.4.2
[INFO] [stderr]    Compiling parking_lot v0.12.3
[INFO] [stderr]    Compiling http-body-util v0.1.2
[INFO] [stderr]    Compiling synstructure v0.13.1
[INFO] [stderr]    Compiling zerofrom-derive v0.1.5
[INFO] [stderr]    Compiling yoke-derive v0.7.5
[INFO] [stderr]    Compiling zerovec-derive v0.10.3
[INFO] [stderr]    Compiling displaydoc v0.2.5
[INFO] [stderr]    Compiling tokio-macros v2.5.0
[INFO] [stderr]    Compiling icu_provider_macros v1.5.0
[INFO] [stderr]    Compiling openssl-macros v0.1.1
[INFO] [stderr]    Compiling serde_derive v1.0.217
[INFO] [stderr]    Compiling proc_macros_qbittorrent_rust v0.1.5
[INFO] [stderr]    Compiling tokio v1.43.0
[INFO] [stderr]    Compiling zerofrom v0.1.5
[INFO] [stderr]    Compiling yoke v0.7.5
[INFO] [stderr]    Compiling zerovec v0.10.4
[INFO] [stderr]    Compiling tinystr v0.7.6
[INFO] [stderr]    Compiling icu_collections v1.5.0
[INFO] [stderr]    Compiling icu_locid v1.5.0
[INFO] [stderr]    Compiling icu_provider v1.5.0
[INFO] [stderr]    Compiling icu_locid_transform v1.5.0
[INFO] [stderr]    Compiling icu_properties v1.5.1
[INFO] [stderr]    Compiling tokio-util v0.7.13
[INFO] [stderr]    Compiling tokio-native-tls v0.3.1
[INFO] [stderr]    Compiling tower v0.5.2
[INFO] [stderr]    Compiling h2 v0.4.7
[INFO] [stderr]    Compiling serde_urlencoded v0.7.1
[INFO] [stderr]    Compiling icu_normalizer v1.5.0
[INFO] [stderr]    Compiling idna_adapter v1.2.0
[INFO] [stderr]    Compiling idna v1.0.3
[INFO] [stderr]    Compiling url v2.5.4
[INFO] [stderr]    Compiling hyper v1.5.2
[INFO] [stderr]    Compiling hyper-util v0.1.10
[INFO] [stderr]    Compiling hyper-tls v0.6.0
[INFO] [stderr]    Compiling reqwest v0.12.12
[INFO] [stderr]    Compiling qbittorrent_rust v0.1.2 (/opt/rustwide/workdir)
[INFO] [stderr]     Finished `dev` profile [unoptimized + debuginfo] target(s) in 37.03s
[INFO] running `Command { std: "docker" "inspect" "a350060cd1022737b0e2cbb502fbdb23bce8924325889c36cb84a876b3e143aa", kill_on_drop: false }`
[INFO] running `Command { std: "docker" "rm" "-f" "a350060cd1022737b0e2cbb502fbdb23bce8924325889c36cb84a876b3e143aa", kill_on_drop: false }`
[INFO] [stdout] a350060cd1022737b0e2cbb502fbdb23bce8924325889c36cb84a876b3e143aa
[INFO] running `Command { std: "docker" "create" "-v" "/var/lib/crater-agent-workspace/builds/worker-1-tc1/target:/opt/rustwide/target:rw,Z" "-v" "/var/lib/crater-agent-workspace/builds/worker-1-tc1/source:/opt/rustwide/workdir:ro,Z" "-v" "/var/lib/crater-agent-workspace/cargo-home:/opt/rustwide/cargo-home:ro,Z" "-v" "/var/lib/crater-agent-workspace/rustup-home:/opt/rustwide/rustup-home:ro,Z" "-e" "SOURCE_DIR=/opt/rustwide/workdir" "-e" "CARGO_TARGET_DIR=/opt/rustwide/target" "-e" "CARGO_INCREMENTAL=0" "-e" "RUST_BACKTRACE=full" "-e" "RUSTFLAGS=--cap-lints=forbid" "-e" "RUSTDOCFLAGS=--cap-lints=forbid" "-e" "CARGO_HOME=/opt/rustwide/cargo-home" "-e" "RUSTUP_HOME=/opt/rustwide/rustup-home" "-w" "/opt/rustwide/workdir" "-m" "1610612736" "--user" "0:0" "--network" "none" "ghcr.io/rust-lang/crates-build-env/linux@sha256:819108c5571ea2e421544af4d832f968d213c87fbe3707a016657f43d2f853bc" "/opt/rustwide/cargo-home/bin/cargo" "+nightly-2025-01-18" "test" "--frozen" "--no-run" "--message-format=json", kill_on_drop: false }`
[INFO] [stdout] 63e1e0627197125c3a837897f184d523672cda25a01bb56b40835755a23a55ba
[INFO] running `Command { std: "docker" "start" "-a" "63e1e0627197125c3a837897f184d523672cda25a01bb56b40835755a23a55ba", kill_on_drop: false }`
[INFO] [stderr]    Compiling qbittorrent_rust v0.1.2 (/opt/rustwide/workdir)
[INFO] [stderr]     Finished `test` profile [unoptimized + debuginfo] target(s) in 1.91s
[INFO] running `Command { std: "docker" "inspect" "63e1e0627197125c3a837897f184d523672cda25a01bb56b40835755a23a55ba", kill_on_drop: false }`
[INFO] running `Command { std: "docker" "rm" "-f" "63e1e0627197125c3a837897f184d523672cda25a01bb56b40835755a23a55ba", kill_on_drop: false }`
[INFO] [stdout] 63e1e0627197125c3a837897f184d523672cda25a01bb56b40835755a23a55ba
[INFO] running `Command { std: "docker" "create" "-v" "/var/lib/crater-agent-workspace/builds/worker-1-tc1/target:/opt/rustwide/target:rw,Z" "-v" "/var/lib/crater-agent-workspace/builds/worker-1-tc1/source:/opt/rustwide/workdir:ro,Z" "-v" "/var/lib/crater-agent-workspace/cargo-home:/opt/rustwide/cargo-home:ro,Z" "-v" "/var/lib/crater-agent-workspace/rustup-home:/opt/rustwide/rustup-home:ro,Z" "-e" "SOURCE_DIR=/opt/rustwide/workdir" "-e" "CARGO_TARGET_DIR=/opt/rustwide/target" "-e" "CARGO_INCREMENTAL=0" "-e" "RUST_BACKTRACE=full" "-e" "RUSTFLAGS=--cap-lints=forbid" "-e" "RUSTDOCFLAGS=--cap-lints=forbid" "-e" "CARGO_HOME=/opt/rustwide/cargo-home" "-e" "RUSTUP_HOME=/opt/rustwide/rustup-home" "-w" "/opt/rustwide/workdir" "-m" "1610612736" "--user" "0:0" "--network" "none" "ghcr.io/rust-lang/crates-build-env/linux@sha256:819108c5571ea2e421544af4d832f968d213c87fbe3707a016657f43d2f853bc" "/opt/rustwide/cargo-home/bin/cargo" "+nightly-2025-01-18" "test" "--frozen", kill_on_drop: false }`
[INFO] [stdout] 80e36e7415d3c427635d9fd01180e2a5c00f731a8f1cfc307d263796ec42c75a
[INFO] running `Command { std: "docker" "start" "-a" "80e36e7415d3c427635d9fd01180e2a5c00f731a8f1cfc307d263796ec42c75a", kill_on_drop: false }`
[INFO] [stderr]     Finished `test` profile [unoptimized + debuginfo] target(s) in 0.14s
[INFO] [stderr]      Running unittests src/lib.rs (/opt/rustwide/target/debug/deps/qbittorrent_rust-6567d983d085897f)
[INFO] [stdout] 
[INFO] [stdout] running 0 tests
[INFO] [stdout] 
[INFO] [stdout] test result: ok. 0 passed; 0 failed; 0 ignored; 0 measured; 0 filtered out; finished in 0.00s
[INFO] [stdout] 
[INFO] [stderr]    Doc-tests qbittorrent_rust
[INFO] [stdout] 
[INFO] [stdout] running 4 tests
[INFO] [stdout] test src/api_fns/torrents/torrent_managing_misc.rs - api_fns::torrents::torrent_managing_misc::QbitApi::torrents_get_all_categories (line 851) ... FAILED
[INFO] [stdout] test src/api_fns/torrents/torrent_managing_misc.rs - api_fns::torrents::torrent_managing_misc::QbitApi::torrents_get_all_categories_raw (line 823) ... FAILED
[INFO] [stdout] test src/core/api.rs - core::api::QbitApi::new (line 44) ... FAILED
[INFO] [stdout] test src/api_fns/application/app_preferences.rs - api_fns::application::app_preferences::ScanDirs (line 14) ... FAILED
[INFO] [stdout] 
[INFO] [stdout] failures:
[INFO] [stdout] 
[INFO] [stdout] ---- src/api_fns/torrents/torrent_managing_misc.rs - api_fns::torrents::torrent_managing_misc::QbitApi::torrents_get_all_categories (line 851) stdout ----
[INFO] [stdout] error: expected one of `.`, `;`, `?`, `}`, or an operator, found `:`
[INFO] [stdout]  --> src/api_fns/torrents/torrent_managing_misc.rs:852:8
[INFO] [stdout]   |
[INFO] [stdout] 3 | "Video": {  
[INFO] [stdout]   |        ^ expected one of `.`, `;`, `?`, `}`, or an operator
[INFO] [stdout] 
[INFO] [stdout] error: aborting due to 1 previous error
[INFO] [stdout] 
[INFO] [stdout] Couldn't compile the test.
[INFO] [stdout] ---- src/api_fns/torrents/torrent_managing_misc.rs - api_fns::torrents::torrent_managing_misc::QbitApi::torrents_get_all_categories_raw (line 823) stdout ----
[INFO] [stdout] error: expected one of `.`, `;`, `?`, `}`, or an operator, found `:`
[INFO] [stdout]  --> src/api_fns/torrents/torrent_managing_misc.rs:824:8
[INFO] [stdout]   |
[INFO] [stdout] 3 | "Video": {  
[INFO] [stdout]   |        ^ expected one of `.`, `;`, `?`, `}`, or an operator
[INFO] [stdout] 
[INFO] [stdout] error: aborting due to 1 previous error
[INFO] [stdout] 
[INFO] [stdout] Couldn't compile the test.
[INFO] [stdout] ---- src/core/api.rs - core::api::QbitApi::new (line 44) stdout ----
[INFO] [stdout] error[E0433]: failed to resolve: use of undeclared type `QbitApi`
[INFO] [stdout]  --> src/core/api.rs:45:16
[INFO] [stdout]   |
[INFO] [stdout] 3 | let qbit_api = QbitApi::new("http://localhost:6011/", Credentials::new("user_name", "password")).await.unwrap();
[INFO] [stdout]   |                ^^^^^^^ use of undeclared type `QbitApi`
[INFO] [stdout]   |
[INFO] [stdout] help: consider importing this struct
[INFO] [stdout]   |
[INFO] [stdout] 2 + use qbittorrent_rust::core::api::QbitApi;
[INFO] [stdout]   |
[INFO] [stdout] 
[INFO] [stdout] error[E0433]: failed to resolve: use of undeclared type `Credentials`
[INFO] [stdout]  --> src/core/api.rs:45:55
[INFO] [stdout]   |
[INFO] [stdout] 3 | let qbit_api = QbitApi::new("http://localhost:6011/", Credentials::new("user_name", "password")).await.unwrap();
[INFO] [stdout]   |                                                       ^^^^^^^^^^^ use of undeclared type `Credentials`
[INFO] [stdout]   |
[INFO] [stdout] help: consider importing this struct
[INFO] [stdout]   |
[INFO] [stdout] 2 + use qbittorrent_rust::core::creds::Credentials;
[INFO] [stdout]   |
[INFO] [stdout] 
[INFO] [stdout] error[E0728]: `await` is only allowed inside `async` functions and blocks
[INFO] [stdout]  --> src/core/api.rs:45:98
[INFO] [stdout]   |
[INFO] [stdout] 2 | fn main() { #[allow(non_snake_case)] fn _doctest_main_src_core_api_rs_44_0() {
[INFO] [stdout]   |                                      --------------------------------------- this is not `async`
[INFO] [stdout] 3 | let qbit_api = QbitApi::new("http://localhost:6011/", Credentials::new("user_name", "password")).await.unwrap();
[INFO] [stdout]   |                                                                                                  ^^^^^ only allowed inside `async` functions and blocks
[INFO] [stdout] 
[INFO] [stdout] error: aborting due to 3 previous errors
[INFO] [stdout] 
[INFO] [stdout] Some errors have detailed explanations: E0433, E0728.
[INFO] [stdout] For more information about an error, try `rustc --explain E0433`.
[INFO] [stdout] Couldn't compile the test.
[INFO] [stdout] ---- src/api_fns/application/app_preferences.rs - api_fns::application::app_preferences::ScanDirs (line 14) stdout ----
[INFO] [stdout] error[E0433]: failed to resolve: use of undeclared type `MultipleScanDirs`
[INFO] [stdout]  --> src/api_fns/application/app_preferences.rs:15:26
[INFO] [stdout]   |
[INFO] [stdout] 3 | let multiple_scan_dirs = MultipleScanDirs::new(vec![("folder_path", ScanDirValue::DownloadToCustomPath("./custom/path/here".to_string()))...
[INFO] [stdout]   |                          ^^^^^^^^^^^^^^^^ use of undeclared type `MultipleScanDirs`
[INFO] [stdout] 
[INFO] [stdout] error[E0433]: failed to resolve: use of undeclared type `ScanDirValue`
[INFO] [stdout]  --> src/api_fns/application/app_preferences.rs:15:69
[INFO] [stdout]   |
[INFO] [stdout] 3 | let multiple_scan_dirs = MultipleScanDirs::new(vec![("folder_path", ScanDirValue::DownloadToCustomPath("./custom/path/here".to_string()))...
[INFO] [stdout]   |                                                                     ^^^^^^^^^^^^ use of undeclared type `ScanDirValue`
[INFO] [stdout] 
[INFO] [stdout] error[E0433]: failed to resolve: use of undeclared type `ScanDirValue`
[INFO] [stdout]  --> src/api_fns/application/app_preferences.rs:15:158
[INFO] [stdout]   |
[INFO] [stdout] 3 | ...th/here".to_string())), ("folder_path_2", ScanDirValue::DownloadToDefaultPath)]);
[INFO] [stdout]   |                                              ^^^^^^^^^^^^ use of undeclared type `ScanDirValue`
[INFO] [stdout] 
[INFO] [stdout] error: aborting due to 3 previous errors
[INFO] [stdout] 
[INFO] [stdout] For more information about this error, try `rustc --explain E0433`.
[INFO] [stdout] Couldn't compile the test.
[INFO] [stdout] 
[INFO] [stdout] failures:
[INFO] [stdout]     src/api_fns/application/app_preferences.rs - api_fns::application::app_preferences::ScanDirs (line 14)
[INFO] [stdout]     src/api_fns/torrents/torrent_managing_misc.rs - api_fns::torrents::torrent_managing_misc::QbitApi::torrents_get_all_categories (line 851)
[INFO] [stdout]     src/api_fns/torrents/torrent_managing_misc.rs - api_fns::torrents::torrent_managing_misc::QbitApi::torrents_get_all_categories_raw (line 823)
[INFO] [stdout]     src/core/api.rs - core::api::QbitApi::new (line 44)
[INFO] [stdout] 
[INFO] [stdout] test result: FAILED. 0 passed; 4 failed; 0 ignored; 0 measured; 0 filtered out; finished in 0.17s
[INFO] [stdout] 
[INFO] [stderr] error: doctest failed, to rerun pass `--doc`
[INFO] running `Command { std: "docker" "inspect" "80e36e7415d3c427635d9fd01180e2a5c00f731a8f1cfc307d263796ec42c75a", kill_on_drop: false }`
[INFO] running `Command { std: "docker" "rm" "-f" "80e36e7415d3c427635d9fd01180e2a5c00f731a8f1cfc307d263796ec42c75a", kill_on_drop: false }`
[INFO] [stdout] 80e36e7415d3c427635d9fd01180e2a5c00f731a8f1cfc307d263796ec42c75a
