[INFO] fetching crate pyth-solana-receiver-sdk 0.5.0...
[INFO] testing pyth-solana-receiver-sdk-0.5.0 against nightly-2025-01-18 for randomize-layout-2
[INFO] extracting crate pyth-solana-receiver-sdk 0.5.0 into /workspace/builds/worker-5-tc1/source
[INFO] validating manifest of crates.io crate pyth-solana-receiver-sdk 0.5.0 on toolchain nightly-2025-01-18
[INFO] running `Command { std: CARGO_HOME="/workspace/cargo-home" RUSTUP_HOME="/workspace/rustup-home" "/workspace/cargo-home/bin/cargo" "+nightly-2025-01-18" "metadata" "--manifest-path" "Cargo.toml" "--no-deps", kill_on_drop: false }`
[INFO] started tweaking crates.io crate pyth-solana-receiver-sdk 0.5.0
[INFO] finished tweaking crates.io crate pyth-solana-receiver-sdk 0.5.0
[INFO] tweaked toml for crates.io crate pyth-solana-receiver-sdk 0.5.0 written to /workspace/builds/worker-5-tc1/source/Cargo.toml
[INFO] running `Command { std: CARGO_HOME="/workspace/cargo-home" RUSTUP_HOME="/workspace/rustup-home" "/workspace/cargo-home/bin/cargo" "+nightly-2025-01-18" "generate-lockfile" "--manifest-path" "Cargo.toml", kill_on_drop: false }`
[INFO] [stderr]     Updating crates.io index
[INFO] [stderr]      Locking 235 packages to latest compatible versions
[INFO] [stderr]       Adding solana-program v1.18.26 (available: v2.1.10)
[INFO] [stderr]       Adding zeroize v1.3.0 (available: v1.8.1)
[INFO] running `Command { std: CARGO_HOME="/workspace/cargo-home" RUSTUP_HOME="/workspace/rustup-home" "/workspace/cargo-home/bin/cargo" "+nightly-2025-01-18" "fetch" "--manifest-path" "Cargo.toml", kill_on_drop: false }`
[INFO] [stderr]  Downloading crates ...
[INFO] [stderr]   Downloaded solana-hash v2.1.10
[INFO] [stderr]   Downloaded solana-sha256-hasher v2.1.10
[INFO] [stderr]   Downloaded solana-instruction v2.1.10
[INFO] [stderr]   Downloaded solana-sanitize v2.1.10
[INFO] [stderr]   Downloaded solana-transaction-error v2.1.10
[INFO] [stderr]   Downloaded solana-serialize-utils v2.1.10
[INFO] [stderr]   Downloaded anchor-attribute-account v0.30.1
[INFO] [stderr]   Downloaded anchor-attribute-constant v0.30.1
[INFO] [stderr]   Downloaded pythnet-sdk v2.3.1
[INFO] [stderr]   Downloaded anchor-attribute-access-control v0.30.1
[INFO] [stderr]   Downloaded anchor-attribute-error v0.30.1
[INFO] [stderr]   Downloaded solana-serde-varint v2.1.10
[INFO] [stderr]   Downloaded solana-stable-layout v2.1.10
[INFO] [stderr]   Downloaded anchor-attribute-program v0.30.1
[INFO] [stderr]   Downloaded anchor-syn v0.30.1
[INFO] [stderr]   Downloaded solana-fee-calculator v2.1.10
[INFO] [stderr]   Downloaded slow_primes v0.1.14
[INFO] [stderr]   Downloaded solana-msg v2.1.10
[INFO] [stderr]   Downloaded anchor-lang-idl v0.1.1
[INFO] [stderr]   Downloaded anchor-derive-accounts v0.30.1
[INFO] [stderr]   Downloaded anchor-derive-serde v0.30.1
[INFO] [stderr]   Downloaded anchor-derive-space v0.30.1
[INFO] [stderr]   Downloaded anchor-lang v0.30.1
[INFO] [stderr]   Downloaded solana-bincode v2.1.10
[INFO] [stderr]   Downloaded solana-clock v2.1.10
[INFO] [stderr]   Downloaded solana-last-restart-slot v2.1.10
[INFO] [stderr]   Downloaded solana-rent v2.1.10
[INFO] [stderr]   Downloaded solana-sdk-macro v2.1.10
[INFO] [stderr]   Downloaded solana-secp256k1-recover v2.1.10
[INFO] [stderr]   Downloaded solana-short-vec v2.1.10
[INFO] [stderr]   Downloaded solana-pubkey v2.1.10
[INFO] [stderr]   Downloaded solana-program v2.1.10
[INFO] [stderr]   Downloaded anchor-lang-idl-spec v0.1.0
[INFO] [stderr]   Downloaded solana-cpi v2.1.10
[INFO] [stderr]   Downloaded solana-program-option v2.1.10
[INFO] [stderr]   Downloaded solana-program-error v2.1.10
[INFO] [stderr]   Downloaded solana-slot-history v2.1.10
[INFO] [stderr]   Downloaded solana-sysvar-id v2.1.10
[INFO] [stderr]   Downloaded solana-atomic-u64 v2.1.10
[INFO] [stderr]   Downloaded anchor-attribute-event v0.30.1
[INFO] [stderr]   Downloaded solana-account-info v2.1.10
[INFO] [stderr]   Downloaded solana-program-pack v2.1.10
[INFO] [stderr]   Downloaded solana-slot-hashes v2.1.10
[INFO] [stderr]   Downloaded five8_core v0.1.1
[INFO] [stderr]   Downloaded five8_const v0.1.3
[INFO] [stderr]   Downloaded solana-decode-error v2.1.10
[INFO] [stderr]   Downloaded solana-epoch-schedule v2.1.10
[INFO] [stderr]   Downloaded solana-program-entrypoint v2.1.10
[INFO] [stderr]   Downloaded solana-borsh v2.1.10
[INFO] [stderr]   Downloaded solana-native-token v2.1.10
[INFO] [stderr]   Downloaded solana-define-syscall v2.1.10
[INFO] [stderr]   Downloaded solana-program-memory v2.1.10
[INFO] running `Command { std: "docker" "create" "-v" "/var/lib/crater-agent-workspace/builds/worker-5-tc1/target:/opt/rustwide/target:rw,Z" "-v" "/var/lib/crater-agent-workspace/builds/worker-5-tc1/source:/opt/rustwide/workdir:ro,Z" "-v" "/var/lib/crater-agent-workspace/cargo-home:/opt/rustwide/cargo-home:ro,Z" "-v" "/var/lib/crater-agent-workspace/rustup-home:/opt/rustwide/rustup-home:ro,Z" "-e" "SOURCE_DIR=/opt/rustwide/workdir" "-e" "CARGO_TARGET_DIR=/opt/rustwide/target" "-e" "CARGO_HOME=/opt/rustwide/cargo-home" "-e" "RUSTUP_HOME=/opt/rustwide/rustup-home" "-w" "/opt/rustwide/workdir" "-m" "1610612736" "--user" "0:0" "--network" "none" "ghcr.io/rust-lang/crates-build-env/linux@sha256:819108c5571ea2e421544af4d832f968d213c87fbe3707a016657f43d2f853bc" "/opt/rustwide/cargo-home/bin/cargo" "+nightly-2025-01-18" "metadata" "--no-deps" "--format-version=1", kill_on_drop: false }`
[INFO] [stdout] 1a2799549a4667587eb82d472cb52afa4df0eaf07d01188fda256fd147fc0595
[INFO] running `Command { std: "docker" "start" "-a" "1a2799549a4667587eb82d472cb52afa4df0eaf07d01188fda256fd147fc0595", kill_on_drop: false }`
[INFO] running `Command { std: "docker" "inspect" "1a2799549a4667587eb82d472cb52afa4df0eaf07d01188fda256fd147fc0595", kill_on_drop: false }`
[INFO] running `Command { std: "docker" "rm" "-f" "1a2799549a4667587eb82d472cb52afa4df0eaf07d01188fda256fd147fc0595", kill_on_drop: false }`
[INFO] [stdout] 1a2799549a4667587eb82d472cb52afa4df0eaf07d01188fda256fd147fc0595
[INFO] running `Command { std: "docker" "create" "-v" "/var/lib/crater-agent-workspace/builds/worker-5-tc1/target:/opt/rustwide/target:rw,Z" "-v" "/var/lib/crater-agent-workspace/builds/worker-5-tc1/source:/opt/rustwide/workdir:ro,Z" "-v" "/var/lib/crater-agent-workspace/cargo-home:/opt/rustwide/cargo-home:ro,Z" "-v" "/var/lib/crater-agent-workspace/rustup-home:/opt/rustwide/rustup-home:ro,Z" "-e" "SOURCE_DIR=/opt/rustwide/workdir" "-e" "CARGO_TARGET_DIR=/opt/rustwide/target" "-e" "CARGO_INCREMENTAL=0" "-e" "RUST_BACKTRACE=full" "-e" "RUSTFLAGS=--cap-lints=forbid" "-e" "RUSTDOCFLAGS=--cap-lints=forbid" "-e" "CARGO_HOME=/opt/rustwide/cargo-home" "-e" "RUSTUP_HOME=/opt/rustwide/rustup-home" "-w" "/opt/rustwide/workdir" "-m" "1610612736" "--user" "0:0" "--network" "none" "ghcr.io/rust-lang/crates-build-env/linux@sha256:819108c5571ea2e421544af4d832f968d213c87fbe3707a016657f43d2f853bc" "/opt/rustwide/cargo-home/bin/cargo" "+nightly-2025-01-18" "build" "--frozen" "--message-format=json", kill_on_drop: false }`
[INFO] [stdout] aa92064aa46dcb135567ed85d7aa1c76067d0d3d988bcd203c28368c04818155
[INFO] running `Command { std: "docker" "start" "-a" "aa92064aa46dcb135567ed85d7aa1c76067d0d3d988bcd203c28368c04818155", kill_on_drop: false }`
[INFO] [stderr]    Compiling proc-macro2 v1.0.93
[INFO] [stderr]    Compiling serde v1.0.217
[INFO] [stderr]    Compiling subtle v2.6.1
[INFO] [stderr]    Compiling libc v0.2.169
[INFO] [stderr]    Compiling syn v1.0.109
[INFO] [stderr]    Compiling generic-array v0.14.7
[INFO] [stderr]    Compiling byteorder v1.5.0
[INFO] [stderr]    Compiling num-traits v0.2.19
[INFO] [stderr]    Compiling bs58 v0.5.1
[INFO] [stderr]    Compiling ahash v0.8.11
[INFO] [stderr]    Compiling toml_datetime v0.6.8
[INFO] [stderr]    Compiling cfg_aliases v0.2.1
[INFO] [stderr]    Compiling curve25519-dalek v4.1.3
[INFO] [stderr]    Compiling borsh v1.5.5
[INFO] [stderr]    Compiling solana-sanitize v2.1.10
[INFO] [stderr]    Compiling solana-atomic-u64 v2.1.10
[INFO] [stderr]    Compiling five8_core v0.1.1
[INFO] [stderr]    Compiling toml_edit v0.22.22
[INFO] [stderr]    Compiling five8_const v0.1.3
[INFO] [stderr]    Compiling anyhow v1.0.95
[INFO] [stderr]    Compiling getrandom v0.1.16
[INFO] [stderr]    Compiling unicode-segmentation v1.12.0
[INFO] [stderr]    Compiling crunchy v0.2.2
[INFO] [stderr]    Compiling either v1.13.0
[INFO] [stderr]    Compiling feature-probe v0.1.1
[INFO] [stderr]    Compiling heck v0.3.3
[INFO] [stderr]    Compiling wasm-bindgen-shared v0.2.100
[INFO] [stderr]    Compiling bv v0.11.1
[INFO] [stderr]    Compiling quote v1.0.38
[INFO] [stderr]    Compiling itertools v0.10.5
[INFO] [stderr]    Compiling syn v2.0.96
[INFO] [stderr]    Compiling solana-decode-error v2.1.10
[INFO] [stderr]    Compiling num-integer v0.1.46
[INFO] [stderr]    Compiling ahash v0.7.8
[INFO] [stderr]    Compiling solana-msg v2.1.10
[INFO] [stderr]    Compiling bumpalo v3.16.0
[INFO] [stderr]    Compiling solana-frozen-abi-macro v1.18.26
[INFO] [stderr]    Compiling getrandom v0.2.15
[INFO] [stderr]    Compiling num-bigint v0.4.6
[INFO] [stderr]    Compiling jobserver v0.1.32
[INFO] [stderr]    Compiling rand_core v0.6.4
[INFO] [stderr]    Compiling rand_core v0.5.1
[INFO] [stderr]    Compiling cc v1.2.10
[INFO] [stderr]    Compiling bitmaps v2.1.0
[INFO] [stderr]    Compiling memoffset v0.9.1
[INFO] [stderr]    Compiling im v15.1.0
[INFO] [stderr]    Compiling base64 v0.12.3
[INFO] [stderr]    Compiling rand_xoshiro v0.6.0
[INFO] [stderr]    Compiling rayon v1.10.0
[INFO] [stderr]    Compiling proc-macro-crate v3.2.0
[INFO] [stderr]    Compiling sized-chunks v0.6.5
[INFO] [stderr]    Compiling solana-program-memory v2.1.10
[INFO] [stderr]    Compiling solana-frozen-abi v1.18.26
[INFO] [stderr]    Compiling wasm-bindgen v0.2.100
[INFO] [stderr]    Compiling arrayvec v0.7.6
[INFO] [stderr]    Compiling bs58 v0.4.0
[INFO] [stderr]    Compiling hashbrown v0.11.2
[INFO] [stderr]    Compiling unicode-normalization v0.1.24
[INFO] [stderr]    Compiling memmap2 v0.5.10
[INFO] [stderr]    Compiling rustc-hash v1.1.0
[INFO] [stderr]    Compiling num-rational v0.4.2
[INFO] [stderr]    Compiling num-iter v0.1.45
[INFO] [stderr]    Compiling num-complex v0.4.6
[INFO] [stderr]    Compiling blake3 v1.5.5
[INFO] [stderr]    Compiling solana-program v1.18.26
[INFO] [stderr]    Compiling base64 v0.21.7
[INFO] [stderr]    Compiling solana-native-token v2.1.10
[INFO] [stderr]    Compiling base64 v0.22.1
[INFO] [stderr]    Compiling num v0.4.3
[INFO] [stderr]    Compiling ieee754 v0.2.6
[INFO] [stderr]    Compiling solana-program-option v2.1.10
[INFO] [stderr]    Compiling fast-math v0.1.1
[INFO] [stderr]    Compiling slow_primes v0.1.14
[INFO] [stderr]    Compiling wasm-bindgen-backend v0.2.100
[INFO] [stderr]    Compiling serde_derive v1.0.217
[INFO] [stderr]    Compiling zerocopy-derive v0.7.35
[INFO] [stderr]    Compiling zeroize_derive v1.4.2
[INFO] [stderr]    Compiling borsh-derive v1.5.5
[INFO] [stderr]    Compiling bytemuck_derive v1.8.1
[INFO] [stderr]    Compiling curve25519-dalek-derive v0.1.1
[INFO] [stderr]    Compiling zeroize v1.3.0
[INFO] [stderr]    Compiling borsh-derive-internal v0.10.4
[INFO] [stderr]    Compiling borsh-schema-derive-internal v0.10.4
[INFO] [stderr]    Compiling zerocopy v0.7.35
[INFO] [stderr]    Compiling thiserror-impl v1.0.69
[INFO] [stderr]    Compiling solana-sdk-macro v2.1.10
[INFO] [stderr]    Compiling wasm-bindgen-macro-support v0.2.100
[INFO] [stderr]    Compiling bytemuck v1.21.0
[INFO] [stderr]    Compiling ppv-lite86 v0.2.20
[INFO] [stderr]    Compiling borsh-schema-derive-internal v0.9.3
[INFO] [stderr]    Compiling hashbrown v0.13.2
[INFO] [stderr]    Compiling borsh-derive-internal v0.9.3
[INFO] [stderr]    Compiling rand_chacha v0.3.1
[INFO] [stderr]    Compiling rand v0.8.5
[INFO] [stderr]    Compiling thiserror v1.0.69
[INFO] [stderr]    Compiling rand_chacha v0.2.2
[INFO] [stderr]    Compiling ark-serialize-derive v0.4.2
[INFO] [stderr]    Compiling ark-ff-macros v0.4.2
[INFO] [stderr]    Compiling derivative v2.2.0
[INFO] [stderr]    Compiling ark-ff-asm v0.4.2
[INFO] [stderr]    Compiling rand v0.7.3
[INFO] [stderr]    Compiling wasm-bindgen-macro v0.2.100
[INFO] [stderr]    Compiling ark-std v0.4.0
[INFO] [stderr]    Compiling num-derive v0.4.2
[INFO] [stderr]    Compiling solana-sdk-macro v1.18.26
[INFO] [stderr]    Compiling anchor-derive-space v0.30.1
[INFO] [stderr]    Compiling toml v0.5.11
[INFO] [stderr]    Compiling solana-hash v2.1.10
[INFO] [stderr]    Compiling bincode v1.3.3
[INFO] [stderr]    Compiling serde_json v1.0.137
[INFO] [stderr]    Compiling serde_bytes v0.11.15
[INFO] [stderr]    Compiling anchor-lang-idl-spec v0.1.0
[INFO] [stderr]    Compiling bitflags v2.8.0
[INFO] [stderr]    Compiling solana-short-vec v2.1.10
[INFO] [stderr]    Compiling solana-fee-calculator v2.1.10
[INFO] [stderr]    Compiling solana-serde-varint v2.1.10
[INFO] [stderr]    Compiling hex v0.4.3
[INFO] [stderr]    Compiling block-buffer v0.10.4
[INFO] [stderr]    Compiling crypto-common v0.1.6
[INFO] [stderr]    Compiling digest v0.10.7
[INFO] [stderr]    Compiling digest v0.9.0
[INFO] [stderr]    Compiling crypto-mac v0.8.0
[INFO] [stderr]    Compiling block-buffer v0.9.0
[INFO] [stderr]    Compiling pbkdf2 v0.4.0
[INFO] [stderr]    Compiling libsecp256k1-core v0.2.2
[INFO] [stderr]    Compiling hmac v0.8.1
[INFO] [stderr]    Compiling sha2 v0.10.8
[INFO] [stderr]    Compiling ark-serialize v0.4.2
[INFO] [stderr]    Compiling proc-macro-crate v0.1.5
[INFO] [stderr]    Compiling ark-ff v0.4.2
[INFO] [stderr]    Compiling solana-sha256-hasher v2.1.10
[INFO] [stderr]    Compiling anchor-syn v0.30.1
[INFO] [stderr]    Compiling sha2 v0.9.9
[INFO] [stderr]    Compiling hmac-drbg v0.3.0
[INFO] [stderr]    Compiling borsh-derive v0.10.4
[INFO] [stderr]    Compiling borsh v0.10.4
[INFO] [stderr]    Compiling libsecp256k1-gen-genmult v0.2.1
[INFO] [stderr]    Compiling libsecp256k1-gen-ecmult v0.2.1
[INFO] [stderr]    Compiling borsh-derive v0.9.3
[INFO] [stderr]    Compiling sha3 v0.10.8
[INFO] [stderr]    Compiling libsecp256k1 v0.6.0
[INFO] [stderr]    Compiling borsh v0.9.3
[INFO] [stderr]    Compiling tiny-bip39 v0.8.2
[INFO] [stderr]    Compiling anchor-lang-idl v0.1.1
[INFO] [stderr]    Compiling curve25519-dalek v3.2.1
[INFO] [stderr]    Compiling solana-pubkey v2.1.10
[INFO] [stderr]    Compiling solana-borsh v2.1.10
[INFO] [stderr]    Compiling solana-instruction v2.1.10
[INFO] [stderr]    Compiling solana-sysvar-id v2.1.10
[INFO] [stderr]    Compiling solana-rent v2.1.10
[INFO] [stderr]    Compiling solana-program-error v2.1.10
[INFO] [stderr]    Compiling solana-stable-layout v2.1.10
[INFO] [stderr]    Compiling solana-bincode v2.1.10
[INFO] [stderr]    Compiling solana-serialize-utils v2.1.10
[INFO] [stderr]    Compiling solana-transaction-error v2.1.10
[INFO] [stderr]    Compiling solana-account-info v2.1.10
[INFO] [stderr]    Compiling solana-program-pack v2.1.10
[INFO] [stderr]    Compiling solana-slot-hashes v2.1.10
[INFO] [stderr]    Compiling solana-program-entrypoint v2.1.10
[INFO] [stderr]    Compiling solana-cpi v2.1.10
[INFO] [stderr]    Compiling solana-last-restart-slot v2.1.10
[INFO] [stderr]    Compiling solana-slot-history v2.1.10
[INFO] [stderr]    Compiling solana-clock v2.1.10
[INFO] [stderr]    Compiling solana-epoch-schedule v2.1.10
[INFO] [stderr]    Compiling anchor-attribute-account v0.30.1
[INFO] [stderr]    Compiling anchor-derive-serde v0.30.1
[INFO] [stderr]    Compiling anchor-attribute-event v0.30.1
[INFO] [stderr]    Compiling anchor-attribute-program v0.30.1
[INFO] [stderr]    Compiling anchor-attribute-error v0.30.1
[INFO] [stderr]    Compiling anchor-attribute-constant v0.30.1
[INFO] [stderr]    Compiling anchor-derive-accounts v0.30.1
[INFO] [stderr]    Compiling anchor-attribute-access-control v0.30.1
[INFO] [stderr]    Compiling solana-secp256k1-recover v2.1.10
[INFO] [stderr]    Compiling solana-program v2.1.10
[INFO] [stderr]    Compiling ark-poly v0.4.2
[INFO] [stderr]    Compiling ark-ec v0.4.2
[INFO] [stderr]    Compiling ark-bn254 v0.4.0
[INFO] [stderr]    Compiling light-poseidon v0.2.0
[INFO] [stderr]    Compiling anchor-lang v0.30.1
[INFO] [stderr]    Compiling pythnet-sdk v2.3.1
[INFO] [stderr]    Compiling pyth-solana-receiver-sdk v0.5.0 (/opt/rustwide/workdir)
[INFO] [stderr]     Finished `dev` profile [unoptimized + debuginfo] target(s) in 2m 21s
[INFO] running `Command { std: "docker" "inspect" "aa92064aa46dcb135567ed85d7aa1c76067d0d3d988bcd203c28368c04818155", kill_on_drop: false }`
[INFO] running `Command { std: "docker" "rm" "-f" "aa92064aa46dcb135567ed85d7aa1c76067d0d3d988bcd203c28368c04818155", kill_on_drop: false }`
[INFO] [stdout] aa92064aa46dcb135567ed85d7aa1c76067d0d3d988bcd203c28368c04818155
[INFO] running `Command { std: "docker" "create" "-v" "/var/lib/crater-agent-workspace/builds/worker-5-tc1/target:/opt/rustwide/target:rw,Z" "-v" "/var/lib/crater-agent-workspace/builds/worker-5-tc1/source:/opt/rustwide/workdir:ro,Z" "-v" "/var/lib/crater-agent-workspace/cargo-home:/opt/rustwide/cargo-home:ro,Z" "-v" "/var/lib/crater-agent-workspace/rustup-home:/opt/rustwide/rustup-home:ro,Z" "-e" "SOURCE_DIR=/opt/rustwide/workdir" "-e" "CARGO_TARGET_DIR=/opt/rustwide/target" "-e" "CARGO_INCREMENTAL=0" "-e" "RUST_BACKTRACE=full" "-e" "RUSTFLAGS=--cap-lints=forbid" "-e" "RUSTDOCFLAGS=--cap-lints=forbid" "-e" "CARGO_HOME=/opt/rustwide/cargo-home" "-e" "RUSTUP_HOME=/opt/rustwide/rustup-home" "-w" "/opt/rustwide/workdir" "-m" "1610612736" "--user" "0:0" "--network" "none" "ghcr.io/rust-lang/crates-build-env/linux@sha256:819108c5571ea2e421544af4d832f968d213c87fbe3707a016657f43d2f853bc" "/opt/rustwide/cargo-home/bin/cargo" "+nightly-2025-01-18" "test" "--frozen" "--no-run" "--message-format=json", kill_on_drop: false }`
[INFO] [stdout] 7cc550e6bfa0bded902018c065005efcc8c5917e31ef398ccaf74f76c93b61e6
[INFO] running `Command { std: "docker" "start" "-a" "7cc550e6bfa0bded902018c065005efcc8c5917e31ef398ccaf74f76c93b61e6", kill_on_drop: false }`
[INFO] [stderr]    Compiling pyth-solana-receiver-sdk v0.5.0 (/opt/rustwide/workdir)
[INFO] [stdout] warning: use of deprecated function `solana_program::borsh0_10::get_packed_len`: Please upgrade to Borsh 1.X and use `borsh1::get_packed_len` instead
[INFO] [stdout]    --> src/price_update.rs:334:63
[INFO] [stdout]     |
[INFO] [stdout] 334 |             PriceUpdateV2::discriminator().len() + borsh0_10::get_packed_len::<PriceUpdateV2>()
[INFO] [stdout]     |                                                               ^^^^^^^^^^^^^^
[INFO] [stdout]     |
[INFO] [stdout]     = note: `#[warn(deprecated)]` on by default
[INFO] [stdout] 
[INFO] [stdout] 
[INFO] [stderr]     Finished `test` profile [unoptimized + debuginfo] target(s) in 1.65s
[INFO] running `Command { std: "docker" "inspect" "7cc550e6bfa0bded902018c065005efcc8c5917e31ef398ccaf74f76c93b61e6", kill_on_drop: false }`
[INFO] running `Command { std: "docker" "rm" "-f" "7cc550e6bfa0bded902018c065005efcc8c5917e31ef398ccaf74f76c93b61e6", kill_on_drop: false }`
[INFO] [stdout] 7cc550e6bfa0bded902018c065005efcc8c5917e31ef398ccaf74f76c93b61e6
[INFO] running `Command { std: "docker" "create" "-v" "/var/lib/crater-agent-workspace/builds/worker-5-tc1/target:/opt/rustwide/target:rw,Z" "-v" "/var/lib/crater-agent-workspace/builds/worker-5-tc1/source:/opt/rustwide/workdir:ro,Z" "-v" "/var/lib/crater-agent-workspace/cargo-home:/opt/rustwide/cargo-home:ro,Z" "-v" "/var/lib/crater-agent-workspace/rustup-home:/opt/rustwide/rustup-home:ro,Z" "-e" "SOURCE_DIR=/opt/rustwide/workdir" "-e" "CARGO_TARGET_DIR=/opt/rustwide/target" "-e" "CARGO_INCREMENTAL=0" "-e" "RUST_BACKTRACE=full" "-e" "RUSTFLAGS=--cap-lints=forbid" "-e" "RUSTDOCFLAGS=--cap-lints=forbid" "-e" "CARGO_HOME=/opt/rustwide/cargo-home" "-e" "RUSTUP_HOME=/opt/rustwide/rustup-home" "-w" "/opt/rustwide/workdir" "-m" "1610612736" "--user" "0:0" "--network" "none" "ghcr.io/rust-lang/crates-build-env/linux@sha256:819108c5571ea2e421544af4d832f968d213c87fbe3707a016657f43d2f853bc" "/opt/rustwide/cargo-home/bin/cargo" "+nightly-2025-01-18" "test" "--frozen", kill_on_drop: false }`
[INFO] [stdout] de722053ca44315c6d55a99bf901f1ae2012e6d7fb6f762bfc5ce07fe4106013
[INFO] running `Command { std: "docker" "start" "-a" "de722053ca44315c6d55a99bf901f1ae2012e6d7fb6f762bfc5ce07fe4106013", kill_on_drop: false }`
[INFO] [stderr] warning: use of deprecated function `solana_program::borsh0_10::get_packed_len`: Please upgrade to Borsh 1.X and use `borsh1::get_packed_len` instead
[INFO] [stdout] 
[INFO] [stderr]    --> src/price_update.rs:334:63
[INFO] [stdout] running 7 tests
[INFO] [stderr]     |
[INFO] [stderr] 334 |             PriceUpdateV2::discriminator().len() + borsh0_10::get_packed_len::<PriceUpdateV2>()
[INFO] [stderr]     |                                                               ^^^^^^^^^^^^^^
[INFO] [stderr]     |
[INFO] [stderr]     = note: `#[warn(deprecated)]` on by default
[INFO] [stderr] 
[INFO] [stderr] warning: `pyth-solana-receiver-sdk` (lib test) generated 1 warning
[INFO] [stderr]     Finished `test` profile [unoptimized + debuginfo] target(s) in 0.25s
[INFO] [stderr]      Running unittests src/lib.rs (/opt/rustwide/target/debug/deps/pyth_solana_receiver_sdk-46e45e095e96fbfc)
[INFO] [stdout] test config::tests::check_size ... ok
[INFO] [stdout] test price_update::tests::get_price ... ok
[INFO] [stdout] test price_update::tests::gte ... ok
[INFO] [stdout] test price_update::tests::get_feed_id_from_hex ... ok
[INFO] [stdout] test price_update::tests::check_size ... ok
[INFO] [stdout] test price_update::tests::test_get_twap_no_older_than ... ok
[INFO] [stdout] test test_id ... ok
[INFO] [stdout] 
[INFO] [stdout] test result: ok. 7 passed; 0 failed; 0 ignored; 0 measured; 0 filtered out; finished in 0.01s
[INFO] [stderr]    Doc-tests pyth_solana_receiver_sdk
[INFO] [stdout] 
[INFO] [stdout] 
[INFO] [stdout] running 4 tests
[INFO] [stdout] test src/price_update.rs - price_update::TwapUpdate::get_twap_no_older_than (line 108) ... FAILED
[INFO] [stdout] test src/price_update.rs - price_update::PriceUpdateV2::get_price_no_older_than (line 260) ... FAILED
[INFO] [stdout] test src/price_update.rs - price_update::PriceUpdateV2::get_price_no_older_than_with_custom_verification_level (line 216) ... FAILED
[INFO] [stdout] test src/price_update.rs - price_update::get_feed_id_from_hex (line 301) ... ok
[INFO] [stdout] 
[INFO] [stdout] failures:
[INFO] [stdout] 
[INFO] [stdout] ---- src/price_update.rs - price_update::TwapUpdate::get_twap_no_older_than (line 108) stdout ----
[INFO] [stdout] warning: unexpected `cfg` condition value: `anchor-debug`
[INFO] [stdout]   --> src/price_update.rs:117:10
[INFO] [stdout]    |
[INFO] [stdout] 12 | #[derive(Accounts)]
[INFO] [stdout]    |          ^^^^^^^^
[INFO] [stdout]    |
[INFO] [stdout]    = note: no expected values for `feature`
[INFO] [stdout]    = note: using a cfg inside a derive macro will use the cfgs from the destination crate and not the ones from the defining crate
[INFO] [stdout]    = help: try referring to `Accounts` crate for guidance on how handle this unexpected cfg
[INFO] [stdout]    = help: the derive macro `Accounts` may come from an old version of the `anchor_derive_accounts` crate, try updating your dependency with `cargo update -p anchor_derive_accounts`
[INFO] [stdout]    = note: see <https://doc.rust-lang.org/nightly/rustc/check-cfg/cargo-specifics.html> for more information about checking conditional configuration
[INFO] [stdout]    = note: `#[warn(unexpected_cfgs)]` on by default
[INFO] [stdout]    = note: this warning originates in the derive macro `Accounts` (in Nightly builds, run with -Z macro-backtrace for more info)
[INFO] [stdout] 
[INFO] [stdout] error: cannot find type `Pubkey` in this scope
[INFO] [stdout]   --> src/price_update.rs:117:10
[INFO] [stdout]    |
[INFO] [stdout] 12 | #[derive(Accounts)]
[INFO] [stdout]    |          ^^^^^^^^ names from parent modules are not accessible without an explicit import
[INFO] [stdout]    |
[INFO] [stdout]    = warning: this was previously accepted by the compiler but is being phased out; it will become a hard error in a future release!
[INFO] [stdout]    = note: for more information, see issue #83583 <https://github.com/rust-lang/rust/issues/83583>
[INFO] [stdout]    = note: `#[deny(proc_macro_derive_resolution_fallback)]` on by default
[INFO] [stdout]    = note: this error originates in the derive macro `Accounts` (in Nightly builds, run with -Z macro-backtrace for more info)
[INFO] [stdout] 
[INFO] [stdout] error: aborting due to 1 previous error; 1 warning emitted
[INFO] [stdout] 
[INFO] [stdout] Couldn't compile the test.
[INFO] [stdout] ---- src/price_update.rs - price_update::PriceUpdateV2::get_price_no_older_than (line 260) stdout ----
[INFO] [stdout] warning: unexpected `cfg` condition value: `anchor-debug`
[INFO] [stdout]   --> src/price_update.rs:268:10
[INFO] [stdout]    |
[INFO] [stdout] 11 | #[derive(Accounts)]
[INFO] [stdout]    |          ^^^^^^^^
[INFO] [stdout]    |
[INFO] [stdout]    = note: no expected values for `feature`
[INFO] [stdout]    = note: using a cfg inside a derive macro will use the cfgs from the destination crate and not the ones from the defining crate
[INFO] [stdout]    = help: try referring to `Accounts` crate for guidance on how handle this unexpected cfg
[INFO] [stdout]    = help: the derive macro `Accounts` may come from an old version of the `anchor_derive_accounts` crate, try updating your dependency with `cargo update -p anchor_derive_accounts`
[INFO] [stdout]    = note: see <https://doc.rust-lang.org/nightly/rustc/check-cfg/cargo-specifics.html> for more information about checking conditional configuration
[INFO] [stdout]    = note: `#[warn(unexpected_cfgs)]` on by default
[INFO] [stdout]    = note: this warning originates in the derive macro `Accounts` (in Nightly builds, run with -Z macro-backtrace for more info)
[INFO] [stdout] 
[INFO] [stdout] error: cannot find type `Pubkey` in this scope
[INFO] [stdout]   --> src/price_update.rs:268:10
[INFO] [stdout]    |
[INFO] [stdout] 11 | #[derive(Accounts)]
[INFO] [stdout]    |          ^^^^^^^^ names from parent modules are not accessible without an explicit import
[INFO] [stdout]    |
[INFO] [stdout]    = warning: this was previously accepted by the compiler but is being phased out; it will become a hard error in a future release!
[INFO] [stdout]    = note: for more information, see issue #83583 <https://github.com/rust-lang/rust/issues/83583>
[INFO] [stdout]    = note: `#[deny(proc_macro_derive_resolution_fallback)]` on by default
[INFO] [stdout]    = note: this error originates in the derive macro `Accounts` (in Nightly builds, run with -Z macro-backtrace for more info)
[INFO] [stdout] 
[INFO] [stdout] error: aborting due to 1 previous error; 1 warning emitted
[INFO] [stdout] 
[INFO] [stdout] Couldn't compile the test.
[INFO] [stdout] ---- src/price_update.rs - price_update::PriceUpdateV2::get_price_no_older_than_with_custom_verification_level (line 216) stdout ----
[INFO] [stdout] warning: unexpected `cfg` condition value: `anchor-debug`
[INFO] [stdout]   --> src/price_update.rs:224:10
[INFO] [stdout]    |
[INFO] [stdout] 11 | #[derive(Accounts)]
[INFO] [stdout]    |          ^^^^^^^^
[INFO] [stdout]    |
[INFO] [stdout]    = note: no expected values for `feature`
[INFO] [stdout]    = note: using a cfg inside a derive macro will use the cfgs from the destination crate and not the ones from the defining crate
[INFO] [stdout]    = help: try referring to `Accounts` crate for guidance on how handle this unexpected cfg
[INFO] [stdout]    = help: the derive macro `Accounts` may come from an old version of the `anchor_derive_accounts` crate, try updating your dependency with `cargo update -p anchor_derive_accounts`
[INFO] [stdout]    = note: see <https://doc.rust-lang.org/nightly/rustc/check-cfg/cargo-specifics.html> for more information about checking conditional configuration
[INFO] [stdout]    = note: `#[warn(unexpected_cfgs)]` on by default
[INFO] [stdout]    = note: this warning originates in the derive macro `Accounts` (in Nightly builds, run with -Z macro-backtrace for more info)
[INFO] [stdout] 
[INFO] [stdout] error: cannot find type `Pubkey` in this scope
[INFO] [stdout]   --> src/price_update.rs:224:10
[INFO] [stdout]    |
[INFO] [stdout] 11 | #[derive(Accounts)]
[INFO] [stdout]    |          ^^^^^^^^ names from parent modules are not accessible without an explicit import
[INFO] [stdout]    |
[INFO] [stdout]    = warning: this was previously accepted by the compiler but is being phased out; it will become a hard error in a future release!
[INFO] [stdout]    = note: for more information, see issue #83583 <https://github.com/rust-lang/rust/issues/83583>
[INFO] [stdout]    = note: `#[deny(proc_macro_derive_resolution_fallback)]` on by default
[INFO] [stdout]    = note: this error originates in the derive macro `Accounts` (in Nightly builds, run with -Z macro-backtrace for more info)
[INFO] [stdout] 
[INFO] [stdout] error: aborting due to 1 previous error; 1 warning emitted
[INFO] [stdout] 
[INFO] [stdout] Couldn't compile the test.
[INFO] [stdout] 
[INFO] [stdout] failures:
[INFO] [stdout]     src/price_update.rs - price_update::PriceUpdateV2::get_price_no_older_than (line 260)
[INFO] [stdout]     src/price_update.rs - price_update::PriceUpdateV2::get_price_no_older_than_with_custom_verification_level (line 216)
[INFO] [stdout]     src/price_update.rs - price_update::TwapUpdate::get_twap_no_older_than (line 108)
[INFO] [stdout] 
[INFO] [stdout] test result: FAILED. 1 passed; 3 failed; 0 ignored; 0 measured; 0 filtered out; finished in 1.02s
[INFO] [stdout] 
[INFO] [stderr] error: doctest failed, to rerun pass `--doc`
[INFO] running `Command { std: "docker" "inspect" "de722053ca44315c6d55a99bf901f1ae2012e6d7fb6f762bfc5ce07fe4106013", kill_on_drop: false }`
[INFO] running `Command { std: "docker" "rm" "-f" "de722053ca44315c6d55a99bf901f1ae2012e6d7fb6f762bfc5ce07fe4106013", kill_on_drop: false }`
[INFO] [stdout] de722053ca44315c6d55a99bf901f1ae2012e6d7fb6f762bfc5ce07fe4106013
