[INFO] fetching crate pyo3-tracing-subscriber 0.1.4...
[INFO] testing pyo3-tracing-subscriber-0.1.4 against nightly-2025-01-18+rustflags=-Zrandomize-layout for randomize-layout-2
[INFO] extracting crate pyo3-tracing-subscriber 0.1.4 into /workspace/builds/worker-2-tc2/source
[INFO] validating manifest of crates.io crate pyo3-tracing-subscriber 0.1.4 on toolchain nightly-2025-01-18
[INFO] running `Command { std: CARGO_HOME="/workspace/cargo-home" RUSTUP_HOME="/workspace/rustup-home" "/workspace/cargo-home/bin/cargo" "+nightly-2025-01-18" "metadata" "--manifest-path" "Cargo.toml" "--no-deps", kill_on_drop: false }`
[INFO] started tweaking crates.io crate pyo3-tracing-subscriber 0.1.4
[INFO] finished tweaking crates.io crate pyo3-tracing-subscriber 0.1.4
[INFO] tweaked toml for crates.io crate pyo3-tracing-subscriber 0.1.4 written to /workspace/builds/worker-2-tc2/source/Cargo.toml
[INFO] running `Command { std: CARGO_HOME="/workspace/cargo-home" RUSTUP_HOME="/workspace/rustup-home" "/workspace/cargo-home/bin/cargo" "+nightly-2025-01-18" "generate-lockfile" "--manifest-path" "Cargo.toml", kill_on_drop: false }`
[INFO] [stderr]     Updating crates.io index
[INFO] [stderr]      Locking 212 packages to latest compatible versions
[INFO] [stderr]       Adding handlebars v4.5.0 (available: v6.3.0)
[INFO] [stderr]       Adding opentelemetry v0.25.0 (available: v0.27.1)
[INFO] [stderr]       Adding opentelemetry-otlp v0.25.0 (available: v0.27.0)
[INFO] [stderr]       Adding opentelemetry-proto v0.25.0 (available: v0.27.0)
[INFO] [stderr]       Adding opentelemetry_sdk v0.25.0 (available: v0.27.1)
[INFO] [stderr]       Adding pyo3 v0.20.3 (available: v0.23.4)
[INFO] [stderr]       Adding rstest v0.17.0 (available: v0.24.0)
[INFO] [stderr]       Adding thiserror v1.0.69 (available: v2.0.11)
[INFO] [stderr]       Adding tokio v1.38.1 (available: v1.43.0)
[INFO] [stderr]       Adding tokio-macros v2.3.0 (available: v2.5.0)
[INFO] [stderr]       Adding tracing-opentelemetry v0.26.0 (available: v0.28.0)
[INFO] running `Command { std: CARGO_HOME="/workspace/cargo-home" RUSTUP_HOME="/workspace/rustup-home" "/workspace/cargo-home/bin/cargo" "+nightly-2025-01-18" "fetch" "--manifest-path" "Cargo.toml", kill_on_drop: false }`
[INFO] running `Command { std: "docker" "create" "-v" "/var/lib/crater-agent-workspace/builds/worker-2-tc2/target:/opt/rustwide/target:rw,Z" "-v" "/var/lib/crater-agent-workspace/builds/worker-2-tc2/source:/opt/rustwide/workdir:ro,Z" "-v" "/var/lib/crater-agent-workspace/cargo-home:/opt/rustwide/cargo-home:ro,Z" "-v" "/var/lib/crater-agent-workspace/rustup-home:/opt/rustwide/rustup-home:ro,Z" "-e" "SOURCE_DIR=/opt/rustwide/workdir" "-e" "CARGO_TARGET_DIR=/opt/rustwide/target" "-e" "CARGO_HOME=/opt/rustwide/cargo-home" "-e" "RUSTUP_HOME=/opt/rustwide/rustup-home" "-w" "/opt/rustwide/workdir" "-m" "1610612736" "--user" "0:0" "--network" "none" "ghcr.io/rust-lang/crates-build-env/linux@sha256:819108c5571ea2e421544af4d832f968d213c87fbe3707a016657f43d2f853bc" "/opt/rustwide/cargo-home/bin/cargo" "+nightly-2025-01-18" "metadata" "--no-deps" "--format-version=1", kill_on_drop: false }`
[INFO] [stdout] 182ea2539d3c62106521c46ad2d1a84b47c2880e355d6bd690e2d3e0006300fc
[INFO] running `Command { std: "docker" "start" "-a" "182ea2539d3c62106521c46ad2d1a84b47c2880e355d6bd690e2d3e0006300fc", kill_on_drop: false }`
[INFO] running `Command { std: "docker" "inspect" "182ea2539d3c62106521c46ad2d1a84b47c2880e355d6bd690e2d3e0006300fc", kill_on_drop: false }`
[INFO] running `Command { std: "docker" "rm" "-f" "182ea2539d3c62106521c46ad2d1a84b47c2880e355d6bd690e2d3e0006300fc", kill_on_drop: false }`
[INFO] [stdout] 182ea2539d3c62106521c46ad2d1a84b47c2880e355d6bd690e2d3e0006300fc
[INFO] running `Command { std: "docker" "create" "-v" "/var/lib/crater-agent-workspace/builds/worker-2-tc2/target:/opt/rustwide/target:rw,Z" "-v" "/var/lib/crater-agent-workspace/builds/worker-2-tc2/source:/opt/rustwide/workdir:ro,Z" "-v" "/var/lib/crater-agent-workspace/cargo-home:/opt/rustwide/cargo-home:ro,Z" "-v" "/var/lib/crater-agent-workspace/rustup-home:/opt/rustwide/rustup-home:ro,Z" "-e" "SOURCE_DIR=/opt/rustwide/workdir" "-e" "CARGO_TARGET_DIR=/opt/rustwide/target" "-e" "CARGO_INCREMENTAL=0" "-e" "RUST_BACKTRACE=full" "-e" "RUSTFLAGS=--cap-lints=forbid -Zrandomize-layout" "-e" "RUSTDOCFLAGS=--cap-lints=forbid" "-e" "CARGO_HOME=/opt/rustwide/cargo-home" "-e" "RUSTUP_HOME=/opt/rustwide/rustup-home" "-w" "/opt/rustwide/workdir" "-m" "1610612736" "--user" "0:0" "--network" "none" "ghcr.io/rust-lang/crates-build-env/linux@sha256:819108c5571ea2e421544af4d832f968d213c87fbe3707a016657f43d2f853bc" "/opt/rustwide/cargo-home/bin/cargo" "+nightly-2025-01-18" "build" "--frozen" "--message-format=json", kill_on_drop: false }`
[INFO] [stdout] 85e67debae6e10e0bd8d7b50929852240b064b0b84a85704c47cf8e7a02dbdac
[INFO] running `Command { std: "docker" "start" "-a" "85e67debae6e10e0bd8d7b50929852240b064b0b84a85704c47cf8e7a02dbdac", kill_on_drop: false }`
[INFO] [stderr]    Compiling syn v2.0.96
[INFO] [stderr]    Compiling target-lexicon v0.12.16
[INFO] [stderr]    Compiling serde v1.0.217
[INFO] [stderr]    Compiling smallvec v1.13.2
[INFO] [stderr]    Compiling num_cpus v1.16.0
[INFO] [stderr]    Compiling lock_api v0.4.12
[INFO] [stderr]    Compiling tracing-core v0.1.33
[INFO] [stderr]    Compiling parking_lot_core v0.9.10
[INFO] [stderr]    Compiling tokio v1.38.1
[INFO] [stderr]    Compiling memoffset v0.9.1
[INFO] [stderr]    Compiling portable-atomic v1.10.0
[INFO] [stderr]    Compiling scopeguard v1.2.0
[INFO] [stderr]    Compiling heck v0.4.1
[INFO] [stderr]    Compiling regex-syntax v0.6.29
[INFO] [stderr]    Compiling regex-syntax v0.8.5
[INFO] [stderr]    Compiling log v0.4.25
[INFO] [stderr]    Compiling overload v0.1.1
[INFO] [stderr]    Compiling lazy_static v1.5.0
[INFO] [stderr]    Compiling parking_lot v0.12.3
[INFO] [stderr]    Compiling sharded-slab v0.1.7
[INFO] [stderr]    Compiling pyo3-build-config v0.20.3
[INFO] [stderr]    Compiling nu-ansi-term v0.46.0
[INFO] [stderr]    Compiling tracing-log v0.2.0
[INFO] [stderr]    Compiling thread_local v1.1.8
[INFO] [stderr]    Compiling unindent v0.2.3
[INFO] [stderr]    Compiling indoc v2.0.5
[INFO] [stderr]    Compiling glob v0.3.2
[INFO] [stderr]    Compiling tokio-stream v0.1.17
[INFO] [stderr]    Compiling regex-automata v0.1.10
[INFO] [stderr]    Compiling regex-automata v0.4.9
[INFO] [stderr]    Compiling matchers v0.1.0
[INFO] [stderr]    Compiling pyo3-ffi v0.20.3
[INFO] [stderr]    Compiling pyo3 v0.20.3
[INFO] [stderr]    Compiling pyo3-macros-backend v0.20.3
[INFO] [stderr]    Compiling regex v1.11.1
[INFO] [stderr]    Compiling zerocopy-derive v0.7.35
[INFO] [stderr]    Compiling serde_derive v1.0.217
[INFO] [stderr]    Compiling futures-macro v0.3.31
[INFO] [stderr]    Compiling thiserror-impl v1.0.69
[INFO] [stderr]    Compiling tracing-attributes v0.1.28
[INFO] [stderr]    Compiling async-trait v0.1.85
[INFO] [stderr]    Compiling zerocopy v0.7.35
[INFO] [stderr]    Compiling futures-util v0.3.31
[INFO] [stderr]    Compiling thiserror v1.0.69
[INFO] [stderr]    Compiling opentelemetry v0.25.0
[INFO] [stderr]    Compiling pyo3-macros v0.20.3
[INFO] [stderr]    Compiling tracing v0.1.41
[INFO] [stderr]    Compiling ppv-lite86 v0.2.20
[INFO] [stderr]    Compiling rand_chacha v0.3.1
[INFO] [stderr]    Compiling rand v0.8.5
[INFO] [stderr]    Compiling futures-executor v0.3.31
[INFO] [stderr]    Compiling futures v0.3.31
[INFO] [stderr]    Compiling pyo3-asyncio v0.20.0
[INFO] [stderr]    Compiling serde_json v1.0.137
[INFO] [stderr]    Compiling tracing-serde v0.2.0
[INFO] [stderr]    Compiling tracing-subscriber v0.3.19
[INFO] [stderr]    Compiling opentelemetry_sdk v0.25.0
[INFO] [stderr]    Compiling tracing-opentelemetry v0.26.0
[INFO] [stderr]    Compiling pyo3-tracing-subscriber v0.1.4 (/opt/rustwide/workdir)
[INFO] [stdout] warning: non-local `impl` definition, `impl` blocks should be written at the same level as their item
[INFO] [stdout]    --> src/common.rs:121:1
[INFO] [stdout]     |
[INFO] [stdout] 121 | #[pymethods]
[INFO] [stdout]     | -^^^^^^^^^^^
[INFO] [stdout]     | |
[INFO] [stdout]     | `PyClassImplCollector` is not local
[INFO] [stdout]     | `PyClassNewTextSignature` is not local
[INFO] [stdout]     | move the `impl` block outside of this function `trampoline` and up 4 bodies
[INFO] [stdout] 122 | impl PyInstrumentationLibrary {
[INFO] [stdout]     |      ------------------------
[INFO] [stdout]     |      |
[INFO] [stdout]     |      `PyInstrumentationLibrary` is not local
[INFO] [stdout]     |      `PyInstrumentationLibrary` is not local
[INFO] [stdout]     |
[INFO] [stdout]     = note: the attribute macro `pymethods` defines the non-local `impl`, and may need to be changed
[INFO] [stdout]     = note: the attribute macro `pymethods` may come from an old version of the `pyo3_macros` crate, try updating your dependency with `cargo update -p pyo3_macros`
[INFO] [stdout]     = note: an `impl` is never scoped, even when it is nested inside an item, as it may impact type checking outside of that item, which can be the case if neither the trait or the self type are at the same nesting level as the `impl`
[INFO] [stdout]     = note: `#[warn(non_local_definitions)]` on by default
[INFO] [stdout]     = note: this warning originates in the attribute macro `pymethods` (in Nightly builds, run with -Z macro-backtrace for more info)
[INFO] [stdout] 
[INFO] [stdout] 
[INFO] [stdout] warning: non-local `impl` definition, `impl` blocks should be written at the same level as their item
[INFO] [stdout]   --> src/contextmanager.rs:28:1
[INFO] [stdout]    |
[INFO] [stdout] 28 | #[pymethods]
[INFO] [stdout]    | -^^^^^^^^^^^
[INFO] [stdout]    | |
[INFO] [stdout]    | `PyClassImplCollector` is not local
[INFO] [stdout]    | `PyClassNewTextSignature` is not local
[INFO] [stdout]    | move the `impl` block outside of this function `trampoline` and up 4 bodies
[INFO] [stdout] 29 | impl GlobalTracingConfig {
[INFO] [stdout]    |      -------------------
[INFO] [stdout]    |      |
[INFO] [stdout]    |      `GlobalTracingConfig` is not local
[INFO] [stdout]    |      `GlobalTracingConfig` is not local
[INFO] [stdout]    |
[INFO] [stdout]    = note: the attribute macro `pymethods` defines the non-local `impl`, and may need to be changed
[INFO] [stdout]    = note: the attribute macro `pymethods` may come from an old version of the `pyo3_macros` crate, try updating your dependency with `cargo update -p pyo3_macros`
[INFO] [stdout]    = note: an `impl` is never scoped, even when it is nested inside an item, as it may impact type checking outside of that item, which can be the case if neither the trait or the self type are at the same nesting level as the `impl`
[INFO] [stdout]    = note: this warning originates in the attribute macro `pymethods` (in Nightly builds, run with -Z macro-backtrace for more info)
[INFO] [stdout] 
[INFO] [stdout] 
[INFO] [stdout] warning: non-local `impl` definition, `impl` blocks should be written at the same level as their item
[INFO] [stdout]   --> src/contextmanager.rs:45:1
[INFO] [stdout]    |
[INFO] [stdout] 45 | #[pymethods]
[INFO] [stdout]    | -^^^^^^^^^^^
[INFO] [stdout]    | |
[INFO] [stdout]    | `PyClassImplCollector` is not local
[INFO] [stdout]    | `PyClassNewTextSignature` is not local
[INFO] [stdout]    | move the `impl` block outside of this function `trampoline` and up 4 bodies
[INFO] [stdout] 46 | impl CurrentThreadTracingConfig {
[INFO] [stdout]    |      --------------------------
[INFO] [stdout]    |      |
[INFO] [stdout]    |      `CurrentThreadTracingConfig` is not local
[INFO] [stdout]    |      `CurrentThreadTracingConfig` is not local
[INFO] [stdout]    |
[INFO] [stdout]    = note: the attribute macro `pymethods` defines the non-local `impl`, and may need to be changed
[INFO] [stdout]    = note: the attribute macro `pymethods` may come from an old version of the `pyo3_macros` crate, try updating your dependency with `cargo update -p pyo3_macros`
[INFO] [stdout]    = note: an `impl` is never scoped, even when it is nested inside an item, as it may impact type checking outside of that item, which can be the case if neither the trait or the self type are at the same nesting level as the `impl`
[INFO] [stdout]    = note: this warning originates in the attribute macro `pymethods` (in Nightly builds, run with -Z macro-backtrace for more info)
[INFO] [stdout] 
[INFO] [stdout] 
[INFO] [stdout] warning: non-local `impl` definition, `impl` blocks should be written at the same level as their item
[INFO] [stdout]    --> src/contextmanager.rs:103:1
[INFO] [stdout]     |
[INFO] [stdout] 103 | #[pymethods]
[INFO] [stdout]     | -^^^^^^^^^^^
[INFO] [stdout]     | |
[INFO] [stdout]     | `PyClassImplCollector` is not local
[INFO] [stdout]     | `PyClassNewTextSignature` is not local
[INFO] [stdout]     | move the `impl` block outside of this function `trampoline` and up 4 bodies
[INFO] [stdout] 104 | impl Tracing {
[INFO] [stdout]     |      -------
[INFO] [stdout]     |      |
[INFO] [stdout]     |      `Tracing` is not local
[INFO] [stdout]     |      `Tracing` is not local
[INFO] [stdout]     |
[INFO] [stdout]     = note: the attribute macro `pymethods` defines the non-local `impl`, and may need to be changed
[INFO] [stdout]     = note: the attribute macro `pymethods` may come from an old version of the `pyo3_macros` crate, try updating your dependency with `cargo update -p pyo3_macros`
[INFO] [stdout]     = note: an `impl` is never scoped, even when it is nested inside an item, as it may impact type checking outside of that item, which can be the case if neither the trait or the self type are at the same nesting level as the `impl`
[INFO] [stdout]     = note: this warning originates in the attribute macro `pymethods` (in Nightly builds, run with -Z macro-backtrace for more info)
[INFO] [stdout] 
[INFO] [stdout] 
[INFO] [stdout] warning: non-local `impl` definition, `impl` blocks should be written at the same level as their item
[INFO] [stdout]   --> src/export_process/mod.rs:38:1
[INFO] [stdout]    |
[INFO] [stdout] 38 | #[pymethods]
[INFO] [stdout]    | -^^^^^^^^^^^
[INFO] [stdout]    | |
[INFO] [stdout]    | `PyClassImplCollector` is not local
[INFO] [stdout]    | `PyClassNewTextSignature` is not local
[INFO] [stdout]    | move the `impl` block outside of this function `trampoline` and up 4 bodies
[INFO] [stdout] 39 | impl BatchConfig {
[INFO] [stdout]    |      -----------
[INFO] [stdout]    |      |
[INFO] [stdout]    |      `BatchConfig` is not local
[INFO] [stdout]    |      `BatchConfig` is not local
[INFO] [stdout]    |
[INFO] [stdout]    = note: the attribute macro `pymethods` defines the non-local `impl`, and may need to be changed
[INFO] [stdout]    = note: the attribute macro `pymethods` may come from an old version of the `pyo3_macros` crate, try updating your dependency with `cargo update -p pyo3_macros`
[INFO] [stdout]    = note: an `impl` is never scoped, even when it is nested inside an item, as it may impact type checking outside of that item, which can be the case if neither the trait or the self type are at the same nesting level as the `impl`
[INFO] [stdout]    = note: this warning originates in the attribute macro `pymethods` (in Nightly builds, run with -Z macro-backtrace for more info)
[INFO] [stdout] 
[INFO] [stdout] 
[INFO] [stdout] warning: non-local `impl` definition, `impl` blocks should be written at the same level as their item
[INFO] [stdout]   --> src/export_process/mod.rs:60:1
[INFO] [stdout]    |
[INFO] [stdout] 60 | #[pymethods]
[INFO] [stdout]    | -^^^^^^^^^^^
[INFO] [stdout]    | |
[INFO] [stdout]    | `PyClassImplCollector` is not local
[INFO] [stdout]    | `PyClassNewTextSignature` is not local
[INFO] [stdout]    | move the `impl` block outside of this function `trampoline` and up 4 bodies
[INFO] [stdout] 61 | impl SimpleConfig {
[INFO] [stdout]    |      ------------
[INFO] [stdout]    |      |
[INFO] [stdout]    |      `SimpleConfig` is not local
[INFO] [stdout]    |      `SimpleConfig` is not local
[INFO] [stdout]    |
[INFO] [stdout]    = note: the attribute macro `pymethods` defines the non-local `impl`, and may need to be changed
[INFO] [stdout]    = note: the attribute macro `pymethods` may come from an old version of the `pyo3_macros` crate, try updating your dependency with `cargo update -p pyo3_macros`
[INFO] [stdout]    = note: an `impl` is never scoped, even when it is nested inside an item, as it may impact type checking outside of that item, which can be the case if neither the trait or the self type are at the same nesting level as the `impl`
[INFO] [stdout]    = note: this warning originates in the attribute macro `pymethods` (in Nightly builds, run with -Z macro-backtrace for more info)
[INFO] [stdout] 
[INFO] [stdout] 
[INFO] [stdout] warning: non-local `impl` definition, `impl` blocks should be written at the same level as their item
[INFO] [stdout]   --> src/layers/fmt_file.rs:42:1
[INFO] [stdout]    |
[INFO] [stdout] 42 | #[pymethods]
[INFO] [stdout]    | -^^^^^^^^^^^
[INFO] [stdout]    | |
[INFO] [stdout]    | `PyClassImplCollector` is not local
[INFO] [stdout]    | `PyClassNewTextSignature` is not local
[INFO] [stdout]    | move the `impl` block outside of this function `trampoline` and up 4 bodies
[INFO] [stdout] 43 | impl Config {
[INFO] [stdout]    |      ------
[INFO] [stdout]    |      |
[INFO] [stdout]    |      `Config` is not local
[INFO] [stdout]    |      `Config` is not local
[INFO] [stdout]    |
[INFO] [stdout]    = note: the attribute macro `pymethods` defines the non-local `impl`, and may need to be changed
[INFO] [stdout]    = note: the attribute macro `pymethods` may come from an old version of the `pyo3_macros` crate, try updating your dependency with `cargo update -p pyo3_macros`
[INFO] [stdout]    = note: an `impl` is never scoped, even when it is nested inside an item, as it may impact type checking outside of that item, which can be the case if neither the trait or the self type are at the same nesting level as the `impl`
[INFO] [stdout]    = note: this warning originates in the attribute macro `pymethods` (in Nightly builds, run with -Z macro-backtrace for more info)
[INFO] [stdout] 
[INFO] [stdout] 
[INFO] [stdout] warning: non-local `impl` definition, `impl` blocks should be written at the same level as their item
[INFO] [stdout]    --> src/subscriber.rs:134:1
[INFO] [stdout]     |
[INFO] [stdout] 134 | #[pymethods]
[INFO] [stdout]     | -^^^^^^^^^^^
[INFO] [stdout]     | |
[INFO] [stdout]     | `PyClassImplCollector` is not local
[INFO] [stdout]     | `PyClassNewTextSignature` is not local
[INFO] [stdout]     | move the `impl` block outside of this function `trampoline` and up 4 bodies
[INFO] [stdout] 135 | impl PyConfig {
[INFO] [stdout]     |      --------
[INFO] [stdout]     |      |
[INFO] [stdout]     |      `PyConfig` is not local
[INFO] [stdout]     |      `PyConfig` is not local
[INFO] [stdout]     |
[INFO] [stdout]     = note: the attribute macro `pymethods` defines the non-local `impl`, and may need to be changed
[INFO] [stdout]     = note: the attribute macro `pymethods` may come from an old version of the `pyo3_macros` crate, try updating your dependency with `cargo update -p pyo3_macros`
[INFO] [stdout]     = note: an `impl` is never scoped, even when it is nested inside an item, as it may impact type checking outside of that item, which can be the case if neither the trait or the self type are at the same nesting level as the `impl`
[INFO] [stdout]     = note: this warning originates in the attribute macro `pymethods` (in Nightly builds, run with -Z macro-backtrace for more info)
[INFO] [stdout] 
[INFO] [stdout] 
[INFO] [stderr]     Finished `dev` profile [unoptimized + debuginfo] target(s) in 59.78s
[INFO] running `Command { std: "docker" "inspect" "85e67debae6e10e0bd8d7b50929852240b064b0b84a85704c47cf8e7a02dbdac", kill_on_drop: false }`
[INFO] running `Command { std: "docker" "rm" "-f" "85e67debae6e10e0bd8d7b50929852240b064b0b84a85704c47cf8e7a02dbdac", kill_on_drop: false }`
[INFO] [stdout] 85e67debae6e10e0bd8d7b50929852240b064b0b84a85704c47cf8e7a02dbdac
[INFO] running `Command { std: "docker" "create" "-v" "/var/lib/crater-agent-workspace/builds/worker-2-tc2/target:/opt/rustwide/target:rw,Z" "-v" "/var/lib/crater-agent-workspace/builds/worker-2-tc2/source:/opt/rustwide/workdir:ro,Z" "-v" "/var/lib/crater-agent-workspace/cargo-home:/opt/rustwide/cargo-home:ro,Z" "-v" "/var/lib/crater-agent-workspace/rustup-home:/opt/rustwide/rustup-home:ro,Z" "-e" "SOURCE_DIR=/opt/rustwide/workdir" "-e" "CARGO_TARGET_DIR=/opt/rustwide/target" "-e" "CARGO_INCREMENTAL=0" "-e" "RUST_BACKTRACE=full" "-e" "RUSTFLAGS=--cap-lints=forbid -Zrandomize-layout" "-e" "RUSTDOCFLAGS=--cap-lints=forbid" "-e" "CARGO_HOME=/opt/rustwide/cargo-home" "-e" "RUSTUP_HOME=/opt/rustwide/rustup-home" "-w" "/opt/rustwide/workdir" "-m" "1610612736" "--user" "0:0" "--network" "none" "ghcr.io/rust-lang/crates-build-env/linux@sha256:819108c5571ea2e421544af4d832f968d213c87fbe3707a016657f43d2f853bc" "/opt/rustwide/cargo-home/bin/cargo" "+nightly-2025-01-18" "test" "--frozen" "--no-run" "--message-format=json", kill_on_drop: false }`
[INFO] [stdout] 77307cec1e4cb0e907084523eae67725be0bfda735dd0d4eb7a2012dc2c040a8
[INFO] running `Command { std: "docker" "start" "-a" "77307cec1e4cb0e907084523eae67725be0bfda735dd0d4eb7a2012dc2c040a8", kill_on_drop: false }`
[INFO] [stderr]    Compiling syn v1.0.109
[INFO] [stderr]    Compiling rstest_macros v0.17.0
[INFO] [stderr]    Compiling futures-timer v3.0.3
[INFO] [stdout] warning: non-local `impl` definition, `impl` blocks should be written at the same level as their item
[INFO] [stdout]    --> src/common.rs:121:1
[INFO] [stdout]     |
[INFO] [stdout] 121 | #[pymethods]
[INFO] [stdout]     | -^^^^^^^^^^^
[INFO] [stdout]     | |
[INFO] [stdout]     | `PyClassImplCollector` is not local
[INFO] [stdout]     | `PyClassNewTextSignature` is not local
[INFO] [stdout]     | move the `impl` block outside of this function `trampoline` and up 4 bodies
[INFO] [stdout] 122 | impl PyInstrumentationLibrary {
[INFO] [stdout]     |      ------------------------
[INFO] [stdout]     |      |
[INFO] [stdout]     |      `PyInstrumentationLibrary` is not local
[INFO] [stdout]     |      `PyInstrumentationLibrary` is not local
[INFO] [stdout]     |
[INFO] [stdout]     = note: the attribute macro `pymethods` defines the non-local `impl`, and may need to be changed
[INFO] [stdout]     = note: the attribute macro `pymethods` may come from an old version of the `pyo3_macros` crate, try updating your dependency with `cargo update -p pyo3_macros`
[INFO] [stdout]     = note: an `impl` is never scoped, even when it is nested inside an item, as it may impact type checking outside of that item, which can be the case if neither the trait or the self type are at the same nesting level as the `impl`
[INFO] [stdout]     = note: `#[warn(non_local_definitions)]` on by default
[INFO] [stdout]     = note: this warning originates in the attribute macro `pymethods` (in Nightly builds, run with -Z macro-backtrace for more info)
[INFO] [stdout] 
[INFO] [stdout] 
[INFO] [stdout] warning: non-local `impl` definition, `impl` blocks should be written at the same level as their item
[INFO] [stdout]   --> src/contextmanager.rs:28:1
[INFO] [stdout]    |
[INFO] [stdout] 28 | #[pymethods]
[INFO] [stdout]    | -^^^^^^^^^^^
[INFO] [stdout]    | |
[INFO] [stdout]    | `PyClassImplCollector` is not local
[INFO] [stdout]    | `PyClassNewTextSignature` is not local
[INFO] [stdout]    | move the `impl` block outside of this function `trampoline` and up 4 bodies
[INFO] [stdout] 29 | impl GlobalTracingConfig {
[INFO] [stdout]    |      -------------------
[INFO] [stdout]    |      |
[INFO] [stdout]    |      `GlobalTracingConfig` is not local
[INFO] [stdout]    |      `GlobalTracingConfig` is not local
[INFO] [stdout]    |
[INFO] [stdout]    = note: the attribute macro `pymethods` defines the non-local `impl`, and may need to be changed
[INFO] [stdout]    = note: the attribute macro `pymethods` may come from an old version of the `pyo3_macros` crate, try updating your dependency with `cargo update -p pyo3_macros`
[INFO] [stdout]    = note: an `impl` is never scoped, even when it is nested inside an item, as it may impact type checking outside of that item, which can be the case if neither the trait or the self type are at the same nesting level as the `impl`
[INFO] [stdout]    = note: this warning originates in the attribute macro `pymethods` (in Nightly builds, run with -Z macro-backtrace for more info)
[INFO] [stdout] 
[INFO] [stdout] 
[INFO] [stdout] warning: non-local `impl` definition, `impl` blocks should be written at the same level as their item
[INFO] [stdout]   --> src/contextmanager.rs:45:1
[INFO] [stdout]    |
[INFO] [stdout] 45 | #[pymethods]
[INFO] [stdout]    | -^^^^^^^^^^^
[INFO] [stdout]    | |
[INFO] [stdout]    | `PyClassImplCollector` is not local
[INFO] [stdout]    | `PyClassNewTextSignature` is not local
[INFO] [stdout]    | move the `impl` block outside of this function `trampoline` and up 4 bodies
[INFO] [stdout] 46 | impl CurrentThreadTracingConfig {
[INFO] [stdout]    |      --------------------------
[INFO] [stdout]    |      |
[INFO] [stdout]    |      `CurrentThreadTracingConfig` is not local
[INFO] [stdout]    |      `CurrentThreadTracingConfig` is not local
[INFO] [stdout]    |
[INFO] [stdout]    = note: the attribute macro `pymethods` defines the non-local `impl`, and may need to be changed
[INFO] [stdout]    = note: the attribute macro `pymethods` may come from an old version of the `pyo3_macros` crate, try updating your dependency with `cargo update -p pyo3_macros`
[INFO] [stdout]    = note: an `impl` is never scoped, even when it is nested inside an item, as it may impact type checking outside of that item, which can be the case if neither the trait or the self type are at the same nesting level as the `impl`
[INFO] [stdout]    = note: this warning originates in the attribute macro `pymethods` (in Nightly builds, run with -Z macro-backtrace for more info)
[INFO] [stdout] 
[INFO] [stdout] 
[INFO] [stdout] warning: non-local `impl` definition, `impl` blocks should be written at the same level as their item
[INFO] [stdout]    --> src/contextmanager.rs:103:1
[INFO] [stdout]     |
[INFO] [stdout] 103 | #[pymethods]
[INFO] [stdout]     | -^^^^^^^^^^^
[INFO] [stdout]     | |
[INFO] [stdout]     | `PyClassImplCollector` is not local
[INFO] [stdout]     | `PyClassNewTextSignature` is not local
[INFO] [stdout]     | move the `impl` block outside of this function `trampoline` and up 4 bodies
[INFO] [stdout] 104 | impl Tracing {
[INFO] [stdout]     |      -------
[INFO] [stdout]     |      |
[INFO] [stdout]     |      `Tracing` is not local
[INFO] [stdout]     |      `Tracing` is not local
[INFO] [stdout]     |
[INFO] [stdout]     = note: the attribute macro `pymethods` defines the non-local `impl`, and may need to be changed
[INFO] [stdout]     = note: the attribute macro `pymethods` may come from an old version of the `pyo3_macros` crate, try updating your dependency with `cargo update -p pyo3_macros`
[INFO] [stdout]     = note: an `impl` is never scoped, even when it is nested inside an item, as it may impact type checking outside of that item, which can be the case if neither the trait or the self type are at the same nesting level as the `impl`
[INFO] [stdout]     = note: this warning originates in the attribute macro `pymethods` (in Nightly builds, run with -Z macro-backtrace for more info)
[INFO] [stdout] 
[INFO] [stdout] 
[INFO] [stdout] warning: non-local `impl` definition, `impl` blocks should be written at the same level as their item
[INFO] [stdout]   --> src/export_process/mod.rs:38:1
[INFO] [stdout]    |
[INFO] [stdout] 38 | #[pymethods]
[INFO] [stdout]    | -^^^^^^^^^^^
[INFO] [stdout]    | |
[INFO] [stdout]    | `PyClassImplCollector` is not local
[INFO] [stdout]    | `PyClassNewTextSignature` is not local
[INFO] [stdout]    | move the `impl` block outside of this function `trampoline` and up 4 bodies
[INFO] [stdout] 39 | impl BatchConfig {
[INFO] [stdout]    |      -----------
[INFO] [stdout]    |      |
[INFO] [stdout]    |      `BatchConfig` is not local
[INFO] [stdout]    |      `BatchConfig` is not local
[INFO] [stdout]    |
[INFO] [stdout]    = note: the attribute macro `pymethods` defines the non-local `impl`, and may need to be changed
[INFO] [stdout]    = note: the attribute macro `pymethods` may come from an old version of the `pyo3_macros` crate, try updating your dependency with `cargo update -p pyo3_macros`
[INFO] [stdout]    = note: an `impl` is never scoped, even when it is nested inside an item, as it may impact type checking outside of that item, which can be the case if neither the trait or the self type are at the same nesting level as the `impl`
[INFO] [stdout]    = note: this warning originates in the attribute macro `pymethods` (in Nightly builds, run with -Z macro-backtrace for more info)
[INFO] [stdout] 
[INFO] [stdout] 
[INFO] [stdout] warning: non-local `impl` definition, `impl` blocks should be written at the same level as their item
[INFO] [stdout]   --> src/export_process/mod.rs:60:1
[INFO] [stdout]    |
[INFO] [stdout] 60 | #[pymethods]
[INFO] [stdout]    | -^^^^^^^^^^^
[INFO] [stdout]    | |
[INFO] [stdout]    | `PyClassImplCollector` is not local
[INFO] [stdout]    | `PyClassNewTextSignature` is not local
[INFO] [stdout]    | move the `impl` block outside of this function `trampoline` and up 4 bodies
[INFO] [stdout] 61 | impl SimpleConfig {
[INFO] [stdout]    |      ------------
[INFO] [stdout]    |      |
[INFO] [stdout]    |      `SimpleConfig` is not local
[INFO] [stdout]    |      `SimpleConfig` is not local
[INFO] [stdout]    |
[INFO] [stdout]    = note: the attribute macro `pymethods` defines the non-local `impl`, and may need to be changed
[INFO] [stdout]    = note: the attribute macro `pymethods` may come from an old version of the `pyo3_macros` crate, try updating your dependency with `cargo update -p pyo3_macros`
[INFO] [stdout]    = note: an `impl` is never scoped, even when it is nested inside an item, as it may impact type checking outside of that item, which can be the case if neither the trait or the self type are at the same nesting level as the `impl`
[INFO] [stdout]    = note: this warning originates in the attribute macro `pymethods` (in Nightly builds, run with -Z macro-backtrace for more info)
[INFO] [stdout] 
[INFO] [stdout] 
[INFO] [stdout] warning: non-local `impl` definition, `impl` blocks should be written at the same level as their item
[INFO] [stdout]   --> src/layers/fmt_file.rs:42:1
[INFO] [stdout]    |
[INFO] [stdout] 42 | #[pymethods]
[INFO] [stdout]    | -^^^^^^^^^^^
[INFO] [stdout]    | |
[INFO] [stdout]    | `PyClassImplCollector` is not local
[INFO] [stdout]    | `PyClassNewTextSignature` is not local
[INFO] [stdout]    | move the `impl` block outside of this function `trampoline` and up 4 bodies
[INFO] [stdout] 43 | impl Config {
[INFO] [stdout]    |      ------
[INFO] [stdout]    |      |
[INFO] [stdout]    |      `Config` is not local
[INFO] [stdout]    |      `Config` is not local
[INFO] [stdout]    |
[INFO] [stdout]    = note: the attribute macro `pymethods` defines the non-local `impl`, and may need to be changed
[INFO] [stdout]    = note: the attribute macro `pymethods` may come from an old version of the `pyo3_macros` crate, try updating your dependency with `cargo update -p pyo3_macros`
[INFO] [stdout]    = note: an `impl` is never scoped, even when it is nested inside an item, as it may impact type checking outside of that item, which can be the case if neither the trait or the self type are at the same nesting level as the `impl`
[INFO] [stdout]    = note: this warning originates in the attribute macro `pymethods` (in Nightly builds, run with -Z macro-backtrace for more info)
[INFO] [stdout] 
[INFO] [stdout] 
[INFO] [stdout] warning: non-local `impl` definition, `impl` blocks should be written at the same level as their item
[INFO] [stdout]    --> src/subscriber.rs:134:1
[INFO] [stdout]     |
[INFO] [stdout] 134 | #[pymethods]
[INFO] [stdout]     | -^^^^^^^^^^^
[INFO] [stdout]     | |
[INFO] [stdout]     | `PyClassImplCollector` is not local
[INFO] [stdout]     | `PyClassNewTextSignature` is not local
[INFO] [stdout]     | move the `impl` block outside of this function `trampoline` and up 4 bodies
[INFO] [stdout] 135 | impl PyConfig {
[INFO] [stdout]     |      --------
[INFO] [stdout]     |      |
[INFO] [stdout]     |      `PyConfig` is not local
[INFO] [stdout]     |      `PyConfig` is not local
[INFO] [stdout]     |
[INFO] [stdout]     = note: the attribute macro `pymethods` defines the non-local `impl`, and may need to be changed
[INFO] [stdout]     = note: the attribute macro `pymethods` may come from an old version of the `pyo3_macros` crate, try updating your dependency with `cargo update -p pyo3_macros`
[INFO] [stdout]     = note: an `impl` is never scoped, even when it is nested inside an item, as it may impact type checking outside of that item, which can be the case if neither the trait or the self type are at the same nesting level as the `impl`
[INFO] [stdout]     = note: this warning originates in the attribute macro `pymethods` (in Nightly builds, run with -Z macro-backtrace for more info)
[INFO] [stdout] 
[INFO] [stdout] 
[INFO] [stderr]    Compiling rstest v0.17.0
[INFO] [stderr]    Compiling pyo3-tracing-subscriber v0.1.4 (/opt/rustwide/workdir)
[INFO] [stdout] warning: non-local `impl` definition, `impl` blocks should be written at the same level as their item
[INFO] [stdout]    --> src/common.rs:121:1
[INFO] [stdout]     |
[INFO] [stdout] 121 | #[pymethods]
[INFO] [stdout]     | -^^^^^^^^^^^
[INFO] [stdout]     | |
[INFO] [stdout]     | `PyClassImplCollector` is not local
[INFO] [stdout]     | `PyClassNewTextSignature` is not local
[INFO] [stdout]     | move the `impl` block outside of this function `trampoline` and up 4 bodies
[INFO] [stdout] 122 | impl PyInstrumentationLibrary {
[INFO] [stdout]     |      ------------------------
[INFO] [stdout]     |      |
[INFO] [stdout]     |      `PyInstrumentationLibrary` is not local
[INFO] [stdout]     |      `PyInstrumentationLibrary` is not local
[INFO] [stdout]     |
[INFO] [stdout]     = note: the attribute macro `pymethods` defines the non-local `impl`, and may need to be changed
[INFO] [stdout]     = note: the attribute macro `pymethods` may come from an old version of the `pyo3_macros` crate, try updating your dependency with `cargo update -p pyo3_macros`
[INFO] [stdout]     = note: an `impl` is never scoped, even when it is nested inside an item, as it may impact type checking outside of that item, which can be the case if neither the trait or the self type are at the same nesting level as the `impl`
[INFO] [stdout]     = note: `#[warn(non_local_definitions)]` on by default
[INFO] [stdout]     = note: this warning originates in the attribute macro `pymethods` (in Nightly builds, run with -Z macro-backtrace for more info)
[INFO] [stdout] 
[INFO] [stdout] 
[INFO] [stdout] warning: non-local `impl` definition, `impl` blocks should be written at the same level as their item
[INFO] [stdout]   --> src/contextmanager.rs:28:1
[INFO] [stdout]    |
[INFO] [stdout] 28 | #[pymethods]
[INFO] [stdout]    | -^^^^^^^^^^^
[INFO] [stdout]    | |
[INFO] [stdout]    | `PyClassImplCollector` is not local
[INFO] [stdout]    | `PyClassNewTextSignature` is not local
[INFO] [stdout]    | move the `impl` block outside of this function `trampoline` and up 4 bodies
[INFO] [stdout] 29 | impl GlobalTracingConfig {
[INFO] [stdout]    |      -------------------
[INFO] [stdout]    |      |
[INFO] [stdout]    |      `GlobalTracingConfig` is not local
[INFO] [stdout]    |      `GlobalTracingConfig` is not local
[INFO] [stdout]    |
[INFO] [stdout]    = note: the attribute macro `pymethods` defines the non-local `impl`, and may need to be changed
[INFO] [stdout]    = note: the attribute macro `pymethods` may come from an old version of the `pyo3_macros` crate, try updating your dependency with `cargo update -p pyo3_macros`
[INFO] [stdout]    = note: an `impl` is never scoped, even when it is nested inside an item, as it may impact type checking outside of that item, which can be the case if neither the trait or the self type are at the same nesting level as the `impl`
[INFO] [stdout]    = note: this warning originates in the attribute macro `pymethods` (in Nightly builds, run with -Z macro-backtrace for more info)
[INFO] [stdout] 
[INFO] [stdout] 
[INFO] [stdout] warning: non-local `impl` definition, `impl` blocks should be written at the same level as their item
[INFO] [stdout]   --> src/contextmanager.rs:45:1
[INFO] [stdout]    |
[INFO] [stdout] 45 | #[pymethods]
[INFO] [stdout]    | -^^^^^^^^^^^
[INFO] [stdout]    | |
[INFO] [stdout]    | `PyClassImplCollector` is not local
[INFO] [stdout]    | `PyClassNewTextSignature` is not local
[INFO] [stdout]    | move the `impl` block outside of this function `trampoline` and up 4 bodies
[INFO] [stdout] 46 | impl CurrentThreadTracingConfig {
[INFO] [stdout]    |      --------------------------
[INFO] [stdout]    |      |
[INFO] [stdout]    |      `CurrentThreadTracingConfig` is not local
[INFO] [stdout]    |      `CurrentThreadTracingConfig` is not local
[INFO] [stdout]    |
[INFO] [stdout]    = note: the attribute macro `pymethods` defines the non-local `impl`, and may need to be changed
[INFO] [stdout]    = note: the attribute macro `pymethods` may come from an old version of the `pyo3_macros` crate, try updating your dependency with `cargo update -p pyo3_macros`
[INFO] [stdout]    = note: an `impl` is never scoped, even when it is nested inside an item, as it may impact type checking outside of that item, which can be the case if neither the trait or the self type are at the same nesting level as the `impl`
[INFO] [stdout]    = note: this warning originates in the attribute macro `pymethods` (in Nightly builds, run with -Z macro-backtrace for more info)
[INFO] [stdout] 
[INFO] [stdout] 
[INFO] [stdout] warning: non-local `impl` definition, `impl` blocks should be written at the same level as their item
[INFO] [stdout]    --> src/contextmanager.rs:103:1
[INFO] [stdout]     |
[INFO] [stdout] 103 | #[pymethods]
[INFO] [stdout]     | -^^^^^^^^^^^
[INFO] [stdout]     | |
[INFO] [stdout]     | `PyClassImplCollector` is not local
[INFO] [stdout]     | `PyClassNewTextSignature` is not local
[INFO] [stdout]     | move the `impl` block outside of this function `trampoline` and up 4 bodies
[INFO] [stdout] 104 | impl Tracing {
[INFO] [stdout]     |      -------
[INFO] [stdout]     |      |
[INFO] [stdout]     |      `Tracing` is not local
[INFO] [stdout]     |      `Tracing` is not local
[INFO] [stdout]     |
[INFO] [stdout]     = note: the attribute macro `pymethods` defines the non-local `impl`, and may need to be changed
[INFO] [stdout]     = note: the attribute macro `pymethods` may come from an old version of the `pyo3_macros` crate, try updating your dependency with `cargo update -p pyo3_macros`
[INFO] [stdout]     = note: an `impl` is never scoped, even when it is nested inside an item, as it may impact type checking outside of that item, which can be the case if neither the trait or the self type are at the same nesting level as the `impl`
[INFO] [stdout]     = note: this warning originates in the attribute macro `pymethods` (in Nightly builds, run with -Z macro-backtrace for more info)
[INFO] [stdout] 
[INFO] [stdout] 
[INFO] [stdout] warning: non-local `impl` definition, `impl` blocks should be written at the same level as their item
[INFO] [stdout]   --> src/export_process/mod.rs:38:1
[INFO] [stdout]    |
[INFO] [stdout] 38 | #[pymethods]
[INFO] [stdout]    | -^^^^^^^^^^^
[INFO] [stdout]    | |
[INFO] [stdout]    | `PyClassImplCollector` is not local
[INFO] [stdout]    | `PyClassNewTextSignature` is not local
[INFO] [stdout]    | move the `impl` block outside of this function `trampoline` and up 4 bodies
[INFO] [stdout] 39 | impl BatchConfig {
[INFO] [stdout]    |      -----------
[INFO] [stdout]    |      |
[INFO] [stdout]    |      `BatchConfig` is not local
[INFO] [stdout]    |      `BatchConfig` is not local
[INFO] [stdout]    |
[INFO] [stdout]    = note: the attribute macro `pymethods` defines the non-local `impl`, and may need to be changed
[INFO] [stdout]    = note: the attribute macro `pymethods` may come from an old version of the `pyo3_macros` crate, try updating your dependency with `cargo update -p pyo3_macros`
[INFO] [stdout]    = note: an `impl` is never scoped, even when it is nested inside an item, as it may impact type checking outside of that item, which can be the case if neither the trait or the self type are at the same nesting level as the `impl`
[INFO] [stdout]    = note: this warning originates in the attribute macro `pymethods` (in Nightly builds, run with -Z macro-backtrace for more info)
[INFO] [stdout] 
[INFO] [stdout] 
[INFO] [stdout] warning: non-local `impl` definition, `impl` blocks should be written at the same level as their item
[INFO] [stdout]   --> src/export_process/mod.rs:60:1
[INFO] [stdout]    |
[INFO] [stdout] 60 | #[pymethods]
[INFO] [stdout]    | -^^^^^^^^^^^
[INFO] [stdout]    | |
[INFO] [stdout]    | `PyClassImplCollector` is not local
[INFO] [stdout]    | `PyClassNewTextSignature` is not local
[INFO] [stdout]    | move the `impl` block outside of this function `trampoline` and up 4 bodies
[INFO] [stdout] 61 | impl SimpleConfig {
[INFO] [stdout]    |      ------------
[INFO] [stdout]    |      |
[INFO] [stdout]    |      `SimpleConfig` is not local
[INFO] [stdout]    |      `SimpleConfig` is not local
[INFO] [stdout]    |
[INFO] [stdout]    = note: the attribute macro `pymethods` defines the non-local `impl`, and may need to be changed
[INFO] [stdout]    = note: the attribute macro `pymethods` may come from an old version of the `pyo3_macros` crate, try updating your dependency with `cargo update -p pyo3_macros`
[INFO] [stdout]    = note: an `impl` is never scoped, even when it is nested inside an item, as it may impact type checking outside of that item, which can be the case if neither the trait or the self type are at the same nesting level as the `impl`
[INFO] [stdout]    = note: this warning originates in the attribute macro `pymethods` (in Nightly builds, run with -Z macro-backtrace for more info)
[INFO] [stdout] 
[INFO] [stdout] 
[INFO] [stdout] warning: non-local `impl` definition, `impl` blocks should be written at the same level as their item
[INFO] [stdout]   --> src/layers/fmt_file.rs:42:1
[INFO] [stdout]    |
[INFO] [stdout] 42 | #[pymethods]
[INFO] [stdout]    | -^^^^^^^^^^^
[INFO] [stdout]    | |
[INFO] [stdout]    | `PyClassImplCollector` is not local
[INFO] [stdout]    | `PyClassNewTextSignature` is not local
[INFO] [stdout]    | move the `impl` block outside of this function `trampoline` and up 4 bodies
[INFO] [stdout] 43 | impl Config {
[INFO] [stdout]    |      ------
[INFO] [stdout]    |      |
[INFO] [stdout]    |      `Config` is not local
[INFO] [stdout]    |      `Config` is not local
[INFO] [stdout]    |
[INFO] [stdout]    = note: the attribute macro `pymethods` defines the non-local `impl`, and may need to be changed
[INFO] [stdout]    = note: the attribute macro `pymethods` may come from an old version of the `pyo3_macros` crate, try updating your dependency with `cargo update -p pyo3_macros`
[INFO] [stdout]    = note: an `impl` is never scoped, even when it is nested inside an item, as it may impact type checking outside of that item, which can be the case if neither the trait or the self type are at the same nesting level as the `impl`
[INFO] [stdout]    = note: this warning originates in the attribute macro `pymethods` (in Nightly builds, run with -Z macro-backtrace for more info)
[INFO] [stdout] 
[INFO] [stdout] 
[INFO] [stdout] warning: non-local `impl` definition, `impl` blocks should be written at the same level as their item
[INFO] [stdout]    --> src/subscriber.rs:134:1
[INFO] [stdout]     |
[INFO] [stdout] 134 | #[pymethods]
[INFO] [stdout]     | -^^^^^^^^^^^
[INFO] [stdout]     | |
[INFO] [stdout]     | `PyClassImplCollector` is not local
[INFO] [stdout]     | `PyClassNewTextSignature` is not local
[INFO] [stdout]     | move the `impl` block outside of this function `trampoline` and up 4 bodies
[INFO] [stdout] 135 | impl PyConfig {
[INFO] [stdout]     |      --------
[INFO] [stdout]     |      |
[INFO] [stdout]     |      `PyConfig` is not local
[INFO] [stdout]     |      `PyConfig` is not local
[INFO] [stdout]     |
[INFO] [stdout]     = note: the attribute macro `pymethods` defines the non-local `impl`, and may need to be changed
[INFO] [stdout]     = note: the attribute macro `pymethods` may come from an old version of the `pyo3_macros` crate, try updating your dependency with `cargo update -p pyo3_macros`
[INFO] [stdout]     = note: an `impl` is never scoped, even when it is nested inside an item, as it may impact type checking outside of that item, which can be the case if neither the trait or the self type are at the same nesting level as the `impl`
[INFO] [stdout]     = note: this warning originates in the attribute macro `pymethods` (in Nightly builds, run with -Z macro-backtrace for more info)
[INFO] [stdout] 
[INFO] [stdout] 
[INFO] [stderr]     Finished `test` profile [unoptimized + debuginfo] target(s) in 14.48s
[INFO] running `Command { std: "docker" "inspect" "77307cec1e4cb0e907084523eae67725be0bfda735dd0d4eb7a2012dc2c040a8", kill_on_drop: false }`
[INFO] running `Command { std: "docker" "rm" "-f" "77307cec1e4cb0e907084523eae67725be0bfda735dd0d4eb7a2012dc2c040a8", kill_on_drop: false }`
[INFO] [stdout] 77307cec1e4cb0e907084523eae67725be0bfda735dd0d4eb7a2012dc2c040a8
[INFO] running `Command { std: "docker" "create" "-v" "/var/lib/crater-agent-workspace/builds/worker-2-tc2/target:/opt/rustwide/target:rw,Z" "-v" "/var/lib/crater-agent-workspace/builds/worker-2-tc2/source:/opt/rustwide/workdir:ro,Z" "-v" "/var/lib/crater-agent-workspace/cargo-home:/opt/rustwide/cargo-home:ro,Z" "-v" "/var/lib/crater-agent-workspace/rustup-home:/opt/rustwide/rustup-home:ro,Z" "-e" "SOURCE_DIR=/opt/rustwide/workdir" "-e" "CARGO_TARGET_DIR=/opt/rustwide/target" "-e" "CARGO_INCREMENTAL=0" "-e" "RUST_BACKTRACE=full" "-e" "RUSTFLAGS=--cap-lints=forbid -Zrandomize-layout" "-e" "RUSTDOCFLAGS=--cap-lints=forbid" "-e" "CARGO_HOME=/opt/rustwide/cargo-home" "-e" "RUSTUP_HOME=/opt/rustwide/rustup-home" "-w" "/opt/rustwide/workdir" "-m" "1610612736" "--user" "0:0" "--network" "none" "ghcr.io/rust-lang/crates-build-env/linux@sha256:819108c5571ea2e421544af4d832f968d213c87fbe3707a016657f43d2f853bc" "/opt/rustwide/cargo-home/bin/cargo" "+nightly-2025-01-18" "test" "--frozen", kill_on_drop: false }`
[INFO] [stdout] 69dadffce59e829172bd24ac9ff2cf0a1d12c30661cd9f05218d9af20cb1a746
[INFO] running `Command { std: "docker" "start" "-a" "69dadffce59e829172bd24ac9ff2cf0a1d12c30661cd9f05218d9af20cb1a746", kill_on_drop: false }`
[INFO] [stderr] warning: non-local `impl` definition, `impl` blocks should be written at the same level as their item
[INFO] [stderr]    --> src/common.rs:121:1
[INFO] [stderr]     |
[INFO] [stderr] 121 | #[pymethods]
[INFO] [stderr]     | -^^^^^^^^^^^
[INFO] [stderr]     | |
[INFO] [stderr]     | `PyClassImplCollector` is not local
[INFO] [stderr]     | `PyClassNewTextSignature` is not local
[INFO] [stderr]     | move the `impl` block outside of this function `trampoline` and up 4 bodies
[INFO] [stderr] 122 | impl PyInstrumentationLibrary {
[INFO] [stderr]     |      ------------------------
[INFO] [stderr]     |      |
[INFO] [stderr]     |      `PyInstrumentationLibrary` is not local
[INFO] [stderr]     |      `PyInstrumentationLibrary` is not local
[INFO] [stderr]     |
[INFO] [stderr]     = note: the attribute macro `pymethods` defines the non-local `impl`, and may need to be changed
[INFO] [stderr]     = note: the attribute macro `pymethods` may come from an old version of the `pyo3_macros` crate, try updating your dependency with `cargo update -p pyo3_macros`
[INFO] [stderr]     = note: an `impl` is never scoped, even when it is nested inside an item, as it may impact type checking outside of that item, which can be the case if neither the trait or the self type are at the same nesting level as the `impl`
[INFO] [stderr]     = note: `#[warn(non_local_definitions)]` on by default
[INFO] [stderr]     = note: this warning originates in the attribute macro `pymethods` (in Nightly builds, run with -Z macro-backtrace for more info)
[INFO] [stderr] 
[INFO] [stderr] warning: non-local `impl` definition, `impl` blocks should be written at the same level as their item
[INFO] [stderr]   --> src/contextmanager.rs:28:1
[INFO] [stderr]    |
[INFO] [stderr] 28 | #[pymethods]
[INFO] [stderr]    | -^^^^^^^^^^^
[INFO] [stderr]    | |
[INFO] [stderr]    | `PyClassImplCollector` is not local
[INFO] [stderr]    | `PyClassNewTextSignature` is not local
[INFO] [stderr]    | move the `impl` block outside of this function `trampoline` and up 4 bodies
[INFO] [stderr] 29 | impl GlobalTracingConfig {
[INFO] [stderr]    |      -------------------
[INFO] [stderr]    |      |
[INFO] [stderr]    |      `GlobalTracingConfig` is not local
[INFO] [stderr]    |      `GlobalTracingConfig` is not local
[INFO] [stderr]    |
[INFO] [stderr]    = note: the attribute macro `pymethods` defines the non-local `impl`, and may need to be changed
[INFO] [stderr]    = note: the attribute macro `pymethods` may come from an old version of the `pyo3_macros` crate, try updating your dependency with `cargo update -p pyo3_macros`
[INFO] [stderr]    = note: an `impl` is never scoped, even when it is nested inside an item, as it may impact type checking outside of that item, which can be the case if neither the trait or the self type are at the same nesting level as the `impl`
[INFO] [stderr]    = note: this warning originates in the attribute macro `pymethods` (in Nightly builds, run with -Z macro-backtrace for more info)
[INFO] [stderr] 
[INFO] [stderr] warning: non-local `impl` definition, `impl` blocks should be written at the same level as their item
[INFO] [stderr]   --> src/contextmanager.rs:45:1
[INFO] [stderr]    |
[INFO] [stderr] 45 | #[pymethods]
[INFO] [stderr]    | -^^^^^^^^^^^
[INFO] [stderr]    | |
[INFO] [stderr]    | `PyClassImplCollector` is not local
[INFO] [stderr]    | `PyClassNewTextSignature` is not local
[INFO] [stderr]    | move the `impl` block outside of this function `trampoline` and up 4 bodies
[INFO] [stderr] 46 | impl CurrentThreadTracingConfig {
[INFO] [stderr]    |      --------------------------
[INFO] [stderr]    |      |
[INFO] [stderr]    |      `CurrentThreadTracingConfig` is not local
[INFO] [stderr]    |      `CurrentThreadTracingConfig` is not local
[INFO] [stderr]    |
[INFO] [stderr]    = note: the attribute macro `pymethods` defines the non-local `impl`, and may need to be changed
[INFO] [stderr]    = note: the attribute macro `pymethods` may come from an old version of the `pyo3_macros` crate, try updating your dependency with `cargo update -p pyo3_macros`
[INFO] [stderr]    = note: an `impl` is never scoped, even when it is nested inside an item, as it may impact type checking outside of that item, which can be the case if neither the trait or the self type are at the same nesting level as the `impl`
[INFO] [stderr]    = note: this warning originates in the attribute macro `pymethods` (in Nightly builds, run with -Z macro-backtrace for more info)
[INFO] [stderr] 
[INFO] [stderr] warning: non-local `impl` definition, `impl` blocks should be written at the same level as their item
[INFO] [stderr]    --> src/contextmanager.rs:103:1
[INFO] [stderr]     |
[INFO] [stderr] 103 | #[pymethods]
[INFO] [stderr]     | -^^^^^^^^^^^
[INFO] [stderr]     | |
[INFO] [stderr]     | `PyClassImplCollector` is not local
[INFO] [stderr]     | `PyClassNewTextSignature` is not local
[INFO] [stderr]     | move the `impl` block outside of this function `trampoline` and up 4 bodies
[INFO] [stderr] 104 | impl Tracing {
[INFO] [stderr]     |      -------
[INFO] [stderr]     |      |
[INFO] [stderr]     |      `Tracing` is not local
[INFO] [stderr]     |      `Tracing` is not local
[INFO] [stderr]     |
[INFO] [stderr]     = note: the attribute macro `pymethods` defines the non-local `impl`, and may need to be changed
[INFO] [stderr]     = note: the attribute macro `pymethods` may come from an old version of the `pyo3_macros` crate, try updating your dependency with `cargo update -p pyo3_macros`
[INFO] [stderr]     = note: an `impl` is never scoped, even when it is nested inside an item, as it may impact type checking outside of that item, which can be the case if neither the trait or the self type are at the same nesting level as the `impl`
[INFO] [stderr]     = note: this warning originates in the attribute macro `pymethods` (in Nightly builds, run with -Z macro-backtrace for more info)
[INFO] [stderr] 
[INFO] [stderr] warning: non-local `impl` definition, `impl` blocks should be written at the same level as their item
[INFO] [stderr]   --> src/export_process/mod.rs:38:1
[INFO] [stderr]    |
[INFO] [stderr] 38 | #[pymethods]
[INFO] [stderr]    | -^^^^^^^^^^^
[INFO] [stderr]    | |
[INFO] [stderr]    | `PyClassImplCollector` is not local
[INFO] [stderr]    | `PyClassNewTextSignature` is not local
[INFO] [stderr]    | move the `impl` block outside of this function `trampoline` and up 4 bodies
[INFO] [stderr] 39 | impl BatchConfig {
[INFO] [stderr]    |      -----------
[INFO] [stderr]    |      |
[INFO] [stderr]    |      `BatchConfig` is not local
[INFO] [stderr]    |      `BatchConfig` is not local
[INFO] [stderr]    |
[INFO] [stderr]    = note: the attribute macro `pymethods` defines the non-local `impl`, and may need to be changed
[INFO] [stderr]    = note: the attribute macro `pymethods` may come from an old version of the `pyo3_macros` crate, try updating your dependency with `cargo update -p pyo3_macros`
[INFO] [stderr]    = note: an `impl` is never scoped, even when it is nested inside an item, as it may impact type checking outside of that item, which can be the case if neither the trait or the self type are at the same nesting level as the `impl`
[INFO] [stderr]    = note: this warning originates in the attribute macro `pymethods` (in Nightly builds, run with -Z macro-backtrace for more info)
[INFO] [stderr] 
[INFO] [stderr] warning: non-local `impl` definition, `impl` blocks should be written at the same level as their item
[INFO] [stderr]   --> src/export_process/mod.rs:60:1
[INFO] [stderr]    |
[INFO] [stderr] 60 | #[pymethods]
[INFO] [stderr]    | -^^^^^^^^^^^
[INFO] [stderr]    | |
[INFO] [stderr]    | `PyClassImplCollector` is not local
[INFO] [stderr]    | `PyClassNewTextSignature` is not local
[INFO] [stderr]    | move the `impl` block outside of this function `trampoline` and up 4 bodies
[INFO] [stderr] 61 | impl SimpleConfig {
[INFO] [stderr]    |      ------------
[INFO] [stderr]    |      |
[INFO] [stderr]    |      `SimpleConfig` is not local
[INFO] [stderr]    |      `SimpleConfig` is not local
[INFO] [stderr]    |
[INFO] [stderr]    = note: the attribute macro `pymethods` defines the non-local `impl`, and may need to be changed
[INFO] [stderr]    = note: the attribute macro `pymethods` may come from an old version of the `pyo3_macros` crate, try updating your dependency with `cargo update -p pyo3_macros`
[INFO] [stderr]    = note: an `impl` is never scoped, even when it is nested inside an item, as it may impact type checking outside of that item, which can be the case if neither the trait or the self type are at the same nesting level as the `impl`
[INFO] [stderr]    = note: this warning originates in the attribute macro `pymethods` (in Nightly builds, run with -Z macro-backtrace for more info)
[INFO] [stderr] 
[INFO] [stderr] warning: non-local `impl` definition, `impl` blocks should be written at the same level as their item
[INFO] [stderr]   --> src/layers/fmt_file.rs:42:1
[INFO] [stderr]    |
[INFO] [stderr] 42 | #[pymethods]
[INFO] [stderr]    | -^^^^^^^^^^^
[INFO] [stderr]    | |
[INFO] [stderr]    | `PyClassImplCollector` is not local
[INFO] [stderr]    | `PyClassNewTextSignature` is not local
[INFO] [stderr]    | move the `impl` block outside of this function `trampoline` and up 4 bodies
[INFO] [stderr] 43 | impl Config {
[INFO] [stderr]    |      ------
[INFO] [stderr]    |      |
[INFO] [stderr]    |      `Config` is not local
[INFO] [stderr]    |      `Config` is not local
[INFO] [stderr]    |
[INFO] [stderr]    = note: the attribute macro `pymethods` defines the non-local `impl`, and may need to be changed
[INFO] [stderr]    = note: the attribute macro `pymethods` may come from an old version of the `pyo3_macros` crate, try updating your dependency with `cargo update -p pyo3_macros`
[INFO] [stderr]    = note: an `impl` is never scoped, even when it is nested inside an item, as it may impact type checking outside of that item, which can be the case if neither the trait or the self type are at the same nesting level as the `impl`
[INFO] [stderr]    = note: this warning originates in the attribute macro `pymethods` (in Nightly builds, run with -Z macro-backtrace for more info)
[INFO] [stderr] 
[INFO] [stderr] warning: non-local `impl` definition, `impl` blocks should be written at the same level as their item
[INFO] [stderr]    --> src/subscriber.rs:134:1
[INFO] [stderr]     |
[INFO] [stderr] 134 | #[pymethods]
[INFO] [stderr]     | -^^^^^^^^^^^
[INFO] [stderr]     | |
[INFO] [stderr]     | `PyClassImplCollector` is not local
[INFO] [stderr]     | `PyClassNewTextSignature` is not local
[INFO] [stderr]     | move the `impl` block outside of this function `trampoline` and up 4 bodies
[INFO] [stderr] 135 | impl PyConfig {
[INFO] [stderr]     |      --------
[INFO] [stderr]     |      |
[INFO] [stderr]     |      `PyConfig` is not local
[INFO] [stderr]     |      `PyConfig` is not local
[INFO] [stderr]     |
[INFO] [stderr]     = note: the attribute macro `pymethods` defines the non-local `impl`, and may need to be changed
[INFO] [stderr]     = note: the attribute macro `pymethods` may come from an old version of the `pyo3_macros` crate, try updating your dependency with `cargo update -p pyo3_macros`
[INFO] [stderr]     = note: an `impl` is never scoped, even when it is nested inside an item, as it may impact type checking outside of that item, which can be the case if neither the trait or the self type are at the same nesting level as the `impl`
[INFO] [stderr]     = note: this warning originates in the attribute macro `pymethods` (in Nightly builds, run with -Z macro-backtrace for more info)
[INFO] [stderr] 
[INFO] [stderr] warning: `pyo3-tracing-subscriber` (lib) generated 8 warnings
[INFO] [stderr] warning: `pyo3-tracing-subscriber` (lib test) generated 8 warnings (8 duplicates)
[INFO] [stderr]     Finished `test` profile [unoptimized + debuginfo] target(s) in 0.19s
[INFO] [stderr]      Running unittests src/lib.rs (/opt/rustwide/target/debug/deps/pyo3_tracing_subscriber-433c6684126d236b)
[INFO] [stdout] 
[INFO] [stderr]    Doc-tests pyo3_tracing_subscriber
[INFO] [stdout] running 0 tests
[INFO] [stdout] 
[INFO] [stdout] test result: ok. 0 passed; 0 failed; 0 ignored; 0 measured; 0 filtered out; finished in 0.00s
[INFO] [stdout] 
[INFO] [stdout] 
[INFO] [stdout] running 1 test
[INFO] [stdout] test src/lib.rs - (line 84) ... FAILED
[INFO] [stdout] 
[INFO] [stdout] failures:
[INFO] [stdout] 
[INFO] [stdout] ---- src/lib.rs - (line 84) stdout ----
[INFO] [stdout] error[E0432]: unresolved import `pyo3_tracing_subscriber::pypropagate`
[INFO] [stdout]  --> src/lib.rs:86:5
[INFO] [stdout]   |
[INFO] [stdout] 5 | use pyo3_tracing_subscriber::pypropagate;
[INFO] [stdout]   |     ^^^^^^^^^^^^^^^^^^^^^^^^^^^^^^^^^^^^ no `pypropagate` in the root
[INFO] [stdout] 
[INFO] [stdout] error[E0425]: cannot find value `py` in this scope
[INFO] [stdout]   --> src/lib.rs:99:9
[INFO] [stdout]    |
[INFO] [stdout] 13 | fn example(_py: Python, m: &PyModule) -> PyResult<()> {
[INFO] [stdout]    |            --- `_py` defined here
[INFO] [stdout] ...
[INFO] [stdout] 18 |         py,
[INFO] [stdout]    |         ^^
[INFO] [stdout]    |
[INFO] [stdout] help: the leading underscore in `_py` marks it as unused, consider renaming it to `py`
[INFO] [stdout]    |
[INFO] [stdout] 13 | fn example(py: Python, m: &PyModule) -> PyResult<()> {
[INFO] [stdout]    |            ~~
[INFO] [stdout] 
[INFO] [stdout] error: aborting due to 2 previous errors
[INFO] [stdout] 
[INFO] [stdout] Some errors have detailed explanations: E0425, E0432.
[INFO] [stdout] For more information about an error, try `rustc --explain E0425`.
[INFO] [stdout] Couldn't compile the test.
[INFO] [stdout] 
[INFO] [stdout] failures:
[INFO] [stdout]     src/lib.rs - (line 84)
[INFO] [stdout] 
[INFO] [stdout] test result: FAILED. 0 passed; 1 failed; 0 ignored; 0 measured; 0 filtered out; finished in 0.33s
[INFO] [stdout] 
[INFO] [stderr] error: doctest failed, to rerun pass `--doc`
[INFO] running `Command { std: "docker" "inspect" "69dadffce59e829172bd24ac9ff2cf0a1d12c30661cd9f05218d9af20cb1a746", kill_on_drop: false }`
[INFO] running `Command { std: "docker" "rm" "-f" "69dadffce59e829172bd24ac9ff2cf0a1d12c30661cd9f05218d9af20cb1a746", kill_on_drop: false }`
[INFO] [stdout] 69dadffce59e829172bd24ac9ff2cf0a1d12c30661cd9f05218d9af20cb1a746
