[INFO] fetching crate pyo2 0.1.2...
[INFO] testing pyo2-0.1.2 against nightly-2025-01-18 for randomize-layout-2
[INFO] extracting crate pyo2 0.1.2 into /workspace/builds/worker-6-tc1/source
[INFO] validating manifest of crates.io crate pyo2 0.1.2 on toolchain nightly-2025-01-18
[INFO] running `Command { std: CARGO_HOME="/workspace/cargo-home" RUSTUP_HOME="/workspace/rustup-home" "/workspace/cargo-home/bin/cargo" "+nightly-2025-01-18" "metadata" "--manifest-path" "Cargo.toml" "--no-deps", kill_on_drop: false }`
[INFO] started tweaking crates.io crate pyo2 0.1.2
[INFO] finished tweaking crates.io crate pyo2 0.1.2
[INFO] tweaked toml for crates.io crate pyo2 0.1.2 written to /workspace/builds/worker-6-tc1/source/Cargo.toml
[INFO] running `Command { std: CARGO_HOME="/workspace/cargo-home" RUSTUP_HOME="/workspace/rustup-home" "/workspace/cargo-home/bin/cargo" "+nightly-2025-01-18" "generate-lockfile" "--manifest-path" "Cargo.toml", kill_on_drop: false }`
[INFO] running `Command { std: CARGO_HOME="/workspace/cargo-home" RUSTUP_HOME="/workspace/rustup-home" "/workspace/cargo-home/bin/cargo" "+nightly-2025-01-18" "fetch" "--manifest-path" "Cargo.toml", kill_on_drop: false }`
[INFO] running `Command { std: "docker" "create" "-v" "/var/lib/crater-agent-workspace/builds/worker-6-tc1/target:/opt/rustwide/target:rw,Z" "-v" "/var/lib/crater-agent-workspace/builds/worker-6-tc1/source:/opt/rustwide/workdir:ro,Z" "-v" "/var/lib/crater-agent-workspace/cargo-home:/opt/rustwide/cargo-home:ro,Z" "-v" "/var/lib/crater-agent-workspace/rustup-home:/opt/rustwide/rustup-home:ro,Z" "-e" "SOURCE_DIR=/opt/rustwide/workdir" "-e" "CARGO_TARGET_DIR=/opt/rustwide/target" "-e" "CARGO_HOME=/opt/rustwide/cargo-home" "-e" "RUSTUP_HOME=/opt/rustwide/rustup-home" "-w" "/opt/rustwide/workdir" "-m" "1610612736" "--user" "0:0" "--network" "none" "ghcr.io/rust-lang/crates-build-env/linux@sha256:819108c5571ea2e421544af4d832f968d213c87fbe3707a016657f43d2f853bc" "/opt/rustwide/cargo-home/bin/cargo" "+nightly-2025-01-18" "metadata" "--no-deps" "--format-version=1", kill_on_drop: false }`
[INFO] [stdout] 3037c2b6d3d46884f02e4605e75a5bbd4b349ac317fa36ed08729fc1f389764d
[INFO] running `Command { std: "docker" "start" "-a" "3037c2b6d3d46884f02e4605e75a5bbd4b349ac317fa36ed08729fc1f389764d", kill_on_drop: false }`
[INFO] running `Command { std: "docker" "inspect" "3037c2b6d3d46884f02e4605e75a5bbd4b349ac317fa36ed08729fc1f389764d", kill_on_drop: false }`
[INFO] running `Command { std: "docker" "rm" "-f" "3037c2b6d3d46884f02e4605e75a5bbd4b349ac317fa36ed08729fc1f389764d", kill_on_drop: false }`
[INFO] [stdout] 3037c2b6d3d46884f02e4605e75a5bbd4b349ac317fa36ed08729fc1f389764d
[INFO] running `Command { std: "docker" "create" "-v" "/var/lib/crater-agent-workspace/builds/worker-6-tc1/target:/opt/rustwide/target:rw,Z" "-v" "/var/lib/crater-agent-workspace/builds/worker-6-tc1/source:/opt/rustwide/workdir:ro,Z" "-v" "/var/lib/crater-agent-workspace/cargo-home:/opt/rustwide/cargo-home:ro,Z" "-v" "/var/lib/crater-agent-workspace/rustup-home:/opt/rustwide/rustup-home:ro,Z" "-e" "SOURCE_DIR=/opt/rustwide/workdir" "-e" "CARGO_TARGET_DIR=/opt/rustwide/target" "-e" "CARGO_INCREMENTAL=0" "-e" "RUST_BACKTRACE=full" "-e" "RUSTFLAGS=--cap-lints=forbid" "-e" "RUSTDOCFLAGS=--cap-lints=forbid" "-e" "CARGO_HOME=/opt/rustwide/cargo-home" "-e" "RUSTUP_HOME=/opt/rustwide/rustup-home" "-w" "/opt/rustwide/workdir" "-m" "1610612736" "--user" "0:0" "--network" "none" "ghcr.io/rust-lang/crates-build-env/linux@sha256:819108c5571ea2e421544af4d832f968d213c87fbe3707a016657f43d2f853bc" "/opt/rustwide/cargo-home/bin/cargo" "+nightly-2025-01-18" "build" "--frozen" "--message-format=json", kill_on_drop: false }`
[INFO] [stdout] 3ceb4c8bbd6587019e33bfc0c6868f16ae9e533155b8addbfa450a29902bf980
[INFO] running `Command { std: "docker" "start" "-a" "3ceb4c8bbd6587019e33bfc0c6868f16ae9e533155b8addbfa450a29902bf980", kill_on_drop: false }`
[INFO] [stderr]    Compiling pyo2 v0.1.2 (/opt/rustwide/workdir)
[INFO] [stderr]     Finished `dev` profile [unoptimized + debuginfo] target(s) in 0.14s
[INFO] running `Command { std: "docker" "inspect" "3ceb4c8bbd6587019e33bfc0c6868f16ae9e533155b8addbfa450a29902bf980", kill_on_drop: false }`
[INFO] running `Command { std: "docker" "rm" "-f" "3ceb4c8bbd6587019e33bfc0c6868f16ae9e533155b8addbfa450a29902bf980", kill_on_drop: false }`
[INFO] [stdout] 3ceb4c8bbd6587019e33bfc0c6868f16ae9e533155b8addbfa450a29902bf980
[INFO] running `Command { std: "docker" "create" "-v" "/var/lib/crater-agent-workspace/builds/worker-6-tc1/target:/opt/rustwide/target:rw,Z" "-v" "/var/lib/crater-agent-workspace/builds/worker-6-tc1/source:/opt/rustwide/workdir:ro,Z" "-v" "/var/lib/crater-agent-workspace/cargo-home:/opt/rustwide/cargo-home:ro,Z" "-v" "/var/lib/crater-agent-workspace/rustup-home:/opt/rustwide/rustup-home:ro,Z" "-e" "SOURCE_DIR=/opt/rustwide/workdir" "-e" "CARGO_TARGET_DIR=/opt/rustwide/target" "-e" "CARGO_INCREMENTAL=0" "-e" "RUST_BACKTRACE=full" "-e" "RUSTFLAGS=--cap-lints=forbid" "-e" "RUSTDOCFLAGS=--cap-lints=forbid" "-e" "CARGO_HOME=/opt/rustwide/cargo-home" "-e" "RUSTUP_HOME=/opt/rustwide/rustup-home" "-w" "/opt/rustwide/workdir" "-m" "1610612736" "--user" "0:0" "--network" "none" "ghcr.io/rust-lang/crates-build-env/linux@sha256:819108c5571ea2e421544af4d832f968d213c87fbe3707a016657f43d2f853bc" "/opt/rustwide/cargo-home/bin/cargo" "+nightly-2025-01-18" "test" "--frozen" "--no-run" "--message-format=json", kill_on_drop: false }`
[INFO] [stdout] 406c9f80471abf90619e43841b9195bc11b37299802ba907fff51032a4d8e854
[INFO] running `Command { std: "docker" "start" "-a" "406c9f80471abf90619e43841b9195bc11b37299802ba907fff51032a4d8e854", kill_on_drop: false }`
[INFO] [stderr]    Compiling pyo2 v0.1.2 (/opt/rustwide/workdir)
[INFO] [stderr]     Finished `test` profile [unoptimized + debuginfo] target(s) in 0.22s
[INFO] running `Command { std: "docker" "inspect" "406c9f80471abf90619e43841b9195bc11b37299802ba907fff51032a4d8e854", kill_on_drop: false }`
[INFO] running `Command { std: "docker" "rm" "-f" "406c9f80471abf90619e43841b9195bc11b37299802ba907fff51032a4d8e854", kill_on_drop: false }`
[INFO] [stdout] 406c9f80471abf90619e43841b9195bc11b37299802ba907fff51032a4d8e854
[INFO] running `Command { std: "docker" "create" "-v" "/var/lib/crater-agent-workspace/builds/worker-6-tc1/target:/opt/rustwide/target:rw,Z" "-v" "/var/lib/crater-agent-workspace/builds/worker-6-tc1/source:/opt/rustwide/workdir:ro,Z" "-v" "/var/lib/crater-agent-workspace/cargo-home:/opt/rustwide/cargo-home:ro,Z" "-v" "/var/lib/crater-agent-workspace/rustup-home:/opt/rustwide/rustup-home:ro,Z" "-e" "SOURCE_DIR=/opt/rustwide/workdir" "-e" "CARGO_TARGET_DIR=/opt/rustwide/target" "-e" "CARGO_INCREMENTAL=0" "-e" "RUST_BACKTRACE=full" "-e" "RUSTFLAGS=--cap-lints=forbid" "-e" "RUSTDOCFLAGS=--cap-lints=forbid" "-e" "CARGO_HOME=/opt/rustwide/cargo-home" "-e" "RUSTUP_HOME=/opt/rustwide/rustup-home" "-w" "/opt/rustwide/workdir" "-m" "1610612736" "--user" "0:0" "--network" "none" "ghcr.io/rust-lang/crates-build-env/linux@sha256:819108c5571ea2e421544af4d832f968d213c87fbe3707a016657f43d2f853bc" "/opt/rustwide/cargo-home/bin/cargo" "+nightly-2025-01-18" "test" "--frozen", kill_on_drop: false }`
[INFO] [stdout] c5f23dd340818ac0d6339020fc3889f5cdc53d9c2a2de9472b23b89841ae8523
[INFO] running `Command { std: "docker" "start" "-a" "c5f23dd340818ac0d6339020fc3889f5cdc53d9c2a2de9472b23b89841ae8523", kill_on_drop: false }`
[INFO] [stderr]     Finished `test` profile [unoptimized + debuginfo] target(s) in 0.01s
[INFO] [stderr]      Running unittests src/lib.rs (/opt/rustwide/target/debug/deps/pyo2-4e5c98e58364ee0a)
[INFO] [stdout] 
[INFO] [stdout] running 0 tests
[INFO] [stdout] 
[INFO] [stdout] test result: ok. 0 passed; 0 failed; 0 ignored; 0 measured; 0 filtered out; finished in 0.00s
[INFO] [stdout] 
[INFO] [stderr]    Doc-tests pyo2
[INFO] [stdout] 
[INFO] [stdout] running 1 test
[INFO] [stdout] test src/lib.rs - PyVec (line 18) ... FAILED
[INFO] [stdout] 
[INFO] [stdout] failures:
[INFO] [stdout] 
[INFO] [stdout] ---- src/lib.rs - PyVec (line 18) stdout ----
[INFO] [stdout] error[E0412]: cannot find type `PyVec` in this scope
[INFO] [stdout]  --> src/lib.rs:19:15
[INFO] [stdout]   |
[INFO] [stdout] 3 | fn func(vec: &PyVec<i64>) -> i64 {
[INFO] [stdout]   |               ^^^^^ not found in this scope
[INFO] [stdout]   |
[INFO] [stdout] help: consider importing this struct
[INFO] [stdout]   |
[INFO] [stdout] 2 + use pyo2::PyVec;
[INFO] [stdout]   |
[INFO] [stdout] 
[INFO] [stdout] error: aborting due to 1 previous error
[INFO] [stdout] 
[INFO] [stdout] For more information about this error, try `rustc --explain E0412`.
[INFO] [stdout] Couldn't compile the test.
[INFO] [stdout] 
[INFO] [stdout] failures:
[INFO] [stdout]     src/lib.rs - PyVec (line 18)
[INFO] [stdout] 
[INFO] [stdout] test result: FAILED. 0 passed; 1 failed; 0 ignored; 0 measured; 0 filtered out; finished in 0.09s
[INFO] [stdout] 
[INFO] [stderr] error: doctest failed, to rerun pass `--doc`
[INFO] running `Command { std: "docker" "inspect" "c5f23dd340818ac0d6339020fc3889f5cdc53d9c2a2de9472b23b89841ae8523", kill_on_drop: false }`
[INFO] running `Command { std: "docker" "rm" "-f" "c5f23dd340818ac0d6339020fc3889f5cdc53d9c2a2de9472b23b89841ae8523", kill_on_drop: false }`
[INFO] [stdout] c5f23dd340818ac0d6339020fc3889f5cdc53d9c2a2de9472b23b89841ae8523
