[INFO] fetching crate px-wsdom-core 0.0.2...
[INFO] testing px-wsdom-core-0.0.2 against nightly-2025-01-18+rustflags=-Zrandomize-layout for randomize-layout-2
[INFO] extracting crate px-wsdom-core 0.0.2 into /workspace/builds/worker-6-tc2/source
[INFO] validating manifest of crates.io crate px-wsdom-core 0.0.2 on toolchain nightly-2025-01-18
[INFO] running `Command { std: CARGO_HOME="/workspace/cargo-home" RUSTUP_HOME="/workspace/rustup-home" "/workspace/cargo-home/bin/cargo" "+nightly-2025-01-18" "metadata" "--manifest-path" "Cargo.toml" "--no-deps", kill_on_drop: false }`
[INFO] started tweaking crates.io crate px-wsdom-core 0.0.2
[INFO] finished tweaking crates.io crate px-wsdom-core 0.0.2
[INFO] tweaked toml for crates.io crate px-wsdom-core 0.0.2 written to /workspace/builds/worker-6-tc2/source/Cargo.toml
[INFO] running `Command { std: CARGO_HOME="/workspace/cargo-home" RUSTUP_HOME="/workspace/rustup-home" "/workspace/cargo-home/bin/cargo" "+nightly-2025-01-18" "generate-lockfile" "--manifest-path" "Cargo.toml", kill_on_drop: false }`
[INFO] [stderr]     Updating crates.io index
[INFO] [stderr]      Locking 20 packages to latest compatible versions
[INFO] running `Command { std: CARGO_HOME="/workspace/cargo-home" RUSTUP_HOME="/workspace/rustup-home" "/workspace/cargo-home/bin/cargo" "+nightly-2025-01-18" "fetch" "--manifest-path" "Cargo.toml", kill_on_drop: false }`
[INFO] running `Command { std: "docker" "create" "-v" "/var/lib/crater-agent-workspace/builds/worker-6-tc2/target:/opt/rustwide/target:rw,Z" "-v" "/var/lib/crater-agent-workspace/builds/worker-6-tc2/source:/opt/rustwide/workdir:ro,Z" "-v" "/var/lib/crater-agent-workspace/cargo-home:/opt/rustwide/cargo-home:ro,Z" "-v" "/var/lib/crater-agent-workspace/rustup-home:/opt/rustwide/rustup-home:ro,Z" "-e" "SOURCE_DIR=/opt/rustwide/workdir" "-e" "CARGO_TARGET_DIR=/opt/rustwide/target" "-e" "CARGO_HOME=/opt/rustwide/cargo-home" "-e" "RUSTUP_HOME=/opt/rustwide/rustup-home" "-w" "/opt/rustwide/workdir" "-m" "1610612736" "--user" "0:0" "--network" "none" "ghcr.io/rust-lang/crates-build-env/linux@sha256:819108c5571ea2e421544af4d832f968d213c87fbe3707a016657f43d2f853bc" "/opt/rustwide/cargo-home/bin/cargo" "+nightly-2025-01-18" "metadata" "--no-deps" "--format-version=1", kill_on_drop: false }`
[INFO] [stdout] ad01ab01c3b0686d0d134189e3455371f161229246094d4ee227a0bbe103afe1
[INFO] running `Command { std: "docker" "start" "-a" "ad01ab01c3b0686d0d134189e3455371f161229246094d4ee227a0bbe103afe1", kill_on_drop: false }`
[INFO] running `Command { std: "docker" "inspect" "ad01ab01c3b0686d0d134189e3455371f161229246094d4ee227a0bbe103afe1", kill_on_drop: false }`
[INFO] running `Command { std: "docker" "rm" "-f" "ad01ab01c3b0686d0d134189e3455371f161229246094d4ee227a0bbe103afe1", kill_on_drop: false }`
[INFO] [stdout] ad01ab01c3b0686d0d134189e3455371f161229246094d4ee227a0bbe103afe1
[INFO] running `Command { std: "docker" "create" "-v" "/var/lib/crater-agent-workspace/builds/worker-6-tc2/target:/opt/rustwide/target:rw,Z" "-v" "/var/lib/crater-agent-workspace/builds/worker-6-tc2/source:/opt/rustwide/workdir:ro,Z" "-v" "/var/lib/crater-agent-workspace/cargo-home:/opt/rustwide/cargo-home:ro,Z" "-v" "/var/lib/crater-agent-workspace/rustup-home:/opt/rustwide/rustup-home:ro,Z" "-e" "SOURCE_DIR=/opt/rustwide/workdir" "-e" "CARGO_TARGET_DIR=/opt/rustwide/target" "-e" "CARGO_INCREMENTAL=0" "-e" "RUST_BACKTRACE=full" "-e" "RUSTFLAGS=--cap-lints=forbid -Zrandomize-layout" "-e" "RUSTDOCFLAGS=--cap-lints=forbid" "-e" "CARGO_HOME=/opt/rustwide/cargo-home" "-e" "RUSTUP_HOME=/opt/rustwide/rustup-home" "-w" "/opt/rustwide/workdir" "-m" "1610612736" "--user" "0:0" "--network" "none" "ghcr.io/rust-lang/crates-build-env/linux@sha256:819108c5571ea2e421544af4d832f968d213c87fbe3707a016657f43d2f853bc" "/opt/rustwide/cargo-home/bin/cargo" "+nightly-2025-01-18" "build" "--frozen" "--message-format=json", kill_on_drop: false }`
[INFO] [stdout] f4eec3bbe12d87c61ce87704e1ca2b56ac87fe45157aed23137a430f83e76ac3
[INFO] running `Command { std: "docker" "start" "-a" "f4eec3bbe12d87c61ce87704e1ca2b56ac87fe45157aed23137a430f83e76ac3", kill_on_drop: false }`
[INFO] [stderr]    Compiling proc-macro2 v1.0.93
[INFO] [stderr]    Compiling unicode-ident v1.0.14
[INFO] [stderr]    Compiling serde v1.0.217
[INFO] [stderr]    Compiling serde_json v1.0.137
[INFO] [stderr]    Compiling ref-cast v1.0.23
[INFO] [stderr]    Compiling memchr v2.7.4
[INFO] [stderr]    Compiling itoa v1.0.14
[INFO] [stderr]    Compiling ryu v1.0.18
[INFO] [stderr]    Compiling futures-core v0.3.31
[INFO] [stderr]    Compiling quote v1.0.38
[INFO] [stderr]    Compiling syn v2.0.96
[INFO] [stderr]    Compiling serde_derive v1.0.217
[INFO] [stderr]    Compiling ref-cast-impl v1.0.23
[INFO] [stderr]    Compiling px-wsdom-core v0.0.2 (/opt/rustwide/workdir)
[INFO] [stdout] warning: struct `InvalidReturn` is never constructed
[INFO] [stdout]    --> src/link.rs:173:8
[INFO] [stdout]     |
[INFO] [stdout] 173 | struct InvalidReturn;
[INFO] [stdout]     |        ^^^^^^^^^^^^^
[INFO] [stdout]     |
[INFO] [stdout]     = note: `#[warn(dead_code)]` on by default
[INFO] [stdout] 
[INFO] [stdout] 
[INFO] [stdout] warning: struct `CommandSerializeFailed` is never constructed
[INFO] [stdout]    --> src/operations.rs:311:8
[INFO] [stdout]     |
[INFO] [stdout] 311 | struct CommandSerializeFailed;
[INFO] [stdout]     |        ^^^^^^^^^^^^^^^^^^^^^^
[INFO] [stdout] 
[INFO] [stdout] 
[INFO] [stderr]     Finished `dev` profile [unoptimized + debuginfo] target(s) in 13.07s
[INFO] running `Command { std: "docker" "inspect" "f4eec3bbe12d87c61ce87704e1ca2b56ac87fe45157aed23137a430f83e76ac3", kill_on_drop: false }`
[INFO] running `Command { std: "docker" "rm" "-f" "f4eec3bbe12d87c61ce87704e1ca2b56ac87fe45157aed23137a430f83e76ac3", kill_on_drop: false }`
[INFO] [stdout] f4eec3bbe12d87c61ce87704e1ca2b56ac87fe45157aed23137a430f83e76ac3
[INFO] running `Command { std: "docker" "create" "-v" "/var/lib/crater-agent-workspace/builds/worker-6-tc2/target:/opt/rustwide/target:rw,Z" "-v" "/var/lib/crater-agent-workspace/builds/worker-6-tc2/source:/opt/rustwide/workdir:ro,Z" "-v" "/var/lib/crater-agent-workspace/cargo-home:/opt/rustwide/cargo-home:ro,Z" "-v" "/var/lib/crater-agent-workspace/rustup-home:/opt/rustwide/rustup-home:ro,Z" "-e" "SOURCE_DIR=/opt/rustwide/workdir" "-e" "CARGO_TARGET_DIR=/opt/rustwide/target" "-e" "CARGO_INCREMENTAL=0" "-e" "RUST_BACKTRACE=full" "-e" "RUSTFLAGS=--cap-lints=forbid -Zrandomize-layout" "-e" "RUSTDOCFLAGS=--cap-lints=forbid" "-e" "CARGO_HOME=/opt/rustwide/cargo-home" "-e" "RUSTUP_HOME=/opt/rustwide/rustup-home" "-w" "/opt/rustwide/workdir" "-m" "1610612736" "--user" "0:0" "--network" "none" "ghcr.io/rust-lang/crates-build-env/linux@sha256:819108c5571ea2e421544af4d832f968d213c87fbe3707a016657f43d2f853bc" "/opt/rustwide/cargo-home/bin/cargo" "+nightly-2025-01-18" "test" "--frozen" "--no-run" "--message-format=json", kill_on_drop: false }`
[INFO] [stdout] 866b54ab75a42336720649eac61eee3e6fc78549f41f196efd87dba8369f038e
[INFO] running `Command { std: "docker" "start" "-a" "866b54ab75a42336720649eac61eee3e6fc78549f41f196efd87dba8369f038e", kill_on_drop: false }`
[INFO] [stderr]    Compiling syn v2.0.96
[INFO] [stderr]    Compiling autocfg v1.4.0
[INFO] [stderr]    Compiling pin-project-lite v0.2.16
[INFO] [stderr]    Compiling futures-task v0.3.31
[INFO] [stderr]    Compiling slab v0.4.9
[INFO] [stderr]    Compiling serde_derive v1.0.217
[INFO] [stderr]    Compiling ref-cast-impl v1.0.23
[INFO] [stderr]    Compiling futures-macro v0.3.31
[INFO] [stderr]    Compiling ref-cast v1.0.23
[INFO] [stderr]    Compiling futures-util v0.3.31
[INFO] [stderr]    Compiling serde v1.0.217
[INFO] [stderr]    Compiling serde_json v1.0.137
[INFO] [stderr]    Compiling px-wsdom-core v0.0.2 (/opt/rustwide/workdir)
[INFO] [stdout] warning: struct `InvalidReturn` is never constructed
[INFO] [stdout]    --> src/link.rs:173:8
[INFO] [stdout]     |
[INFO] [stdout] 173 | struct InvalidReturn;
[INFO] [stdout]     |        ^^^^^^^^^^^^^
[INFO] [stdout]     |
[INFO] [stdout]     = note: `#[warn(dead_code)]` on by default
[INFO] [stdout] 
[INFO] [stdout] 
[INFO] [stdout] warning: struct `CommandSerializeFailed` is never constructed
[INFO] [stdout]    --> src/operations.rs:311:8
[INFO] [stdout]     |
[INFO] [stdout] 311 | struct CommandSerializeFailed;
[INFO] [stdout]     |        ^^^^^^^^^^^^^^^^^^^^^^
[INFO] [stdout] 
[INFO] [stdout] 
[INFO] [stdout] warning: struct `InvalidReturn` is never constructed
[INFO] [stdout]    --> src/link.rs:173:8
[INFO] [stdout]     |
[INFO] [stdout] 173 | struct InvalidReturn;
[INFO] [stdout]     |        ^^^^^^^^^^^^^
[INFO] [stdout]     |
[INFO] [stdout]     = note: `#[warn(dead_code)]` on by default
[INFO] [stdout] 
[INFO] [stdout] 
[INFO] [stdout] warning: struct `CommandSerializeFailed` is never constructed
[INFO] [stdout]    --> src/operations.rs:311:8
[INFO] [stdout]     |
[INFO] [stdout] 311 | struct CommandSerializeFailed;
[INFO] [stdout]     |        ^^^^^^^^^^^^^^^^^^^^^^
[INFO] [stdout] 
[INFO] [stdout] 
[INFO] [stderr]     Finished `test` profile [unoptimized + debuginfo] target(s) in 13.19s
[INFO] running `Command { std: "docker" "inspect" "866b54ab75a42336720649eac61eee3e6fc78549f41f196efd87dba8369f038e", kill_on_drop: false }`
[INFO] running `Command { std: "docker" "rm" "-f" "866b54ab75a42336720649eac61eee3e6fc78549f41f196efd87dba8369f038e", kill_on_drop: false }`
[INFO] [stdout] 866b54ab75a42336720649eac61eee3e6fc78549f41f196efd87dba8369f038e
[INFO] running `Command { std: "docker" "create" "-v" "/var/lib/crater-agent-workspace/builds/worker-6-tc2/target:/opt/rustwide/target:rw,Z" "-v" "/var/lib/crater-agent-workspace/builds/worker-6-tc2/source:/opt/rustwide/workdir:ro,Z" "-v" "/var/lib/crater-agent-workspace/cargo-home:/opt/rustwide/cargo-home:ro,Z" "-v" "/var/lib/crater-agent-workspace/rustup-home:/opt/rustwide/rustup-home:ro,Z" "-e" "SOURCE_DIR=/opt/rustwide/workdir" "-e" "CARGO_TARGET_DIR=/opt/rustwide/target" "-e" "CARGO_INCREMENTAL=0" "-e" "RUST_BACKTRACE=full" "-e" "RUSTFLAGS=--cap-lints=forbid -Zrandomize-layout" "-e" "RUSTDOCFLAGS=--cap-lints=forbid" "-e" "CARGO_HOME=/opt/rustwide/cargo-home" "-e" "RUSTUP_HOME=/opt/rustwide/rustup-home" "-w" "/opt/rustwide/workdir" "-m" "1610612736" "--user" "0:0" "--network" "none" "ghcr.io/rust-lang/crates-build-env/linux@sha256:819108c5571ea2e421544af4d832f968d213c87fbe3707a016657f43d2f853bc" "/opt/rustwide/cargo-home/bin/cargo" "+nightly-2025-01-18" "test" "--frozen", kill_on_drop: false }`
[INFO] [stdout] 82b94a1403bf89fdcec860db7ec78a403add805018454b47782699e7f17016a4
[INFO] running `Command { std: "docker" "start" "-a" "82b94a1403bf89fdcec860db7ec78a403add805018454b47782699e7f17016a4", kill_on_drop: false }`
[INFO] [stderr] warning: struct `InvalidReturn` is never constructed
[INFO] [stderr]    --> src/link.rs:173:8
[INFO] [stderr]     |
[INFO] [stderr] 173 | struct InvalidReturn;
[INFO] [stderr]     |        ^^^^^^^^^^^^^
[INFO] [stderr]     |
[INFO] [stderr]     = note: `#[warn(dead_code)]` on by default
[INFO] [stderr] 
[INFO] [stderr] warning: struct `CommandSerializeFailed` is never constructed
[INFO] [stderr]    --> src/operations.rs:311:8
[INFO] [stderr]     |
[INFO] [stderr] 311 | struct CommandSerializeFailed;
[INFO] [stderr]     |        ^^^^^^^^^^^^^^^^^^^^^^
[INFO] [stderr] 
[INFO] [stderr] warning: `px-wsdom-core` (lib) generated 2 warnings
[INFO] [stderr] warning: `px-wsdom-core` (lib test) generated 2 warnings (2 duplicates)
[INFO] [stderr]     Finished `test` profile [unoptimized + debuginfo] target(s) in 0.04s
[INFO] [stderr]      Running unittests src/lib.rs (/opt/rustwide/target/debug/deps/px_wsdom_core-5613a5a7b79bcb28)
[INFO] [stdout] 
[INFO] [stdout] running 0 tests
[INFO] [stdout] 
[INFO] [stdout] test result: ok. 0 passed; 0 failed; 0 ignored; 0 measured; 0 filtered out; finished in 0.00s
[INFO] [stdout] 
[INFO] [stderr]    Doc-tests px_wsdom_core
[INFO] [stdout] 
[INFO] [stdout] running 7 tests
[INFO] [stdout] test src/operations.rs - operations::Browser::call_constructor (line 43) ... FAILED
[INFO] [stdout] test src/operations.rs - operations::JsObject::js_set_field (line 238) ... FAILED
[INFO] [stdout] test src/operations.rs - operations::Browser::call_function (line 15) ... FAILED
[INFO] [stdout] test src/operations.rs - operations::JsValue::retrieve_json (line 185) ... FAILED
[INFO] [stdout] test src/operations.rs - operations::JsObject::js_call_method (line 266) ... FAILED
[INFO] [stdout] test src/operations.rs - operations::JsObject::js_get_field (line 203) ... FAILED
[INFO] [stdout] test src/interaction/callback.rs - interaction::callback (line 11) ... FAILED
[INFO] [stdout] 
[INFO] [stdout] failures:
[INFO] [stdout] 
[INFO] [stdout] ---- src/operations.rs - operations::Browser::call_constructor (line 43) stdout ----
[INFO] [stdout] error[E0432]: unresolved import `wsdom_core`
[INFO] [stdout]  --> src/operations.rs:44:5
[INFO] [stdout]   |
[INFO] [stdout] 3 | use wsdom_core::Browser;
[INFO] [stdout]   |     ^^^^^^^^^^ use of undeclared crate or module `wsdom_core`
[INFO] [stdout]   |
[INFO] [stdout] help: there is a crate or module with a similar name
[INFO] [stdout]   |
[INFO] [stdout] 3 | use px_wsdom_core::Browser;
[INFO] [stdout]   |     ~~~~~~~~~~~~~
[INFO] [stdout] 
[INFO] [stdout] error: aborting due to 1 previous error
[INFO] [stdout] 
[INFO] [stdout] For more information about this error, try `rustc --explain E0432`.
[INFO] [stdout] Couldn't compile the test.
[INFO] [stdout] ---- src/operations.rs - operations::JsObject::js_set_field (line 238) stdout ----
[INFO] [stdout] error[E0433]: failed to resolve: use of undeclared crate or module `wsdom_core`
[INFO] [stdout]  --> src/operations.rs:240:5
[INFO] [stdout]   |
[INFO] [stdout] 4 | use wsdom_core::js_types::*;
[INFO] [stdout]   |     ^^^^^^^^^^ use of undeclared crate or module `wsdom_core`
[INFO] [stdout]   |
[INFO] [stdout] help: there is a crate or module with a similar name
[INFO] [stdout]   |
[INFO] [stdout] 4 | use px_wsdom_core::js_types::*;
[INFO] [stdout]   |     ~~~~~~~~~~~~~
[INFO] [stdout] 
[INFO] [stdout] error[E0432]: unresolved import `wsdom_core`
[INFO] [stdout]  --> src/operations.rs:239:5
[INFO] [stdout]   |
[INFO] [stdout] 3 | use wsdom_core::Browser;
[INFO] [stdout]   |     ^^^^^^^^^^ use of undeclared crate or module `wsdom_core`
[INFO] [stdout]   |
[INFO] [stdout] help: there is a crate or module with a similar name
[INFO] [stdout]   |
[INFO] [stdout] 3 | use px_wsdom_core::Browser;
[INFO] [stdout]   |     ~~~~~~~~~~~~~
[INFO] [stdout] 
[INFO] [stdout] error[E0433]: failed to resolve: use of undeclared crate or module `wsdom`
[INFO] [stdout]  --> src/operations.rs:243:5
[INFO] [stdout]   |
[INFO] [stdout] 7 |     wsdom::dom::location(&browser).js_set_field(&"href", &"https://example.com/");
[INFO] [stdout]   |     ^^^^^ use of undeclared crate or module `wsdom`
[INFO] [stdout] 
[INFO] [stdout] error[E0433]: failed to resolve: use of undeclared crate or module `wsdom`
[INFO] [stdout]   --> src/operations.rs:246:5
[INFO] [stdout]    |
[INFO] [stdout] 10 |     wsdom::dom::location(&browser).set_href(&"https://example.com");
[INFO] [stdout]    |     ^^^^^ use of undeclared crate or module `wsdom`
[INFO] [stdout] 
[INFO] [stdout] error: aborting due to 4 previous errors
[INFO] [stdout] 
[INFO] [stdout] Some errors have detailed explanations: E0432, E0433.
[INFO] [stdout] For more information about an error, try `rustc --explain E0432`.
[INFO] [stdout] Couldn't compile the test.
[INFO] [stdout] ---- src/operations.rs - operations::Browser::call_function (line 15) stdout ----
[INFO] [stdout] error[E0432]: unresolved import `wsdom_core`
[INFO] [stdout]  --> src/operations.rs:16:5
[INFO] [stdout]   |
[INFO] [stdout] 3 | use wsdom_core::Browser;
[INFO] [stdout]   |     ^^^^^^^^^^ use of undeclared crate or module `wsdom_core`
[INFO] [stdout]   |
[INFO] [stdout] help: there is a crate or module with a similar name
[INFO] [stdout]   |
[INFO] [stdout] 3 | use px_wsdom_core::Browser;
[INFO] [stdout]   |     ~~~~~~~~~~~~~
[INFO] [stdout] 
[INFO] [stdout] error: aborting due to 1 previous error
[INFO] [stdout] 
[INFO] [stdout] For more information about this error, try `rustc --explain E0432`.
[INFO] [stdout] Couldn't compile the test.
[INFO] [stdout] ---- src/operations.rs - operations::JsValue::retrieve_json (line 185) stdout ----
[INFO] [stdout] error[E0433]: failed to resolve: use of undeclared crate or module `wsdom`
[INFO] [stdout]  --> src/operations.rs:187:5
[INFO] [stdout]   |
[INFO] [stdout] 4 | use wsdom::dom::HTMLInputElement;
[INFO] [stdout]   |     ^^^^^ use of undeclared crate or module `wsdom`
[INFO] [stdout] 
[INFO] [stdout] error[E0432]: unresolved import `wsdom`
[INFO] [stdout]  --> src/operations.rs:186:5
[INFO] [stdout]   |
[INFO] [stdout] 3 | use wsdom::Browser;
[INFO] [stdout]   |     ^^^^^ use of undeclared crate or module `wsdom`
[INFO] [stdout] 
[INFO] [stdout] error: aborting due to 2 previous errors
[INFO] [stdout] 
[INFO] [stdout] Some errors have detailed explanations: E0432, E0433.
[INFO] [stdout] For more information about an error, try `rustc --explain E0432`.
[INFO] [stdout] Couldn't compile the test.
[INFO] [stdout] ---- src/operations.rs - operations::JsObject::js_call_method (line 266) stdout ----
[INFO] [stdout] error[E0432]: unresolved import `wsdom_core`
[INFO] [stdout]  --> src/operations.rs:267:5
[INFO] [stdout]   |
[INFO] [stdout] 3 | use wsdom_core::Browser;
[INFO] [stdout]   |     ^^^^^^^^^^ use of undeclared crate or module `wsdom_core`
[INFO] [stdout]   |
[INFO] [stdout] help: there is a crate or module with a similar name
[INFO] [stdout]   |
[INFO] [stdout] 3 | use px_wsdom_core::Browser;
[INFO] [stdout]   |     ~~~~~~~~~~~~~
[INFO] [stdout] 
[INFO] [stdout] error[E0433]: failed to resolve: use of undeclared crate or module `wsdom`
[INFO] [stdout]  --> src/operations.rs:269:19
[INFO] [stdout]   |
[INFO] [stdout] 5 |     let console = wsdom::dom::console(browser);
[INFO] [stdout]   |                   ^^^^^ use of undeclared crate or module `wsdom`
[INFO] [stdout] 
[INFO] [stdout] error[E0433]: failed to resolve: use of undeclared crate or module `wsdom`
[INFO] [stdout]   --> src/operations.rs:274:5
[INFO] [stdout]    |
[INFO] [stdout] 10 |     wsdom::dom::console(&browser).log(&[&"Hello" as &_]);
[INFO] [stdout]    |     ^^^^^ use of undeclared crate or module `wsdom`
[INFO] [stdout] 
[INFO] [stdout] error: aborting due to 3 previous errors
[INFO] [stdout] 
[INFO] [stdout] Some errors have detailed explanations: E0432, E0433.
[INFO] [stdout] For more information about an error, try `rustc --explain E0432`.
[INFO] [stdout] Couldn't compile the test.
[INFO] [stdout] ---- src/operations.rs - operations::JsObject::js_get_field (line 203) stdout ----
[INFO] [stdout] error[E0433]: failed to resolve: use of undeclared crate or module `wsdom_core`
[INFO] [stdout]  --> src/operations.rs:205:5
[INFO] [stdout]   |
[INFO] [stdout] 4 | use wsdom_core::js_types::*;
[INFO] [stdout]   |     ^^^^^^^^^^ use of undeclared crate or module `wsdom_core`
[INFO] [stdout]   |
[INFO] [stdout] help: there is a crate or module with a similar name
[INFO] [stdout]   |
[INFO] [stdout] 4 | use px_wsdom_core::js_types::*;
[INFO] [stdout]   |     ~~~~~~~~~~~~~
[INFO] [stdout] 
[INFO] [stdout] error[E0432]: unresolved import `wsdom_core`
[INFO] [stdout]  --> src/operations.rs:204:5
[INFO] [stdout]   |
[INFO] [stdout] 3 | use wsdom_core::Browser;
[INFO] [stdout]   |     ^^^^^^^^^^ use of undeclared crate or module `wsdom_core`
[INFO] [stdout]   |
[INFO] [stdout] help: there is a crate or module with a similar name
[INFO] [stdout]   |
[INFO] [stdout] 3 | use px_wsdom_core::Browser;
[INFO] [stdout]   |     ~~~~~~~~~~~~~
[INFO] [stdout] 
[INFO] [stdout] error[E0433]: failed to resolve: use of undeclared crate or module `wsdom`
[INFO] [stdout]  --> src/operations.rs:208:25
[INFO] [stdout]   |
[INFO] [stdout] 7 |     let href: JsValue = wsdom::dom::location(&browser).js_get_field(&"href");
[INFO] [stdout]   |                         ^^^^^ use of undeclared crate or module `wsdom`
[INFO] [stdout] 
[INFO] [stdout] error[E0433]: failed to resolve: use of undeclared crate or module `wsdom`
[INFO] [stdout]   --> src/operations.rs:211:26
[INFO] [stdout]    |
[INFO] [stdout] 10 |     let href: JsString = wsdom::dom::location(&browser).get_href();
[INFO] [stdout]    |                          ^^^^^ use of undeclared crate or module `wsdom`
[INFO] [stdout] 
[INFO] [stdout] error[E0412]: cannot find type `JsValue` in this scope
[INFO] [stdout]  --> src/operations.rs:208:15
[INFO] [stdout]   |
[INFO] [stdout] 7 |     let href: JsValue = wsdom::dom::location(&browser).js_get_field(&"href");
[INFO] [stdout]   |               ^^^^^^^ not found in this scope
[INFO] [stdout]   |
[INFO] [stdout] help: consider importing this struct
[INFO] [stdout]   |
[INFO] [stdout] 2 + use px_wsdom_core::js_types::JsValue;
[INFO] [stdout]   |
[INFO] [stdout] 
[INFO] [stdout] error[E0412]: cannot find type `JsString` in this scope
[INFO] [stdout]   --> src/operations.rs:211:15
[INFO] [stdout]    |
[INFO] [stdout] 10 |     let href: JsString = wsdom::dom::location(&browser).get_href();
[INFO] [stdout]    |               ^^^^^^^^
[INFO] [stdout]   --> /rustc/6067b36314ab5eb2eb47cecc464545ba58e1ad24/library/alloc/src/string.rs:362:1
[INFO] [stdout]    |
[INFO] [stdout]    = note: similarly named struct `String` defined here
[INFO] [stdout]    |
[INFO] [stdout] help: a struct with a similar name exists
[INFO] [stdout]    |
[INFO] [stdout] 10 |     let href: String = wsdom::dom::location(&browser).get_href();
[INFO] [stdout]    |               ~~~~~~
[INFO] [stdout] help: consider importing this struct
[INFO] [stdout]    |
[INFO] [stdout] 2  + use px_wsdom_core::js_types::JsString;
[INFO] [stdout]    |
[INFO] [stdout] 
[INFO] [stdout] error: aborting due to 6 previous errors
[INFO] [stdout] 
[INFO] [stdout] Some errors have detailed explanations: E0412, E0432, E0433.
[INFO] [stdout] For more information about an error, try `rustc --explain E0412`.
[INFO] [stdout] Couldn't compile the test.
[INFO] [stdout] ---- src/interaction/callback.rs - interaction::callback (line 11) stdout ----
[INFO] [stdout] error[E0432]: unresolved import `wsdom_core`
[INFO] [stdout]  --> src/interaction/callback.rs:12:5
[INFO] [stdout]   |
[INFO] [stdout] 3 | use wsdom_core::Browser;
[INFO] [stdout]   |     ^^^^^^^^^^ use of undeclared crate or module `wsdom_core`
[INFO] [stdout]   |
[INFO] [stdout] help: there is a crate or module with a similar name
[INFO] [stdout]   |
[INFO] [stdout] 3 | use px_wsdom_core::Browser;
[INFO] [stdout]   |     ~~~~~~~~~~~~~
[INFO] [stdout] 
[INFO] [stdout] error[E0433]: failed to resolve: use of undeclared crate or module `wsdom`
[INFO] [stdout]  --> src/interaction/callback.rs:13:45
[INFO] [stdout]   |
[INFO] [stdout] 4 | async fn example(browser: &Browser, button: wsdom::dom::HTMLButtonElement) {
[INFO] [stdout]   |                                             ^^^^^ use of undeclared crate or module `wsdom`
[INFO] [stdout] 
[INFO] [stdout] error[E0433]: failed to resolve: use of undeclared crate or module `wsdom`
[INFO] [stdout]  --> src/interaction/callback.rs:14:62
[INFO] [stdout]   |
[INFO] [stdout] 5 |     let (mut stream, func) = wsdom::callback::new_callback::<wsdom::dom::MouseEvent>(&browser);
[INFO] [stdout]   |                                                              ^^^^^ use of undeclared crate or module `wsdom`
[INFO] [stdout] 
[INFO] [stdout] error[E0433]: failed to resolve: use of undeclared crate or module `wsdom`
[INFO] [stdout]  --> src/interaction/callback.rs:18:30
[INFO] [stdout]   |
[INFO] [stdout] 9 |     let _click_event: Option<wsdom::dom::MouseEvent> = stream.next().await;
[INFO] [stdout]   |                              ^^^^^ use of undeclared crate or module `wsdom`
[INFO] [stdout] 
[INFO] [stdout] error[E0433]: failed to resolve: use of undeclared crate or module `wsdom`
[INFO] [stdout]  --> src/interaction/callback.rs:14:30
[INFO] [stdout]   |
[INFO] [stdout] 5 |     let (mut stream, func) = wsdom::callback::new_callback::<wsdom::dom::MouseEvent>(&browser);
[INFO] [stdout]   |                              ^^^^^ use of undeclared crate or module `wsdom`
[INFO] [stdout]   |
[INFO] [stdout] help: consider importing this module
[INFO] [stdout]   |
[INFO] [stdout] 2 + use px_wsdom_core::callback;
[INFO] [stdout]   |
[INFO] [stdout] help: if you import `callback`, refer to it directly
[INFO] [stdout]   |
[INFO] [stdout] 5 -     let (mut stream, func) = wsdom::callback::new_callback::<wsdom::dom::MouseEvent>(&browser);
[INFO] [stdout] 5 +     let (mut stream, func) = callback::new_callback::<wsdom::dom::MouseEvent>(&browser);
[INFO] [stdout]   |
[INFO] [stdout] 
[INFO] [stdout] error[E0433]: failed to resolve: use of undeclared crate or module `wsdom`
[INFO] [stdout]  --> src/interaction/callback.rs:15:49
[INFO] [stdout]   |
[INFO] [stdout] 6 |     button.add_event_listener(&"click", &func, &wsdom::undefined());
[INFO] [stdout]   |                                                 ^^^^^ use of undeclared crate or module `wsdom`
[INFO] [stdout] 
[INFO] [stdout] error: aborting due to 6 previous errors
[INFO] [stdout] 
[INFO] [stdout] Some errors have detailed explanations: E0432, E0433.
[INFO] [stdout] For more information about an error, try `rustc --explain E0432`.
[INFO] [stdout] Couldn't compile the test.
[INFO] [stdout] 
[INFO] [stdout] failures:
[INFO] [stdout]     src/interaction/callback.rs - interaction::callback (line 11)
[INFO] [stdout]     src/operations.rs - operations::Browser::call_constructor (line 43)
[INFO] [stdout]     src/operations.rs - operations::Browser::call_function (line 15)
[INFO] [stdout]     src/operations.rs - operations::JsObject::js_call_method (line 266)
[INFO] [stdout]     src/operations.rs - operations::JsObject::js_get_field (line 203)
[INFO] [stdout]     src/operations.rs - operations::JsObject::js_set_field (line 238)
[INFO] [stdout]     src/operations.rs - operations::JsValue::retrieve_json (line 185)
[INFO] [stdout] 
[INFO] [stdout] test result: FAILED. 0 passed; 7 failed; 0 ignored; 0 measured; 0 filtered out; finished in 0.24s
[INFO] [stdout] 
[INFO] [stderr] error: doctest failed, to rerun pass `--doc`
[INFO] running `Command { std: "docker" "inspect" "82b94a1403bf89fdcec860db7ec78a403add805018454b47782699e7f17016a4", kill_on_drop: false }`
[INFO] running `Command { std: "docker" "rm" "-f" "82b94a1403bf89fdcec860db7ec78a403add805018454b47782699e7f17016a4", kill_on_drop: false }`
[INFO] [stdout] 82b94a1403bf89fdcec860db7ec78a403add805018454b47782699e7f17016a4
