[INFO] fetching crate px-wsdom-axum 0.0.2...
[INFO] testing px-wsdom-axum-0.0.2 against nightly-2025-01-18+rustflags=-Zrandomize-layout for randomize-layout-2
[INFO] extracting crate px-wsdom-axum 0.0.2 into /workspace/builds/worker-5-tc2/source
[INFO] validating manifest of crates.io crate px-wsdom-axum 0.0.2 on toolchain nightly-2025-01-18
[INFO] running `Command { std: CARGO_HOME="/workspace/cargo-home" RUSTUP_HOME="/workspace/rustup-home" "/workspace/cargo-home/bin/cargo" "+nightly-2025-01-18" "metadata" "--manifest-path" "Cargo.toml" "--no-deps", kill_on_drop: false }`
[INFO] started tweaking crates.io crate px-wsdom-axum 0.0.2
[INFO] finished tweaking crates.io crate px-wsdom-axum 0.0.2
[INFO] tweaked toml for crates.io crate px-wsdom-axum 0.0.2 written to /workspace/builds/worker-5-tc2/source/Cargo.toml
[INFO] running `Command { std: CARGO_HOME="/workspace/cargo-home" RUSTUP_HOME="/workspace/rustup-home" "/workspace/cargo-home/bin/cargo" "+nightly-2025-01-18" "generate-lockfile" "--manifest-path" "Cargo.toml", kill_on_drop: false }`
[INFO] [stderr]     Updating crates.io index
[INFO] [stderr]      Locking 98 packages to latest compatible versions
[INFO] [stderr]       Adding axum v0.7.9 (available: v0.8.1)
[INFO] running `Command { std: CARGO_HOME="/workspace/cargo-home" RUSTUP_HOME="/workspace/rustup-home" "/workspace/cargo-home/bin/cargo" "+nightly-2025-01-18" "fetch" "--manifest-path" "Cargo.toml", kill_on_drop: false }`
[INFO] running `Command { std: "docker" "create" "-v" "/var/lib/crater-agent-workspace/builds/worker-5-tc2/target:/opt/rustwide/target:rw,Z" "-v" "/var/lib/crater-agent-workspace/builds/worker-5-tc2/source:/opt/rustwide/workdir:ro,Z" "-v" "/var/lib/crater-agent-workspace/cargo-home:/opt/rustwide/cargo-home:ro,Z" "-v" "/var/lib/crater-agent-workspace/rustup-home:/opt/rustwide/rustup-home:ro,Z" "-e" "SOURCE_DIR=/opt/rustwide/workdir" "-e" "CARGO_TARGET_DIR=/opt/rustwide/target" "-e" "CARGO_HOME=/opt/rustwide/cargo-home" "-e" "RUSTUP_HOME=/opt/rustwide/rustup-home" "-w" "/opt/rustwide/workdir" "-m" "1610612736" "--user" "0:0" "--network" "none" "ghcr.io/rust-lang/crates-build-env/linux@sha256:819108c5571ea2e421544af4d832f968d213c87fbe3707a016657f43d2f853bc" "/opt/rustwide/cargo-home/bin/cargo" "+nightly-2025-01-18" "metadata" "--no-deps" "--format-version=1", kill_on_drop: false }`
[INFO] [stdout] 98d7948192cd9a2626f367265139444cd7c44935cb0c038854b706c482ba119a
[INFO] running `Command { std: "docker" "start" "-a" "98d7948192cd9a2626f367265139444cd7c44935cb0c038854b706c482ba119a", kill_on_drop: false }`
[INFO] running `Command { std: "docker" "inspect" "98d7948192cd9a2626f367265139444cd7c44935cb0c038854b706c482ba119a", kill_on_drop: false }`
[INFO] running `Command { std: "docker" "rm" "-f" "98d7948192cd9a2626f367265139444cd7c44935cb0c038854b706c482ba119a", kill_on_drop: false }`
[INFO] [stdout] 98d7948192cd9a2626f367265139444cd7c44935cb0c038854b706c482ba119a
[INFO] running `Command { std: "docker" "create" "-v" "/var/lib/crater-agent-workspace/builds/worker-5-tc2/target:/opt/rustwide/target:rw,Z" "-v" "/var/lib/crater-agent-workspace/builds/worker-5-tc2/source:/opt/rustwide/workdir:ro,Z" "-v" "/var/lib/crater-agent-workspace/cargo-home:/opt/rustwide/cargo-home:ro,Z" "-v" "/var/lib/crater-agent-workspace/rustup-home:/opt/rustwide/rustup-home:ro,Z" "-e" "SOURCE_DIR=/opt/rustwide/workdir" "-e" "CARGO_TARGET_DIR=/opt/rustwide/target" "-e" "CARGO_INCREMENTAL=0" "-e" "RUST_BACKTRACE=full" "-e" "RUSTFLAGS=--cap-lints=forbid -Zrandomize-layout" "-e" "RUSTDOCFLAGS=--cap-lints=forbid" "-e" "CARGO_HOME=/opt/rustwide/cargo-home" "-e" "RUSTUP_HOME=/opt/rustwide/rustup-home" "-w" "/opt/rustwide/workdir" "-m" "1610612736" "--user" "0:0" "--network" "none" "ghcr.io/rust-lang/crates-build-env/linux@sha256:819108c5571ea2e421544af4d832f968d213c87fbe3707a016657f43d2f853bc" "/opt/rustwide/cargo-home/bin/cargo" "+nightly-2025-01-18" "build" "--frozen" "--message-format=json", kill_on_drop: false }`
[INFO] [stdout] da32521b3122ea0eff40e975e23a3ff8e7fc190addac76ff77f07569b1bf9d01
[INFO] running `Command { std: "docker" "start" "-a" "da32521b3122ea0eff40e975e23a3ff8e7fc190addac76ff77f07569b1bf9d01", kill_on_drop: false }`
[INFO] [stderr]    Compiling proc-macro2 v1.0.93
[INFO] [stderr]    Compiling unicode-ident v1.0.14
[INFO] [stderr]    Compiling libc v0.2.169
[INFO] [stderr]    Compiling itoa v1.0.14
[INFO] [stderr]    Compiling bytes v1.9.0
[INFO] [stderr]    Compiling autocfg v1.4.0
[INFO] [stderr]    Compiling pin-project-lite v0.2.16
[INFO] [stderr]    Compiling typenum v1.17.0
[INFO] [stderr]    Compiling version_check v0.9.5
[INFO] [stderr]    Compiling futures-core v0.3.31
[INFO] [stderr]    Compiling fnv v1.0.7
[INFO] [stderr]    Compiling cfg-if v1.0.0
[INFO] [stderr]    Compiling pin-utils v0.1.0
[INFO] [stderr]    Compiling futures-task v0.3.31
[INFO] [stderr]    Compiling futures-sink v0.3.31
[INFO] [stderr]    Compiling byteorder v1.5.0
[INFO] [stderr]    Compiling httparse v1.9.5
[INFO] [stderr]    Compiling serde v1.0.217
[INFO] [stderr]    Compiling log v0.4.25
[INFO] [stderr]    Compiling thiserror v1.0.69
[INFO] [stderr]    Compiling once_cell v1.20.2
[INFO] [stderr]    Compiling ryu v1.0.18
[INFO] [stderr]    Compiling serde_json v1.0.137
[INFO] [stderr]    Compiling tower-service v0.3.3
[INFO] [stderr]    Compiling rustversion v1.0.19
[INFO] [stderr]    Compiling cpufeatures v0.2.16
[INFO] [stderr]    Compiling tracing-core v0.1.33
[INFO] [stderr]    Compiling futures-channel v0.3.31
[INFO] [stderr]    Compiling data-encoding v2.7.0
[INFO] [stderr]    Compiling smallvec v1.13.2
[INFO] [stderr]    Compiling generic-array v0.14.7
[INFO] [stderr]    Compiling ref-cast v1.0.23
[INFO] [stderr]    Compiling percent-encoding v2.3.1
[INFO] [stderr]    Compiling tower-layer v0.3.3
[INFO] [stderr]    Compiling utf-8 v0.7.6
[INFO] [stderr]    Compiling sync_wrapper v1.0.2
[INFO] [stderr]    Compiling slab v0.4.9
[INFO] [stderr]    Compiling httpdate v1.0.3
[INFO] [stderr]    Compiling http v1.2.0
[INFO] [stderr]    Compiling memchr v2.7.4
[INFO] [stderr]    Compiling form_urlencoded v1.2.1
[INFO] [stderr]    Compiling mime v0.3.17
[INFO] [stderr]    Compiling base64 v0.22.1
[INFO] [stderr]    Compiling matchit v0.7.3
[INFO] [stderr]    Compiling mio v1.0.3
[INFO] [stderr]    Compiling getrandom v0.2.15
[INFO] [stderr]    Compiling quote v1.0.38
[INFO] [stderr]    Compiling socket2 v0.5.8
[INFO] [stderr]    Compiling rand_core v0.6.4
[INFO] [stderr]    Compiling http-body v1.0.1
[INFO] [stderr]    Compiling tracing v0.1.41
[INFO] [stderr]    Compiling syn v2.0.96
[INFO] [stderr]    Compiling block-buffer v0.10.4
[INFO] [stderr]    Compiling crypto-common v0.1.6
[INFO] [stderr]    Compiling digest v0.10.7
[INFO] [stderr]    Compiling sha1 v0.10.6
[INFO] [stderr]    Compiling futures-macro v0.3.31
[INFO] [stderr]    Compiling zerocopy-derive v0.7.35
[INFO] [stderr]    Compiling tokio-macros v2.5.0
[INFO] [stderr]    Compiling serde_derive v1.0.217
[INFO] [stderr]    Compiling thiserror-impl v1.0.69
[INFO] [stderr]    Compiling ref-cast-impl v1.0.23
[INFO] [stderr]    Compiling async-trait v0.1.85
[INFO] [stderr]    Compiling tokio v1.43.0
[INFO] [stderr]    Compiling futures-util v0.3.31
[INFO] [stderr]    Compiling zerocopy v0.7.35
[INFO] [stderr]    Compiling ppv-lite86 v0.2.20
[INFO] [stderr]    Compiling rand_chacha v0.3.1
[INFO] [stderr]    Compiling rand v0.8.5
[INFO] [stderr]    Compiling tungstenite v0.24.0
[INFO] [stderr]    Compiling http-body-util v0.1.2
[INFO] [stderr]    Compiling axum-core v0.4.5
[INFO] [stderr]    Compiling hyper v1.5.2
[INFO] [stderr]    Compiling tower v0.5.2
[INFO] [stderr]    Compiling tokio-tungstenite v0.24.0
[INFO] [stderr]    Compiling serde_path_to_error v0.1.16
[INFO] [stderr]    Compiling serde_urlencoded v0.7.1
[INFO] [stderr]    Compiling hyper-util v0.1.10
[INFO] [stderr]    Compiling px-wsdom-core v0.0.2
[INFO] [stderr]    Compiling axum v0.7.9
[INFO] [stderr]    Compiling px-wsdom-axum v0.0.2 (/opt/rustwide/workdir)
[INFO] [stderr]     Finished `dev` profile [unoptimized + debuginfo] target(s) in 21.96s
[INFO] running `Command { std: "docker" "inspect" "da32521b3122ea0eff40e975e23a3ff8e7fc190addac76ff77f07569b1bf9d01", kill_on_drop: false }`
[INFO] running `Command { std: "docker" "rm" "-f" "da32521b3122ea0eff40e975e23a3ff8e7fc190addac76ff77f07569b1bf9d01", kill_on_drop: false }`
[INFO] [stdout] da32521b3122ea0eff40e975e23a3ff8e7fc190addac76ff77f07569b1bf9d01
[INFO] running `Command { std: "docker" "create" "-v" "/var/lib/crater-agent-workspace/builds/worker-5-tc2/target:/opt/rustwide/target:rw,Z" "-v" "/var/lib/crater-agent-workspace/builds/worker-5-tc2/source:/opt/rustwide/workdir:ro,Z" "-v" "/var/lib/crater-agent-workspace/cargo-home:/opt/rustwide/cargo-home:ro,Z" "-v" "/var/lib/crater-agent-workspace/rustup-home:/opt/rustwide/rustup-home:ro,Z" "-e" "SOURCE_DIR=/opt/rustwide/workdir" "-e" "CARGO_TARGET_DIR=/opt/rustwide/target" "-e" "CARGO_INCREMENTAL=0" "-e" "RUST_BACKTRACE=full" "-e" "RUSTFLAGS=--cap-lints=forbid -Zrandomize-layout" "-e" "RUSTDOCFLAGS=--cap-lints=forbid" "-e" "CARGO_HOME=/opt/rustwide/cargo-home" "-e" "RUSTUP_HOME=/opt/rustwide/rustup-home" "-w" "/opt/rustwide/workdir" "-m" "1610612736" "--user" "0:0" "--network" "none" "ghcr.io/rust-lang/crates-build-env/linux@sha256:819108c5571ea2e421544af4d832f968d213c87fbe3707a016657f43d2f853bc" "/opt/rustwide/cargo-home/bin/cargo" "+nightly-2025-01-18" "test" "--frozen" "--no-run" "--message-format=json", kill_on_drop: false }`
[INFO] [stdout] 48d47896de07c41c8591ed3f8b8f1fb5a97d647d42e71090d51ba6a1b84192b9
[INFO] running `Command { std: "docker" "start" "-a" "48d47896de07c41c8591ed3f8b8f1fb5a97d647d42e71090d51ba6a1b84192b9", kill_on_drop: false }`
[INFO] [stderr]    Compiling px-wsdom-axum v0.0.2 (/opt/rustwide/workdir)
[INFO] [stderr]     Finished `test` profile [unoptimized + debuginfo] target(s) in 0.39s
[INFO] running `Command { std: "docker" "inspect" "48d47896de07c41c8591ed3f8b8f1fb5a97d647d42e71090d51ba6a1b84192b9", kill_on_drop: false }`
[INFO] running `Command { std: "docker" "rm" "-f" "48d47896de07c41c8591ed3f8b8f1fb5a97d647d42e71090d51ba6a1b84192b9", kill_on_drop: false }`
[INFO] [stdout] 48d47896de07c41c8591ed3f8b8f1fb5a97d647d42e71090d51ba6a1b84192b9
[INFO] running `Command { std: "docker" "create" "-v" "/var/lib/crater-agent-workspace/builds/worker-5-tc2/target:/opt/rustwide/target:rw,Z" "-v" "/var/lib/crater-agent-workspace/builds/worker-5-tc2/source:/opt/rustwide/workdir:ro,Z" "-v" "/var/lib/crater-agent-workspace/cargo-home:/opt/rustwide/cargo-home:ro,Z" "-v" "/var/lib/crater-agent-workspace/rustup-home:/opt/rustwide/rustup-home:ro,Z" "-e" "SOURCE_DIR=/opt/rustwide/workdir" "-e" "CARGO_TARGET_DIR=/opt/rustwide/target" "-e" "CARGO_INCREMENTAL=0" "-e" "RUST_BACKTRACE=full" "-e" "RUSTFLAGS=--cap-lints=forbid -Zrandomize-layout" "-e" "RUSTDOCFLAGS=--cap-lints=forbid" "-e" "CARGO_HOME=/opt/rustwide/cargo-home" "-e" "RUSTUP_HOME=/opt/rustwide/rustup-home" "-w" "/opt/rustwide/workdir" "-m" "1610612736" "--user" "0:0" "--network" "none" "ghcr.io/rust-lang/crates-build-env/linux@sha256:819108c5571ea2e421544af4d832f968d213c87fbe3707a016657f43d2f853bc" "/opt/rustwide/cargo-home/bin/cargo" "+nightly-2025-01-18" "test" "--frozen", kill_on_drop: false }`
[INFO] [stdout] c705f80f0ae870d849695838da7296ffce4f40d0992411ef7939982348f87c11
[INFO] running `Command { std: "docker" "start" "-a" "c705f80f0ae870d849695838da7296ffce4f40d0992411ef7939982348f87c11", kill_on_drop: false }`
[INFO] [stderr]     Finished `test` profile [unoptimized + debuginfo] target(s) in 0.09s
[INFO] [stderr]      Running unittests src/lib.rs (/opt/rustwide/target/debug/deps/px_wsdom_axum-6d329fbec53d271c)
[INFO] [stdout] 
[INFO] [stdout] running 0 tests
[INFO] [stdout] 
[INFO] [stdout] test result: ok. 0 passed; 0 failed; 0 ignored; 0 measured; 0 filtered out; finished in 0.00s
[INFO] [stdout] 
[INFO] [stderr]    Doc-tests px_wsdom_axum
[INFO] [stdout] 
[INFO] [stdout] running 1 test
[INFO] [stdout] test src/lib.rs - socket_to_browser (line 109) ... FAILED
[INFO] [stdout] 
[INFO] [stdout] failures:
[INFO] [stdout] 
[INFO] [stdout] ---- src/lib.rs - socket_to_browser (line 109) stdout ----
[INFO] [stdout] error[E0432]: unresolved import `wsdom_axum`
[INFO] [stdout]  --> src/lib.rs:111:5
[INFO] [stdout]   |
[INFO] [stdout] 4 | use wsdom_axum::socket_to_browser;
[INFO] [stdout]   |     ^^^^^^^^^^ use of undeclared crate or module `wsdom_axum`
[INFO] [stdout]   |
[INFO] [stdout] help: there is a crate or module with a similar name
[INFO] [stdout]   |
[INFO] [stdout] 4 | use px_wsdom_axum::socket_to_browser;
[INFO] [stdout]   |     ~~~~~~~~~~~~~
[INFO] [stdout] 
[INFO] [stdout] error: aborting due to 1 previous error
[INFO] [stdout] 
[INFO] [stdout] For more information about this error, try `rustc --explain E0432`.
[INFO] [stdout] Couldn't compile the test.
[INFO] [stdout] 
[INFO] [stdout] failures:
[INFO] [stdout]     src/lib.rs - socket_to_browser (line 109)
[INFO] [stdout] 
[INFO] [stdout] test result: FAILED. 0 passed; 1 failed; 0 ignored; 0 measured; 0 filtered out; finished in 0.10s
[INFO] [stdout] 
[INFO] [stderr] error: doctest failed, to rerun pass `--doc`
[INFO] running `Command { std: "docker" "inspect" "c705f80f0ae870d849695838da7296ffce4f40d0992411ef7939982348f87c11", kill_on_drop: false }`
[INFO] running `Command { std: "docker" "rm" "-f" "c705f80f0ae870d849695838da7296ffce4f40d0992411ef7939982348f87c11", kill_on_drop: false }`
[INFO] [stdout] c705f80f0ae870d849695838da7296ffce4f40d0992411ef7939982348f87c11
