[INFO] fetching crate pwmd 0.2.0...
[INFO] testing pwmd-0.2.0 against nightly-2025-01-18 for randomize-layout-2
[INFO] extracting crate pwmd 0.2.0 into /workspace/builds/worker-2-tc1/source
[INFO] validating manifest of crates.io crate pwmd 0.2.0 on toolchain nightly-2025-01-18
[INFO] running `Command { std: CARGO_HOME="/workspace/cargo-home" RUSTUP_HOME="/workspace/rustup-home" "/workspace/cargo-home/bin/cargo" "+nightly-2025-01-18" "metadata" "--manifest-path" "Cargo.toml" "--no-deps", kill_on_drop: false }`
[INFO] started tweaking crates.io crate pwmd 0.2.0
[INFO] finished tweaking crates.io crate pwmd 0.2.0
[INFO] tweaked toml for crates.io crate pwmd 0.2.0 written to /workspace/builds/worker-2-tc1/source/Cargo.toml
[INFO] crate crates.io crate pwmd 0.2.0 already has a lockfile, it will not be regenerated
[INFO] running `Command { std: CARGO_HOME="/workspace/cargo-home" RUSTUP_HOME="/workspace/rustup-home" "/workspace/cargo-home/bin/cargo" "+nightly-2025-01-18" "fetch" "--manifest-path" "Cargo.toml", kill_on_drop: false }`
[INFO] [stderr]  Downloading crates ...
[INFO] [stderr]   Downloaded zbus_macros v2.0.0-beta.7
[INFO] [stderr]   Downloaded zbus_names v1.1.0
[INFO] [stderr]   Downloaded zvariant_derive v2.9.0
[INFO] [stderr]   Downloaded zbus_macros v1.9.2
[INFO] [stderr]   Downloaded easy-parallel v3.1.0
[INFO] [stderr]   Downloaded nix v0.21.2
[INFO] [stderr]   Downloaded zbus v2.0.0-beta.7
[INFO] [stderr]   Downloaded zvariant v2.9.0
[INFO] running `Command { std: "docker" "create" "-v" "/var/lib/crater-agent-workspace/builds/worker-2-tc1/target:/opt/rustwide/target:rw,Z" "-v" "/var/lib/crater-agent-workspace/builds/worker-2-tc1/source:/opt/rustwide/workdir:ro,Z" "-v" "/var/lib/crater-agent-workspace/cargo-home:/opt/rustwide/cargo-home:ro,Z" "-v" "/var/lib/crater-agent-workspace/rustup-home:/opt/rustwide/rustup-home:ro,Z" "-e" "SOURCE_DIR=/opt/rustwide/workdir" "-e" "CARGO_TARGET_DIR=/opt/rustwide/target" "-e" "CARGO_HOME=/opt/rustwide/cargo-home" "-e" "RUSTUP_HOME=/opt/rustwide/rustup-home" "-w" "/opt/rustwide/workdir" "-m" "1610612736" "--user" "0:0" "--network" "none" "ghcr.io/rust-lang/crates-build-env/linux@sha256:819108c5571ea2e421544af4d832f968d213c87fbe3707a016657f43d2f853bc" "/opt/rustwide/cargo-home/bin/cargo" "+nightly-2025-01-18" "metadata" "--no-deps" "--format-version=1", kill_on_drop: false }`
[INFO] [stdout] 63a0c8d08f0d1c12ccd0d9e4f63f7b788a7a6a512acd65baa8951f8de652245b
[INFO] running `Command { std: "docker" "start" "-a" "63a0c8d08f0d1c12ccd0d9e4f63f7b788a7a6a512acd65baa8951f8de652245b", kill_on_drop: false }`
[INFO] running `Command { std: "docker" "inspect" "63a0c8d08f0d1c12ccd0d9e4f63f7b788a7a6a512acd65baa8951f8de652245b", kill_on_drop: false }`
[INFO] running `Command { std: "docker" "rm" "-f" "63a0c8d08f0d1c12ccd0d9e4f63f7b788a7a6a512acd65baa8951f8de652245b", kill_on_drop: false }`
[INFO] [stdout] 63a0c8d08f0d1c12ccd0d9e4f63f7b788a7a6a512acd65baa8951f8de652245b
[INFO] running `Command { std: "docker" "create" "-v" "/var/lib/crater-agent-workspace/builds/worker-2-tc1/target:/opt/rustwide/target:rw,Z" "-v" "/var/lib/crater-agent-workspace/builds/worker-2-tc1/source:/opt/rustwide/workdir:ro,Z" "-v" "/var/lib/crater-agent-workspace/cargo-home:/opt/rustwide/cargo-home:ro,Z" "-v" "/var/lib/crater-agent-workspace/rustup-home:/opt/rustwide/rustup-home:ro,Z" "-e" "SOURCE_DIR=/opt/rustwide/workdir" "-e" "CARGO_TARGET_DIR=/opt/rustwide/target" "-e" "CARGO_INCREMENTAL=0" "-e" "RUST_BACKTRACE=full" "-e" "RUSTFLAGS=--cap-lints=forbid" "-e" "RUSTDOCFLAGS=--cap-lints=forbid" "-e" "CARGO_HOME=/opt/rustwide/cargo-home" "-e" "RUSTUP_HOME=/opt/rustwide/rustup-home" "-w" "/opt/rustwide/workdir" "-m" "1610612736" "--user" "0:0" "--network" "none" "ghcr.io/rust-lang/crates-build-env/linux@sha256:819108c5571ea2e421544af4d832f968d213c87fbe3707a016657f43d2f853bc" "/opt/rustwide/cargo-home/bin/cargo" "+nightly-2025-01-18" "build" "--frozen" "--message-format=json", kill_on_drop: false }`
[INFO] [stdout] 3cf82451fe9c23cf1cabdbe796c63cbf824d8a3c439b53bbe3b70dd90a930df7
[INFO] running `Command { std: "docker" "start" "-a" "3cf82451fe9c23cf1cabdbe796c63cbf824d8a3c439b53bbe3b70dd90a930df7", kill_on_drop: false }`
[INFO] [stderr]    Compiling proc-macro2 v1.0.30
[INFO] [stderr]    Compiling unicode-xid v0.2.2
[INFO] [stderr]    Compiling syn v1.0.80
[INFO] [stderr]    Compiling libc v0.2.104
[INFO] [stderr]    Compiling autocfg v1.0.1
[INFO] [stderr]    Compiling cfg-if v1.0.0
[INFO] [stderr]    Compiling serde_derive v1.0.130
[INFO] [stderr]    Compiling serde v1.0.130
[INFO] [stderr]    Compiling memchr v2.4.1
[INFO] [stderr]    Compiling version_check v0.9.3
[INFO] [stderr]    Compiling log v0.4.14
[INFO] [stderr]    Compiling pin-project-lite v0.2.7
[INFO] [stderr]    Compiling lazy_static v1.4.0
[INFO] [stderr]    Compiling once_cell v1.8.0
[INFO] [stderr]    Compiling regex-syntax v0.6.25
[INFO] [stderr]    Compiling futures-core v0.3.17
[INFO] [stderr]    Compiling tracing-core v0.1.21
[INFO] [stderr]    Compiling ryu v1.0.5
[INFO] [stderr]    Compiling smallvec v1.7.0
[INFO] [stderr]    Compiling bitflags v1.2.1
[INFO] [stderr]    Compiling serde_json v1.0.68
[INFO] [stderr]    Compiling itoa v0.4.8
[INFO] [stderr]    Compiling cache-padded v1.1.1
[INFO] [stderr]    Compiling thread_local v1.1.3
[INFO] [stderr]    Compiling proc-macro-error-attr v1.0.4
[INFO] [stderr]    Compiling proc-macro-error v1.0.4
[INFO] [stderr]    Compiling concurrent-queue v1.2.2
[INFO] [stderr]    Compiling sharded-slab v0.1.4
[INFO] [stderr]    Compiling cc v1.0.71
[INFO] [stderr]    Compiling num-traits v0.2.14
[INFO] [stderr]    Compiling num-integer v0.1.44
[INFO] [stderr]    Compiling tracing-log v0.1.2
[INFO] [stderr]    Compiling miniz_oxide v0.4.4
[INFO] [stderr]    Compiling memoffset v0.6.4
[INFO] [stderr]    Compiling futures-task v0.3.17
[INFO] [stderr]    Compiling event-listener v2.5.1
[INFO] [stderr]    Compiling futures-io v0.3.17
[INFO] [stderr]    Compiling ansi_term v0.12.1
[INFO] [stderr]    Compiling parking v2.0.0
[INFO] [stderr]    Compiling fastrand v1.5.0
[INFO] [stderr]    Compiling waker-fn v1.1.0
[INFO] [stderr]    Compiling slab v0.4.5
[INFO] [stderr]    Compiling parking_lot_core v0.8.5
[INFO] [stderr]    Compiling futures-util v0.3.17
[INFO] [stderr]    Compiling slotmap v1.0.6
[INFO] [stderr]    Compiling instant v0.1.12
[INFO] [stderr]    Compiling async-trait v0.1.51
[INFO] [stderr]    Compiling adler v1.0.2
[INFO] [stderr]    Compiling byteorder v1.4.3
[INFO] [stderr]    Compiling eyre v0.6.5
[INFO] [stderr]    Compiling unicode-segmentation v1.8.0
[INFO] [stderr]    Compiling ppv-lite86 v0.2.14
[INFO] [stderr]    Compiling unicode-width v0.1.9
[INFO] [stderr]    Compiling aho-corasick v0.7.18
[INFO] [stderr]    Compiling futures-lite v1.12.0
[INFO] [stderr]    Compiling static_assertions v1.1.0
[INFO] [stderr]    Compiling scopeguard v1.1.0
[INFO] [stderr]    Compiling quote v1.0.10
[INFO] [stderr]    Compiling gimli v0.25.0
[INFO] [stderr]    Compiling lock_api v0.4.5
[INFO] [stderr]    Compiling textwrap v0.11.0
[INFO] [stderr]    Compiling heck v0.3.3
[INFO] [stderr]    Compiling object v0.26.2
[INFO] [stderr]    Compiling tokio v1.12.0
[INFO] [stderr]    Compiling easy-parallel v3.1.0
[INFO] [stderr]    Compiling getrandom v0.2.3
[INFO] [stderr]    Compiling atty v0.2.14
[INFO] [stderr]    Compiling polling v2.1.0
[INFO] [stderr]    Compiling rand_core v0.6.3
[INFO] [stderr]    Compiling socket2 v0.4.2
[INFO] [stderr]    Compiling vec_map v0.8.2
[INFO] [stderr]    Compiling ansi_term v0.11.0
[INFO] [stderr]    Compiling rustc-demangle v0.1.21
[INFO] [stderr]    Compiling rand_chacha v0.3.1
[INFO] [stderr]    Compiling futures-sink v0.3.17
[INFO] [stderr]    Compiling chrono v0.4.19
[INFO] [stderr]    Compiling anyhow v1.0.44
[INFO] [stderr]    Compiling indenter v0.3.3
[INFO] [stderr]    Compiling pin-utils v0.1.0
[INFO] [stderr]    Compiling regex v1.5.4
[INFO] [stderr]    Compiling regex-automata v0.1.10
[INFO] [stderr]    Compiling strsim v0.8.0
[INFO] [stderr]    Compiling async-task v4.0.3
[INFO] [stderr]    Compiling backtrace v0.3.61
[INFO] [stderr]    Compiling owo-colors v1.3.0
[INFO] [stderr]    Compiling clap v2.33.3
[INFO] [stderr]    Compiling async-executor v1.4.1
[INFO] [stderr]    Compiling async-io v1.6.0
[INFO] [stderr]    Compiling addr2line v0.16.0
[INFO] [stderr]    Compiling rand v0.8.4
[INFO] [stderr]    Compiling parking_lot v0.11.2
[INFO] [stderr]    Compiling async-broadcast v0.3.4
[INFO] [stderr]    Compiling matchers v0.0.1
[INFO] [stderr]    Compiling mio v0.7.14
[INFO] [stderr]    Compiling nix v0.21.2
[INFO] [stderr]    Compiling num_cpus v1.13.0
[INFO] [stderr]    Compiling signal-hook-registry v1.4.0
[INFO] [stderr]    Compiling async-channel v1.6.1
[INFO] [stderr]    Compiling async-lock v2.4.0
[INFO] [stderr]    Compiling hex v0.4.3
[INFO] [stderr]    Compiling bytes v1.1.0
[INFO] [stderr]    Compiling sha1 v0.6.0
[INFO] [stderr]    Compiling temp-dir v0.1.11
[INFO] [stderr]    Compiling thiserror-impl v1.0.30
[INFO] [stderr]    Compiling tracing-attributes v0.1.18
[INFO] [stderr]    Compiling enumflags2_derive v0.6.4
[INFO] [stderr]    Compiling async-recursion v0.3.2
[INFO] [stderr]    Compiling structopt-derive v0.4.18
[INFO] [stderr]    Compiling serde_repr v0.1.7
[INFO] [stderr]    Compiling derivative v2.2.0
[INFO] [stderr]    Compiling tokio-macros v1.5.0
[INFO] [stderr]    Compiling tracing v0.1.29
[INFO] [stderr]    Compiling thiserror v1.0.30
[INFO] [stderr]    Compiling structopt v0.3.25
[INFO] [stderr]    Compiling toml v0.5.8
[INFO] [stderr]    Compiling tracing-serde v0.1.2
[INFO] [stderr]    Compiling enumflags2 v0.6.4
[INFO] [stderr]    Compiling tracing-subscriber v0.2.25
[INFO] [stderr]    Compiling proc-macro-crate v1.1.0
[INFO] [stderr]    Compiling proc-macro-crate v0.1.5
[INFO] [stderr]    Compiling zbus_macros v1.9.2
[INFO] [stderr]    Compiling zvariant_derive v2.9.0
[INFO] [stderr]    Compiling zbus_macros v2.0.0-beta.7
[INFO] [stderr]    Compiling zvariant v2.9.0
[INFO] [stderr]    Compiling tracing-error v0.1.2
[INFO] [stderr]    Compiling color-spantrace v0.1.6
[INFO] [stderr]    Compiling color-eyre v0.5.11
[INFO] [stderr]    Compiling zbus_names v1.1.0
[INFO] [stderr]    Compiling zbus v2.0.0-beta.7
[INFO] [stderr]    Compiling pwmd v0.2.0 (/opt/rustwide/workdir)
[INFO] [stdout] warning: field `0` is never read
[INFO] [stdout]   --> src/pwm.rs:38:10
[INFO] [stdout]    |
[INFO] [stdout] 38 |     Read(PathBuf),
[INFO] [stdout]    |     ---- ^^^^^^^
[INFO] [stdout]    |     |
[INFO] [stdout]    |     field in this variant
[INFO] [stdout]    |
[INFO] [stdout]    = note: `Access` has a derived impl for the trait `Debug`, but this is intentionally ignored during dead code analysis
[INFO] [stdout]    = note: `#[warn(dead_code)]` on by default
[INFO] [stdout] help: consider changing the field to be of unit type to suppress this warning while preserving the field numbering, or remove the field
[INFO] [stdout]    |
[INFO] [stdout] 38 |     Read(()),
[INFO] [stdout]    |          ~~
[INFO] [stdout] 
[INFO] [stdout] 
[INFO] [stdout] warning: field `0` is never read
[INFO] [stdout]   --> src/pwm.rs:39:11
[INFO] [stdout]    |
[INFO] [stdout] 39 |     Write(PathBuf),
[INFO] [stdout]    |     ----- ^^^^^^^
[INFO] [stdout]    |     |
[INFO] [stdout]    |     field in this variant
[INFO] [stdout]    |
[INFO] [stdout]    = note: `Access` has a derived impl for the trait `Debug`, but this is intentionally ignored during dead code analysis
[INFO] [stdout] help: consider changing the field to be of unit type to suppress this warning while preserving the field numbering, or remove the field
[INFO] [stdout]    |
[INFO] [stdout] 39 |     Write(()),
[INFO] [stdout]    |           ~~
[INFO] [stdout] 
[INFO] [stdout] 
[INFO] [stderr]     Finished `dev` profile [unoptimized + debuginfo] target(s) in 40.15s
[INFO] running `Command { std: "docker" "inspect" "3cf82451fe9c23cf1cabdbe796c63cbf824d8a3c439b53bbe3b70dd90a930df7", kill_on_drop: false }`
[INFO] running `Command { std: "docker" "rm" "-f" "3cf82451fe9c23cf1cabdbe796c63cbf824d8a3c439b53bbe3b70dd90a930df7", kill_on_drop: false }`
[INFO] [stdout] 3cf82451fe9c23cf1cabdbe796c63cbf824d8a3c439b53bbe3b70dd90a930df7
[INFO] running `Command { std: "docker" "create" "-v" "/var/lib/crater-agent-workspace/builds/worker-2-tc1/target:/opt/rustwide/target:rw,Z" "-v" "/var/lib/crater-agent-workspace/builds/worker-2-tc1/source:/opt/rustwide/workdir:ro,Z" "-v" "/var/lib/crater-agent-workspace/cargo-home:/opt/rustwide/cargo-home:ro,Z" "-v" "/var/lib/crater-agent-workspace/rustup-home:/opt/rustwide/rustup-home:ro,Z" "-e" "SOURCE_DIR=/opt/rustwide/workdir" "-e" "CARGO_TARGET_DIR=/opt/rustwide/target" "-e" "CARGO_INCREMENTAL=0" "-e" "RUST_BACKTRACE=full" "-e" "RUSTFLAGS=--cap-lints=forbid" "-e" "RUSTDOCFLAGS=--cap-lints=forbid" "-e" "CARGO_HOME=/opt/rustwide/cargo-home" "-e" "RUSTUP_HOME=/opt/rustwide/rustup-home" "-w" "/opt/rustwide/workdir" "-m" "1610612736" "--user" "0:0" "--network" "none" "ghcr.io/rust-lang/crates-build-env/linux@sha256:819108c5571ea2e421544af4d832f968d213c87fbe3707a016657f43d2f853bc" "/opt/rustwide/cargo-home/bin/cargo" "+nightly-2025-01-18" "test" "--frozen" "--no-run" "--message-format=json", kill_on_drop: false }`
[INFO] [stdout] 1171248e71dd0db0de2f726424b1f14dd11b316f3aa7fccd6c1d49c9241a9ab5
[INFO] running `Command { std: "docker" "start" "-a" "1171248e71dd0db0de2f726424b1f14dd11b316f3aa7fccd6c1d49c9241a9ab5", kill_on_drop: false }`
[INFO] [stderr]    Compiling pwmd v0.2.0 (/opt/rustwide/workdir)
[INFO] [stdout] warning: field `0` is never read
[INFO] [stdout]   --> src/pwm.rs:38:10
[INFO] [stdout]    |
[INFO] [stdout] 38 |     Read(PathBuf),
[INFO] [stdout]    |     ---- ^^^^^^^
[INFO] [stdout]    |     |
[INFO] [stdout]    |     field in this variant
[INFO] [stdout]    |
[INFO] [stdout]    = note: `Access` has a derived impl for the trait `Debug`, but this is intentionally ignored during dead code analysis
[INFO] [stdout]    = note: `#[warn(dead_code)]` on by default
[INFO] [stdout] help: consider changing the field to be of unit type to suppress this warning while preserving the field numbering, or remove the field
[INFO] [stdout]    |
[INFO] [stdout] 38 |     Read(()),
[INFO] [stdout]    |          ~~
[INFO] [stdout] 
[INFO] [stdout] 
[INFO] [stdout] warning: field `0` is never read
[INFO] [stdout]   --> src/pwm.rs:39:11
[INFO] [stdout]    |
[INFO] [stdout] 39 |     Write(PathBuf),
[INFO] [stdout]    |     ----- ^^^^^^^
[INFO] [stdout]    |     |
[INFO] [stdout]    |     field in this variant
[INFO] [stdout]    |
[INFO] [stdout]    = note: `Access` has a derived impl for the trait `Debug`, but this is intentionally ignored during dead code analysis
[INFO] [stdout] help: consider changing the field to be of unit type to suppress this warning while preserving the field numbering, or remove the field
[INFO] [stdout]    |
[INFO] [stdout] 39 |     Write(()),
[INFO] [stdout]    |           ~~
[INFO] [stdout] 
[INFO] [stdout] 
[INFO] [stdout] warning: field `0` is never read
[INFO] [stdout]   --> src/pwm.rs:38:10
[INFO] [stdout]    |
[INFO] [stdout] 38 |     Read(PathBuf),
[INFO] [stdout]    |     ---- ^^^^^^^
[INFO] [stdout]    |     |
[INFO] [stdout]    |     field in this variant
[INFO] [stdout]    |
[INFO] [stdout]    = note: `Access` has a derived impl for the trait `Debug`, but this is intentionally ignored during dead code analysis
[INFO] [stdout]    = note: `#[warn(dead_code)]` on by default
[INFO] [stdout] help: consider changing the field to be of unit type to suppress this warning while preserving the field numbering, or remove the field
[INFO] [stdout]    |
[INFO] [stdout] 38 |     Read(()),
[INFO] [stdout]    |          ~~
[INFO] [stdout] 
[INFO] [stdout] 
[INFO] [stdout] warning: field `0` is never read
[INFO] [stdout]   --> src/pwm.rs:39:11
[INFO] [stdout]    |
[INFO] [stdout] 39 |     Write(PathBuf),
[INFO] [stdout]    |     ----- ^^^^^^^
[INFO] [stdout]    |     |
[INFO] [stdout]    |     field in this variant
[INFO] [stdout]    |
[INFO] [stdout]    = note: `Access` has a derived impl for the trait `Debug`, but this is intentionally ignored during dead code analysis
[INFO] [stdout] help: consider changing the field to be of unit type to suppress this warning while preserving the field numbering, or remove the field
[INFO] [stdout]    |
[INFO] [stdout] 39 |     Write(()),
[INFO] [stdout]    |           ~~
[INFO] [stdout] 
[INFO] [stdout] 
[INFO] [stderr]     Finished `test` profile [unoptimized + debuginfo] target(s) in 2.25s
[INFO] running `Command { std: "docker" "inspect" "1171248e71dd0db0de2f726424b1f14dd11b316f3aa7fccd6c1d49c9241a9ab5", kill_on_drop: false }`
[INFO] running `Command { std: "docker" "rm" "-f" "1171248e71dd0db0de2f726424b1f14dd11b316f3aa7fccd6c1d49c9241a9ab5", kill_on_drop: false }`
[INFO] [stdout] 1171248e71dd0db0de2f726424b1f14dd11b316f3aa7fccd6c1d49c9241a9ab5
[INFO] running `Command { std: "docker" "create" "-v" "/var/lib/crater-agent-workspace/builds/worker-2-tc1/target:/opt/rustwide/target:rw,Z" "-v" "/var/lib/crater-agent-workspace/builds/worker-2-tc1/source:/opt/rustwide/workdir:ro,Z" "-v" "/var/lib/crater-agent-workspace/cargo-home:/opt/rustwide/cargo-home:ro,Z" "-v" "/var/lib/crater-agent-workspace/rustup-home:/opt/rustwide/rustup-home:ro,Z" "-e" "SOURCE_DIR=/opt/rustwide/workdir" "-e" "CARGO_TARGET_DIR=/opt/rustwide/target" "-e" "CARGO_INCREMENTAL=0" "-e" "RUST_BACKTRACE=full" "-e" "RUSTFLAGS=--cap-lints=forbid" "-e" "RUSTDOCFLAGS=--cap-lints=forbid" "-e" "CARGO_HOME=/opt/rustwide/cargo-home" "-e" "RUSTUP_HOME=/opt/rustwide/rustup-home" "-w" "/opt/rustwide/workdir" "-m" "1610612736" "--user" "0:0" "--network" "none" "ghcr.io/rust-lang/crates-build-env/linux@sha256:819108c5571ea2e421544af4d832f968d213c87fbe3707a016657f43d2f853bc" "/opt/rustwide/cargo-home/bin/cargo" "+nightly-2025-01-18" "test" "--frozen", kill_on_drop: false }`
[INFO] [stdout] 83b6a2e2437698525b5ea0ff00a8dfdc4e25a8aa79bb7269add63684e1f90838
[INFO] running `Command { std: "docker" "start" "-a" "83b6a2e2437698525b5ea0ff00a8dfdc4e25a8aa79bb7269add63684e1f90838", kill_on_drop: false }`
[INFO] [stderr] warning: field `0` is never read
[INFO] [stderr]   --> src/pwm.rs:38:10
[INFO] [stderr]    |
[INFO] [stderr] 38 |     Read(PathBuf),
[INFO] [stderr]    |     ---- ^^^^^^^
[INFO] [stderr]    |     |
[INFO] [stderr]    |     field in this variant
[INFO] [stderr]    |
[INFO] [stderr]    = note: `Access` has a derived impl for the trait `Debug`, but this is intentionally ignored during dead code analysis
[INFO] [stderr]    = note: `#[warn(dead_code)]` on by default
[INFO] [stderr] help: consider changing the field to be of unit type to suppress this warning while preserving the field numbering, or remove the field
[INFO] [stderr]    |
[INFO] [stderr] 38 |     Read(()),
[INFO] [stderr]    |          ~~
[INFO] [stderr] 
[INFO] [stderr] warning: field `0` is never read
[INFO] [stderr]   --> src/pwm.rs:39:11
[INFO] [stderr]    |
[INFO] [stderr] 39 |     Write(PathBuf),
[INFO] [stderr]    |     ----- ^^^^^^^
[INFO] [stderr]    |     |
[INFO] [stderr]    |     field in this variant
[INFO] [stderr]    |
[INFO] [stderr]    = note: `Access` has a derived impl for the trait `Debug`, but this is intentionally ignored during dead code analysis
[INFO] [stderr] help: consider changing the field to be of unit type to suppress this warning while preserving the field numbering, or remove the field
[INFO] [stderr]    |
[INFO] [stderr] 39 |     Write(()),
[INFO] [stderr]    |           ~~
[INFO] [stderr] 
[INFO] [stderr] warning: `pwmd` (lib) generated 2 warnings
[INFO] [stderr] warning: `pwmd` (lib test) generated 2 warnings (2 duplicates)
[INFO] [stderr]     Finished `test` profile [unoptimized + debuginfo] target(s) in 0.16s
[INFO] [stderr]      Running unittests src/lib.rs (/opt/rustwide/target/debug/deps/pwmd-5a3926f2ed8fd621)
[INFO] [stdout] 
[INFO] [stdout] running 2 tests
[INFO] [stdout] test pwm::should::fail_if_controller_not_found ... ok
[INFO] [stdout] test pwm::should::export_and_unexport_a_controller ... ok
[INFO] [stdout] 
[INFO] [stdout] test result: ok. 2 passed; 0 failed; 0 ignored; 0 measured; 0 filtered out; finished in 0.01s
[INFO] [stdout] 
[INFO] [stderr]      Running unittests src/bin/pwmd.rs (/opt/rustwide/target/debug/deps/pwmd-31905c43db5a4c06)
[INFO] [stdout] 
[INFO] [stdout] running 0 tests
[INFO] [stdout] 
[INFO] [stdout] test result: ok. 0 passed; 0 failed; 0 ignored; 0 measured; 0 filtered out; finished in 0.00s
[INFO] [stdout] 
[INFO] [stderr]      Running tests/tests.rs (/opt/rustwide/target/debug/deps/tests-d89338c419a44b74)
[INFO] [stdout] 
[INFO] [stdout] running 3 tests
[INFO] [stdout] test happy_flow ... FAILED
[INFO] [stdout] test test_duty_cycle_cannot_be_larger_than_period ... FAILED
[INFO] [stdout] test test_polarity_cannot_be_changed_if_channel_is_enabled ... FAILED
[INFO] [stdout] 
[INFO] [stdout] failures:
[INFO] [stdout] 
[INFO] [stdout] ---- happy_flow stdout ----
[INFO] [stdout] [31mThe application panicked (crashed).[0m
[INFO] [stdout] Message:  [36mcalled `Result::unwrap()` on an `Err` value: I/O error: No such file or directory (os error 2)
[INFO] [stdout] 
[INFO] [stdout] Caused by:
[INFO] [stdout]     No such file or directory (os error 2)[0m
[INFO] [stdout] Location: [35mtests/tests.rs[0m:[35m35[0m
[INFO] [stdout] 
[INFO] [stdout]   ━━━━━━━━━━━━━━━━━━━━━━━━━━━━━━━━━━ BACKTRACE ━━━━━━━━━━━━━━━━━━━━━━━━━━━━━━━━━━━
[INFO] [stdout]   [96m                              ⋮ 9 frames hidden ⋮                               [0m
[INFO] [stdout]   10: [32mcore::result::Result<T,E>::unwrap[0m[90m::h7969584113f9592d[0m
[INFO] [stdout]       at [35m/rustc/6067b36314ab5eb2eb47cecc464545ba58e1ad24/library/core/src/result.rs[0m:[35m1109[0m
[INFO] [stdout]   11: [91mtests::happy_flow::{{closure}}::{{closure}}[0m[90m::h3b374328610b9ddc[0m
[INFO] [stdout]       at [35m/opt/rustwide/workdir/tests/tests.rs[0m:[35m33[0m
[INFO] [stdout]         31 │         };
[INFO] [stdout]         32 │         tokio::runtime::Runtime::new().unwrap().block_on(async {
[INFO] [stdout]   [37m[1m      33[0m [37m[1m>[0m [37m[1m            pwmd::dbus::listen(args, || tx.send(()).unwrap())[0m
[INFO] [stdout]         34 │                 .await
[INFO] [stdout]         35 │                 .unwrap();
[INFO] [stdout]   12: [91mtokio::park::thread::CachedParkThread::block_on::{{closure}}[0m[90m::h0df3815d5627ad68[0m
[INFO] [stdout]       at [35m/opt/rustwide/cargo-home/registry/src/index.crates.io-1949cf8c6b5b557f/tokio-1.12.0/src/park/thread.rs[0m:[35m263[0m
[INFO] [stdout]        261 │ 
[INFO] [stdout]        262 │         loop {
[INFO] [stdout]   [37m[1m     263[0m [37m[1m>[0m [37m[1m            if let Ready(v) = crate::coop::budget(|| f.as_mut().poll(&mut cx)) {[0m
[INFO] [stdout]        264 │                 return Ok(v);
[INFO] [stdout]        265 │             }
[INFO] [stdout]   13: [91mtokio::coop::with_budget::{{closure}}[0m[90m::h48a65ec1dca8d918[0m
[INFO] [stdout]       at [35m/opt/rustwide/cargo-home/registry/src/index.crates.io-1949cf8c6b5b557f/tokio-1.12.0/src/coop.rs[0m:[35m106[0m
[INFO] [stdout]        104 │         let _guard = ResetGuard { cell, prev };
[INFO] [stdout]        105 │ 
[INFO] [stdout]   [37m[1m     106[0m [37m[1m>[0m [37m[1m        f()[0m
[INFO] [stdout]        107 │     })
[INFO] [stdout]        108 │ }
[INFO] [stdout]   14: [32mstd::thread::local::LocalKey<T>::try_with[0m[90m::h165e00936d03de49[0m
[INFO] [stdout]       at [35m/rustc/6067b36314ab5eb2eb47cecc464545ba58e1ad24/library/std/src/thread/local.rs[0m:[35m308[0m
[INFO] [stdout]   15: [32mstd::thread::local::LocalKey<T>::with[0m[90m::h1ab8c2398e243401[0m
[INFO] [stdout]       at [35m/rustc/6067b36314ab5eb2eb47cecc464545ba58e1ad24/library/std/src/thread/local.rs[0m:[35m272[0m
[INFO] [stdout]   16: [91mtokio::coop::with_budget[0m[90m::h76452062375e9fc5[0m
[INFO] [stdout]       at [35m/opt/rustwide/cargo-home/registry/src/index.crates.io-1949cf8c6b5b557f/tokio-1.12.0/src/coop.rs[0m:[35m99[0m
[INFO] [stdout]         97 │     }
[INFO] [stdout]         98 │ 
[INFO] [stdout]   [37m[1m      99[0m [37m[1m>[0m [37m[1m    CURRENT.with(move |cell| {[0m
[INFO] [stdout]        100 │         let prev = cell.get();
[INFO] [stdout]        101 │ 
[INFO] [stdout]   17: [91mtokio::coop::budget[0m[90m::h650d41571b9d15de[0m
[INFO] [stdout]       at [35m/opt/rustwide/cargo-home/registry/src/index.crates.io-1949cf8c6b5b557f/tokio-1.12.0/src/coop.rs[0m:[35m76[0m
[INFO] [stdout]         74 │ #[inline(always)]
[INFO] [stdout]         75 │ pub(crate) fn budget<R>(f: impl FnOnce() -> R) -> R {
[INFO] [stdout]   [37m[1m      76[0m [37m[1m>[0m [37m[1m    with_budget(Budget::initial(), f)[0m
[INFO] [stdout]         77 │ }
[INFO] [stdout]         78 │ 
[INFO] [stdout]   18: [91mtokio::park::thread::CachedParkThread::block_on[0m[90m::h615099d036a30c49[0m
[INFO] [stdout]       at [35m/opt/rustwide/cargo-home/registry/src/index.crates.io-1949cf8c6b5b557f/tokio-1.12.0/src/park/thread.rs[0m:[35m263[0m
[INFO] [stdout]        261 │ 
[INFO] [stdout]        262 │         loop {
[INFO] [stdout]   [37m[1m     263[0m [37m[1m>[0m [37m[1m            if let Ready(v) = crate::coop::budget(|| f.as_mut().poll(&mut cx)) {[0m
[INFO] [stdout]        264 │                 return Ok(v);
[INFO] [stdout]        265 │             }
[INFO] [stdout]   19: [91mtokio::runtime::enter::Enter::block_on[0m[90m::h17dd3e24d4a4264f[0m
[INFO] [stdout]       at [35m/opt/rustwide/cargo-home/registry/src/index.crates.io-1949cf8c6b5b557f/tokio-1.12.0/src/runtime/enter.rs[0m:[35m151[0m
[INFO] [stdout]        149 │ 
[INFO] [stdout]        150 │             let mut park = CachedParkThread::new();
[INFO] [stdout]   [37m[1m     151[0m [37m[1m>[0m [37m[1m            park.block_on(f)[0m
[INFO] [stdout]        152 │         }
[INFO] [stdout]        153 │ 
[INFO] [stdout]   20: [91mtokio::runtime::thread_pool::ThreadPool::block_on[0m[90m::h219cf4328c349514[0m
[INFO] [stdout]       at [35m/opt/rustwide/cargo-home/registry/src/index.crates.io-1949cf8c6b5b557f/tokio-1.12.0/src/runtime/thread_pool/mod.rs[0m:[35m77[0m
[INFO] [stdout]         75 │     {
[INFO] [stdout]         76 │         let mut enter = crate::runtime::enter(true);
[INFO] [stdout]   [37m[1m      77[0m [37m[1m>[0m [37m[1m        enter.block_on(future).expect("failed to park thread")[0m
[INFO] [stdout]         78 │     }
[INFO] [stdout]         79 │ }
[INFO] [stdout]   21: [91mtokio::runtime::Runtime::block_on[0m[90m::hb30d1595a60cbd1e[0m
[INFO] [stdout]       at [35m/opt/rustwide/cargo-home/registry/src/index.crates.io-1949cf8c6b5b557f/tokio-1.12.0/src/runtime/mod.rs[0m:[35m463[0m
[INFO] [stdout]        461 │                 Kind::CurrentThread(exec) => exec.block_on(future),
[INFO] [stdout]        462 │                 #[cfg(feature = "rt-multi-thread")]
[INFO] [stdout]   [37m[1m     463[0m [37m[1m>[0m [37m[1m                Kind::ThreadPool(exec) => exec.block_on(future),[0m
[INFO] [stdout]        464 │             }
[INFO] [stdout]        465 │         }
[INFO] [stdout]   22: [91mtests::happy_flow::{{closure}}[0m[90m::h4e68b376423a8122[0m
[INFO] [stdout]       at [35m/opt/rustwide/workdir/tests/tests.rs[0m:[35m32[0m
[INFO] [stdout]         30 │             sysfs_root,
[INFO] [stdout]         31 │         };
[INFO] [stdout]   [37m[1m      32[0m [37m[1m>[0m [37m[1m        tokio::runtime::Runtime::new().unwrap().block_on(async {[0m
[INFO] [stdout]         33 │             pwmd::dbus::listen(args, || tx.send(()).unwrap())
[INFO] [stdout]         34 │                 .await
[INFO] [stdout]   23: [32mstd::sys::backtrace::__rust_begin_short_backtrace[0m[90m::hf65999a197ac9a9f[0m
[INFO] [stdout]       at [35m/rustc/6067b36314ab5eb2eb47cecc464545ba58e1ad24/library/std/src/sys/backtrace.rs[0m:[35m152[0m
[INFO] [stdout]   24: [32mstd::thread::Builder::spawn_unchecked_::{{closure}}::{{closure}}[0m[90m::h4c52aa6a79f126e8[0m
[INFO] [stdout]       at [35m/rustc/6067b36314ab5eb2eb47cecc464545ba58e1ad24/library/std/src/thread/mod.rs[0m:[35m559[0m
[INFO] [stdout]   25: [32m<core::panic::unwind_safe::AssertUnwindSafe<F> as core::ops::function::FnOnce<()>>::call_once[0m[90m::hc0d6af333c8eb925[0m
[INFO] [stdout]       at [35m/rustc/6067b36314ab5eb2eb47cecc464545ba58e1ad24/library/core/src/panic/unwind_safe.rs[0m:[35m272[0m
[INFO] [stdout]   26: [32mstd::panicking::try::do_call[0m[90m::h878de0371e4cb937[0m
[INFO] [stdout]       at [35m/rustc/6067b36314ab5eb2eb47cecc464545ba58e1ad24/library/std/src/panicking.rs[0m:[35m587[0m
[INFO] [stdout]   27: [32m__rust_try[0m[90m<unknown>[0m
[INFO] [stdout]       at [35m<unknown source file>[0m:[35m<unknown line>[0m
[INFO] [stdout]   28: [32mstd::panicking::try[0m[90m::h411f20c2f2f01dae[0m
[INFO] [stdout]       at [35m/rustc/6067b36314ab5eb2eb47cecc464545ba58e1ad24/library/std/src/panicking.rs[0m:[35m550[0m
[INFO] [stdout]   29: [32mstd::panic::catch_unwind[0m[90m::h7f034b2518d1a2a8[0m
[INFO] [stdout]       at [35m/rustc/6067b36314ab5eb2eb47cecc464545ba58e1ad24/library/std/src/panic.rs[0m:[35m358[0m
[INFO] [stdout]   30: [32mstd::thread::Builder::spawn_unchecked_::{{closure}}[0m[90m::h65ebbe4ac07f75ea[0m
[INFO] [stdout]       at [35m/rustc/6067b36314ab5eb2eb47cecc464545ba58e1ad24/library/std/src/thread/mod.rs[0m:[35m557[0m
[INFO] [stdout]   31: [32mcore::ops::function::FnOnce::call_once{{vtable.shim}}[0m[90m::hdca59a1190f457e3[0m
[INFO] [stdout]       at [35m/rustc/6067b36314ab5eb2eb47cecc464545ba58e1ad24/library/core/src/ops/function.rs[0m:[35m250[0m
[INFO] [stdout]   32: [32m<alloc::boxed::Box<F,A> as core::ops::function::FnOnce<Args>>::call_once[0m[90m::ha52bedf99a3b4981[0m
[INFO] [stdout]       at [35m/rustc/6067b36314ab5eb2eb47cecc464545ba58e1ad24/library/alloc/src/boxed.rs[0m:[35m2013[0m
[INFO] [stdout]   33: [32m<alloc::boxed::Box<F,A> as core::ops::function::FnOnce<Args>>::call_once[0m[90m::h567748934d80ccf8[0m
[INFO] [stdout]       at [35m/rustc/6067b36314ab5eb2eb47cecc464545ba58e1ad24/library/alloc/src/boxed.rs[0m:[35m2013[0m
[INFO] [stdout]   34: [32mstd::sys::pal::unix::thread::Thread::new::thread_start[0m[90m::h2d970728ae887adc[0m
[INFO] [stdout]       at [35m/rustc/6067b36314ab5eb2eb47cecc464545ba58e1ad24/library/std/src/sys/pal/unix/thread.rs[0m:[35m106[0m
[INFO] [stdout]   35: [91mclone[0m[90m<unknown>[0m
[INFO] [stdout]       at [35m<unknown source file>[0m:[35m<unknown line>[0m
[INFO] [stdout] 
[INFO] [stdout] Run with COLORBT_SHOW_HIDDEN=1 environment variable to disable frame filtering.
[INFO] [stdout] [31mThe application panicked (crashed).[0m
[INFO] [stdout] Message:  [36mcalled `Result::unwrap()` on an `Err` value: Disconnected[0m
[INFO] [stdout] Location: [35mtests/tests.rs[0m:[35m38[0m
[INFO] [stdout] 
[INFO] [stdout]   ━━━━━━━━━━━━━━━━━━━━━━━━━━━━━━━━━━ BACKTRACE ━━━━━━━━━━━━━━━━━━━━━━━━━━━━━━━━━━━
[INFO] [stdout]   [96m                              ⋮ 9 frames hidden ⋮                               [0m
[INFO] [stdout]   10: [32mcore::result::Result<T,E>::unwrap[0m[90m::h7ae3b5c3d94531a4[0m
[INFO] [stdout]       at [35m/rustc/6067b36314ab5eb2eb47cecc464545ba58e1ad24/library/core/src/result.rs[0m:[35m1109[0m
[INFO] [stdout]   11: [91mtests::happy_flow[0m[90m::h8b62591dba5ad0e8[0m
[INFO] [stdout]       at [35m/opt/rustwide/workdir/tests/tests.rs[0m:[35m38[0m
[INFO] [stdout]         36 │         });
[INFO] [stdout]         37 │     });
[INFO] [stdout]   [37m[1m      38[0m [37m[1m>[0m [37m[1m    rx.recv_timeout(Duration::from_secs(5)).unwrap();[0m
[INFO] [stdout]         39 │ 
[INFO] [stdout]         40 │     let connection = Connection::session()?;
[INFO] [stdout]   12: [91mtests::happy_flow::{{closure}}[0m[90m::h3b23845b9200ea69[0m
[INFO] [stdout]       at [35m/opt/rustwide/workdir/tests/tests.rs[0m:[35m15[0m
[INFO] [stdout]         13 │ 
[INFO] [stdout]         14 │ #[test]
[INFO] [stdout]   [37m[1m      15[0m [37m[1m>[0m [37m[1mfn happy_flow() -> anyhow::Result<()> {[0m
[INFO] [stdout]         16 │     // std::env::set_var("RUST_BACKTRACE", "full");
[INFO] [stdout]         17 │     pwmd::setup_logging().unwrap();
[INFO] [stdout]   13: [32mcore::ops::function::FnOnce::call_once[0m[90m::hc08e19e9a8252e44[0m
[INFO] [stdout]       at [35m/rustc/6067b36314ab5eb2eb47cecc464545ba58e1ad24/library/core/src/ops/function.rs[0m:[35m250[0m
[INFO] [stdout]   14: [32mcore::ops::function::FnOnce::call_once[0m[90m::he27718dfdd183f43[0m
[INFO] [stdout]       at [35m/rustc/6067b36314ab5eb2eb47cecc464545ba58e1ad24/library/core/src/ops/function.rs[0m:[35m250[0m
[INFO] [stdout]   15: [32mtest::__rust_begin_short_backtrace[0m[90m::h4e84902998457a5d[0m
[INFO] [stdout]       at [35m/rustc/6067b36314ab5eb2eb47cecc464545ba58e1ad24/library/test/src/lib.rs[0m:[35m632[0m
[INFO] [stdout]   16: [32mtest::run_test_in_process::{{closure}}[0m[90m::h7176fd18fc1feca0[0m
[INFO] [stdout]       at [35m/rustc/6067b36314ab5eb2eb47cecc464545ba58e1ad24/library/test/src/lib.rs[0m:[35m655[0m
[INFO] [stdout]   17: [32m<core::panic::unwind_safe::AssertUnwindSafe<F> as core::ops::function::FnOnce<()>>::call_once[0m[90m::hf79cff2a624d8cf7[0m
[INFO] [stdout]       at [35m/rustc/6067b36314ab5eb2eb47cecc464545ba58e1ad24/library/core/src/panic/unwind_safe.rs[0m:[35m272[0m
[INFO] [stdout]   18: [32mstd::panicking::try::do_call[0m[90m::h3da0561d9ab99c25[0m
[INFO] [stdout]       at [35m/rustc/6067b36314ab5eb2eb47cecc464545ba58e1ad24/library/std/src/panicking.rs[0m:[35m587[0m
[INFO] [stdout]   19: [32mstd::panicking::try[0m[90m::h41c9fa508bc61df6[0m
[INFO] [stdout]       at [35m/rustc/6067b36314ab5eb2eb47cecc464545ba58e1ad24/library/std/src/panicking.rs[0m:[35m550[0m
[INFO] [stdout]   20: [32mstd::panic::catch_unwind[0m[90m::h6b3ff07bb5afad93[0m
[INFO] [stdout]       at [35m/rustc/6067b36314ab5eb2eb47cecc464545ba58e1ad24/library/std/src/panic.rs[0m:[35m358[0m
[INFO] [stdout]   21: [32mtest::run_test_in_process[0m[90m::hc7253dd11b39b9f4[0m
[INFO] [stdout]       at [35m/rustc/6067b36314ab5eb2eb47cecc464545ba58e1ad24/library/test/src/lib.rs[0m:[35m655[0m
[INFO] [stdout]   22: [32mtest::run_test::{{closure}}[0m[90m::hfb2007f8649c30bb[0m
[INFO] [stdout]       at [35m/rustc/6067b36314ab5eb2eb47cecc464545ba58e1ad24/library/test/src/lib.rs[0m:[35m576[0m
[INFO] [stdout]   23: [32mtest::run_test::{{closure}}[0m[90m::h56a17aa7a282a9f4[0m
[INFO] [stdout]       at [35m/rustc/6067b36314ab5eb2eb47cecc464545ba58e1ad24/library/test/src/lib.rs[0m:[35m606[0m
[INFO] [stdout]   24: [32mstd::sys::backtrace::__rust_begin_short_backtrace[0m[90m::hd2d2d2fb8e8c6aac[0m
[INFO] [stdout]       at [35m/rustc/6067b36314ab5eb2eb47cecc464545ba58e1ad24/library/std/src/sys/backtrace.rs[0m:[35m152[0m
[INFO] [stdout]   25: [32mstd::thread::Builder::spawn_unchecked_::{{closure}}::{{closure}}[0m[90m::h4faa3f9db6133423[0m
[INFO] [stdout]       at [35m/rustc/6067b36314ab5eb2eb47cecc464545ba58e1ad24/library/std/src/thread/mod.rs[0m:[35m559[0m
[INFO] [stdout]   26: [32m<core::panic::unwind_safe::AssertUnwindSafe<F> as core::ops::function::FnOnce<()>>::call_once[0m[90m::hf2e855a36a4ea846[0m
[INFO] [stdout]       at [35m/rustc/6067b36314ab5eb2eb47cecc464545ba58e1ad24/library/core/src/panic/unwind_safe.rs[0m:[35m272[0m
[INFO] [stdout]   27: [32mstd::panicking::try::do_call[0m[90m::h2f73af3616c35465[0m
[INFO] [stdout]       at [35m/rustc/6067b36314ab5eb2eb47cecc464545ba58e1ad24/library/std/src/panicking.rs[0m:[35m587[0m
[INFO] [stdout]   28: [32mstd::panicking::try[0m[90m::hd1660ce9efadef5a[0m
[INFO] [stdout]       at [35m/rustc/6067b36314ab5eb2eb47cecc464545ba58e1ad24/library/std/src/panicking.rs[0m:[35m550[0m
[INFO] [stdout]   29: [32mstd::panic::catch_unwind[0m[90m::h5ee8d7823b8ca744[0m
[INFO] [stdout]       at [35m/rustc/6067b36314ab5eb2eb47cecc464545ba58e1ad24/library/std/src/panic.rs[0m:[35m358[0m
[INFO] [stdout]   30: [32mstd::thread::Builder::spawn_unchecked_::{{closure}}[0m[90m::h53c3a1894dce8407[0m
[INFO] [stdout]       at [35m/rustc/6067b36314ab5eb2eb47cecc464545ba58e1ad24/library/std/src/thread/mod.rs[0m:[35m557[0m
[INFO] [stdout]   31: [32mcore::ops::function::FnOnce::call_once{{vtable.shim}}[0m[90m::h048ce291ad4f62bf[0m
[INFO] [stdout]       at [35m/rustc/6067b36314ab5eb2eb47cecc464545ba58e1ad24/library/core/src/ops/function.rs[0m:[35m250[0m
[INFO] [stdout]   32: [32m<alloc::boxed::Box<F,A> as core::ops::function::FnOnce<Args>>::call_once[0m[90m::ha52bedf99a3b4981[0m
[INFO] [stdout]       at [35m/rustc/6067b36314ab5eb2eb47cecc464545ba58e1ad24/library/alloc/src/boxed.rs[0m:[35m2013[0m
[INFO] [stdout]   33: [32m<alloc::boxed::Box<F,A> as core::ops::function::FnOnce<Args>>::call_once[0m[90m::h567748934d80ccf8[0m
[INFO] [stdout]       at [35m/rustc/6067b36314ab5eb2eb47cecc464545ba58e1ad24/library/alloc/src/boxed.rs[0m:[35m2013[0m
[INFO] [stdout]   34: [32mstd::sys::pal::unix::thread::Thread::new::thread_start[0m[90m::h2d970728ae887adc[0m
[INFO] [stdout]       at [35m/rustc/6067b36314ab5eb2eb47cecc464545ba58e1ad24/library/std/src/sys/pal/unix/thread.rs[0m:[35m106[0m
[INFO] [stdout]   35: [91mclone[0m[90m<unknown>[0m
[INFO] [stdout]       at [35m<unknown source file>[0m:[35m<unknown line>[0m
[INFO] [stdout] 
[INFO] [stdout] Run with COLORBT_SHOW_HIDDEN=1 environment variable to disable frame filtering.
[INFO] [stdout] 
[INFO] [stdout] ---- test_duty_cycle_cannot_be_larger_than_period stdout ----
[INFO] [stdout] [31mThe application panicked (crashed).[0m
[INFO] [stdout] Message:  [36mcalled `Result::unwrap()` on an `Err` value: I/O error: No such file or directory (os error 2)
[INFO] [stdout] 
[INFO] [stdout] Caused by:
[INFO] [stdout]     No such file or directory (os error 2)[0m
[INFO] [stdout] Location: [35mtests/tests.rs[0m:[35m171[0m
[INFO] [stdout] 
[INFO] [stdout]   ━━━━━━━━━━━━━━━━━━━━━━━━━━━━━━━━━━ BACKTRACE ━━━━━━━━━━━━━━━━━━━━━━━━━━━━━━━━━━━
[INFO] [stdout]   [96m                              ⋮ 9 frames hidden ⋮                               [0m
[INFO] [stdout]   10: [32mcore::result::Result<T,E>::unwrap[0m[90m::h7969584113f9592d[0m
[INFO] [stdout]       at [35m/rustc/6067b36314ab5eb2eb47cecc464545ba58e1ad24/library/core/src/result.rs[0m:[35m1109[0m
[INFO] [stdout]   11: [91mtests::test_duty_cycle_cannot_be_larger_than_period::{{closure}}::{{closure}}[0m[90m::h9ef6ea82e090ba17[0m
[INFO] [stdout]       at [35m/opt/rustwide/workdir/tests/tests.rs[0m:[35m169[0m
[INFO] [stdout]        167 │         };
[INFO] [stdout]        168 │         tokio::runtime::Runtime::new().unwrap().block_on(async {
[INFO] [stdout]   [37m[1m     169[0m [37m[1m>[0m [37m[1m            pwmd::dbus::listen(args, || tx.send(()).unwrap())[0m
[INFO] [stdout]        170 │                 .await
[INFO] [stdout]        171 │                 .unwrap();
[INFO] [stdout]   12: [91mtokio::park::thread::CachedParkThread::block_on::{{closure}}[0m[90m::hee489b3ff37f1fe2[0m
[INFO] [stdout]       at [35m/opt/rustwide/cargo-home/registry/src/index.crates.io-1949cf8c6b5b557f/tokio-1.12.0/src/park/thread.rs[0m:[35m263[0m
[INFO] [stdout]        261 │ 
[INFO] [stdout]        262 │         loop {
[INFO] [stdout]   [37m[1m     263[0m [37m[1m>[0m [37m[1m            if let Ready(v) = crate::coop::budget(|| f.as_mut().poll(&mut cx)) {[0m
[INFO] [stdout]        264 │                 return Ok(v);
[INFO] [stdout]        265 │             }
[INFO] [stdout]   13: [91mtokio::coop::with_budget::{{closure}}[0m[90m::hfa37e2c22ee27950[0m
[INFO] [stdout]       at [35m/opt/rustwide/cargo-home/registry/src/index.crates.io-1949cf8c6b5b557f/tokio-1.12.0/src/coop.rs[0m:[35m106[0m
[INFO] [stdout]        104 │         let _guard = ResetGuard { cell, prev };
[INFO] [stdout]        105 │ 
[INFO] [stdout]   [37m[1m     106[0m [37m[1m>[0m [37m[1m        f()[0m
[INFO] [stdout]        107 │     })
[INFO] [stdout]        108 │ }
[INFO] [stdout]   14: [32mstd::thread::local::LocalKey<T>::try_with[0m[90m::hb93603dc4a9771a8[0m
[INFO] [stdout]       at [35m/rustc/6067b36314ab5eb2eb47cecc464545ba58e1ad24/library/std/src/thread/local.rs[0m:[35m308[0m
[INFO] [stdout]   15: [32mstd::thread::local::LocalKey<T>::with[0m[90m::h90bbd27548a13f82[0m
[INFO] [stdout]       at [35m/rustc/6067b36314ab5eb2eb47cecc464545ba58e1ad24/library/std/src/thread/local.rs[0m:[35m272[0m
[INFO] [stdout]   16: [91mtokio::coop::with_budget[0m[90m::h53e6d747f48182b8[0m
[INFO] [stdout]       at [35m/opt/rustwide/cargo-home/registry/src/index.crates.io-1949cf8c6b5b557f/tokio-1.12.0/src/coop.rs[0m:[35m99[0m
[INFO] [stdout]         97 │     }
[INFO] [stdout]         98 │ 
[INFO] [stdout]   [37m[1m      99[0m [37m[1m>[0m [37m[1m    CURRENT.with(move |cell| {[0m
[INFO] [stdout]        100 │         let prev = cell.get();
[INFO] [stdout]        101 │ 
[INFO] [stdout]   17: [91mtokio::coop::budget[0m[90m::h994c9b8c852d6f63[0m
[INFO] [stdout]       at [35m/opt/rustwide/cargo-home/registry/src/index.crates.io-1949cf8c6b5b557f/tokio-1.12.0/src/coop.rs[0m:[35m76[0m
[INFO] [stdout]         74 │ #[inline(always)]
[INFO] [stdout]         75 │ pub(crate) fn budget<R>(f: impl FnOnce() -> R) -> R {
[INFO] [stdout]   [37m[1m      76[0m [37m[1m>[0m [37m[1m    with_budget(Budget::initial(), f)[0m
[INFO] [stdout]         77 │ }
[INFO] [stdout]         78 │ 
[INFO] [stdout]   18: [91mtokio::park::thread::CachedParkThread::block_on[0m[90m::hd199c72eb3e58854[0m
[INFO] [stdout]       at [35m/opt/rustwide/cargo-home/registry/src/index.crates.io-1949cf8c6b5b557f/tokio-1.12.0/src/park/thread.rs[0m:[35m263[0m
[INFO] [stdout]        261 │ 
[INFO] [stdout]        262 │         loop {
[INFO] [stdout]   [37m[1m     263[0m [37m[1m>[0m [37m[1m            if let Ready(v) = crate::coop::budget(|| f.as_mut().poll(&mut cx)) {[0m
[INFO] [stdout]        264 │                 return Ok(v);
[INFO] [stdout]        265 │             }
[INFO] [stdout]   19: [91mtokio::runtime::enter::Enter::block_on[0m[90m::hd21849b678420300[0m
[INFO] [stdout]       at [35m/opt/rustwide/cargo-home/registry/src/index.crates.io-1949cf8c6b5b557f/tokio-1.12.0/src/runtime/enter.rs[0m:[35m151[0m
[INFO] [stdout]        149 │ 
[INFO] [stdout]        150 │             let mut park = CachedParkThread::new();
[INFO] [stdout]   [37m[1m     151[0m [37m[1m>[0m [37m[1m            park.block_on(f)[0m
[INFO] [stdout]        152 │         }
[INFO] [stdout]        153 │ 
[INFO] [stdout]   20: [91mtokio::runtime::thread_pool::ThreadPool::block_on[0m[90m::h2a31dfd787968ba5[0m
[INFO] [stdout]       at [35m/opt/rustwide/cargo-home/registry/src/index.crates.io-1949cf8c6b5b557f/tokio-1.12.0/src/runtime/thread_pool/mod.rs[0m:[35m77[0m
[INFO] [stdout]         75 │     {
[INFO] [stdout]         76 │         let mut enter = crate::runtime::enter(true);
[INFO] [stdout]   [37m[1m      77[0m [37m[1m>[0m [37m[1m        enter.block_on(future).expect("failed to park thread")[0m
[INFO] [stdout]         78 │     }
[INFO] [stdout]         79 │ }
[INFO] [stdout]   21: [91mtokio::runtime::Runtime::block_on[0m[90m::h7ace307c6f4ee42e[0m
[INFO] [stdout]       at [35m/opt/rustwide/cargo-home/registry/src/index.crates.io-1949cf8c6b5b557f/tokio-1.12.0/src/runtime/mod.rs[0m:[35m463[0m
[INFO] [stdout]        461 │                 Kind::CurrentThread(exec) => exec.block_on(future),
[INFO] [stdout]        462 │                 #[cfg(feature = "rt-multi-thread")]
[INFO] [stdout]   [37m[1m     463[0m [37m[1m>[0m [37m[1m                Kind::ThreadPool(exec) => exec.block_on(future),[0m
[INFO] [stdout]        464 │             }
[INFO] [stdout]        465 │         }
[INFO] [stdout]   22: [91mtests::test_duty_cycle_cannot_be_larger_than_period::{{closure}}[0m[90m::h7e2172361b7381b1[0m
[INFO] [stdout]       at [35m/opt/rustwide/workdir/tests/tests.rs[0m:[35m168[0m
[INFO] [stdout]        166 │             sysfs_root,
[INFO] [stdout]        167 │         };
[INFO] [stdout]   [37m[1m     168[0m [37m[1m>[0m [37m[1m        tokio::runtime::Runtime::new().unwrap().block_on(async {[0m
[INFO] [stdout]        169 │             pwmd::dbus::listen(args, || tx.send(()).unwrap())
[INFO] [stdout]        170 │                 .await
[INFO] [stdout]   23: [32mstd::sys::backtrace::__rust_begin_short_backtrace[0m[90m::hbc8a4564eab7a3fd[0m
[INFO] [stdout]       at [35m/rustc/6067b36314ab5eb2eb47cecc464545ba58e1ad24/library/std/src/sys/backtrace.rs[0m:[35m152[0m
[INFO] [stdout]   24: [32mstd::thread::Builder::spawn_unchecked_::{{closure}}::{{closure}}[0m[90m::h50ae518285bdd01c[0m
[INFO] [stdout]       at [35m/rustc/6067b36314ab5eb2eb47cecc464545ba58e1ad24/library/std/src/thread/mod.rs[0m:[35m559[0m
[INFO] [stdout]   25: [32m<core::panic::unwind_safe::AssertUnwindSafe<F> as core::ops::function::FnOnce<()>>::call_once[0m[90m::had898008e71169de[0m
[INFO] [stdout]       at [35m/rustc/6067b36314ab5eb2eb47cecc464545ba58e1ad24/library/core/src/panic/unwind_safe.rs[0m:[35m272[0m
[INFO] [stdout]   26: [32mstd::panicking::try::do_call[0m[90m::h151ae94db700232a[0m
[INFO] [stdout]       at [35m/rustc/6067b36314ab5eb2eb47cecc464545ba58e1ad24/library/std/src/panicking.rs[0m:[35m587[0m
[INFO] [stdout]   27: [32m__rust_try[0m[90m<unknown>[0m
[INFO] [stdout]       at [35m<unknown source file>[0m:[35m<unknown line>[0m
[INFO] [stdout]   28: [32mstd::panicking::try[0m[90m::h15d220e6329632e2[0m
[INFO] [stdout]       at [35m/rustc/6067b36314ab5eb2eb47cecc464545ba58e1ad24/library/std/src/panicking.rs[0m:[35m550[0m
[INFO] [stdout]   29: [32mstd::panic::catch_unwind[0m[90m::ha5c0a7effdc8f9d3[0m
[INFO] [stdout]       at [35m/rustc/6067b36314ab5eb2eb47cecc464545ba58e1ad24/library/std/src/panic.rs[0m:[35m358[0m
[INFO] [stdout]   30: [32mstd::thread::Builder::spawn_unchecked_::{{closure}}[0m[90m::h514f9211d5313429[0m
[INFO] [stdout]       at [35m/rustc/6067b36314ab5eb2eb47cecc464545ba58e1ad24/library/std/src/thread/mod.rs[0m:[35m557[0m
[INFO] [stdout]   31: [32mcore::ops::function::FnOnce::call_once{{vtable.shim}}[0m[90m::h981f233246aaddb8[0m
[INFO] [stdout]       at [35m/rustc/6067b36314ab5eb2eb47cecc464545ba58e1ad24/library/core/src/ops/function.rs[0m:[35m250[0m
[INFO] [stdout]   32: [32m<alloc::boxed::Box<F,A> as core::ops::function::FnOnce<Args>>::call_once[0m[90m::ha52bedf99a3b4981[0m
[INFO] [stdout]       at [35m/rustc/6067b36314ab5eb2eb47cecc464545ba58e1ad24/library/alloc/src/boxed.rs[0m:[35m2013[0m
[INFO] [stdout]   33: [32m<alloc::boxed::Box<F,A> as core::ops::function::FnOnce<Args>>::call_once[0m[90m::h567748934d80ccf8[0m
[INFO] [stdout]       at [35m/rustc/6067b36314ab5eb2eb47cecc464545ba58e1ad24/library/alloc/src/boxed.rs[0m:[35m2013[0m
[INFO] [stdout]   34: [32mstd::sys::pal::unix::thread::Thread::new::thread_start[0m[90m::h2d970728ae887adc[0m
[INFO] [stdout]       at [35m/rustc/6067b36314ab5eb2eb47cecc464545ba58e1ad24/library/std/src/sys/pal/unix/thread.rs[0m:[35m106[0m
[INFO] [stdout]   35: [91mclone[0m[90m<unknown>[0m
[INFO] [stdout]       at [35m<unknown source file>[0m:[35m<unknown line>[0m
[INFO] [stdout] 
[INFO] [stdout] Run with COLORBT_SHOW_HIDDEN=1 environment variable to disable frame filtering.
[INFO] [stdout] [31mThe application panicked (crashed).[0m
[INFO] [stdout] Message:  [36mcalled `Result::unwrap()` on an `Err` value: Disconnected[0m
[INFO] [stdout] Location: [35mtests/tests.rs[0m:[35m174[0m
[INFO] [stdout] 
[INFO] [stdout]   ━━━━━━━━━━━━━━━━━━━━━━━━━━━━━━━━━━ BACKTRACE ━━━━━━━━━━━━━━━━━━━━━━━━━━━━━━━━━━━
[INFO] [stdout]   [96m                              ⋮ 9 frames hidden ⋮                               [0m
[INFO] [stdout]   10: [32mcore::result::Result<T,E>::unwrap[0m[90m::h7ae3b5c3d94531a4[0m
[INFO] [stdout]       at [35m/rustc/6067b36314ab5eb2eb47cecc464545ba58e1ad24/library/core/src/result.rs[0m:[35m1109[0m
[INFO] [stdout]   11: [91mtests::test_duty_cycle_cannot_be_larger_than_period[0m[90m::h17ef549c549ce0bf[0m
[INFO] [stdout]       at [35m/opt/rustwide/workdir/tests/tests.rs[0m:[35m174[0m
[INFO] [stdout]        172 │         });
[INFO] [stdout]        173 │     });
[INFO] [stdout]   [37m[1m     174[0m [37m[1m>[0m [37m[1m    rx.recv_timeout(Duration::from_secs(5)).unwrap();[0m
[INFO] [stdout]        175 │ 
[INFO] [stdout]        176 │     let connection = Connection::session()?;
[INFO] [stdout]   12: [91mtests::test_duty_cycle_cannot_be_larger_than_period::{{closure}}[0m[90m::h8a3fae1f525c257c[0m
[INFO] [stdout]       at [35m/opt/rustwide/workdir/tests/tests.rs[0m:[35m154[0m
[INFO] [stdout]        152 │ 
[INFO] [stdout]        153 │ #[test]
[INFO] [stdout]   [37m[1m     154[0m [37m[1m>[0m [37m[1mfn test_duty_cycle_cannot_be_larger_than_period() -> anyhow::Result<()> {[0m
[INFO] [stdout]        155 │     // fake /sys/class/pwm directory:
[INFO] [stdout]        156 │     let tmpdir = TempDir::new().unwrap();
[INFO] [stdout]   13: [32mcore::ops::function::FnOnce::call_once[0m[90m::hcaed3a7b073931d2[0m
[INFO] [stdout]       at [35m/rustc/6067b36314ab5eb2eb47cecc464545ba58e1ad24/library/core/src/ops/function.rs[0m:[35m250[0m
[INFO] [stdout]   14: [32mcore::ops::function::FnOnce::call_once[0m[90m::he27718dfdd183f43[0m
[INFO] [stdout]       at [35m/rustc/6067b36314ab5eb2eb47cecc464545ba58e1ad24/library/core/src/ops/function.rs[0m:[35m250[0m
[INFO] [stdout]   15: [32mtest::__rust_begin_short_backtrace[0m[90m::h4e84902998457a5d[0m
[INFO] [stdout]       at [35m/rustc/6067b36314ab5eb2eb47cecc464545ba58e1ad24/library/test/src/lib.rs[0m:[35m632[0m
[INFO] [stdout]   16: [32mtest::run_test_in_process::{{closure}}[0m[90m::h7176fd18fc1feca0[0m
[INFO] [stdout]       at [35m/rustc/6067b36314ab5eb2eb47cecc464545ba58e1ad24/library/test/src/lib.rs[0m:[35m655[0m
[INFO] [stdout]   17: [32m<core::panic::unwind_safe::AssertUnwindSafe<F> as core::ops::function::FnOnce<()>>::call_once[0m[90m::hf79cff2a624d8cf7[0m
[INFO] [stdout]       at [35m/rustc/6067b36314ab5eb2eb47cecc464545ba58e1ad24/library/core/src/panic/unwind_safe.rs[0m:[35m272[0m
[INFO] [stdout]   18: [32mstd::panicking::try::do_call[0m[90m::h3da0561d9ab99c25[0m
[INFO] [stdout]       at [35m/rustc/6067b36314ab5eb2eb47cecc464545ba58e1ad24/library/std/src/panicking.rs[0m:[35m587[0m
[INFO] [stdout]   19: [32mstd::panicking::try[0m[90m::h41c9fa508bc61df6[0m
[INFO] [stdout]       at [35m/rustc/6067b36314ab5eb2eb47cecc464545ba58e1ad24/library/std/src/panicking.rs[0m:[35m550[0m
[INFO] [stdout]   20: [32mstd::panic::catch_unwind[0m[90m::h6b3ff07bb5afad93[0m
[INFO] [stdout]       at [35m/rustc/6067b36314ab5eb2eb47cecc464545ba58e1ad24/library/std/src/panic.rs[0m:[35m358[0m
[INFO] [stdout]   21: [32mtest::run_test_in_process[0m[90m::hc7253dd11b39b9f4[0m
[INFO] [stdout]       at [35m/rustc/6067b36314ab5eb2eb47cecc464545ba58e1ad24/library/test/src/lib.rs[0m:[35m655[0m
[INFO] [stdout]   22: [32mtest::run_test::{{closure}}[0m[90m::hfb2007f8649c30bb[0m
[INFO] [stdout]       at [35m/rustc/6067b36314ab5eb2eb47cecc464545ba58e1ad24/library/test/src/lib.rs[0m:[35m576[0m
[INFO] [stdout]   23: [32mtest::run_test::{{closure}}[0m[90m::h56a17aa7a282a9f4[0m
[INFO] [stdout]       at [35m/rustc/6067b36314ab5eb2eb47cecc464545ba58e1ad24/library/test/src/lib.rs[0m:[35m606[0m
[INFO] [stdout]   24: [32mstd::sys::backtrace::__rust_begin_short_backtrace[0m[90m::hd2d2d2fb8e8c6aac[0m
[INFO] [stdout]       at [35m/rustc/6067b36314ab5eb2eb47cecc464545ba58e1ad24/library/std/src/sys/backtrace.rs[0m:[35m152[0m
[INFO] [stdout]   25: [32mstd::thread::Builder::spawn_unchecked_::{{closure}}::{{closure}}[0m[90m::h4faa3f9db6133423[0m
[INFO] [stdout]       at [35m/rustc/6067b36314ab5eb2eb47cecc464545ba58e1ad24/library/std/src/thread/mod.rs[0m:[35m559[0m
[INFO] [stdout]   26: [32m<core::panic::unwind_safe::AssertUnwindSafe<F> as core::ops::function::FnOnce<()>>::call_once[0m[90m::hf2e855a36a4ea846[0m
[INFO] [stdout]       at [35m/rustc/6067b36314ab5eb2eb47cecc464545ba58e1ad24/library/core/src/panic/unwind_safe.rs[0m:[35m272[0m
[INFO] [stdout]   27: [32mstd::panicking::try::do_call[0m[90m::h2f73af3616c35465[0m
[INFO] [stdout]       at [35m/rustc/6067b36314ab5eb2eb47cecc464545ba58e1ad24/library/std/src/panicking.rs[0m:[35m587[0m
[INFO] [stdout]   28: [32mstd::panicking::try[0m[90m::hd1660ce9efadef5a[0m
[INFO] [stdout]       at [35m/rustc/6067b36314ab5eb2eb47cecc464545ba58e1ad24/library/std/src/panicking.rs[0m:[35m550[0m
[INFO] [stdout]   29: [32mstd::panic::catch_unwind[0m[90m::h5ee8d7823b8ca744[0m
[INFO] [stdout]       at [35m/rustc/6067b36314ab5eb2eb47cecc464545ba58e1ad24/library/std/src/panic.rs[0m:[35m358[0m
[INFO] [stdout]   30: [32mstd::thread::Builder::spawn_unchecked_::{{closure}}[0m[90m::h53c3a1894dce8407[0m
[INFO] [stdout]       at [35m/rustc/6067b36314ab5eb2eb47cecc464545ba58e1ad24/library/std/src/thread/mod.rs[0m:[35m557[0m
[INFO] [stdout]   31: [32mcore::ops::function::FnOnce::call_once{{vtable.shim}}[0m[90m::h048ce291ad4f62bf[0m
[INFO] [stdout]       at [35m/rustc/6067b36314ab5eb2eb47cecc464545ba58e1ad24/library/core/src/ops/function.rs[0m:[35m250[0m
[INFO] [stdout]   32: [32m<alloc::boxed::Box<F,A> as core::ops::function::FnOnce<Args>>::call_once[0m[90m::ha52bedf99a3b4981[0m
[INFO] [stdout]       at [35m/rustc/6067b36314ab5eb2eb47cecc464545ba58e1ad24/library/alloc/src/boxed.rs[0m:[35m2013[0m
[INFO] [stdout]   33: [32m<alloc::boxed::Box<F,A> as core::ops::function::FnOnce<Args>>::call_once[0m[90m::h567748934d80ccf8[0m
[INFO] [stdout]       at [35m/rustc/6067b36314ab5eb2eb47cecc464545ba58e1ad24/library/alloc/src/boxed.rs[0m:[35m2013[0m
[INFO] [stdout]   34: [32mstd::sys::pal::unix::thread::Thread::new::thread_start[0m[90m::h2d970728ae887adc[0m
[INFO] [stdout]       at [35m/rustc/6067b36314ab5eb2eb47cecc464545ba58e1ad24/library/std/src/sys/pal/unix/thread.rs[0m:[35m106[0m
[INFO] [stdout]   35: [91mclone[0m[90m<unknown>[0m
[INFO] [stdout]       at [35m<unknown source file>[0m:[35m<unknown line>[0m
[INFO] [stdout] 
[INFO] [stdout] Run with COLORBT_SHOW_HIDDEN=1 environment variable to disable frame filtering.
[INFO] [stdout] 
[INFO] [stdout] ---- test_polarity_cannot_be_changed_if_channel_is_enabled stdout ----
[INFO] [stdout] [31mThe application panicked (crashed).[0m
[INFO] [stdout] Message:  [36mcalled `Result::unwrap()` on an `Err` value: I/O error: No such file or directory (os error 2)
[INFO] [stdout] 
[INFO] [stdout] Caused by:
[INFO] [stdout]     No such file or directory (os error 2)[0m
[INFO] [stdout] Location: [35mtests/tests.rs[0m:[35m261[0m
[INFO] [stdout] 
[INFO] [stdout]   ━━━━━━━━━━━━━━━━━━━━━━━━━━━━━━━━━━ BACKTRACE ━━━━━━━━━━━━━━━━━━━━━━━━━━━━━━━━━━━
[INFO] [stdout]   [96m                              ⋮ 9 frames hidden ⋮                               [0m
[INFO] [stdout]   10: [32mcore::result::Result<T,E>::unwrap[0m[90m::h7969584113f9592d[0m
[INFO] [stdout]       at [35m/rustc/6067b36314ab5eb2eb47cecc464545ba58e1ad24/library/core/src/result.rs[0m:[35m1109[0m
[INFO] [stdout]   11: [91mtests::test_polarity_cannot_be_changed_if_channel_is_enabled::{{closure}}::{{closure}}[0m[90m::hb701d8a7784b5046[0m
[INFO] [stdout]       at [35m/opt/rustwide/workdir/tests/tests.rs[0m:[35m259[0m
[INFO] [stdout]        257 │         };
[INFO] [stdout]        258 │         tokio::runtime::Runtime::new().unwrap().block_on(async {
[INFO] [stdout]   [37m[1m     259[0m [37m[1m>[0m [37m[1m            pwmd::dbus::listen(args, || tx.send(()).unwrap())[0m
[INFO] [stdout]        260 │                 .await
[INFO] [stdout]        261 │                 .unwrap();
[INFO] [stdout]   12: [91mtokio::park::thread::CachedParkThread::block_on::{{closure}}[0m[90m::h5e71c0cc0a827edd[0m
[INFO] [stdout]       at [35m/opt/rustwide/cargo-home/registry/src/index.crates.io-1949cf8c6b5b557f/tokio-1.12.0/src/park/thread.rs[0m:[35m263[0m
[INFO] [stdout]        261 │ 
[INFO] [stdout]        262 │         loop {
[INFO] [stdout]   [37m[1m     263[0m [37m[1m>[0m [37m[1m            if let Ready(v) = crate::coop::budget(|| f.as_mut().poll(&mut cx)) {[0m
[INFO] [stdout]        264 │                 return Ok(v);
[INFO] [stdout]        265 │             }
[INFO] [stdout]   13: [91mtokio::coop::with_budget::{{closure}}[0m[90m::h5332241674061e46[0m
[INFO] [stdout]       at [35m/opt/rustwide/cargo-home/registry/src/index.crates.io-1949cf8c6b5b557f/tokio-1.12.0/src/coop.rs[0m:[35m106[0m
[INFO] [stdout]        104 │         let _guard = ResetGuard { cell, prev };
[INFO] [stdout]        105 │ 
[INFO] [stdout]   [37m[1m     106[0m [37m[1m>[0m [37m[1m        f()[0m
[INFO] [stdout]        107 │     })
[INFO] [stdout]        108 │ }
[INFO] [stdout]   14: [32mstd::thread::local::LocalKey<T>::try_with[0m[90m::h5b6e2a0fce52cff9[0m
[INFO] [stdout]       at [35m/rustc/6067b36314ab5eb2eb47cecc464545ba58e1ad24/library/std/src/thread/local.rs[0m:[35m308[0m
[INFO] [stdout]   15: [32mstd::thread::local::LocalKey<T>::with[0m[90m::h6c7084b539f100fa[0m
[INFO] [stdout]       at [35m/rustc/6067b36314ab5eb2eb47cecc464545ba58e1ad24/library/std/src/thread/local.rs[0m:[35m272[0m
[INFO] [stdout]   16: [91mtokio::coop::with_budget[0m[90m::hf9869c03536e46dc[0m
[INFO] [stdout]       at [35m/opt/rustwide/cargo-home/registry/src/index.crates.io-1949cf8c6b5b557f/tokio-1.12.0/src/coop.rs[0m:[35m99[0m
[INFO] [stdout]         97 │     }
[INFO] [stdout]         98 │ 
[INFO] [stdout]   [37m[1m      99[0m [37m[1m>[0m [37m[1m    CURRENT.with(move |cell| {[0m
[INFO] [stdout]        100 │         let prev = cell.get();
[INFO] [stdout]        101 │ 
[INFO] [stdout]   17: [91mtokio::coop::budget[0m[90m::h9290d695f20e16ae[0m
[INFO] [stdout]       at [35m/opt/rustwide/cargo-home/registry/src/index.crates.io-1949cf8c6b5b557f/tokio-1.12.0/src/coop.rs[0m:[35m76[0m
[INFO] [stdout]         74 │ #[inline(always)]
[INFO] [stdout]         75 │ pub(crate) fn budget<R>(f: impl FnOnce() -> R) -> R {
[INFO] [stdout]   [37m[1m      76[0m [37m[1m>[0m [37m[1m    with_budget(Budget::initial(), f)[0m
[INFO] [stdout]         77 │ }
[INFO] [stdout]         78 │ 
[INFO] [stdout]   18: [91mtokio::park::thread::CachedParkThread::block_on[0m[90m::h4196d8cc7e561e4c[0m
[INFO] [stdout]       at [35m/opt/rustwide/cargo-home/registry/src/index.crates.io-1949cf8c6b5b557f/tokio-1.12.0/src/park/thread.rs[0m:[35m263[0m
[INFO] [stdout]        261 │ 
[INFO] [stdout]        262 │         loop {
[INFO] [stdout]   [37m[1m     263[0m [37m[1m>[0m [37m[1m            if let Ready(v) = crate::coop::budget(|| f.as_mut().poll(&mut cx)) {[0m
[INFO] [stdout]        264 │                 return Ok(v);
[INFO] [stdout]        265 │             }
[INFO] [stdout]   19: [91mtokio::runtime::enter::Enter::block_on[0m[90m::h456d0a4a3030075e[0m
[INFO] [stdout]       at [35m/opt/rustwide/cargo-home/registry/src/index.crates.io-1949cf8c6b5b557f/tokio-1.12.0/src/runtime/enter.rs[0m:[35m151[0m
[INFO] [stdout]        149 │ 
[INFO] [stdout]        150 │             let mut park = CachedParkThread::new();
[INFO] [stdout]   [37m[1m     151[0m [37m[1m>[0m [37m[1m            park.block_on(f)[0m
[INFO] [stdout]        152 │         }
[INFO] [stdout]        153 │ 
[INFO] [stdout]   20: [91mtokio::runtime::thread_pool::ThreadPool::block_on[0m[90m::h3ca2c3bd172b1cab[0m
[INFO] [stdout]       at [35m/opt/rustwide/cargo-home/registry/src/index.crates.io-1949cf8c6b5b557f/tokio-1.12.0/src/runtime/thread_pool/mod.rs[0m:[35m77[0m
[INFO] [stdout]         75 │     {
[INFO] [stdout]         76 │         let mut enter = crate::runtime::enter(true);
[INFO] [stdout]   [37m[1m      77[0m [37m[1m>[0m [37m[1m        enter.block_on(future).expect("failed to park thread")[0m
[INFO] [stdout]         78 │     }
[INFO] [stdout]         79 │ }
[INFO] [stdout]   21: [91mtokio::runtime::Runtime::block_on[0m[90m::h75c72d74eddd1fb6[0m
[INFO] [stdout]       at [35m/opt/rustwide/cargo-home/registry/src/index.crates.io-1949cf8c6b5b557f/tokio-1.12.0/src/runtime/mod.rs[0m:[35m463[0m
[INFO] [stdout]        461 │                 Kind::CurrentThread(exec) => exec.block_on(future),
[INFO] [stdout]        462 │                 #[cfg(feature = "rt-multi-thread")]
[INFO] [stdout]   [37m[1m     463[0m [37m[1m>[0m [37m[1m                Kind::ThreadPool(exec) => exec.block_on(future),[0m
[INFO] [stdout]        464 │             }
[INFO] [stdout]        465 │         }
[INFO] [stdout]   22: [91mtests::test_polarity_cannot_be_changed_if_channel_is_enabled::{{closure}}[0m[90m::h18f842ba12e95896[0m
[INFO] [stdout]       at [35m/opt/rustwide/workdir/tests/tests.rs[0m:[35m258[0m
[INFO] [stdout]        256 │             sysfs_root,
[INFO] [stdout]        257 │         };
[INFO] [stdout]   [37m[1m     258[0m [37m[1m>[0m [37m[1m        tokio::runtime::Runtime::new().unwrap().block_on(async {[0m
[INFO] [stdout]        259 │             pwmd::dbus::listen(args, || tx.send(()).unwrap())
[INFO] [stdout]        260 │                 .await
[INFO] [stdout]   23: [32mstd::sys::backtrace::__rust_begin_short_backtrace[0m[90m::h280e44a85cdc2792[0m
[INFO] [stdout]       at [35m/rustc/6067b36314ab5eb2eb47cecc464545ba58e1ad24/library/std/src/sys/backtrace.rs[0m:[35m152[0m
[INFO] [stdout]   24: [32mstd::thread::Builder::spawn_unchecked_::{{closure}}::{{closure}}[0m[90m::hd7761a456a50a25b[0m
[INFO] [stdout]       at [35m/rustc/6067b36314ab5eb2eb47cecc464545ba58e1ad24/library/std/src/thread/mod.rs[0m:[35m559[0m
[INFO] [stdout]   25: [32m<core::panic::unwind_safe::AssertUnwindSafe<F> as core::ops::function::FnOnce<()>>::call_once[0m[90m::h45edb7219c4944ed[0m
[INFO] [stdout]       at [35m/rustc/6067b36314ab5eb2eb47cecc464545ba58e1ad24/library/core/src/panic/unwind_safe.rs[0m:[35m272[0m
[INFO] [stdout]   26: [32mstd::panicking::try::do_call[0m[90m::h2cb909d3a9c5a398[0m
[INFO] [stdout]       at [35m/rustc/6067b36314ab5eb2eb47cecc464545ba58e1ad24/library/std/src/panicking.rs[0m:[35m587[0m
[INFO] [stdout]   27: [32m__rust_try[0m[90m<unknown>[0m
[INFO] [stdout]       at [35m<unknown source file>[0m:[35m<unknown line>[0m
[INFO] [stdout]   28: [32mstd::panicking::try[0m[90m::h786363978ba2177a[0m
[INFO] [stdout]       at [35m/rustc/6067b36314ab5eb2eb47cecc464545ba58e1ad24/library/std/src/panicking.rs[0m:[35m550[0m
[INFO] [stdout]   29: [32mstd::panic::catch_unwind[0m[90m::hd40d27f15cf7f837[0m
[INFO] [stdout]       at [35m/rustc/6067b36314ab5eb2eb47cecc464545ba58e1ad24/library/std/src/panic.rs[0m:[35m358[0m
[INFO] [stdout]   30: [32mstd::thread::Builder::spawn_unchecked_::{{closure}}[0m[90m::hb5f463f8899ca53e[0m
[INFO] [stdout]       at [35m/rustc/6067b36314ab5eb2eb47cecc464545ba58e1ad24/library/std/src/thread/mod.rs[0m:[35m557[0m
[INFO] [stdout]   31: [32mcore::ops::function::FnOnce::call_once{{vtable.shim}}[0m[90m::h82b7e26423bcd3cc[0m
[INFO] [stdout]       at [35m/rustc/6067b36314ab5eb2eb47cecc464545ba58e1ad24/library/core/src/ops/function.rs[0m:[35m250[0m
[INFO] [stdout]   32: [32m<alloc::boxed::Box<F,A> as core::ops::function::FnOnce<Args>>::call_once[0m[90m::ha52bedf99a3b4981[0m
[INFO] [stdout]       at [35m/rustc/6067b36314ab5eb2eb47cecc464545ba58e1ad24/library/alloc/src/boxed.rs[0m:[35m2013[0m
[INFO] [stdout]   33: [32m<alloc::boxed::Box<F,A> as core::ops::function::FnOnce<Args>>::call_once[0m[90m::h567748934d80ccf8[0m
[INFO] [stdout]       at [35m/rustc/6067b36314ab5eb2eb47cecc464545ba58e1ad24/library/alloc/src/boxed.rs[0m:[35m2013[0m
[INFO] [stdout]   34: [32mstd::sys::pal::unix::thread::Thread::new::thread_start[0m[90m::h2d970728ae887adc[0m
[INFO] [stdout]       at [35m/rustc/6067b36314ab5eb2eb47cecc464545ba58e1ad24/library/std/src/sys/pal/unix/thread.rs[0m:[35m106[0m
[INFO] [stdout]   35: [91mclone[0m[90m<unknown>[0m
[INFO] [stdout]       at [35m<unknown source file>[0m:[35m<unknown line>[0m
[INFO] [stdout] 
[INFO] [stdout] Run with COLORBT_SHOW_HIDDEN=1 environment variable to disable frame filtering.
[INFO] [stdout] [31mThe application panicked (crashed).[0m
[INFO] [stdout] Message:  [36mcalled `Result::unwrap()` on an `Err` value: Disconnected[0m
[INFO] [stdout] Location: [35mtests/tests.rs[0m:[35m264[0m
[INFO] [stdout] 
[INFO] [stdout]   ━━━━━━━━━━━━━━━━━━━━━━━━━━━━━━━━━━ BACKTRACE ━━━━━━━━━━━━━━━━━━━━━━━━━━━━━━━━━━━
[INFO] [stdout]   [96m                              ⋮ 9 frames hidden ⋮                               [0m
[INFO] [stdout]   10: [32mcore::result::Result<T,E>::unwrap[0m[90m::h7ae3b5c3d94531a4[0m
[INFO] [stdout]       at [35m/rustc/6067b36314ab5eb2eb47cecc464545ba58e1ad24/library/core/src/result.rs[0m:[35m1109[0m
[INFO] [stdout]   11: [91mtests::test_polarity_cannot_be_changed_if_channel_is_enabled[0m[90m::h08ed79c854a46f1c[0m
[INFO] [stdout]       at [35m/opt/rustwide/workdir/tests/tests.rs[0m:[35m264[0m
[INFO] [stdout]        262 │         });
[INFO] [stdout]        263 │     });
[INFO] [stdout]   [37m[1m     264[0m [37m[1m>[0m [37m[1m    rx.recv_timeout(Duration::from_secs(5)).unwrap();[0m
[INFO] [stdout]        265 │ 
[INFO] [stdout]        266 │     let connection = Connection::session()?;
[INFO] [stdout]   12: [91mtests::test_polarity_cannot_be_changed_if_channel_is_enabled::{{closure}}[0m[90m::h9fc6057ec901d5de[0m
[INFO] [stdout]       at [35m/opt/rustwide/workdir/tests/tests.rs[0m:[35m244[0m
[INFO] [stdout]        242 │ 
[INFO] [stdout]        243 │ #[test]
[INFO] [stdout]   [37m[1m     244[0m [37m[1m>[0m [37m[1mfn test_polarity_cannot_be_changed_if_channel_is_enabled() -> anyhow::Result<()> {[0m
[INFO] [stdout]        245 │     // fake /sys/class/pwm directory:
[INFO] [stdout]        246 │     let tmpdir = TempDir::new().unwrap();
[INFO] [stdout]   13: [32mcore::ops::function::FnOnce::call_once[0m[90m::heb7e966c7553d048[0m
[INFO] [stdout]       at [35m/rustc/6067b36314ab5eb2eb47cecc464545ba58e1ad24/library/core/src/ops/function.rs[0m:[35m250[0m
[INFO] [stdout]   14: [32mcore::ops::function::FnOnce::call_once[0m[90m::he27718dfdd183f43[0m
[INFO] [stdout]       at [35m/rustc/6067b36314ab5eb2eb47cecc464545ba58e1ad24/library/core/src/ops/function.rs[0m:[35m250[0m
[INFO] [stdout]   15: [32mtest::__rust_begin_short_backtrace[0m[90m::h4e84902998457a5d[0m
[INFO] [stdout]       at [35m/rustc/6067b36314ab5eb2eb47cecc464545ba58e1ad24/library/test/src/lib.rs[0m:[35m632[0m
[INFO] [stdout]   16: [32mtest::run_test_in_process::{{closure}}[0m[90m::h7176fd18fc1feca0[0m
[INFO] [stdout]       at [35m/rustc/6067b36314ab5eb2eb47cecc464545ba58e1ad24/library/test/src/lib.rs[0m:[35m655[0m
[INFO] [stdout]   17: [32m<core::panic::unwind_safe::AssertUnwindSafe<F> as core::ops::function::FnOnce<()>>::call_once[0m[90m::hf79cff2a624d8cf7[0m
[INFO] [stdout]       at [35m/rustc/6067b36314ab5eb2eb47cecc464545ba58e1ad24/library/core/src/panic/unwind_safe.rs[0m:[35m272[0m
[INFO] [stdout]   18: [32mstd::panicking::try::do_call[0m[90m::h3da0561d9ab99c25[0m
[INFO] [stdout]       at [35m/rustc/6067b36314ab5eb2eb47cecc464545ba58e1ad24/library/std/src/panicking.rs[0m:[35m587[0m
[INFO] [stdout]   19: [32mstd::panicking::try[0m[90m::h41c9fa508bc61df6[0m
[INFO] [stdout]       at [35m/rustc/6067b36314ab5eb2eb47cecc464545ba58e1ad24/library/std/src/panicking.rs[0m:[35m550[0m
[INFO] [stdout]   20: [32mstd::panic::catch_unwind[0m[90m::h6b3ff07bb5afad93[0m
[INFO] [stdout]       at [35m/rustc/6067b36314ab5eb2eb47cecc464545ba58e1ad24/library/std/src/panic.rs[0m:[35m358[0m
[INFO] [stdout]   21: [32mtest::run_test_in_process[0m[90m::hc7253dd11b39b9f4[0m
[INFO] [stdout]       at [35m/rustc/6067b36314ab5eb2eb47cecc464545ba58e1ad24/library/test/src/lib.rs[0m:[35m655[0m
[INFO] [stdout]   22: [32mtest::run_test::{{closure}}[0m[90m::hfb2007f8649c30bb[0m
[INFO] [stdout]       at [35m/rustc/6067b36314ab5eb2eb47cecc464545ba58e1ad24/library/test/src/lib.rs[0m:[35m576[0m
[INFO] [stdout]   23: [32mtest::run_test::{{closure}}[0m[90m::h56a17aa7a282a9f4[0m
[INFO] [stdout]       at [35m/rustc/6067b36314ab5eb2eb47cecc464545ba58e1ad24/library/test/src/lib.rs[0m:[35m606[0m
[INFO] [stdout]   24: [32mstd::sys::backtrace::__rust_begin_short_backtrace[0m[90m::hd2d2d2fb8e8c6aac[0m
[INFO] [stdout]       at [35m/rustc/6067b36314ab5eb2eb47cecc464545ba58e1ad24/library/std/src/sys/backtrace.rs[0m:[35m152[0m
[INFO] [stdout]   25: [32mstd::thread::Builder::spawn_unchecked_::{{closure}}::{{closure}}[0m[90m::h4faa3f9db6133423[0m
[INFO] [stdout]       at [35m/rustc/6067b36314ab5eb2eb47cecc464545ba58e1ad24/library/std/src/thread/mod.rs[0m:[35m559[0m
[INFO] [stdout]   26: [32m<core::panic::unwind_safe::AssertUnwindSafe<F> as core::ops::function::FnOnce<()>>::call_once[0m[90m::hf2e855a36a4ea846[0m
[INFO] [stdout]       at [35m/rustc/6067b36314ab5eb2eb47cecc464545ba58e1ad24/library/core/src/panic/unwind_safe.rs[0m:[35m272[0m
[INFO] [stdout]   27: [32mstd::panicking::try::do_call[0m[90m::h2f73af3616c35465[0m
[INFO] [stdout]       at [35m/rustc/6067b36314ab5eb2eb47cecc464545ba58e1ad24/library/std/src/panicking.rs[0m:[35m587[0m
[INFO] [stdout]   28: [32mstd::panicking::try[0m[90m::hd1660ce9efadef5a[0m
[INFO] [stdout]       at [35m/rustc/6067b36314ab5eb2eb47cecc464545ba58e1ad24/library/std/src/panicking.rs[0m:[35m550[0m
[INFO] [stdout]   29: [32mstd::panic::catch_unwind[0m[90m::h5ee8d7823b8ca744[0m
[INFO] [stdout]       at [35m/rustc/6067b36314ab5eb2eb47cecc464545ba58e1ad24/library/std/src/panic.rs[0m:[35m358[0m
[INFO] [stdout]   30: [32mstd::thread::Builder::spawn_unchecked_::{{closure}}[0m[90m::h53c3a1894dce8407[0m
[INFO] [stdout]       at [35m/rustc/6067b36314ab5eb2eb47cecc464545ba58e1ad24/library/std/src/thread/mod.rs[0m:[35m557[0m
[INFO] [stdout]   31: [32mcore::ops::function::FnOnce::call_once{{vtable.shim}}[0m[90m::h048ce291ad4f62bf[0m
[INFO] [stdout]       at [35m/rustc/6067b36314ab5eb2eb47cecc464545ba58e1ad24/library/core/src/ops/function.rs[0m:[35m250[0m
[INFO] [stdout]   32: [32m<alloc::boxed::Box<F,A> as core::ops::function::FnOnce<Args>>::call_once[0m[90m::ha52bedf99a3b4981[0m
[INFO] [stdout]       at [35m/rustc/6067b36314ab5eb2eb47cecc464545ba58e1ad24/library/alloc/src/boxed.rs[0m:[35m2013[0m
[INFO] [stdout]   33: [32m<alloc::boxed::Box<F,A> as core::ops::function::FnOnce<Args>>::call_once[0m[90m::h567748934d80ccf8[0m
[INFO] [stdout]       at [35m/rustc/6067b36314ab5eb2eb47cecc464545ba58e1ad24/library/alloc/src/boxed.rs[0m:[35m2013[0m
[INFO] [stdout]   34: [32mstd::sys::pal::unix::thread::Thread::new::thread_start[0m[90m::h2d970728ae887adc[0m
[INFO] [stdout]       at [35m/rustc/6067b36314ab5eb2eb47cecc464545ba58e1ad24/library/std/src/sys/pal/unix/thread.rs[0m:[35m106[0m
[INFO] [stdout]   35: [91mclone[0m[90m<unknown>[0m
[INFO] [stdout]       at [35m<unknown source file>[0m:[35m<unknown line>[0m
[INFO] [stdout] 
[INFO] [stdout] Run with COLORBT_SHOW_HIDDEN=1 environment variable to disable frame filtering.
[INFO] [stdout] 
[INFO] [stdout] 
[INFO] [stdout] failures:
[INFO] [stdout]     happy_flow
[INFO] [stdout]     test_duty_cycle_cannot_be_larger_than_period
[INFO] [stdout]     test_polarity_cannot_be_changed_if_channel_is_enabled
[INFO] [stdout] 
[INFO] [stdout] test result: FAILED. 0 passed; 3 failed; 0 ignored; 0 measured; 0 filtered out; finished in 0.64s
[INFO] [stdout] 
[INFO] [stderr] error: test failed, to rerun pass `--test tests`
[INFO] running `Command { std: "docker" "inspect" "83b6a2e2437698525b5ea0ff00a8dfdc4e25a8aa79bb7269add63684e1f90838", kill_on_drop: false }`
[INFO] running `Command { std: "docker" "rm" "-f" "83b6a2e2437698525b5ea0ff00a8dfdc4e25a8aa79bb7269add63684e1f90838", kill_on_drop: false }`
[INFO] [stdout] 83b6a2e2437698525b5ea0ff00a8dfdc4e25a8aa79bb7269add63684e1f90838
