[INFO] fetching crate pushgen 0.0.2...
[INFO] testing pushgen-0.0.2 against nightly-2025-01-18 for randomize-layout-2
[INFO] extracting crate pushgen 0.0.2 into /workspace/builds/worker-5-tc1/source
[INFO] validating manifest of crates.io crate pushgen 0.0.2 on toolchain nightly-2025-01-18
[INFO] running `Command { std: CARGO_HOME="/workspace/cargo-home" RUSTUP_HOME="/workspace/rustup-home" "/workspace/cargo-home/bin/cargo" "+nightly-2025-01-18" "metadata" "--manifest-path" "Cargo.toml" "--no-deps", kill_on_drop: false }`
[INFO] started tweaking crates.io crate pushgen 0.0.2
[INFO] finished tweaking crates.io crate pushgen 0.0.2
[INFO] tweaked toml for crates.io crate pushgen 0.0.2 written to /workspace/builds/worker-5-tc1/source/Cargo.toml
[INFO] crate crates.io crate pushgen 0.0.2 already has a lockfile, it will not be regenerated
[INFO] running `Command { std: CARGO_HOME="/workspace/cargo-home" RUSTUP_HOME="/workspace/rustup-home" "/workspace/cargo-home/bin/cargo" "+nightly-2025-01-18" "fetch" "--manifest-path" "Cargo.toml", kill_on_drop: false }`
[INFO] [stderr]  Downloading crates ...
[INFO] [stderr]   Downloaded cast v0.2.6
[INFO] running `Command { std: "docker" "create" "-v" "/var/lib/crater-agent-workspace/builds/worker-5-tc1/target:/opt/rustwide/target:rw,Z" "-v" "/var/lib/crater-agent-workspace/builds/worker-5-tc1/source:/opt/rustwide/workdir:ro,Z" "-v" "/var/lib/crater-agent-workspace/cargo-home:/opt/rustwide/cargo-home:ro,Z" "-v" "/var/lib/crater-agent-workspace/rustup-home:/opt/rustwide/rustup-home:ro,Z" "-e" "SOURCE_DIR=/opt/rustwide/workdir" "-e" "CARGO_TARGET_DIR=/opt/rustwide/target" "-e" "CARGO_HOME=/opt/rustwide/cargo-home" "-e" "RUSTUP_HOME=/opt/rustwide/rustup-home" "-w" "/opt/rustwide/workdir" "-m" "1610612736" "--user" "0:0" "--network" "none" "ghcr.io/rust-lang/crates-build-env/linux@sha256:819108c5571ea2e421544af4d832f968d213c87fbe3707a016657f43d2f853bc" "/opt/rustwide/cargo-home/bin/cargo" "+nightly-2025-01-18" "metadata" "--no-deps" "--format-version=1", kill_on_drop: false }`
[INFO] [stdout] 75dabf35ec1aa7880df3bccce85172d576903d9780568348866bfbe54f6d2e7a
[INFO] running `Command { std: "docker" "start" "-a" "75dabf35ec1aa7880df3bccce85172d576903d9780568348866bfbe54f6d2e7a", kill_on_drop: false }`
[INFO] running `Command { std: "docker" "inspect" "75dabf35ec1aa7880df3bccce85172d576903d9780568348866bfbe54f6d2e7a", kill_on_drop: false }`
[INFO] running `Command { std: "docker" "rm" "-f" "75dabf35ec1aa7880df3bccce85172d576903d9780568348866bfbe54f6d2e7a", kill_on_drop: false }`
[INFO] [stdout] 75dabf35ec1aa7880df3bccce85172d576903d9780568348866bfbe54f6d2e7a
[INFO] running `Command { std: "docker" "create" "-v" "/var/lib/crater-agent-workspace/builds/worker-5-tc1/target:/opt/rustwide/target:rw,Z" "-v" "/var/lib/crater-agent-workspace/builds/worker-5-tc1/source:/opt/rustwide/workdir:ro,Z" "-v" "/var/lib/crater-agent-workspace/cargo-home:/opt/rustwide/cargo-home:ro,Z" "-v" "/var/lib/crater-agent-workspace/rustup-home:/opt/rustwide/rustup-home:ro,Z" "-e" "SOURCE_DIR=/opt/rustwide/workdir" "-e" "CARGO_TARGET_DIR=/opt/rustwide/target" "-e" "CARGO_INCREMENTAL=0" "-e" "RUST_BACKTRACE=full" "-e" "RUSTFLAGS=--cap-lints=forbid" "-e" "RUSTDOCFLAGS=--cap-lints=forbid" "-e" "CARGO_HOME=/opt/rustwide/cargo-home" "-e" "RUSTUP_HOME=/opt/rustwide/rustup-home" "-w" "/opt/rustwide/workdir" "-m" "1610612736" "--user" "0:0" "--network" "none" "ghcr.io/rust-lang/crates-build-env/linux@sha256:819108c5571ea2e421544af4d832f968d213c87fbe3707a016657f43d2f853bc" "/opt/rustwide/cargo-home/bin/cargo" "+nightly-2025-01-18" "build" "--frozen" "--message-format=json", kill_on_drop: false }`
[INFO] [stdout] 68d0f0f3e4766e1c11532fdbb5067d9b68cbdc5e2441c22ed34d01fcd5162b45
[INFO] running `Command { std: "docker" "start" "-a" "68d0f0f3e4766e1c11532fdbb5067d9b68cbdc5e2441c22ed34d01fcd5162b45", kill_on_drop: false }`
[INFO] [stderr]    Compiling either v1.6.1
[INFO] [stderr]    Compiling pushgen v0.0.2 (/opt/rustwide/workdir)
[INFO] [stderr]     Finished `dev` profile [unoptimized + debuginfo] target(s) in 0.63s
[INFO] running `Command { std: "docker" "inspect" "68d0f0f3e4766e1c11532fdbb5067d9b68cbdc5e2441c22ed34d01fcd5162b45", kill_on_drop: false }`
[INFO] running `Command { std: "docker" "rm" "-f" "68d0f0f3e4766e1c11532fdbb5067d9b68cbdc5e2441c22ed34d01fcd5162b45", kill_on_drop: false }`
[INFO] [stdout] 68d0f0f3e4766e1c11532fdbb5067d9b68cbdc5e2441c22ed34d01fcd5162b45
[INFO] running `Command { std: "docker" "create" "-v" "/var/lib/crater-agent-workspace/builds/worker-5-tc1/target:/opt/rustwide/target:rw,Z" "-v" "/var/lib/crater-agent-workspace/builds/worker-5-tc1/source:/opt/rustwide/workdir:ro,Z" "-v" "/var/lib/crater-agent-workspace/cargo-home:/opt/rustwide/cargo-home:ro,Z" "-v" "/var/lib/crater-agent-workspace/rustup-home:/opt/rustwide/rustup-home:ro,Z" "-e" "SOURCE_DIR=/opt/rustwide/workdir" "-e" "CARGO_TARGET_DIR=/opt/rustwide/target" "-e" "CARGO_INCREMENTAL=0" "-e" "RUST_BACKTRACE=full" "-e" "RUSTFLAGS=--cap-lints=forbid" "-e" "RUSTDOCFLAGS=--cap-lints=forbid" "-e" "CARGO_HOME=/opt/rustwide/cargo-home" "-e" "RUSTUP_HOME=/opt/rustwide/rustup-home" "-w" "/opt/rustwide/workdir" "-m" "1610612736" "--user" "0:0" "--network" "none" "ghcr.io/rust-lang/crates-build-env/linux@sha256:819108c5571ea2e421544af4d832f968d213c87fbe3707a016657f43d2f853bc" "/opt/rustwide/cargo-home/bin/cargo" "+nightly-2025-01-18" "test" "--frozen" "--no-run" "--message-format=json", kill_on_drop: false }`
[INFO] [stdout] b69c79da94654b168738e1f83c085085603461baf3d9452612ae4c7acc482dd6
[INFO] running `Command { std: "docker" "start" "-a" "b69c79da94654b168738e1f83c085085603461baf3d9452612ae4c7acc482dd6", kill_on_drop: false }`
[INFO] [stderr]    Compiling autocfg v1.0.1
[INFO] [stderr]    Compiling ucd-trie v0.1.3
[INFO] [stderr]    Compiling lazy_static v1.4.0
[INFO] [stderr]    Compiling serde v1.0.126
[INFO] [stderr]    Compiling crossbeam-utils v0.8.5
[INFO] [stderr]    Compiling cfg-if v1.0.0
[INFO] [stderr]    Compiling libc v0.2.97
[INFO] [stderr]    Compiling proc-macro2 v1.0.27
[INFO] [stderr]    Compiling ryu v1.0.5
[INFO] [stderr]    Compiling crossbeam-epoch v0.9.5
[INFO] [stderr]    Compiling pest v2.1.3
[INFO] [stderr]    Compiling memchr v2.4.0
[INFO] [stderr]    Compiling unicode-xid v0.2.2
[INFO] [stderr]    Compiling rayon-core v1.9.1
[INFO] [stderr]    Compiling scopeguard v1.1.0
[INFO] [stderr]    Compiling memoffset v0.6.4
[INFO] [stderr]    Compiling num-traits v0.2.14
[INFO] [stderr]    Compiling bitflags v1.2.1
[INFO] [stderr]    Compiling itoa v0.4.7
[INFO] [stderr]    Compiling serde_json v1.0.64
[INFO] [stderr]    Compiling syn v1.0.73
[INFO] [stderr]    Compiling quote v1.0.9
[INFO] [stderr]    Compiling crossbeam-deque v0.8.0
[INFO] [stderr]    Compiling num_cpus v1.13.0
[INFO] [stderr]    Compiling crossbeam-channel v0.5.1
[INFO] [stderr]    Compiling semver-parser v0.10.2
[INFO] [stderr]    Compiling rayon v1.5.1
[INFO] [stderr]    Compiling serde_derive v1.0.126
[INFO] [stderr]    Compiling unicode-width v0.1.8
[INFO] [stderr]    Compiling regex-automata v0.1.10
[INFO] [stderr]    Compiling plotters-backend v0.3.0
[INFO] [stderr]    Compiling textwrap v0.11.0
[INFO] [stderr]    Compiling csv-core v0.1.10
[INFO] [stderr]    Compiling plotters-svg v0.3.0
[INFO] [stderr]    Compiling itertools v0.9.0
[INFO] [stderr]    Compiling semver v0.11.0
[INFO] [stderr]    Compiling same-file v1.0.6
[INFO] [stderr]    Compiling regex-syntax v0.6.25
[INFO] [stderr]    Compiling rustc_version v0.3.3
[INFO] [stderr]    Compiling half v1.7.1
[INFO] [stderr]    Compiling plotters v0.3.1
[INFO] [stderr]    Compiling cast v0.2.6
[INFO] [stderr]    Compiling walkdir v2.3.2
[INFO] [stderr]    Compiling criterion-plot v0.4.3
[INFO] [stderr]    Compiling regex v1.5.4
[INFO] [stderr]    Compiling clap v2.33.3
[INFO] [stderr]    Compiling bstr v0.2.16
[INFO] [stderr]    Compiling serde_cbor v0.11.1
[INFO] [stderr]    Compiling csv v1.1.6
[INFO] [stderr]    Compiling atty v0.2.14
[INFO] [stderr]    Compiling itertools v0.10.1
[INFO] [stderr]    Compiling oorandom v11.1.3
[INFO] [stderr]    Compiling tinytemplate v1.2.1
[INFO] [stderr]    Compiling criterion v0.3.4
[INFO] [stderr]    Compiling pushgen v0.0.2 (/opt/rustwide/workdir)
[INFO] [stderr]     Finished `test` profile [unoptimized + debuginfo] target(s) in 53.50s
[INFO] [stderr] warning: the following packages contain code that will be rejected by a future version of Rust: criterion v0.3.4
[INFO] [stderr] note: to see what the problems were, use the option `--future-incompat-report`, or run `cargo report future-incompatibilities --id 1`
[INFO] running `Command { std: "docker" "inspect" "b69c79da94654b168738e1f83c085085603461baf3d9452612ae4c7acc482dd6", kill_on_drop: false }`
[INFO] running `Command { std: "docker" "rm" "-f" "b69c79da94654b168738e1f83c085085603461baf3d9452612ae4c7acc482dd6", kill_on_drop: false }`
[INFO] [stdout] b69c79da94654b168738e1f83c085085603461baf3d9452612ae4c7acc482dd6
[INFO] running `Command { std: "docker" "create" "-v" "/var/lib/crater-agent-workspace/builds/worker-5-tc1/target:/opt/rustwide/target:rw,Z" "-v" "/var/lib/crater-agent-workspace/builds/worker-5-tc1/source:/opt/rustwide/workdir:ro,Z" "-v" "/var/lib/crater-agent-workspace/cargo-home:/opt/rustwide/cargo-home:ro,Z" "-v" "/var/lib/crater-agent-workspace/rustup-home:/opt/rustwide/rustup-home:ro,Z" "-e" "SOURCE_DIR=/opt/rustwide/workdir" "-e" "CARGO_TARGET_DIR=/opt/rustwide/target" "-e" "CARGO_INCREMENTAL=0" "-e" "RUST_BACKTRACE=full" "-e" "RUSTFLAGS=--cap-lints=forbid" "-e" "RUSTDOCFLAGS=--cap-lints=forbid" "-e" "CARGO_HOME=/opt/rustwide/cargo-home" "-e" "RUSTUP_HOME=/opt/rustwide/rustup-home" "-w" "/opt/rustwide/workdir" "-m" "1610612736" "--user" "0:0" "--network" "none" "ghcr.io/rust-lang/crates-build-env/linux@sha256:819108c5571ea2e421544af4d832f968d213c87fbe3707a016657f43d2f853bc" "/opt/rustwide/cargo-home/bin/cargo" "+nightly-2025-01-18" "test" "--frozen", kill_on_drop: false }`
[INFO] [stdout] ba0c6404bd9f03c0a8c37c744e9e568f1078b1bf7a946b51d7d5a401a584c3c2
[INFO] running `Command { std: "docker" "start" "-a" "ba0c6404bd9f03c0a8c37c744e9e568f1078b1bf7a946b51d7d5a401a584c3c2", kill_on_drop: false }`
[INFO] [stderr]     Finished `test` profile [unoptimized + debuginfo] target(s) in 0.07s
[INFO] [stderr] warning: the following packages contain code that will be rejected by a future version of Rust: criterion v0.3.4
[INFO] [stderr] note: to see what the problems were, use the option `--future-incompat-report`, or run `cargo report future-incompatibilities --id 1`
[INFO] [stderr]      Running unittests src/lib.rs (/opt/rustwide/target/debug/deps/pushgen-254829d38bbec166)
[INFO] [stdout] 
[INFO] [stdout] running 70 tests
[INFO] [stdout] test generators::slice_generator::tests::try_advance_more_than_available ... ok
[INFO] [stdout] test structs::chain::tests::spuriously_stopping_first ... ok
[INFO] [stdout] test structs::chain::tests::spuriously_stopping_second ... ok
[INFO] [stdout] test structs::dedup::tests::dedup_all_duplicate ... ok
[INFO] [stdout] test structs::dedup::tests::dedup_nonduplicate ... ok
[INFO] [stdout] test structs::dedup::tests::dedup_some_duplicate ... ok
[INFO] [stdout] test structs::dedup::tests::dedup_stopping_source ... ok
[INFO] [stdout] test structs::enumerate::tests::advance ... ok
[INFO] [stdout] test structs::enumerate::tests::enumerate ... ok
[INFO] [stdout] test structs::enumerate::tests::spuriously_stopping_advance ... ok
[INFO] [stdout] test structs::filter::tests::spuriously_stopping ... ok
[INFO] [stdout] test structs::filter_map::tests::spuriously_stopping ... ok
[INFO] [stdout] test structs::flatten::tests::only_stopping_generators ... ok
[INFO] [stdout] test structs::flatten::tests::slice_flatten ... ok
[INFO] [stdout] test structs::flatten::tests::stopping_generator ... ok
[INFO] [stdout] test structs::flatten::tests::stopping_nested_generator ... ok
[INFO] [stdout] test structs::flatten::tests::vector_flatten ... ok
[INFO] [stdout] test structs::inspect::tests::inspect ... ok
[INFO] [stdout] test structs::iterator::tests::fold ... ok
[INFO] [stdout] test structs::iterator::tests::iter_over_slice ... ok
[INFO] [stdout] test structs::map::tests::spuriously_stopping ... ok
[INFO] [stdout] test structs::skip::tests::skip ... ok
[INFO] [stdout] test structs::skip::tests::skip_while ... ok
[INFO] [stdout] test structs::skip::tests::spuriously_stopping_skip ... ok
[INFO] [stdout] test structs::skip::tests::spuriously_stopping_skip_while ... ok
[INFO] [stdout] test structs::cloned::tests::spuriously_stopping ... ok
[INFO] [stdout] test structs::skip::tests::try_advance ... ok
[INFO] [stdout] test structs::skip::tests::try_advance_max ... ok
[INFO] [stdout] test structs::skip::tests::try_advance_stopping ... ok
[INFO] [stdout] test structs::skip::tests::try_advance_stopping_skip_region ... ok
[INFO] [stdout] test structs::step_by::tests::basic_test ... ok
[INFO] [stdout] test structs::step_by::tests::spuriously_multi_stopping ... ok
[INFO] [stdout] test structs::step_by::tests::spuriously_stopping ... ok
[INFO] [stdout] test structs::step_by::tests::step_next ... ok
[INFO] [stdout] test structs::step_by::tests::step_one ... ok
[INFO] [stdout] test structs::take::tests::spuriously_stopping_take ... ok
[INFO] [stdout] test structs::take::tests::spuriously_stopping_take_while ... ok
[INFO] [stdout] test structs::take::tests::take ... ok
[INFO] [stdout] test structs::take::tests::take_while ... ok
[INFO] [stdout] test generators::slice_generator::tests::try_advance_inside ... ok
[INFO] [stdout] test structs::take::tests::take_restart ... ok
[INFO] [stdout] test structs::take::tests::take_while_with_restart ... ok
[INFO] [stdout] test structs::zip::tests::same_length ... ok
[INFO] [stdout] test structs::zip::tests::shorter_left_side ... ok
[INFO] [stdout] test structs::zip::tests::shorter_right_side ... ok
[INFO] [stdout] test structs::zip::tests::spuriously_stopped_left ... ok
[INFO] [stdout] test structs::zip::tests::spuriously_stopped_right ... ok
[INFO] [stdout] test traits::accum::tests::product ... ok
[INFO] [stdout] test traits::accum::tests::sum ... ok
[INFO] [stdout] test traits::generator_ext::tests::basic_all ... ok
[INFO] [stdout] test traits::generator_ext::tests::collect_string ... ok
[INFO] [stdout] test traits::generator_ext::tests::collect_vec ... ok
[INFO] [stdout] test traits::generator_ext::tests::double_stop_try_reduce ... ok
[INFO] [stdout] test traits::generator_ext::tests::empty_all ... ok
[INFO] [stdout] test traits::generator_ext::tests::empty_any ... ok
[INFO] [stdout] test traits::generator_ext::tests::empty_reduce ... ok
[INFO] [stdout] test traits::generator_ext::tests::empty_try_reduce ... ok
[INFO] [stdout] test traits::generator_ext::tests::for_each_stopped ... ok
[INFO] [stdout] test traits::generator_ext::tests::shortcircuit_all ... ok
[INFO] [stdout] test traits::generator_ext::tests::single_element_reduce ... ok
[INFO] [stdout] test traits::generator_ext::tests::single_element_try_reduce ... ok
[INFO] [stdout] test traits::generator_ext::tests::spuriously_stopping_try_fold ... ok
[INFO] [stdout] test traits::generator_ext::tests::stop_at_start_try_reduce ... ok
[INFO] [stdout] test traits::generator_ext::tests::two_element_reduce ... ok
[INFO] [stdout] test traits::generator_ext::tests::two_element_try_reduce ... ok
[INFO] [stdout] test structs::copied::tests::spuriously_stopping ... ok
[INFO] [stdout] test generators::slice_generator::tests::try_advance ... ok
[INFO] [stdout] test generators::slice_generator::tests::try_advance_available ... ok
[INFO] [stdout] test structs::chain::tests::basic_chain ... ok
[INFO] [stdout] test structs::step_by::tests::zero_step_size - should panic ... ok
[INFO] [stdout] 
[INFO] [stdout] test result: ok. 70 passed; 0 failed; 0 ignored; 0 measured; 0 filtered out; finished in 0.10s
[INFO] [stdout] 
[INFO] [stderr]    Doc-tests pushgen
[INFO] [stdout] 
[INFO] [stdout] running 63 tests
[INFO] [stdout] test src/generators/from_fn.rs - generators::from_fn::from_fn (line 17) ... FAILED
[INFO] [stdout] test src/lib.rs - (line 9) ... FAILED
[INFO] [stdout] test src/lib.rs - (line 19) ... FAILED
[INFO] [stdout] test src/generators/slice_generator.rs - generators::slice_generator::SliceGenerator (line 8) ... FAILED
[INFO] [stdout] test src/result.rs - result::TryReduction<T>::is_partial (line 87) ... FAILED
[INFO] [stdout] test src/generators/from_iter.rs - generators::from_iter::from_iter (line 11) ... FAILED
[INFO] [stdout] test src/result.rs - result::TryReduction<T>::unwrap (line 104) ... FAILED
[INFO] [stdout] test src/result.rs - result::TryReduction<T>::is_complete (line 70) ... FAILED
[INFO] [stdout] test src/traits/from_gen.rs - traits::from_gen::FromGenerator (line 18) ... FAILED
[INFO] [stdout] test src/traits/from_gen.rs - traits::from_gen::FromGenerator (line 26) ... FAILED
[INFO] [stdout] test src/traits/generator_ext.rs - traits::generator_ext::GeneratorExt::all (line 41) ... FAILED
[INFO] [stdout] test src/traits/generator.rs - traits::generator::Generator (line 21) ... FAILED
[INFO] [stdout] test src/traits/generator_ext.rs - traits::generator_ext::GeneratorExt::any (line 92) ... FAILED
[INFO] [stdout] test src/traits/generator_ext.rs - traits::generator_ext::GeneratorExt (line 19) ... FAILED
[INFO] [stdout] test src/traits/generator_ext.rs - traits::generator_ext::GeneratorExt::all (line 50) ... FAILED
[INFO] [stdout] test src/traits/generator.rs - traits::generator::Generator::try_advance (line 69) ... FAILED
[INFO] [stdout] test src/traits/from_gen.rs - traits::from_gen::FromGenerator (line 34) ... FAILED
[INFO] [stdout] test src/traits/generator_ext.rs - traits::generator_ext::GeneratorExt::boxed (line 722) ... FAILED
[INFO] [stdout] test src/traits/generator_ext.rs - traits::generator_ext::GeneratorExt::cloned (line 202) ... FAILED
[INFO] [stdout] test src/traits/generator_ext.rs - traits::generator_ext::GeneratorExt::chain (line 246) ... FAILED
[INFO] [stdout] test src/traits/generator_ext.rs - traits::generator_ext::GeneratorExt::any (line 103) ... FAILED
[INFO] [stdout] test src/traits/generator_ext.rs - traits::generator_ext::GeneratorExt::dedup (line 647) ... FAILED
[INFO] [stdout] test src/traits/generator_ext.rs - traits::generator_ext::GeneratorExt::copied (line 226) ... FAILED
[INFO] [stdout] test src/traits/generator_ext.rs - traits::generator_ext::GeneratorExt::flat_map (line 463) ... FAILED
[INFO] [stdout] test src/traits/generator_ext.rs - traits::generator_ext::GeneratorExt::filter_map (line 300) ... FAILED
[INFO] [stdout] test src/traits/generator_ext.rs - traits::generator_ext::GeneratorExt::enumerate (line 1463) ... FAILED
[INFO] [stdout] test src/traits/generator_ext.rs - traits::generator_ext::GeneratorExt::for_each (line 535) ... FAILED
[INFO] [stdout] test src/traits/generator_ext.rs - traits::generator_ext::GeneratorExt::collect (line 1425) ... FAILED
[INFO] [stdout] test src/traits/generator_ext.rs - traits::generator_ext::GeneratorExt::filter (line 267) ... FAILED
[INFO] [stdout] test src/traits/generator_ext.rs - traits::generator_ext::GeneratorExt::filter_map (line 312) ... FAILED
[INFO] [stdout] test src/traits/generator_ext.rs - traits::generator_ext::GeneratorExt::last (line 169) ... FAILED
[INFO] [stdout] test src/traits/generator_ext.rs - traits::generator_ext::GeneratorExt::iter (line 668) ... FAILED
[INFO] [stdout] test src/traits/generator_ext.rs - traits::generator_ext::GeneratorExt::flatten (line 507) ... FAILED
[INFO] [stdout] test src/traits/generator_ext.rs - traits::generator_ext::GeneratorExt::max_by_key (line 1105) ... FAILED
[INFO] [stdout] test src/traits/generator_ext.rs - traits::generator_ext::GeneratorExt::map (line 333) ... FAILED
[INFO] [stdout] test src/traits/generator_ext.rs - traits::generator_ext::GeneratorExt::fold (line 1161) ... FAILED
[INFO] [stdout] test src/traits/generator_ext.rs - traits::generator_ext::GeneratorExt::inspect (line 1490) ... FAILED
[INFO] [stdout] test src/traits/generator_ext.rs - traits::generator_ext::GeneratorExt::max (line 993) ... FAILED
[INFO] [stdout] test src/traits/generator_ext.rs - traits::generator_ext::GeneratorExt::min_by (line 871) ... FAILED
[INFO] [stdout] test src/traits/generator_ext.rs - traits::generator_ext::GeneratorExt::next (line 139) ... FAILED
[INFO] [stdout] test src/traits/generator_ext.rs - traits::generator_ext::GeneratorExt::min_by_key (line 949) ... FAILED
[INFO] [stdout] test src/traits/generator_ext.rs - traits::generator_ext::GeneratorExt::flatten (line 495) ... FAILED
[INFO] [stdout] test src/traits/generator_ext.rs - traits::generator_ext::GeneratorExt::max_by (line 1027) ... ok
[INFO] [stdout] test src/traits/generator_ext.rs - traits::generator_ext::GeneratorExt::min (line 837) ... ok
[INFO] [stdout] test src/traits/generator_ext.rs - traits::generator_ext::GeneratorExt::product (line 798) ... ok
[INFO] [stdout] test src/traits/generator_ext.rs - traits::generator_ext::GeneratorExt::reduce (line 1277) ... ok
[INFO] [stdout] test src/traits/generator_ext.rs - traits::generator_ext::GeneratorExt::skip (line 352) ... ok
[INFO] [stdout] test src/traits/generator_ext.rs - traits::generator_ext::GeneratorExt::step_by (line 697) ... ok
[INFO] [stdout] test src/traits/generator_ext.rs - traits::generator_ext::GeneratorExt::sum (line 761) ... ok
[INFO] [stdout] test src/traits/generator_ext.rs - traits::generator_ext::GeneratorExt::skip_while (line 380) ... ok
[INFO] [stdout] test src/traits/generator_ext.rs - traits::generator_ext::GeneratorExt::try_max_by (line 1061) ... FAILED
[INFO] [stdout] test src/traits/generator_ext.rs - traits::generator_ext::GeneratorExt::take_while (line 424) ... ok
[INFO] [stdout] test src/traits/generator_ext.rs - traits::generator_ext::GeneratorExt::take (line 399) ... ok
[INFO] [stdout] test src/traits/generator_ext.rs - traits::generator_ext::GeneratorExt::try_fold (line 1202) ... ok
[INFO] [stdout] test src/traits/generator_ext.rs - traits::generator_ext::GeneratorExt::try_for_each (line 566) ... ok
[INFO] [stdout] test src/traits/generator_ext.rs - traits::generator_ext::GeneratorExt::try_max_by (line 1053) ... ok
[INFO] [stdout] test src/traits/generator_ext.rs - traits::generator_ext::GeneratorExt::try_fold (line 1214) ... ok
[INFO] [stdout] test src/traits/generator_ext.rs - traits::generator_ext::GeneratorExt::try_min_by (line 905) ... FAILED
[INFO] [stdout] test src/traits/generator_ext.rs - traits::generator_ext::GeneratorExt::try_reduce (line 1356) ... FAILED
[INFO] [stdout] test src/traits/generator_ext.rs - traits::generator_ext::GeneratorExt::try_reduce (line 1337) ... ok
[INFO] [stdout] test src/traits/generator_ext.rs - traits::generator_ext::GeneratorExt::zip (line 612) ... ok
[INFO] [stdout] test src/traits/into_gen.rs - traits::into_gen::IntoGenerator::into_gen (line 18) ... ok
[INFO] [stdout] test src/traits/generator_ext.rs - traits::generator_ext::GeneratorExt::try_min_by (line 897) ... ok
[INFO] [stdout] 
[INFO] [stdout] failures:
[INFO] [stdout] 
[INFO] [stdout] ---- src/generators/from_fn.rs - generators::from_fn::from_fn (line 17) stdout ----
[INFO] [stdout] rustc-LLVM ERROR: IO failure on output stream: No space left on device
[INFO] [stdout] Couldn't compile the test.
[INFO] [stdout] ---- src/lib.rs - (line 9) stdout ----
[INFO] [stdout] error: couldn't create a temp dir: No space left on device (os error 28) at path "/tmp/rustdoctestwoy2fI/rmetafZfXfV"
[INFO] [stdout] 
[INFO] [stdout] error: aborting due to 1 previous error
[INFO] [stdout] 
[INFO] [stdout] Couldn't compile the test.
[INFO] [stdout] ---- src/lib.rs - (line 19) stdout ----
[INFO] [stdout] rustc-LLVM ERROR: IO failure on output stream: No space left on device
[INFO] [stdout] Couldn't compile the test.
[INFO] [stdout] ---- src/generators/slice_generator.rs - generators::slice_generator::SliceGenerator (line 8) stdout ----
[INFO] [stdout] rustc-LLVM ERROR: IO failure on output stream: No space left on device
[INFO] [stdout] Couldn't compile the test.
[INFO] [stdout] ---- src/result.rs - result::TryReduction<T>::is_partial (line 87) stdout ----
[INFO] [stdout] rustc-LLVM ERROR: IO failure on output stream: No space left on device
[INFO] [stdout] Couldn't compile the test.
[INFO] [stdout] ---- src/generators/from_iter.rs - generators::from_iter::from_iter (line 11) stdout ----
[INFO] [stdout] error: linking with `cc` failed: exit status: 1
[INFO] [stdout]   |
[INFO] [stdout]   = note: LC_ALL="C" PATH="/opt/rustwide/rustup-home/toolchains/nightly-2025-01-18-x86_64-unknown-linux-gnu/lib/rustlib/x86_64-unknown-linux-gnu/bin:/opt/rustwide/rustup-home/toolchains/nightly-2025-01-18-x86_64-unknown-linux-gnu/lib/rustlib/x86_64-unknown-linux-gnu/bin/self-contained:/opt/rustwide/cargo-home/bin:/usr/local/sbin:/usr/local/bin:/usr/sbin:/usr/bin:/sbin:/bin" VSLANG="1033" "cc" "-m64" "/tmp/rustcLRT0qb/symbols.o" "<2 object files omitted>" "-Wl,--as-needed" "-Wl,-Bstatic" "/opt/rustwide/target/debug/deps/{libpushgen-86fe40c2a987ea34.rlib,libeither-9e7e392a8497717b.rlib}" "/opt/rustwide/rustup-home/toolchains/nightly-2025-01-18-x86_64-unknown-linux-gnu/lib/rustlib/x86_64-unknown-linux-gnu/lib/{libstd-006123e2ce67e99d.rlib,libpanic_unwind-e1447e1efa6f1e57.rlib,libobject-f6963a4916fcf097.rlib,libmemchr-49a2d9af912f4524.rlib,libaddr2line-04d19aad3936869d.rlib,libgimli-483c235edb789db0.rlib,librustc_demangle-294281af50b8f748.rlib,libstd_detect-3b08295250aabc2a.rlib,libhashbrown-4472d1e05ba0dfaf.rlib,librustc_std_workspace_alloc-2ef099fac590e457.rlib,libminiz_oxide-8a51f5e848546c29.rlib,libadler2-3d3fa22b868db521.rlib,libunwind-0ffda8b08e22dbea.rlib,libcfg_if-b08f62458fdd43b9.rlib,liblibc-559675126e63b890.rlib,liballoc-fcf21c8d1c9c7b75.rlib,librustc_std_workspace_core-e0b0460135bcf21d.rlib,libcore-d4097fdcbddd3bc7.rlib,libcompiler_builtins-fea484ac1eed7881.rlib}" "-Wl,-Bdynamic" "-lgcc_s" "-lutil" "-lrt" "-lpthread" "-lm" "-ldl" "-lc" "-B/opt/rustwide/rustup-home/toolchains/nightly-2025-01-18-x86_64-unknown-linux-gnu/lib/rustlib/x86_64-unknown-linux-gnu/bin/gcc-ld" "-fuse-ld=lld" "-Wl,--eh-frame-hdr" "-Wl,-z,noexecstack" "-L" "/opt/rustwide/rustup-home/toolchains/nightly-2025-01-18-x86_64-unknown-linux-gnu/lib/rustlib/x86_64-unknown-linux-gnu/lib" "-o" "/tmp/rustdoctestcd1oAh/rust_out" "-Wl,--gc-sections" "-pie" "-Wl,-z,relro,-z,now" "-nodefaultlibs"
[INFO] [stdout]   = note: some arguments are omitted. use `--verbose` to show all linker arguments
[INFO] [stdout]   = note: PLEASE submit a bug report to https://github.com/llvm/llvm-project/issues/ and include the crash backtrace.
[INFO] [stdout]           Stack dump:
[INFO] [stdout]           0.    Program arguments: /opt/rustwide/rustup-home/toolchains/nightly-2025-01-18-x86_64-unknown-linux-gnu/lib/rustlib/x86_64-unknown-linux-gnu/bin/rust-lld -flavor gnu -plugin /usr/lib/gcc/x86_64-linux-gnu/11/liblto_plugin.so -plugin-opt=/usr/lib/gcc/x86_64-linux-gnu/11/lto-wrapper -plugin-opt=-fresolution=/tmp/ccGXqeil.res --build-id --eh-frame-hdr -m elf_x86_64 --hash-style=gnu --as-needed -dynamic-linker /lib64/ld-linux-x86-64.so.2 -pie -z now -z relro -o /tmp/rustdoctestcd1oAh/rust_out /usr/lib/gcc/x86_64-linux-gnu/11/../../../x86_64-linux-gnu/Scrt1.o /usr/lib/gcc/x86_64-linux-gnu/11/../../../x86_64-linux-gnu/crti.o /usr/lib/gcc/x86_64-linux-gnu/11/crtbeginS.o -L/opt/rustwide/rustup-home/toolchains/nightly-2025-01-18-x86_64-unknown-linux-gnu/lib/rustlib/x86_64-unknown-linux-gnu/lib -L/opt/rustwide/rustup-home/toolchains/nightly-2025-01-18-x86_64-unknown-linux-gnu/lib/rustlib/x86_64-unknown-linux-gnu/bin/gcc-ld -L/usr/lib/gcc/x86_64-linux-gnu/11 -L/usr/lib/gcc/x86_64-linux-gnu/11/../../../x86_64-linux-gnu -L/usr/lib/gcc/x86_64-linux-gnu/11/../../../../lib -L/lib/x86_64-linux-gnu -L/lib/../lib -L/usr/lib/x86_64-linux-gnu -L/usr/lib/../lib -L/usr/lib/gcc/x86_64-linux-gnu/11/../../.. /tmp/rustcLRT0qb/symbols.o /tmp/rustdoctestcd1oAh/rust_out.rust_out.6a3e3f7878aae58b-cgu.0.rcgu.o /tmp/rustdoctestcd1oAh/rust_out.04lx7tfanwnzd5fu5mylfyri7.rcgu.o --as-needed -Bstatic /opt/rustwide/target/debug/deps/libpushgen-86fe40c2a987ea34.rlib /opt/rustwide/target/debug/deps/libeither-9e7e392a8497717b.rlib /opt/rustwide/rustup-home/toolchains/nightly-2025-01-18-x86_64-unknown-linux-gnu/lib/rustlib/x86_64-unknown-linux-gnu/lib/libstd-006123e2ce67e99d.rlib /opt/rustwide/rustup-home/toolchains/nightly-2025-01-18-x86_64-unknown-linux-gnu/lib/rustlib/x86_64-unknown-linux-gnu/lib/libpanic_unwind-e1447e1efa6f1e57.rlib /opt/rustwide/rustup-home/toolchains/nightly-2025-01-18-x86_64-unknown-linux-gnu/lib/rustlib/x86_64-unknown-linux-gnu/lib/libobject-f6963a4916fcf097.rlib /opt/rustwide/rustup-home/toolchains/nightly-2025-01-18-x86_64-unknown-linux-gnu/lib/rustlib/x86_64-unknown-linux-gnu/lib/libmemchr-49a2d9af912f4524.rlib /opt/rustwide/rustup-home/toolchains/nightly-2025-01-18-x86_64-unknown-linux-gnu/lib/rustlib/x86_64-unknown-linux-gnu/lib/libaddr2line-04d19aad3936869d.rlib /opt/rustwide/rustup-home/toolchains/nightly-2025-01-18-x86_64-unknown-linux-gnu/lib/rustlib/x86_64-unknown-linux-gnu/lib/libgimli-483c235edb789db0.rlib /opt/rustwide/rustup-home/toolchains/nightly-2025-01-18-x86_64-unknown-linux-gnu/lib/rustlib/x86_64-unknown-linux-gnu/lib/librustc_demangle-294281af50b8f748.rlib /opt/rustwide/rustup-home/toolchains/nightly-2025-01-18-x86_64-unknown-linux-gnu/lib/rustlib/x86_64-unknown-linux-gnu/lib/libstd_detect-3b08295250aabc2a.rlib /opt/rustwide/rustup-home/toolchains/nightly-2025-01-18-x86_64-unknown-linux-gnu/lib/rustlib/x86_64-unknown-linux-gnu/lib/libhashbrown-4472d1e05ba0dfaf.rlib /opt/rustwide/rustup-home/toolchains/nightly-2025-01-18-x86_64-unknown-linux-gnu/lib/rustlib/x86_64-unknown-linux-gnu/lib/librustc_std_workspace_alloc-2ef099fac590e457.rlib /opt/rustwide/rustup-home/toolchains/nightly-2025-01-18-x86_64-unknown-linux-gnu/lib/rustlib/x86_64-unknown-linux-gnu/lib/libminiz_oxide-8a51f5e848546c29.rlib /opt/rustwide/rustup-home/toolchains/nightly-2025-01-18-x86_64-unknown-linux-gnu/lib/rustlib/x86_64-unknown-linux-gnu/lib/libadler2-3d3fa22b868db521.rlib /opt/rustwide/rustup-home/toolchains/nightly-2025-01-18-x86_64-unknown-linux-gnu/lib/rustlib/x86_64-unknown-linux-gnu/lib/libunwind-0ffda8b08e22dbea.rlib /opt/rustwide/rustup-home/toolchains/nightly-2025-01-18-x86_64-unknown-linux-gnu/lib/rustlib/x86_64-unknown-linux-gnu/lib/libcfg_if-b08f62458fdd43b9.rlib /opt/rustwide/rustup-home/toolchains/nightly-2025-01-18-x86_64-unknown-linux-gnu/lib/rustlib/x86_64-unknown-linux-gnu/lib/liblibc-559675126e63b890.rlib /opt/rustwide/rustup-home/toolchains/nightly-2025-01-18-x86_64-unknown-linux-gnu/lib/rustlib/x86_64-unknown-linux-gnu/lib/liballoc-fcf21c8d1c9c7b75.rlib /opt/rustwide/rustup-home/toolchains/nightly-2025-01-18-x86_64-unknown-linux-gnu/lib/rustlib/x86_64-unknown-linux-gnu/lib/librustc_std_workspace_core-e0b0460135bcf21d.rlib /opt/rustwide/rustup-home/toolchains/nightly-2025-01-18-x86_64-unknown-linux-gnu/lib/rustlib/x86_64-unknown-linux-gnu/lib/libcore-d4097fdcbddd3bc7.rlib /opt/rustwide/rustup-home/toolchains/nightly-2025-01-18-x86_64-unknown-linux-gnu/lib/rustlib/x86_64-unknown-linux-gnu/lib/libcompiler_builtins-fea484ac1eed7881.rlib -Bdynamic -lgcc_s -lutil -lrt -lpthread -lm -ldl -lc --eh-frame-hdr -z noexecstack --gc-sections -z relro -z now /usr/lib/gcc/x86_64-linux-gnu/11/crtendS.o /usr/lib/gcc/x86_64-linux-gnu/11/../../../x86_64-linux-gnu/crtn.o
[INFO] [stdout]           LLVM ERROR: IO failure on output stream: No space left on device
[INFO] [stdout]           collect2: error: ld returned 1 exit status
[INFO] [stdout]           
[INFO] [stdout] 
[INFO] [stdout] error: aborting due to 1 previous error
[INFO] [stdout] 
[INFO] [stdout] Couldn't compile the test.
[INFO] [stdout] ---- src/result.rs - result::TryReduction<T>::unwrap (line 104) stdout ----
[INFO] [stdout] error: couldn't create a temp dir: No space left on device (os error 28) at path "/tmp/rustdoctestHtJClC/rmetaLph832"
[INFO] [stdout] 
[INFO] [stdout] error: aborting due to 1 previous error
[INFO] [stdout] 
[INFO] [stdout] Couldn't compile the test.
[INFO] [stdout] ---- src/result.rs - result::TryReduction<T>::is_complete (line 70) stdout ----
[INFO] [stdout] error: linking with `cc` failed: exit status: 1
[INFO] [stdout]   |
[INFO] [stdout]   = note: LC_ALL="C" PATH="/opt/rustwide/rustup-home/toolchains/nightly-2025-01-18-x86_64-unknown-linux-gnu/lib/rustlib/x86_64-unknown-linux-gnu/bin:/opt/rustwide/rustup-home/toolchains/nightly-2025-01-18-x86_64-unknown-linux-gnu/lib/rustlib/x86_64-unknown-linux-gnu/bin/self-contained:/opt/rustwide/cargo-home/bin:/usr/local/sbin:/usr/local/bin:/usr/sbin:/usr/bin:/sbin:/bin" VSLANG="1033" "cc" "-m64" "/tmp/rustcpaZKZm/symbols.o" "<2 object files omitted>" "-Wl,--as-needed" "-Wl,-Bstatic" "/opt/rustwide/target/debug/deps/{libpushgen-86fe40c2a987ea34.rlib,libeither-9e7e392a8497717b.rlib}" "/opt/rustwide/rustup-home/toolchains/nightly-2025-01-18-x86_64-unknown-linux-gnu/lib/rustlib/x86_64-unknown-linux-gnu/lib/{libstd-006123e2ce67e99d.rlib,libpanic_unwind-e1447e1efa6f1e57.rlib,libobject-f6963a4916fcf097.rlib,libmemchr-49a2d9af912f4524.rlib,libaddr2line-04d19aad3936869d.rlib,libgimli-483c235edb789db0.rlib,librustc_demangle-294281af50b8f748.rlib,libstd_detect-3b08295250aabc2a.rlib,libhashbrown-4472d1e05ba0dfaf.rlib,librustc_std_workspace_alloc-2ef099fac590e457.rlib,libminiz_oxide-8a51f5e848546c29.rlib,libadler2-3d3fa22b868db521.rlib,libunwind-0ffda8b08e22dbea.rlib,libcfg_if-b08f62458fdd43b9.rlib,liblibc-559675126e63b890.rlib,liballoc-fcf21c8d1c9c7b75.rlib,librustc_std_workspace_core-e0b0460135bcf21d.rlib,libcore-d4097fdcbddd3bc7.rlib,libcompiler_builtins-fea484ac1eed7881.rlib}" "-Wl,-Bdynamic" "-lgcc_s" "-lutil" "-lrt" "-lpthread" "-lm" "-ldl" "-lc" "-B/opt/rustwide/rustup-home/toolchains/nightly-2025-01-18-x86_64-unknown-linux-gnu/lib/rustlib/x86_64-unknown-linux-gnu/bin/gcc-ld" "-fuse-ld=lld" "-Wl,--eh-frame-hdr" "-Wl,-z,noexecstack" "-L" "/opt/rustwide/rustup-home/toolchains/nightly-2025-01-18-x86_64-unknown-linux-gnu/lib/rustlib/x86_64-unknown-linux-gnu/lib" "-o" "/tmp/rustdoctestzCuAaN/rust_out" "-Wl,--gc-sections" "-pie" "-Wl,-z,relro,-z,now" "-nodefaultlibs"
[INFO] [stdout]   = note: some arguments are omitted. use `--verbose` to show all linker arguments
[INFO] [stdout]   = note: PLEASE submit a bug report to https://github.com/llvm/llvm-project/issues/ and include the crash backtrace.
[INFO] [stdout]           Stack dump:
[INFO] [stdout]           0.    Program arguments: /opt/rustwide/rustup-home/toolchains/nightly-2025-01-18-x86_64-unknown-linux-gnu/lib/rustlib/x86_64-unknown-linux-gnu/bin/rust-lld -flavor gnu -plugin /usr/lib/gcc/x86_64-linux-gnu/11/liblto_plugin.so -plugin-opt=/usr/lib/gcc/x86_64-linux-gnu/11/lto-wrapper -plugin-opt=-fresolution=/tmp/cc2HZZiY.res --build-id --eh-frame-hdr -m elf_x86_64 --hash-style=gnu --as-needed -dynamic-linker /lib64/ld-linux-x86-64.so.2 -pie -z now -z relro -o /tmp/rustdoctestzCuAaN/rust_out /usr/lib/gcc/x86_64-linux-gnu/11/../../../x86_64-linux-gnu/Scrt1.o /usr/lib/gcc/x86_64-linux-gnu/11/../../../x86_64-linux-gnu/crti.o /usr/lib/gcc/x86_64-linux-gnu/11/crtbeginS.o -L/opt/rustwide/rustup-home/toolchains/nightly-2025-01-18-x86_64-unknown-linux-gnu/lib/rustlib/x86_64-unknown-linux-gnu/lib -L/opt/rustwide/rustup-home/toolchains/nightly-2025-01-18-x86_64-unknown-linux-gnu/lib/rustlib/x86_64-unknown-linux-gnu/bin/gcc-ld -L/usr/lib/gcc/x86_64-linux-gnu/11 -L/usr/lib/gcc/x86_64-linux-gnu/11/../../../x86_64-linux-gnu -L/usr/lib/gcc/x86_64-linux-gnu/11/../../../../lib -L/lib/x86_64-linux-gnu -L/lib/../lib -L/usr/lib/x86_64-linux-gnu -L/usr/lib/../lib -L/usr/lib/gcc/x86_64-linux-gnu/11/../../.. /tmp/rustcpaZKZm/symbols.o /tmp/rustdoctestzCuAaN/rust_out.rust_out.6a3e3f7878aae58b-cgu.0.rcgu.o /tmp/rustdoctestzCuAaN/rust_out.04lx7tfanwnzd5fu5mylfyri7.rcgu.o --as-needed -Bstatic /opt/rustwide/target/debug/deps/libpushgen-86fe40c2a987ea34.rlib /opt/rustwide/target/debug/deps/libeither-9e7e392a8497717b.rlib /opt/rustwide/rustup-home/toolchains/nightly-2025-01-18-x86_64-unknown-linux-gnu/lib/rustlib/x86_64-unknown-linux-gnu/lib/libstd-006123e2ce67e99d.rlib /opt/rustwide/rustup-home/toolchains/nightly-2025-01-18-x86_64-unknown-linux-gnu/lib/rustlib/x86_64-unknown-linux-gnu/lib/libpanic_unwind-e1447e1efa6f1e57.rlib /opt/rustwide/rustup-home/toolchains/nightly-2025-01-18-x86_64-unknown-linux-gnu/lib/rustlib/x86_64-unknown-linux-gnu/lib/libobject-f6963a4916fcf097.rlib /opt/rustwide/rustup-home/toolchains/nightly-2025-01-18-x86_64-unknown-linux-gnu/lib/rustlib/x86_64-unknown-linux-gnu/lib/libmemchr-49a2d9af912f4524.rlib /opt/rustwide/rustup-home/toolchains/nightly-2025-01-18-x86_64-unknown-linux-gnu/lib/rustlib/x86_64-unknown-linux-gnu/lib/libaddr2line-04d19aad3936869d.rlib /opt/rustwide/rustup-home/toolchains/nightly-2025-01-18-x86_64-unknown-linux-gnu/lib/rustlib/x86_64-unknown-linux-gnu/lib/libgimli-483c235edb789db0.rlib /opt/rustwide/rustup-home/toolchains/nightly-2025-01-18-x86_64-unknown-linux-gnu/lib/rustlib/x86_64-unknown-linux-gnu/lib/librustc_demangle-294281af50b8f748.rlib /opt/rustwide/rustup-home/toolchains/nightly-2025-01-18-x86_64-unknown-linux-gnu/lib/rustlib/x86_64-unknown-linux-gnu/lib/libstd_detect-3b08295250aabc2a.rlib /opt/rustwide/rustup-home/toolchains/nightly-2025-01-18-x86_64-unknown-linux-gnu/lib/rustlib/x86_64-unknown-linux-gnu/lib/libhashbrown-4472d1e05ba0dfaf.rlib /opt/rustwide/rustup-home/toolchains/nightly-2025-01-18-x86_64-unknown-linux-gnu/lib/rustlib/x86_64-unknown-linux-gnu/lib/librustc_std_workspace_alloc-2ef099fac590e457.rlib /opt/rustwide/rustup-home/toolchains/nightly-2025-01-18-x86_64-unknown-linux-gnu/lib/rustlib/x86_64-unknown-linux-gnu/lib/libminiz_oxide-8a51f5e848546c29.rlib /opt/rustwide/rustup-home/toolchains/nightly-2025-01-18-x86_64-unknown-linux-gnu/lib/rustlib/x86_64-unknown-linux-gnu/lib/libadler2-3d3fa22b868db521.rlib /opt/rustwide/rustup-home/toolchains/nightly-2025-01-18-x86_64-unknown-linux-gnu/lib/rustlib/x86_64-unknown-linux-gnu/lib/libunwind-0ffda8b08e22dbea.rlib /opt/rustwide/rustup-home/toolchains/nightly-2025-01-18-x86_64-unknown-linux-gnu/lib/rustlib/x86_64-unknown-linux-gnu/lib/libcfg_if-b08f62458fdd43b9.rlib /opt/rustwide/rustup-home/toolchains/nightly-2025-01-18-x86_64-unknown-linux-gnu/lib/rustlib/x86_64-unknown-linux-gnu/lib/liblibc-559675126e63b890.rlib /opt/rustwide/rustup-home/toolchains/nightly-2025-01-18-x86_64-unknown-linux-gnu/lib/rustlib/x86_64-unknown-linux-gnu/lib/liballoc-fcf21c8d1c9c7b75.rlib /opt/rustwide/rustup-home/toolchains/nightly-2025-01-18-x86_64-unknown-linux-gnu/lib/rustlib/x86_64-unknown-linux-gnu/lib/librustc_std_workspace_core-e0b0460135bcf21d.rlib /opt/rustwide/rustup-home/toolchains/nightly-2025-01-18-x86_64-unknown-linux-gnu/lib/rustlib/x86_64-unknown-linux-gnu/lib/libcore-d4097fdcbddd3bc7.rlib /opt/rustwide/rustup-home/toolchains/nightly-2025-01-18-x86_64-unknown-linux-gnu/lib/rustlib/x86_64-unknown-linux-gnu/lib/libcompiler_builtins-fea484ac1eed7881.rlib -Bdynamic -lgcc_s -lutil -lrt -lpthread -lm -ldl -lc --eh-frame-hdr -z noexecstack --gc-sections -z relro -z now /usr/lib/gcc/x86_64-linux-gnu/11/crtendS.o /usr/lib/gcc/x86_64-linux-gnu/11/../../../x86_64-linux-gnu/crtn.o
[INFO] [stdout]           LLVM ERROR: IO failure on output stream: No space left on device
[INFO] [stdout]           collect2: error: ld returned 1 exit status
[INFO] [stdout]           
[INFO] [stdout] 
[INFO] [stdout] error: aborting due to 1 previous error
[INFO] [stdout] 
[INFO] [stdout] Couldn't compile the test.
[INFO] [stdout] ---- src/traits/from_gen.rs - traits::from_gen::FromGenerator (line 18) stdout ----
[INFO] [stdout] error: couldn't create a temp dir: No space left on device (os error 28) at path "/tmp/rustdoctestjID9Sl/rmetavZcsjj"
[INFO] [stdout] 
[INFO] [stdout] error: aborting due to 1 previous error
[INFO] [stdout] 
[INFO] [stdout] Couldn't compile the test.
[INFO] [stdout] ---- src/traits/from_gen.rs - traits::from_gen::FromGenerator (line 26) stdout ----
[INFO] [stdout] error: couldn't create a temp dir: No space left on device (os error 28) at path "/tmp/rustdoctestZtY80u/rmetaZZnwQr"
[INFO] [stdout] 
[INFO] [stdout] error: aborting due to 1 previous error
[INFO] [stdout] 
[INFO] [stdout] Couldn't compile the test.
[INFO] [stdout] ---- src/traits/generator_ext.rs - traits::generator_ext::GeneratorExt::all (line 41) stdout ----
[INFO] [stdout] error: couldn't create a temp dir: No space left on device (os error 28) at path "/tmp/rustdoctest69uTlt/rmetaRHPhZd"
[INFO] [stdout] 
[INFO] [stdout] error: aborting due to 1 previous error
[INFO] [stdout] 
[INFO] [stdout] Couldn't compile the test.
[INFO] [stdout] ---- src/traits/generator.rs - traits::generator::Generator (line 21) stdout ----
[INFO] [stdout] rustc-LLVM ERROR: IO failure on output stream: No space left on device
[INFO] [stdout] Couldn't compile the test.
[INFO] [stdout] ---- src/traits/generator_ext.rs - traits::generator_ext::GeneratorExt::any (line 92) stdout ----
[INFO] [stdout] error: couldn't create a temp dir: No space left on device (os error 28) at path "/tmp/rustdoctestS6h3fH/rmeta6waY9T"
[INFO] [stdout] 
[INFO] [stdout] error: aborting due to 1 previous error
[INFO] [stdout] 
[INFO] [stdout] Couldn't compile the test.
[INFO] [stdout] ---- src/traits/generator_ext.rs - traits::generator_ext::GeneratorExt (line 19) stdout ----
[INFO] [stdout] error: couldn't create a temp dir: No space left on device (os error 28) at path "/tmp/rustdoctestsli4o8/rmetan3NYX4"
[INFO] [stdout] 
[INFO] [stdout] error: aborting due to 1 previous error
[INFO] [stdout] 
[INFO] [stdout] Couldn't compile the test.
[INFO] [stdout] ---- src/traits/generator_ext.rs - traits::generator_ext::GeneratorExt::all (line 50) stdout ----
[INFO] [stdout] error: couldn't create a temp dir: No space left on device (os error 28) at path "/tmp/rustdoctesttD9VTz/rmeta4JB57G"
[INFO] [stdout] 
[INFO] [stdout] error: aborting due to 1 previous error
[INFO] [stdout] 
[INFO] [stdout] Couldn't compile the test.
[INFO] [stdout] ---- src/traits/generator.rs - traits::generator::Generator::try_advance (line 69) stdout ----
[INFO] [stdout] rustc-LLVM ERROR: IO failure on output stream: No space left on device
[INFO] [stdout] Couldn't compile the test.
[INFO] [stdout] ---- src/traits/from_gen.rs - traits::from_gen::FromGenerator (line 34) stdout ----
[INFO] [stdout] rustc-LLVM ERROR: IO failure on output stream: No space left on device
[INFO] [stdout] Couldn't compile the test.
[INFO] [stdout] ---- src/traits/generator_ext.rs - traits::generator_ext::GeneratorExt::boxed (line 722) stdout ----
[INFO] [stdout] error: couldn't create a temp dir: No space left on device (os error 28) at path "/tmp/rustdoctestkhCeYE/rmeta3FL19r"
[INFO] [stdout] 
[INFO] [stdout] error: aborting due to 1 previous error
[INFO] [stdout] 
[INFO] [stdout] Couldn't compile the test.
[INFO] [stdout] ---- src/traits/generator_ext.rs - traits::generator_ext::GeneratorExt::cloned (line 202) stdout ----
[INFO] [stdout] error: couldn't create a temp dir: No space left on device (os error 28) at path "/tmp/rustdoctestXmN7h0/rmetaAsfH7m"
[INFO] [stdout] 
[INFO] [stdout] error: aborting due to 1 previous error
[INFO] [stdout] 
[INFO] [stdout] Couldn't compile the test.
[INFO] [stdout] ---- src/traits/generator_ext.rs - traits::generator_ext::GeneratorExt::chain (line 246) stdout ----
[INFO] [stdout] error: couldn't create a temp dir: No space left on device (os error 28) at path "/tmp/rustdoctesto7HUju/rmeta3iq0bj"
[INFO] [stdout] 
[INFO] [stdout] error: aborting due to 1 previous error
[INFO] [stdout] 
[INFO] [stdout] Couldn't compile the test.
[INFO] [stdout] ---- src/traits/generator_ext.rs - traits::generator_ext::GeneratorExt::any (line 103) stdout ----
[INFO] [stdout] error: couldn't create a temp dir: No space left on device (os error 28) at path "/tmp/rustdoctestkfC1Ig/rmetaMgTege"
[INFO] [stdout] 
[INFO] [stdout] error: aborting due to 1 previous error
[INFO] [stdout] 
[INFO] [stdout] Couldn't compile the test.
[INFO] [stdout] ---- src/traits/generator_ext.rs - traits::generator_ext::GeneratorExt::dedup (line 647) stdout ----
[INFO] [stdout] error: couldn't create a temp dir: No space left on device (os error 28) at path "/tmp/rustdoctest8BgRzg/rmetalxhYBq"
[INFO] [stdout] 
[INFO] [stdout] error: aborting due to 1 previous error
[INFO] [stdout] 
[INFO] [stdout] Couldn't compile the test.
[INFO] [stdout] ---- src/traits/generator_ext.rs - traits::generator_ext::GeneratorExt::copied (line 226) stdout ----
[INFO] [stdout] error: couldn't create a temp dir: No space left on device (os error 28) at path "/tmp/rustdoctestbXRHjP/rmetawyOq7v"
[INFO] [stdout] 
[INFO] [stdout] error: aborting due to 1 previous error
[INFO] [stdout] 
[INFO] [stdout] Couldn't compile the test.
[INFO] [stdout] ---- src/traits/generator_ext.rs - traits::generator_ext::GeneratorExt::flat_map (line 463) stdout ----
[INFO] [stdout] error: couldn't create a temp dir: No space left on device (os error 28) at path "/tmp/rustdoctestDOe3Ni/rmetaO4xfbV"
[INFO] [stdout] 
[INFO] [stdout] error: aborting due to 1 previous error
[INFO] [stdout] 
[INFO] [stdout] Couldn't compile the test.
[INFO] [stdout] ---- src/traits/generator_ext.rs - traits::generator_ext::GeneratorExt::filter_map (line 300) stdout ----
[INFO] [stdout] error: couldn't create a temp dir: No space left on device (os error 28) at path "/tmp/rustdoctest4CbEts/rmetarZtRCO"
[INFO] [stdout] 
[INFO] [stdout] error: aborting due to 1 previous error
[INFO] [stdout] 
[INFO] [stdout] Couldn't compile the test.
[INFO] [stdout] ---- src/traits/generator_ext.rs - traits::generator_ext::GeneratorExt::enumerate (line 1463) stdout ----
[INFO] [stdout] error: couldn't create a temp dir: No space left on device (os error 28) at path "/tmp/rustdoctestat1tKI/rmeta9ijwTh"
[INFO] [stdout] 
[INFO] [stdout] error: aborting due to 1 previous error
[INFO] [stdout] 
[INFO] [stdout] Couldn't compile the test.
[INFO] [stdout] ---- src/traits/generator_ext.rs - traits::generator_ext::GeneratorExt::for_each (line 535) stdout ----
[INFO] [stdout] error: couldn't create a temp dir: No space left on device (os error 28) at path "/tmp/rustdoctestVL7D0G/rmetauIwudt"
[INFO] [stdout] 
[INFO] [stdout] error: aborting due to 1 previous error
[INFO] [stdout] 
[INFO] [stdout] Couldn't compile the test.
[INFO] [stdout] ---- src/traits/generator_ext.rs - traits::generator_ext::GeneratorExt::collect (line 1425) stdout ----
[INFO] [stdout] rustc-LLVM ERROR: IO failure on output stream: No space left on device
[INFO] [stdout] Couldn't compile the test.
[INFO] [stdout] ---- src/traits/generator_ext.rs - traits::generator_ext::GeneratorExt::filter (line 267) stdout ----
[INFO] [stdout] error: couldn't create a temp dir: No space left on device (os error 28) at path "/tmp/rustdoctestBoW95p/rmetaw4dU9u"
[INFO] [stdout] 
[INFO] [stdout] error: aborting due to 1 previous error
[INFO] [stdout] 
[INFO] [stdout] Couldn't compile the test.
[INFO] [stdout] ---- src/traits/generator_ext.rs - traits::generator_ext::GeneratorExt::filter_map (line 312) stdout ----
[INFO] [stdout] error: couldn't create a temp dir: No space left on device (os error 28) at path "/tmp/rustdoctest8n8f8G/rmeta435P9f"
[INFO] [stdout] 
[INFO] [stdout] error: aborting due to 1 previous error
[INFO] [stdout] 
[INFO] [stdout] Couldn't compile the test.
[INFO] [stdout] ---- src/traits/generator_ext.rs - traits::generator_ext::GeneratorExt::last (line 169) stdout ----
[INFO] [stdout] error: couldn't create a temp dir: No space left on device (os error 28) at path "/tmp/rustdoctestSNFoqu/rmetavufjtX"
[INFO] [stdout] 
[INFO] [stdout] error: aborting due to 1 previous error
[INFO] [stdout] 
[INFO] [stdout] Couldn't compile the test.
[INFO] [stdout] ---- src/traits/generator_ext.rs - traits::generator_ext::GeneratorExt::iter (line 668) stdout ----
[INFO] [stdout] error: couldn't create a temp dir: No space left on device (os error 28) at path "/tmp/rustdoctestEdKpze/rmeta3iP5Gy"
[INFO] [stdout] 
[INFO] [stdout] error: aborting due to 1 previous error
[INFO] [stdout] 
[INFO] [stdout] Couldn't compile the test.
[INFO] [stdout] ---- src/traits/generator_ext.rs - traits::generator_ext::GeneratorExt::flatten (line 507) stdout ----
[INFO] [stdout] rustc-LLVM ERROR: IO failure on output stream: No space left on device
[INFO] [stdout] Couldn't compile the test.
[INFO] [stdout] ---- src/traits/generator_ext.rs - traits::generator_ext::GeneratorExt::max_by_key (line 1105) stdout ----
[INFO] [stdout] rustc-LLVM ERROR: IO failure on output stream: No space left on device
[INFO] [stdout] Couldn't compile the test.
[INFO] [stdout] ---- src/traits/generator_ext.rs - traits::generator_ext::GeneratorExt::map (line 333) stdout ----
[INFO] [stdout] rustc-LLVM ERROR: IO failure on output stream: No space left on device
[INFO] [stdout] Couldn't compile the test.
[INFO] [stdout] ---- src/traits/generator_ext.rs - traits::generator_ext::GeneratorExt::fold (line 1161) stdout ----
[INFO] [stdout] rustc-LLVM ERROR: IO failure on output stream: No space left on device
[INFO] [stdout] Couldn't compile the test.
[INFO] [stdout] ---- src/traits/generator_ext.rs - traits::generator_ext::GeneratorExt::inspect (line 1490) stdout ----
[INFO] [stdout] rustc-LLVM ERROR: IO failure on output stream: No space left on device
[INFO] [stdout] Couldn't compile the test.
[INFO] [stdout] ---- src/traits/generator_ext.rs - traits::generator_ext::GeneratorExt::max (line 993) stdout ----
[INFO] [stdout] error: couldn't create a temp dir: No space left on device (os error 28) at path "/tmp/rustdoctestmMKlsg/rmetacTdYCE"
[INFO] [stdout] 
[INFO] [stdout] error: aborting due to 1 previous error
[INFO] [stdout] 
[INFO] [stdout] Couldn't compile the test.
[INFO] [stdout] ---- src/traits/generator_ext.rs - traits::generator_ext::GeneratorExt::min_by (line 871) stdout ----
[INFO] [stdout] error: couldn't create a temp dir: No space left on device (os error 28) at path "/tmp/rustdoctestoUcCCA/rmetaxoXoGk"
[INFO] [stdout] 
[INFO] [stdout] error: aborting due to 1 previous error
[INFO] [stdout] 
[INFO] [stdout] Couldn't compile the test.
[INFO] [stdout] ---- src/traits/generator_ext.rs - traits::generator_ext::GeneratorExt::next (line 139) stdout ----
[INFO] [stdout] rustc-LLVM ERROR: IO failure on output stream: No space left on device
[INFO] [stdout] Couldn't compile the test.
[INFO] [stdout] ---- src/traits/generator_ext.rs - traits::generator_ext::GeneratorExt::min_by_key (line 949) stdout ----
[INFO] [stdout] rustc-LLVM ERROR: IO failure on output stream: No space left on device
[INFO] [stdout] Couldn't compile the test.
[INFO] [stdout] ---- src/traits/generator_ext.rs - traits::generator_ext::GeneratorExt::flatten (line 495) stdout ----
[INFO] [stdout] rustc-LLVM ERROR: IO failure on output stream: No space left on device
[INFO] [stdout] Couldn't compile the test.
[INFO] [stdout] ---- src/traits/generator_ext.rs - traits::generator_ext::GeneratorExt::try_max_by (line 1061) stdout ----
[INFO] [stdout] error[E0432]: unresolved import `pushgen::test`
[INFO] [stdout]   --> src/traits/generator_ext.rs:1064:14
[INFO] [stdout]    |
[INFO] [stdout] 6  | use pushgen::test::StoppingGen;
[INFO] [stdout]    |              ^^^^ could not find `test` in `pushgen`
[INFO] [stdout]    |
[INFO] [stdout] note: found an item that was configured out
[INFO] [stdout]   --> /opt/rustwide/workdir/src/lib.rs:63:9
[INFO] [stdout]    |
[INFO] [stdout] 63 | pub mod test;
[INFO] [stdout]    |         ^^^^
[INFO] [stdout] note: the item is gated here
[INFO] [stdout]   --> /opt/rustwide/workdir/src/lib.rs:61:1
[INFO] [stdout]    |
[INFO] [stdout] 61 | #[cfg(any(test, feature = "test"))]
[INFO] [stdout]    | ^^^^^^^^^^^^^^^^^^^^^^^^^^^^^^^^^^^
[INFO] [stdout] 
[INFO] [stdout] error: aborting due to 1 previous error
[INFO] [stdout] 
[INFO] [stdout] For more information about this error, try `rustc --explain E0432`.
[INFO] [stdout] Couldn't compile the test.
[INFO] [stdout] ---- src/traits/generator_ext.rs - traits::generator_ext::GeneratorExt::try_min_by (line 905) stdout ----
[INFO] [stdout] error[E0432]: unresolved import `pushgen::test`
[INFO] [stdout]   --> src/traits/generator_ext.rs:908:14
[INFO] [stdout]    |
[INFO] [stdout] 6  | use pushgen::test::StoppingGen;
[INFO] [stdout]    |              ^^^^ could not find `test` in `pushgen`
[INFO] [stdout]    |
[INFO] [stdout] note: found an item that was configured out
[INFO] [stdout]   --> /opt/rustwide/workdir/src/lib.rs:63:9
[INFO] [stdout]    |
[INFO] [stdout] 63 | pub mod test;
[INFO] [stdout]    |         ^^^^
[INFO] [stdout] note: the item is gated here
[INFO] [stdout]   --> /opt/rustwide/workdir/src/lib.rs:61:1
[INFO] [stdout]    |
[INFO] [stdout] 61 | #[cfg(any(test, feature = "test"))]
[INFO] [stdout]    | ^^^^^^^^^^^^^^^^^^^^^^^^^^^^^^^^^^^
[INFO] [stdout] 
[INFO] [stdout] error: aborting due to 1 previous error
[INFO] [stdout] 
[INFO] [stdout] For more information about this error, try `rustc --explain E0432`.
[INFO] [stdout] Couldn't compile the test.
[INFO] [stdout] ---- src/traits/generator_ext.rs - traits::generator_ext::GeneratorExt::try_reduce (line 1356) stdout ----
[INFO] [stdout] error[E0432]: unresolved import `pushgen::test`
[INFO] [stdout]   --> src/traits/generator_ext.rs:1359:14
[INFO] [stdout]    |
[INFO] [stdout] 6  | use pushgen::test::StoppingGen; // Available with feature `test`
[INFO] [stdout]    |              ^^^^ could not find `test` in `pushgen`
[INFO] [stdout]    |
[INFO] [stdout] note: found an item that was configured out
[INFO] [stdout]   --> /opt/rustwide/workdir/src/lib.rs:63:9
[INFO] [stdout]    |
[INFO] [stdout] 63 | pub mod test;
[INFO] [stdout]    |         ^^^^
[INFO] [stdout] note: the item is gated here
[INFO] [stdout]   --> /opt/rustwide/workdir/src/lib.rs:61:1
[INFO] [stdout]    |
[INFO] [stdout] 61 | #[cfg(any(test, feature = "test"))]
[INFO] [stdout]    | ^^^^^^^^^^^^^^^^^^^^^^^^^^^^^^^^^^^
[INFO] [stdout] 
[INFO] [stdout] error: aborting due to 1 previous error
[INFO] [stdout] 
[INFO] [stdout] For more information about this error, try `rustc --explain E0432`.
[INFO] [stdout] Couldn't compile the test.
[INFO] [stdout] 
[INFO] [stdout] failures:
[INFO] [stdout]     src/generators/from_fn.rs - generators::from_fn::from_fn (line 17)
[INFO] [stdout]     src/generators/from_iter.rs - generators::from_iter::from_iter (line 11)
[INFO] [stdout]     src/generators/slice_generator.rs - generators::slice_generator::SliceGenerator (line 8)
[INFO] [stdout]     src/lib.rs - (line 19)
[INFO] [stdout]     src/lib.rs - (line 9)
[INFO] [stdout]     src/result.rs - result::TryReduction<T>::is_complete (line 70)
[INFO] [stdout]     src/result.rs - result::TryReduction<T>::is_partial (line 87)
[INFO] [stdout]     src/result.rs - result::TryReduction<T>::unwrap (line 104)
[INFO] [stdout]     src/traits/from_gen.rs - traits::from_gen::FromGenerator (line 18)
[INFO] [stdout]     src/traits/from_gen.rs - traits::from_gen::FromGenerator (line 26)
[INFO] [stdout]     src/traits/from_gen.rs - traits::from_gen::FromGenerator (line 34)
[INFO] [stdout]     src/traits/generator.rs - traits::generator::Generator (line 21)
[INFO] [stdout]     src/traits/generator.rs - traits::generator::Generator::try_advance (line 69)
[INFO] [stdout]     src/traits/generator_ext.rs - traits::generator_ext::GeneratorExt (line 19)
[INFO] [stdout]     src/traits/generator_ext.rs - traits::generator_ext::GeneratorExt::all (line 41)
[INFO] [stdout]     src/traits/generator_ext.rs - traits::generator_ext::GeneratorExt::all (line 50)
[INFO] [stdout]     src/traits/generator_ext.rs - traits::generator_ext::GeneratorExt::any (line 103)
[INFO] [stdout]     src/traits/generator_ext.rs - traits::generator_ext::GeneratorExt::any (line 92)
[INFO] [stdout]     src/traits/generator_ext.rs - traits::generator_ext::GeneratorExt::boxed (line 722)
[INFO] [stdout]     src/traits/generator_ext.rs - traits::generator_ext::GeneratorExt::chain (line 246)
[INFO] [stdout]     src/traits/generator_ext.rs - traits::generator_ext::GeneratorExt::cloned (line 202)
[INFO] [stdout]     src/traits/generator_ext.rs - traits::generator_ext::GeneratorExt::collect (line 1425)
[INFO] [stdout]     src/traits/generator_ext.rs - traits::generator_ext::GeneratorExt::copied (line 226)
[INFO] [stdout]     src/traits/generator_ext.rs - traits::generator_ext::GeneratorExt::dedup (line 647)
[INFO] [stdout]     src/traits/generator_ext.rs - traits::generator_ext::GeneratorExt::enumerate (line 1463)
[INFO] [stdout]     src/traits/generator_ext.rs - traits::generator_ext::GeneratorExt::filter (line 267)
[INFO] [stdout]     src/traits/generator_ext.rs - traits::generator_ext::GeneratorExt::filter_map (line 300)
[INFO] [stdout]     src/traits/generator_ext.rs - traits::generator_ext::GeneratorExt::filter_map (line 312)
[INFO] [stdout]     src/traits/generator_ext.rs - traits::generator_ext::GeneratorExt::flat_map (line 463)
[INFO] [stdout]     src/traits/generator_ext.rs - traits::generator_ext::GeneratorExt::flatten (line 495)
[INFO] [stdout]     src/traits/generator_ext.rs - traits::generator_ext::GeneratorExt::flatten (line 507)
[INFO] [stdout]     src/traits/generator_ext.rs - traits::generator_ext::GeneratorExt::fold (line 1161)
[INFO] [stdout]     src/traits/generator_ext.rs - traits::generator_ext::GeneratorExt::for_each (line 535)
[INFO] [stdout]     src/traits/generator_ext.rs - traits::generator_ext::GeneratorExt::inspect (line 1490)
[INFO] [stdout]     src/traits/generator_ext.rs - traits::generator_ext::GeneratorExt::iter (line 668)
[INFO] [stdout]     src/traits/generator_ext.rs - traits::generator_ext::GeneratorExt::last (line 169)
[INFO] [stdout]     src/traits/generator_ext.rs - traits::generator_ext::GeneratorExt::map (line 333)
[INFO] [stdout]     src/traits/generator_ext.rs - traits::generator_ext::GeneratorExt::max (line 993)
[INFO] [stdout]     src/traits/generator_ext.rs - traits::generator_ext::GeneratorExt::max_by_key (line 1105)
[INFO] [stdout]     src/traits/generator_ext.rs - traits::generator_ext::GeneratorExt::min_by (line 871)
[INFO] [stdout]     src/traits/generator_ext.rs - traits::generator_ext::GeneratorExt::min_by_key (line 949)
[INFO] [stdout]     src/traits/generator_ext.rs - traits::generator_ext::GeneratorExt::next (line 139)
[INFO] [stdout]     src/traits/generator_ext.rs - traits::generator_ext::GeneratorExt::try_max_by (line 1061)
[INFO] [stdout]     src/traits/generator_ext.rs - traits::generator_ext::GeneratorExt::try_min_by (line 905)
[INFO] [stdout]     src/traits/generator_ext.rs - traits::generator_ext::GeneratorExt::try_reduce (line 1356)
[INFO] [stdout] 
[INFO] [stdout] test result: FAILED. 18 passed; 45 failed; 0 ignored; 0 measured; 0 filtered out; finished in 4.27s
[INFO] [stdout] 
[INFO] [stderr] error: doctest failed, to rerun pass `--doc`
[INFO] running `Command { std: "docker" "inspect" "ba0c6404bd9f03c0a8c37c744e9e568f1078b1bf7a946b51d7d5a401a584c3c2", kill_on_drop: false }`
[INFO] running `Command { std: "docker" "rm" "-f" "ba0c6404bd9f03c0a8c37c744e9e568f1078b1bf7a946b51d7d5a401a584c3c2", kill_on_drop: false }`
[INFO] [stdout] ba0c6404bd9f03c0a8c37c744e9e568f1078b1bf7a946b51d7d5a401a584c3c2
