[INFO] fetching crate pubcfg 0.0.0...
[INFO] testing pubcfg-0.0.0 against nightly-2025-01-18+rustflags=-Zrandomize-layout for randomize-layout-2
[INFO] extracting crate pubcfg 0.0.0 into /workspace/builds/worker-5-tc2/source
[INFO] validating manifest of crates.io crate pubcfg 0.0.0 on toolchain nightly-2025-01-18
[INFO] running `Command { std: CARGO_HOME="/workspace/cargo-home" RUSTUP_HOME="/workspace/rustup-home" "/workspace/cargo-home/bin/cargo" "+nightly-2025-01-18" "metadata" "--manifest-path" "Cargo.toml" "--no-deps", kill_on_drop: false }`
[INFO] started tweaking crates.io crate pubcfg 0.0.0
[INFO] finished tweaking crates.io crate pubcfg 0.0.0
[INFO] tweaked toml for crates.io crate pubcfg 0.0.0 written to /workspace/builds/worker-5-tc2/source/Cargo.toml
[INFO] running `Command { std: CARGO_HOME="/workspace/cargo-home" RUSTUP_HOME="/workspace/rustup-home" "/workspace/cargo-home/bin/cargo" "+nightly-2025-01-18" "generate-lockfile" "--manifest-path" "Cargo.toml", kill_on_drop: false }`
[INFO] [stderr]     Updating crates.io index
[INFO] [stderr]      Locking 4 packages to latest compatible versions
[INFO] [stderr]       Adding syn v1.0.109 (available: v2.0.96)
[INFO] running `Command { std: CARGO_HOME="/workspace/cargo-home" RUSTUP_HOME="/workspace/rustup-home" "/workspace/cargo-home/bin/cargo" "+nightly-2025-01-18" "fetch" "--manifest-path" "Cargo.toml", kill_on_drop: false }`
[INFO] running `Command { std: "docker" "create" "-v" "/var/lib/crater-agent-workspace/builds/worker-5-tc2/target:/opt/rustwide/target:rw,Z" "-v" "/var/lib/crater-agent-workspace/builds/worker-5-tc2/source:/opt/rustwide/workdir:ro,Z" "-v" "/var/lib/crater-agent-workspace/cargo-home:/opt/rustwide/cargo-home:ro,Z" "-v" "/var/lib/crater-agent-workspace/rustup-home:/opt/rustwide/rustup-home:ro,Z" "-e" "SOURCE_DIR=/opt/rustwide/workdir" "-e" "CARGO_TARGET_DIR=/opt/rustwide/target" "-e" "CARGO_HOME=/opt/rustwide/cargo-home" "-e" "RUSTUP_HOME=/opt/rustwide/rustup-home" "-w" "/opt/rustwide/workdir" "-m" "1610612736" "--user" "0:0" "--network" "none" "ghcr.io/rust-lang/crates-build-env/linux@sha256:819108c5571ea2e421544af4d832f968d213c87fbe3707a016657f43d2f853bc" "/opt/rustwide/cargo-home/bin/cargo" "+nightly-2025-01-18" "metadata" "--no-deps" "--format-version=1", kill_on_drop: false }`
[INFO] [stdout] ae57e92dd804dc43fca8204e2694b422f06519f86e28b4e9a62e14aa3d8f3596
[INFO] running `Command { std: "docker" "start" "-a" "ae57e92dd804dc43fca8204e2694b422f06519f86e28b4e9a62e14aa3d8f3596", kill_on_drop: false }`
[INFO] running `Command { std: "docker" "inspect" "ae57e92dd804dc43fca8204e2694b422f06519f86e28b4e9a62e14aa3d8f3596", kill_on_drop: false }`
[INFO] running `Command { std: "docker" "rm" "-f" "ae57e92dd804dc43fca8204e2694b422f06519f86e28b4e9a62e14aa3d8f3596", kill_on_drop: false }`
[INFO] [stdout] ae57e92dd804dc43fca8204e2694b422f06519f86e28b4e9a62e14aa3d8f3596
[INFO] running `Command { std: "docker" "create" "-v" "/var/lib/crater-agent-workspace/builds/worker-5-tc2/target:/opt/rustwide/target:rw,Z" "-v" "/var/lib/crater-agent-workspace/builds/worker-5-tc2/source:/opt/rustwide/workdir:ro,Z" "-v" "/var/lib/crater-agent-workspace/cargo-home:/opt/rustwide/cargo-home:ro,Z" "-v" "/var/lib/crater-agent-workspace/rustup-home:/opt/rustwide/rustup-home:ro,Z" "-e" "SOURCE_DIR=/opt/rustwide/workdir" "-e" "CARGO_TARGET_DIR=/opt/rustwide/target" "-e" "CARGO_INCREMENTAL=0" "-e" "RUST_BACKTRACE=full" "-e" "RUSTFLAGS=--cap-lints=forbid -Zrandomize-layout" "-e" "RUSTDOCFLAGS=--cap-lints=forbid" "-e" "CARGO_HOME=/opt/rustwide/cargo-home" "-e" "RUSTUP_HOME=/opt/rustwide/rustup-home" "-w" "/opt/rustwide/workdir" "-m" "1610612736" "--user" "0:0" "--network" "none" "ghcr.io/rust-lang/crates-build-env/linux@sha256:819108c5571ea2e421544af4d832f968d213c87fbe3707a016657f43d2f853bc" "/opt/rustwide/cargo-home/bin/cargo" "+nightly-2025-01-18" "build" "--frozen" "--message-format=json", kill_on_drop: false }`
[INFO] [stdout] ce9fcadad1a4e0fef704807ccb5b566605d5e26191d6776541e86e7ef3e681cf
[INFO] running `Command { std: "docker" "start" "-a" "ce9fcadad1a4e0fef704807ccb5b566605d5e26191d6776541e86e7ef3e681cf", kill_on_drop: false }`
[INFO] [stderr]    Compiling proc-macro2 v1.0.93
[INFO] [stderr]    Compiling unicode-ident v1.0.14
[INFO] [stderr]    Compiling syn v1.0.109
[INFO] [stderr]    Compiling quote v1.0.38
[INFO] [stderr]    Compiling pubcfg v0.0.0 (/opt/rustwide/workdir)
[INFO] [stdout] warning: unused imports: `Delimiter`, `Group`, and `TokenTree`
[INFO] [stdout]  --> src/lib.rs:4:19
[INFO] [stdout]   |
[INFO] [stdout] 4 | use proc_macro2::{TokenTree, Delimiter, Group};
[INFO] [stdout]   |                   ^^^^^^^^^  ^^^^^^^^^  ^^^^^
[INFO] [stdout]   |
[INFO] [stdout]   = note: `#[warn(unused_imports)]` on by default
[INFO] [stdout] 
[INFO] [stdout] 
[INFO] [stdout] warning: unused import: `quote_spanned`
[INFO] [stdout]  --> src/lib.rs:5:20
[INFO] [stdout]   |
[INFO] [stdout] 5 | use quote::{quote, quote_spanned};
[INFO] [stdout]   |                    ^^^^^^^^^^^^^
[INFO] [stdout] 
[INFO] [stdout] 
[INFO] [stdout] warning: unused import: `syn::token`
[INFO] [stdout]  --> src/lib.rs:7:5
[INFO] [stdout]   |
[INFO] [stdout] 7 | use syn::token;
[INFO] [stdout]   |     ^^^^^^^^^^
[INFO] [stdout] 
[INFO] [stdout] 
[INFO] [stdout] warning: unused import: `syn::spanned::Spanned`
[INFO] [stdout]  --> src/lib.rs:8:5
[INFO] [stdout]   |
[INFO] [stdout] 8 | use syn::spanned::Spanned;
[INFO] [stdout]   |     ^^^^^^^^^^^^^^^^^^^^^
[INFO] [stdout] 
[INFO] [stdout] 
[INFO] [stdout] warning: unused imports: `Expr`, `Token`, `Type`, and `Visibility`
[INFO] [stdout]  --> src/lib.rs:9:30
[INFO] [stdout]   |
[INFO] [stdout] 9 | use syn::{parse_macro_input, Expr, Ident, Token, Type, Visibility};
[INFO] [stdout]   |                              ^^^^         ^^^^^  ^^^^  ^^^^^^^^^^
[INFO] [stdout] 
[INFO] [stdout] 
[INFO] [stdout] warning: unused import: `syn::buffer::Cursor`
[INFO] [stdout]   --> src/lib.rs:10:5
[INFO] [stdout]    |
[INFO] [stdout] 10 | use syn::buffer::Cursor;
[INFO] [stdout]    |     ^^^^^^^^^^^^^^^^^^^
[INFO] [stdout] 
[INFO] [stdout] 
[INFO] [stdout] warning: `#[macro_export]` only has an effect on macro definitions
[INFO] [stdout]   --> src/lib.rs:86:1
[INFO] [stdout]    |
[INFO] [stdout] 86 | #[macro_export]
[INFO] [stdout]    | ^^^^^^^^^^^^^^^
[INFO] [stdout]    |
[INFO] [stdout]    = note: `#[warn(unused_attributes)]` on by default
[INFO] [stdout] 
[INFO] [stdout] 
[INFO] [stdout] warning: unused variable: `input`
[INFO] [stdout]   --> src/lib.rs:40:14
[INFO] [stdout]    |
[INFO] [stdout] 40 |     fn parse(input: ParseStream) -> Result<Self> {
[INFO] [stdout]    |              ^^^^^ help: if this is intentional, prefix it with an underscore: `_input`
[INFO] [stdout]    |
[INFO] [stdout]    = note: `#[warn(unused_variables)]` on by default
[INFO] [stdout] 
[INFO] [stdout] 
[INFO] [stdout] warning: unused variable: `scheme`
[INFO] [stdout]   --> src/lib.rs:55:13
[INFO] [stdout]    |
[INFO] [stdout] 55 |         let scheme: Ident = input.parse()?;
[INFO] [stdout]    |             ^^^^^^ help: if this is intentional, prefix it with an underscore: `_scheme`
[INFO] [stdout] 
[INFO] [stdout] 
[INFO] [stdout] warning: unused variable: `semver`
[INFO] [stdout]   --> src/lib.rs:57:14
[INFO] [stdout]    |
[INFO] [stdout] 57 |         let (semver, cursor) = {
[INFO] [stdout]    |              ^^^^^^ help: if this is intentional, prefix it with an underscore: `_semver`
[INFO] [stdout] 
[INFO] [stdout] 
[INFO] [stdout] warning: unused variable: `cursor`
[INFO] [stdout]   --> src/lib.rs:57:22
[INFO] [stdout]    |
[INFO] [stdout] 57 |         let (semver, cursor) = {
[INFO] [stdout]    |                      ^^^^^^ help: if this is intentional, prefix it with an underscore: `_cursor`
[INFO] [stdout] 
[INFO] [stdout] 
[INFO] [stderr]     Finished `dev` profile [unoptimized + debuginfo] target(s) in 5.78s
[INFO] running `Command { std: "docker" "inspect" "ce9fcadad1a4e0fef704807ccb5b566605d5e26191d6776541e86e7ef3e681cf", kill_on_drop: false }`
[INFO] running `Command { std: "docker" "rm" "-f" "ce9fcadad1a4e0fef704807ccb5b566605d5e26191d6776541e86e7ef3e681cf", kill_on_drop: false }`
[INFO] [stdout] ce9fcadad1a4e0fef704807ccb5b566605d5e26191d6776541e86e7ef3e681cf
[INFO] running `Command { std: "docker" "create" "-v" "/var/lib/crater-agent-workspace/builds/worker-5-tc2/target:/opt/rustwide/target:rw,Z" "-v" "/var/lib/crater-agent-workspace/builds/worker-5-tc2/source:/opt/rustwide/workdir:ro,Z" "-v" "/var/lib/crater-agent-workspace/cargo-home:/opt/rustwide/cargo-home:ro,Z" "-v" "/var/lib/crater-agent-workspace/rustup-home:/opt/rustwide/rustup-home:ro,Z" "-e" "SOURCE_DIR=/opt/rustwide/workdir" "-e" "CARGO_TARGET_DIR=/opt/rustwide/target" "-e" "CARGO_INCREMENTAL=0" "-e" "RUST_BACKTRACE=full" "-e" "RUSTFLAGS=--cap-lints=forbid -Zrandomize-layout" "-e" "RUSTDOCFLAGS=--cap-lints=forbid" "-e" "CARGO_HOME=/opt/rustwide/cargo-home" "-e" "RUSTUP_HOME=/opt/rustwide/rustup-home" "-w" "/opt/rustwide/workdir" "-m" "1610612736" "--user" "0:0" "--network" "none" "ghcr.io/rust-lang/crates-build-env/linux@sha256:819108c5571ea2e421544af4d832f968d213c87fbe3707a016657f43d2f853bc" "/opt/rustwide/cargo-home/bin/cargo" "+nightly-2025-01-18" "test" "--frozen" "--no-run" "--message-format=json", kill_on_drop: false }`
[INFO] [stdout] dc96f1bc3d09ad3c22f88446192d8459ca8fac775556bd41384e2529fd0c6024
[INFO] running `Command { std: "docker" "start" "-a" "dc96f1bc3d09ad3c22f88446192d8459ca8fac775556bd41384e2529fd0c6024", kill_on_drop: false }`
[INFO] [stderr]    Compiling pubcfg v0.0.0 (/opt/rustwide/workdir)
[INFO] [stdout] warning: unused imports: `Delimiter`, `Group`, and `TokenTree`
[INFO] [stdout]  --> src/lib.rs:4:19
[INFO] [stdout]   |
[INFO] [stdout] 4 | use proc_macro2::{TokenTree, Delimiter, Group};
[INFO] [stdout]   |                   ^^^^^^^^^  ^^^^^^^^^  ^^^^^
[INFO] [stdout]   |
[INFO] [stdout]   = note: `#[warn(unused_imports)]` on by default
[INFO] [stdout] 
[INFO] [stdout] 
[INFO] [stdout] warning: unused import: `quote_spanned`
[INFO] [stdout]  --> src/lib.rs:5:20
[INFO] [stdout]   |
[INFO] [stdout] 5 | use quote::{quote, quote_spanned};
[INFO] [stdout]   |                    ^^^^^^^^^^^^^
[INFO] [stdout] 
[INFO] [stdout] 
[INFO] [stdout] warning: unused import: `syn::token`
[INFO] [stdout]  --> src/lib.rs:7:5
[INFO] [stdout]   |
[INFO] [stdout] 7 | use syn::token;
[INFO] [stdout]   |     ^^^^^^^^^^
[INFO] [stdout] 
[INFO] [stdout] 
[INFO] [stdout] warning: unused import: `syn::spanned::Spanned`
[INFO] [stdout]  --> src/lib.rs:8:5
[INFO] [stdout]   |
[INFO] [stdout] 8 | use syn::spanned::Spanned;
[INFO] [stdout]   |     ^^^^^^^^^^^^^^^^^^^^^
[INFO] [stdout] 
[INFO] [stdout] 
[INFO] [stdout] warning: unused imports: `Expr`, `Token`, `Type`, and `Visibility`
[INFO] [stdout]  --> src/lib.rs:9:30
[INFO] [stdout]   |
[INFO] [stdout] 9 | use syn::{parse_macro_input, Expr, Ident, Token, Type, Visibility};
[INFO] [stdout]   |                              ^^^^         ^^^^^  ^^^^  ^^^^^^^^^^
[INFO] [stdout] 
[INFO] [stdout] 
[INFO] [stdout] warning: unused import: `syn::buffer::Cursor`
[INFO] [stdout]   --> src/lib.rs:10:5
[INFO] [stdout]    |
[INFO] [stdout] 10 | use syn::buffer::Cursor;
[INFO] [stdout]    |     ^^^^^^^^^^^^^^^^^^^
[INFO] [stdout] 
[INFO] [stdout] 
[INFO] [stdout] warning: `#[macro_export]` only has an effect on macro definitions
[INFO] [stdout]   --> src/lib.rs:86:1
[INFO] [stdout]    |
[INFO] [stdout] 86 | #[macro_export]
[INFO] [stdout]    | ^^^^^^^^^^^^^^^
[INFO] [stdout]    |
[INFO] [stdout]    = note: `#[warn(unused_attributes)]` on by default
[INFO] [stdout] 
[INFO] [stdout] 
[INFO] [stdout] warning: unused variable: `input`
[INFO] [stdout]   --> src/lib.rs:40:14
[INFO] [stdout]    |
[INFO] [stdout] 40 |     fn parse(input: ParseStream) -> Result<Self> {
[INFO] [stdout]    |              ^^^^^ help: if this is intentional, prefix it with an underscore: `_input`
[INFO] [stdout]    |
[INFO] [stdout]    = note: `#[warn(unused_variables)]` on by default
[INFO] [stdout] 
[INFO] [stdout] 
[INFO] [stdout] warning: unused variable: `scheme`
[INFO] [stdout]   --> src/lib.rs:55:13
[INFO] [stdout]    |
[INFO] [stdout] 55 |         let scheme: Ident = input.parse()?;
[INFO] [stdout]    |             ^^^^^^ help: if this is intentional, prefix it with an underscore: `_scheme`
[INFO] [stdout] 
[INFO] [stdout] 
[INFO] [stdout] warning: unused variable: `semver`
[INFO] [stdout]   --> src/lib.rs:57:14
[INFO] [stdout]    |
[INFO] [stdout] 57 |         let (semver, cursor) = {
[INFO] [stdout]    |              ^^^^^^ help: if this is intentional, prefix it with an underscore: `_semver`
[INFO] [stdout] 
[INFO] [stdout] 
[INFO] [stdout] warning: unused variable: `cursor`
[INFO] [stdout]   --> src/lib.rs:57:22
[INFO] [stdout]    |
[INFO] [stdout] 57 |         let (semver, cursor) = {
[INFO] [stdout]    |                      ^^^^^^ help: if this is intentional, prefix it with an underscore: `_cursor`
[INFO] [stdout] 
[INFO] [stdout] 
[INFO] [stdout] warning: unused imports: `Delimiter`, `Group`, and `TokenTree`
[INFO] [stdout]  --> src/lib.rs:4:19
[INFO] [stdout]   |
[INFO] [stdout] 4 | use proc_macro2::{TokenTree, Delimiter, Group};
[INFO] [stdout]   |                   ^^^^^^^^^  ^^^^^^^^^  ^^^^^
[INFO] [stdout]   |
[INFO] [stdout]   = note: `#[warn(unused_imports)]` on by default
[INFO] [stdout] 
[INFO] [stdout] 
[INFO] [stdout] warning: unused import: `quote_spanned`
[INFO] [stdout]  --> src/lib.rs:5:20
[INFO] [stdout]   |
[INFO] [stdout] 5 | use quote::{quote, quote_spanned};
[INFO] [stdout]   |                    ^^^^^^^^^^^^^
[INFO] [stdout] 
[INFO] [stdout] 
[INFO] [stdout] warning: unused import: `syn::token`
[INFO] [stdout]  --> src/lib.rs:7:5
[INFO] [stdout]   |
[INFO] [stdout] 7 | use syn::token;
[INFO] [stdout]   |     ^^^^^^^^^^
[INFO] [stdout] 
[INFO] [stdout] 
[INFO] [stdout] warning: unused import: `syn::spanned::Spanned`
[INFO] [stdout]  --> src/lib.rs:8:5
[INFO] [stdout]   |
[INFO] [stdout] 8 | use syn::spanned::Spanned;
[INFO] [stdout]   |     ^^^^^^^^^^^^^^^^^^^^^
[INFO] [stdout] 
[INFO] [stdout] 
[INFO] [stdout] warning: unused imports: `Expr`, `Token`, `Type`, and `Visibility`
[INFO] [stdout]  --> src/lib.rs:9:30
[INFO] [stdout]   |
[INFO] [stdout] 9 | use syn::{parse_macro_input, Expr, Ident, Token, Type, Visibility};
[INFO] [stdout]   |                              ^^^^         ^^^^^  ^^^^  ^^^^^^^^^^
[INFO] [stdout] 
[INFO] [stdout] 
[INFO] [stdout] warning: unused import: `syn::buffer::Cursor`
[INFO] [stdout]   --> src/lib.rs:10:5
[INFO] [stdout]    |
[INFO] [stdout] 10 | use syn::buffer::Cursor;
[INFO] [stdout]    |     ^^^^^^^^^^^^^^^^^^^
[INFO] [stdout] 
[INFO] [stdout] 
[INFO] [stdout] warning: `#[macro_export]` only has an effect on macro definitions
[INFO] [stdout]   --> src/lib.rs:86:1
[INFO] [stdout]    |
[INFO] [stdout] 86 | #[macro_export]
[INFO] [stdout]    | ^^^^^^^^^^^^^^^
[INFO] [stdout]    |
[INFO] [stdout]    = note: `#[warn(unused_attributes)]` on by default
[INFO] [stdout] 
[INFO] [stdout] 
[INFO] [stdout] warning: unused variable: `input`
[INFO] [stdout]   --> src/lib.rs:40:14
[INFO] [stdout]    |
[INFO] [stdout] 40 |     fn parse(input: ParseStream) -> Result<Self> {
[INFO] [stdout]    |              ^^^^^ help: if this is intentional, prefix it with an underscore: `_input`
[INFO] [stdout]    |
[INFO] [stdout]    = note: `#[warn(unused_variables)]` on by default
[INFO] [stdout] 
[INFO] [stdout] 
[INFO] [stdout] warning: unused variable: `scheme`
[INFO] [stdout]   --> src/lib.rs:55:13
[INFO] [stdout]    |
[INFO] [stdout] 55 |         let scheme: Ident = input.parse()?;
[INFO] [stdout]    |             ^^^^^^ help: if this is intentional, prefix it with an underscore: `_scheme`
[INFO] [stdout] 
[INFO] [stdout] 
[INFO] [stdout] warning: unused variable: `semver`
[INFO] [stdout]   --> src/lib.rs:57:14
[INFO] [stdout]    |
[INFO] [stdout] 57 |         let (semver, cursor) = {
[INFO] [stdout]    |              ^^^^^^ help: if this is intentional, prefix it with an underscore: `_semver`
[INFO] [stdout] 
[INFO] [stdout] 
[INFO] [stdout] warning: unused variable: `cursor`
[INFO] [stdout]   --> src/lib.rs:57:22
[INFO] [stdout]    |
[INFO] [stdout] 57 |         let (semver, cursor) = {
[INFO] [stdout]    |                      ^^^^^^ help: if this is intentional, prefix it with an underscore: `_cursor`
[INFO] [stdout] 
[INFO] [stdout] 
[INFO] [stderr]     Finished `test` profile [unoptimized + debuginfo] target(s) in 0.40s
[INFO] running `Command { std: "docker" "inspect" "dc96f1bc3d09ad3c22f88446192d8459ca8fac775556bd41384e2529fd0c6024", kill_on_drop: false }`
[INFO] running `Command { std: "docker" "rm" "-f" "dc96f1bc3d09ad3c22f88446192d8459ca8fac775556bd41384e2529fd0c6024", kill_on_drop: false }`
[INFO] [stdout] dc96f1bc3d09ad3c22f88446192d8459ca8fac775556bd41384e2529fd0c6024
[INFO] running `Command { std: "docker" "create" "-v" "/var/lib/crater-agent-workspace/builds/worker-5-tc2/target:/opt/rustwide/target:rw,Z" "-v" "/var/lib/crater-agent-workspace/builds/worker-5-tc2/source:/opt/rustwide/workdir:ro,Z" "-v" "/var/lib/crater-agent-workspace/cargo-home:/opt/rustwide/cargo-home:ro,Z" "-v" "/var/lib/crater-agent-workspace/rustup-home:/opt/rustwide/rustup-home:ro,Z" "-e" "SOURCE_DIR=/opt/rustwide/workdir" "-e" "CARGO_TARGET_DIR=/opt/rustwide/target" "-e" "CARGO_INCREMENTAL=0" "-e" "RUST_BACKTRACE=full" "-e" "RUSTFLAGS=--cap-lints=forbid -Zrandomize-layout" "-e" "RUSTDOCFLAGS=--cap-lints=forbid" "-e" "CARGO_HOME=/opt/rustwide/cargo-home" "-e" "RUSTUP_HOME=/opt/rustwide/rustup-home" "-w" "/opt/rustwide/workdir" "-m" "1610612736" "--user" "0:0" "--network" "none" "ghcr.io/rust-lang/crates-build-env/linux@sha256:819108c5571ea2e421544af4d832f968d213c87fbe3707a016657f43d2f853bc" "/opt/rustwide/cargo-home/bin/cargo" "+nightly-2025-01-18" "test" "--frozen", kill_on_drop: false }`
[INFO] [stdout] 50c1a63156d5734cfa4a435c10c016b81925709215410cf422fd5d0ad63088fb
[INFO] running `Command { std: "docker" "start" "-a" "50c1a63156d5734cfa4a435c10c016b81925709215410cf422fd5d0ad63088fb", kill_on_drop: false }`
[INFO] [stderr] warning: unused imports: `Delimiter`, `Group`, and `TokenTree`
[INFO] [stderr]  --> src/lib.rs:4:19
[INFO] [stderr]   |
[INFO] [stderr] 4 | use proc_macro2::{TokenTree, Delimiter, Group};
[INFO] [stderr]   |                   ^^^^^^^^^  ^^^^^^^^^  ^^^^^
[INFO] [stderr]   |
[INFO] [stderr]   = note: `#[warn(unused_imports)]` on by default
[INFO] [stderr] 
[INFO] [stderr] warning: unused import: `quote_spanned`
[INFO] [stderr]  --> src/lib.rs:5:20
[INFO] [stderr]   |
[INFO] [stderr] 5 | use quote::{quote, quote_spanned};
[INFO] [stderr]   |                    ^^^^^^^^^^^^^
[INFO] [stderr] 
[INFO] [stderr] warning: unused import: `syn::token`
[INFO] [stderr]  --> src/lib.rs:7:5
[INFO] [stderr]   |
[INFO] [stderr] 7 | use syn::token;
[INFO] [stderr]   |     ^^^^^^^^^^
[INFO] [stderr] 
[INFO] [stderr] warning: unused import: `syn::spanned::Spanned`
[INFO] [stderr]  --> src/lib.rs:8:5
[INFO] [stderr]   |
[INFO] [stderr] 8 | use syn::spanned::Spanned;
[INFO] [stderr]   |     ^^^^^^^^^^^^^^^^^^^^^
[INFO] [stderr] 
[INFO] [stderr] warning: unused imports: `Expr`, `Token`, `Type`, and `Visibility`
[INFO] [stderr]  --> src/lib.rs:9:30
[INFO] [stderr]   |
[INFO] [stderr] 9 | use syn::{parse_macro_input, Expr, Ident, Token, Type, Visibility};
[INFO] [stderr]   |                              ^^^^         ^^^^^  ^^^^  ^^^^^^^^^^
[INFO] [stderr] 
[INFO] [stdout] 
[INFO] [stderr] warning: unused import: `syn::buffer::Cursor`
[INFO] [stdout] running 0 tests
[INFO] [stderr]   --> src/lib.rs:10:5
[INFO] [stderr]    |
[INFO] [stderr] 10 | use syn::buffer::Cursor;
[INFO] [stderr]    |     ^^^^^^^^^^^^^^^^^^^
[INFO] [stderr] 
[INFO] [stderr] warning: `#[macro_export]` only has an effect on macro definitions
[INFO] [stderr]   --> src/lib.rs:86:1
[INFO] [stdout] 
[INFO] [stderr]    |
[INFO] [stderr] 86 | #[macro_export]
[INFO] [stderr]    | ^^^^^^^^^^^^^^^
[INFO] [stderr]    |
[INFO] [stderr]    = note: `#[warn(unused_attributes)]` on by default
[INFO] [stderr] 
[INFO] [stderr] warning: unused variable: `input`
[INFO] [stderr]   --> src/lib.rs:40:14
[INFO] [stderr]    |
[INFO] [stderr] 40 |     fn parse(input: ParseStream) -> Result<Self> {
[INFO] [stderr]    |              ^^^^^ help: if this is intentional, prefix it with an underscore: `_input`
[INFO] [stderr]    |
[INFO] [stderr]    = note: `#[warn(unused_variables)]` on by default
[INFO] [stderr] 
[INFO] [stderr] warning: unused variable: `scheme`
[INFO] [stderr]   --> src/lib.rs:55:13
[INFO] [stderr]    |
[INFO] [stderr] 55 |         let scheme: Ident = input.parse()?;
[INFO] [stderr]    |             ^^^^^^ help: if this is intentional, prefix it with an underscore: `_scheme`
[INFO] [stderr] 
[INFO] [stderr] warning: unused variable: `semver`
[INFO] [stderr]   --> src/lib.rs:57:14
[INFO] [stderr]    |
[INFO] [stderr] 57 |         let (semver, cursor) = {
[INFO] [stderr]    |              ^^^^^^ help: if this is intentional, prefix it with an underscore: `_semver`
[INFO] [stderr] 
[INFO] [stderr] warning: unused variable: `cursor`
[INFO] [stderr]   --> src/lib.rs:57:22
[INFO] [stderr]    |
[INFO] [stderr] 57 |         let (semver, cursor) = {
[INFO] [stderr]    |                      ^^^^^^ help: if this is intentional, prefix it with an underscore: `_cursor`
[INFO] [stderr] 
[INFO] [stderr] warning: `pubcfg` (lib) generated 11 warnings (run `cargo fix --lib -p pubcfg` to apply 6 suggestions)
[INFO] [stderr] warning: `pubcfg` (lib test) generated 11 warnings (11 duplicates)
[INFO] [stderr]     Finished `test` profile [unoptimized + debuginfo] target(s) in 0.02s
[INFO] [stderr]      Running unittests src/lib.rs (/opt/rustwide/target/debug/deps/pubcfg-51b1977d670bd6f7)
[INFO] [stderr]    Doc-tests pubcfg
[INFO] [stdout] test result: ok. 0 passed; 0 failed; 0 ignored; 0 measured; 0 filtered out; finished in 0.00s
[INFO] [stdout] 
[INFO] [stdout] 
[INFO] [stdout] running 2 tests
[INFO] [stdout] test src/lib.rs - PubCfgUse (line 20) ... FAILED
[INFO] [stdout] test src/lib.rs - PubCfgUse (line 26) ... FAILED
[INFO] [stdout] 
[INFO] [stdout] failures:
[INFO] [stdout] 
[INFO] [stdout] ---- src/lib.rs - PubCfgUse (line 20) stdout ----
[INFO] [stdout] error: cannot find macro `lazy_static` in this scope
[INFO] [stdout]  --> src/lib.rs:21:1
[INFO] [stdout]   |
[INFO] [stdout] 3 | lazy_static! {
[INFO] [stdout]   | ^^^^^^^^^^^
[INFO] [stdout] 
[INFO] [stdout] error: aborting due to 1 previous error
[INFO] [stdout] 
[INFO] [stdout] Couldn't compile the test.
[INFO] [stdout] ---- src/lib.rs - PubCfgUse (line 26) stdout ----
[INFO] [stdout] error: cannot find macro `lazy_static` in this scope
[INFO] [stdout]  --> src/lib.rs:27:1
[INFO] [stdout]   |
[INFO] [stdout] 3 | lazy_static! {
[INFO] [stdout]   | ^^^^^^^^^^^
[INFO] [stdout] 
[INFO] [stdout] error: aborting due to 1 previous error
[INFO] [stdout] 
[INFO] [stdout] Couldn't compile the test.
[INFO] [stdout] 
[INFO] [stdout] failures:
[INFO] [stdout]     src/lib.rs - PubCfgUse (line 20)
[INFO] [stdout]     src/lib.rs - PubCfgUse (line 26)
[INFO] [stdout] 
[INFO] [stdout] test result: FAILED. 0 passed; 2 failed; 0 ignored; 0 measured; 0 filtered out; finished in 0.13s
[INFO] [stdout] 
[INFO] [stderr] error: doctest failed, to rerun pass `--doc`
[INFO] running `Command { std: "docker" "inspect" "50c1a63156d5734cfa4a435c10c016b81925709215410cf422fd5d0ad63088fb", kill_on_drop: false }`
[INFO] running `Command { std: "docker" "rm" "-f" "50c1a63156d5734cfa4a435c10c016b81925709215410cf422fd5d0ad63088fb", kill_on_drop: false }`
[INFO] [stdout] 50c1a63156d5734cfa4a435c10c016b81925709215410cf422fd5d0ad63088fb
