[INFO] fetching crate pslink 0.4.1-beta.2...
[INFO] testing pslink-0.4.1-beta.2 against nightly-2025-01-18 for randomize-layout-2
[INFO] extracting crate pslink 0.4.1-beta.2 into /workspace/builds/worker-3-tc1/source
[INFO] validating manifest of crates.io crate pslink 0.4.1-beta.2 on toolchain nightly-2025-01-18
[INFO] running `Command { std: CARGO_HOME="/workspace/cargo-home" RUSTUP_HOME="/workspace/rustup-home" "/workspace/cargo-home/bin/cargo" "+nightly-2025-01-18" "metadata" "--manifest-path" "Cargo.toml" "--no-deps", kill_on_drop: false }`
[INFO] started tweaking crates.io crate pslink 0.4.1-beta.2
[INFO] finished tweaking crates.io crate pslink 0.4.1-beta.2
[INFO] tweaked toml for crates.io crate pslink 0.4.1-beta.2 written to /workspace/builds/worker-3-tc1/source/Cargo.toml
[INFO] crate crates.io crate pslink 0.4.1-beta.2 already has a lockfile, it will not be regenerated
[INFO] running `Command { std: CARGO_HOME="/workspace/cargo-home" RUSTUP_HOME="/workspace/rustup-home" "/workspace/cargo-home/bin/cargo" "+nightly-2025-01-18" "fetch" "--manifest-path" "Cargo.toml", kill_on_drop: false }`
[INFO] [stderr]     Updating crates.io index
[INFO] [stderr]     Blocking waiting for file lock on package cache
[INFO] [stderr]  Downloading crates ...
[INFO] [stderr]   Downloaded test_bin v0.3.0
[INFO] [stderr]   Downloaded unic-langid-macros v0.9.0
[INFO] [stderr]   Downloaded unic-langid v0.9.0
[INFO] [stderr]   Downloaded fluent-template-macros v0.6.0
[INFO] [stderr]   Downloaded path-slash v0.1.4
[INFO] [stderr]   Downloaded unic-langid-macros-impl v0.9.0
[INFO] [stderr]   Downloaded enum-map v1.1.1
[INFO] [stderr]   Downloaded intl_pluralrules v7.0.1
[INFO] [stderr]   Downloaded fluent-syntax v0.10.3
[INFO] [stderr]   Downloaded actix-web-static-files v3.0.5
[INFO] [stderr]   Downloaded fluent v0.14.4
[INFO] [stderr]   Downloaded predicates v2.0.1
[INFO] [stderr]   Downloaded arc-swap v1.3.0
[INFO] [stderr]   Downloaded enum-map-derive v0.6.0
[INFO] [stderr]   Downloaded tracing-opentelemetry v0.12.0
[INFO] [stderr]   Downloaded opentelemetry-jaeger v0.12.1
[INFO] [stderr]   Downloaded qrcode v0.12.0
[INFO] [stderr]   Downloaded opentelemetry v0.14.0
[INFO] [stderr]   Downloaded ouroboros_macro v0.8.3
[INFO] [stderr]   Downloaded fluent-bundle v0.14.4
[INFO] [stderr]   Downloaded unic-langid-impl v0.9.0
[INFO] [stderr]   Downloaded object v0.26.0
[INFO] [stderr]   Downloaded tracing-actix-web v0.2.1
[INFO] [stderr]   Downloaded tinystr v0.3.4
[INFO] [stderr]   Downloaded fluent-templates v0.6.1
[INFO] [stderr]   Downloaded opentelemetry v0.13.0
[INFO] [stderr]   Downloaded pslink-shared v0.4.1-beta.2
[INFO] [stderr]   Downloaded ouroboros v0.8.3
[INFO] [stderr]   Downloaded libsqlite3-sys v0.20.1
[INFO] running `Command { std: "docker" "create" "-v" "/var/lib/crater-agent-workspace/builds/worker-3-tc1/target:/opt/rustwide/target:rw,Z" "-v" "/var/lib/crater-agent-workspace/builds/worker-3-tc1/source:/opt/rustwide/workdir:ro,Z" "-v" "/var/lib/crater-agent-workspace/cargo-home:/opt/rustwide/cargo-home:ro,Z" "-v" "/var/lib/crater-agent-workspace/rustup-home:/opt/rustwide/rustup-home:ro,Z" "-e" "SOURCE_DIR=/opt/rustwide/workdir" "-e" "CARGO_TARGET_DIR=/opt/rustwide/target" "-e" "CARGO_HOME=/opt/rustwide/cargo-home" "-e" "RUSTUP_HOME=/opt/rustwide/rustup-home" "-w" "/opt/rustwide/workdir" "-m" "1610612736" "--user" "0:0" "--network" "none" "ghcr.io/rust-lang/crates-build-env/linux@sha256:819108c5571ea2e421544af4d832f968d213c87fbe3707a016657f43d2f853bc" "/opt/rustwide/cargo-home/bin/cargo" "+nightly-2025-01-18" "metadata" "--no-deps" "--format-version=1", kill_on_drop: false }`
[INFO] [stdout] d05c4668bbea2aa50ee162a3c0083c43a3f2c669e936b39d3250e104426f37f3
[INFO] running `Command { std: "docker" "start" "-a" "d05c4668bbea2aa50ee162a3c0083c43a3f2c669e936b39d3250e104426f37f3", kill_on_drop: false }`
[INFO] running `Command { std: "docker" "inspect" "d05c4668bbea2aa50ee162a3c0083c43a3f2c669e936b39d3250e104426f37f3", kill_on_drop: false }`
[INFO] running `Command { std: "docker" "rm" "-f" "d05c4668bbea2aa50ee162a3c0083c43a3f2c669e936b39d3250e104426f37f3", kill_on_drop: false }`
[INFO] [stdout] d05c4668bbea2aa50ee162a3c0083c43a3f2c669e936b39d3250e104426f37f3
[INFO] running `Command { std: "docker" "create" "-v" "/var/lib/crater-agent-workspace/builds/worker-3-tc1/target:/opt/rustwide/target:rw,Z" "-v" "/var/lib/crater-agent-workspace/builds/worker-3-tc1/source:/opt/rustwide/workdir:ro,Z" "-v" "/var/lib/crater-agent-workspace/cargo-home:/opt/rustwide/cargo-home:ro,Z" "-v" "/var/lib/crater-agent-workspace/rustup-home:/opt/rustwide/rustup-home:ro,Z" "-e" "SOURCE_DIR=/opt/rustwide/workdir" "-e" "CARGO_TARGET_DIR=/opt/rustwide/target" "-e" "CARGO_INCREMENTAL=0" "-e" "RUST_BACKTRACE=full" "-e" "RUSTFLAGS=--cap-lints=forbid" "-e" "RUSTDOCFLAGS=--cap-lints=forbid" "-e" "CARGO_HOME=/opt/rustwide/cargo-home" "-e" "RUSTUP_HOME=/opt/rustwide/rustup-home" "-w" "/opt/rustwide/workdir" "-m" "1610612736" "--user" "0:0" "--network" "none" "ghcr.io/rust-lang/crates-build-env/linux@sha256:819108c5571ea2e421544af4d832f968d213c87fbe3707a016657f43d2f853bc" "/opt/rustwide/cargo-home/bin/cargo" "+nightly-2025-01-18" "build" "--frozen" "--message-format=json", kill_on_drop: false }`
[INFO] [stdout] 0fbe4700569bd77e15fc7f345c5704a823e07ca0669c90bbb964304a83628a5e
[INFO] running `Command { std: "docker" "start" "-a" "0fbe4700569bd77e15fc7f345c5704a823e07ca0669c90bbb964304a83628a5e", kill_on_drop: false }`
[INFO] [stderr]    Compiling libc v0.2.99
[INFO] [stderr]    Compiling proc-macro2 v1.0.28
[INFO] [stderr]    Compiling unicode-xid v0.2.2
[INFO] [stderr]    Compiling syn v1.0.74
[INFO] [stderr]    Compiling autocfg v1.0.1
[INFO] [stderr]    Compiling version_check v0.9.3
[INFO] [stderr]    Compiling memchr v2.4.0
[INFO] [stderr]    Compiling log v0.4.14
[INFO] [stderr]    Compiling proc-macro-hack v0.5.19
[INFO] [stderr]    Compiling futures-core v0.3.16
[INFO] [stderr]    Compiling serde_derive v1.0.127
[INFO] [stderr]    Compiling serde v1.0.127
[INFO] [stderr]    Compiling futures-sink v0.3.16
[INFO] [stderr]    Compiling slab v0.4.4
[INFO] [stderr]    Compiling scopeguard v1.1.0
[INFO] [stderr]    Compiling regex-syntax v0.6.25
[INFO] [stderr]    Compiling pin-project-lite v0.2.7
[INFO] [stderr]    Compiling futures-channel v0.3.16
[INFO] [stderr]    Compiling cfg-if v0.1.10
[INFO] [stderr]    Compiling typenum v1.13.0
[INFO] [stderr]    Compiling proc-macro-nested v0.1.7
[INFO] [stderr]    Compiling futures-task v0.3.16
[INFO] [stderr]    Compiling futures-io v0.3.16
[INFO] [stderr]    Compiling smallvec v1.6.1
[INFO] [stderr]    Compiling bytes v0.5.6
[INFO] [stderr]    Compiling bitflags v1.3.1
[INFO] [stderr]    Compiling futures-macro v0.3.16
[INFO] [stderr]    Compiling generic-array v0.14.4
[INFO] [stderr]    Compiling futures-util v0.3.16
[INFO] [stderr]    Compiling pin-project-lite v0.1.12
[INFO] [stderr]    Compiling lock_api v0.4.4
[INFO] [stderr]    Compiling byteorder v1.4.3
[INFO] [stderr]    Compiling ryu v1.0.5
[INFO] [stderr]    Compiling percent-encoding v2.1.0
[INFO] [stderr]    Compiling miniz_oxide v0.4.4
[INFO] [stderr]    Compiling instant v0.1.10
[INFO] [stderr]    Compiling itoa v0.4.7
[INFO] [stderr]    Compiling ppv-lite86 v0.2.10
[INFO] [stderr]    Compiling convert_case v0.4.0
[INFO] [stderr]    Compiling opaque-debug v0.3.0
[INFO] [stderr]    Compiling tinyvec_macros v0.1.0
[INFO] [stderr]    Compiling indexmap v1.7.0
[INFO] [stderr]    Compiling unicode-segmentation v1.8.0
[INFO] [stderr]    Compiling matches v0.1.9
[INFO] [stderr]    Compiling tinyvec v1.3.1
[INFO] [stderr]    Compiling copyless v0.1.5
[INFO] [stderr]    Compiling pin-project-internal v0.4.28
[INFO] [stderr]    Compiling quote v1.0.9
[INFO] [stderr]    Compiling unicode-bidi v0.3.6
[INFO] [stderr]    Compiling jobserver v0.1.23
[INFO] [stderr]    Compiling num_cpus v1.13.0
[INFO] [stderr]    Compiling aho-corasick v0.7.18
[INFO] [stderr]    Compiling net2 v0.2.37
[INFO] [stderr]    Compiling iovec v0.1.4
[INFO] [stderr]    Compiling signal-hook-registry v1.4.0
[INFO] [stderr]    Compiling getrandom v0.2.3
[INFO] [stderr]    Compiling threadpool v1.8.1
[INFO] [stderr]    Compiling cc v1.0.69
[INFO] [stderr]    Compiling parking_lot_core v0.8.3
[INFO] [stderr]    Compiling mio v0.6.23
[INFO] [stderr]    Compiling heck v0.3.3
[INFO] [stderr]    Compiling parking_lot v0.11.1
[INFO] [stderr]    Compiling hashbrown v0.11.2
[INFO] [stderr]    Compiling quick-error v1.2.3
[INFO] [stderr]    Compiling async-trait v0.1.51
[INFO] [stderr]    Compiling form_urlencoded v1.0.1
[INFO] [stderr]    Compiling serde_json v1.0.66
[INFO] [stderr]    Compiling subtle v2.4.1
[INFO] [stderr]    Compiling crossbeam-utils v0.8.5
[INFO] [stderr]    Compiling unicode-normalization v0.1.19
[INFO] [stderr]    Compiling getrandom v0.1.16
[INFO] [stderr]    Compiling rand_core v0.6.3
[INFO] [stderr]    Compiling num-traits v0.2.14
[INFO] [stderr]    Compiling tracing-core v0.1.18
[INFO] [stderr]    Compiling standback v0.2.17
[INFO] [stderr]    Compiling cpufeatures v0.1.5
[INFO] [stderr]    Compiling mio-uds v0.6.8
[INFO] [stderr]    Compiling crc32fast v1.2.1
[INFO] [stderr]    Compiling once_cell v1.8.0
[INFO] [stderr]    Compiling rand_chacha v0.3.1
[INFO] [stderr]    Compiling rand_core v0.5.1
[INFO] [stderr]    Compiling digest v0.9.0
[INFO] [stderr]    Compiling block-buffer v0.9.0
[INFO] [stderr]    Compiling cipher v0.2.5
[INFO] [stderr]    Compiling bytes v1.0.1
[INFO] [stderr]    Compiling rand v0.8.4
[INFO] [stderr]    Compiling rand_chacha v0.2.2
[INFO] [stderr]    Compiling regex v1.5.4
[INFO] [stderr]    Compiling sha2 v0.9.5
[INFO] [stderr]    Compiling idna v0.2.3
[INFO] [stderr]    Compiling universal-hash v0.4.1
[INFO] [stderr]    Compiling cpuid-bool v0.2.0
[INFO] [stderr]    Compiling const_fn v0.4.8
[INFO] [stderr]    Compiling match_cfg v0.1.0
[INFO] [stderr]    Compiling rand v0.7.3
[INFO] [stderr]    Compiling aes-soft v0.6.4
[INFO] [stderr]    Compiling polyval v0.4.5
[INFO] [stderr]    Compiling crypto-mac v0.10.1
[INFO] [stderr]    Compiling brotli-sys v0.3.2
[INFO] [stderr]    Compiling http v0.2.4
[INFO] [stderr]    Compiling hostname v0.3.1
[INFO] [stderr]    Compiling time v0.2.27
[INFO] [stderr]    Compiling linked-hash-map v0.5.4
[INFO] [stderr]    Compiling aes v0.6.0
[INFO] [stderr]    Compiling hmac v0.10.1
[INFO] [stderr]    Compiling ghash v0.3.1
[INFO] [stderr]    Compiling resolv-conf v0.7.0
[INFO] [stderr]    Compiling ctr v0.6.0
[INFO] [stderr]    Compiling lru-cache v0.1.2
[INFO] [stderr]    Compiling aead v0.3.2
[INFO] [stderr]    Compiling cookie v0.14.4
[INFO] [stderr]    Compiling num-integer v0.1.44
[INFO] [stderr]    Compiling url v2.2.2
[INFO] [stderr]    Compiling encoding_rs v0.8.28
[INFO] [stderr]    Compiling httparse v1.4.1
[INFO] [stderr]    Compiling version_check v0.1.5
[INFO] [stderr]    Compiling aes-gcm v0.8.0
[INFO] [stderr]    Compiling hkdf v0.10.0
[INFO] [stderr]    Compiling base64 v0.13.0
[INFO] [stderr]    Compiling mime v0.3.16
[INFO] [stderr]    Compiling flate2 v1.0.20
[INFO] [stderr]    Compiling sha-1 v0.9.7
[INFO] [stderr]    Compiling nom v4.2.3
[INFO] [stderr]    Compiling ring v0.16.20
[INFO] [stderr]    Compiling socket2 v0.3.19
[INFO] [stderr]    Compiling fxhash v0.2.1
[INFO] [stderr]    Compiling unicase v2.6.0
[INFO] [stderr]    Compiling tinystr v0.3.4
[INFO] [stderr]    Compiling language-tags v0.2.2
[INFO] [stderr]    Compiling unic-langid-impl v0.9.0
[INFO] [stderr]    Compiling bytestring v1.0.0
[INFO] [stderr]    Compiling crossbeam-channel v0.5.1
[INFO] [stderr]    Compiling memoffset v0.6.4
[INFO] [stderr]    Compiling untrusted v0.7.1
[INFO] [stderr]    Compiling autocfg v0.1.7
[INFO] [stderr]    Compiling rand_core v0.4.2
[INFO] [stderr]    Compiling spin v0.5.2
[INFO] [stderr]    Compiling backtrace v0.3.61
[INFO] [stderr]    Compiling glob v0.2.11
[INFO] [stderr]    Compiling crossbeam-epoch v0.9.5
[INFO] [stderr]    Compiling failure_derive v0.1.8
[INFO] [stderr]    Compiling gimli v0.25.0
[INFO] [stderr]    Compiling mime_guess v2.0.3
[INFO] [stderr]    Compiling regex-automata v0.1.10
[INFO] [stderr]    Compiling libloading v0.5.2
[INFO] [stderr]    Compiling object v0.26.0
[INFO] [stderr]    Compiling proc-macro-error-attr v1.0.4
[INFO] [stderr]    Compiling rustc-demangle v0.1.20
[INFO] [stderr]    Compiling clang-sys v0.26.4
[INFO] [stderr]    Compiling radium v0.5.3
[INFO] [stderr]    Compiling rayon-core v1.9.1
[INFO] [stderr]    Compiling proc-macro2 v0.4.30
[INFO] [stderr]    Compiling atty v0.2.14
[INFO] [stderr]    Compiling synstructure v0.12.5
[INFO] [stderr]    Compiling time v0.1.43
[INFO] [stderr]    Compiling proc-macro-error v1.0.4
[INFO] [stderr]    Compiling unicode-width v0.1.8
[INFO] [stderr]    Compiling lexical-core v0.7.6
[INFO] [stderr]    Compiling unicode-xid v0.1.0
[INFO] [stderr]    Compiling crossbeam-deque v0.8.1
[INFO] [stderr]    Compiling textwrap v0.11.0
[INFO] [stderr]    Compiling rand_core v0.3.1
[INFO] [stderr]    Compiling humantime v1.3.0
[INFO] [stderr]    Compiling nom v6.1.2
[INFO] [stderr]    Compiling rayon v1.5.1
[INFO] [stderr]    Compiling vec_map v0.8.2
[INFO] [stderr]    Compiling wyz v0.2.0
[INFO] [stderr]    Compiling ucd-trie v0.1.3
[INFO] [stderr]    Compiling build_const v0.2.2
[INFO] [stderr]    Compiling strsim v0.8.0
[INFO] [stderr]    Compiling ansi_term v0.11.0
[INFO] [stderr]    Compiling base64 v0.12.3
[INFO] [stderr]    Compiling bindgen v0.48.1
[INFO] [stderr]    Compiling pkg-config v0.3.19
[INFO] [stderr]    Compiling termcolor v1.1.2
[INFO] [stderr]    Compiling scopeguard v0.3.3
[INFO] [stderr]    Compiling arrayvec v0.5.2
[INFO] [stderr]    Compiling funty v1.1.0
[INFO] [stderr]    Compiling tap v1.0.1
[INFO] [stderr]    Compiling hashbrown v0.1.8
[INFO] [stderr]    Compiling clap v2.33.3
[INFO] [stderr]    Compiling addr2line v0.16.0
[INFO] [stderr]    Compiling crc v1.8.1
[INFO] [stderr]    Compiling env_logger v0.6.2
[INFO] [stderr]    Compiling pest v2.1.3
[INFO] [stderr]    Compiling libsqlite3-sys v0.20.1
[INFO] [stderr]    Compiling bitvec v0.19.5
[INFO] [stderr]    Compiling quote v0.6.13
[INFO] [stderr]    Compiling cexpr v0.3.6
[INFO] [stderr]    Compiling Inflector v0.11.4
[INFO] [stderr]    Compiling thread_local v1.1.3
[INFO] [stderr]    Compiling rand v0.4.6
[INFO] [stderr]    Compiling ahash v0.6.3
[INFO] [stderr]    Compiling remove_dir_all v0.5.3
[INFO] [stderr]    Compiling crossbeam-queue v0.3.2
[INFO] [stderr]    Compiling peeking_take_while v0.1.2
[INFO] [stderr]    Compiling adler32 v1.2.0
[INFO] [stderr]    Compiling ahash v0.4.7
[INFO] [stderr]    Compiling whoami v1.1.2
[INFO] [stderr]    Compiling path-slash v0.1.4
[INFO] [stderr]    Compiling type-map v0.4.0
[INFO] [stderr]    Compiling hashbrown v0.9.1
[INFO] [stderr]    Compiling bstr v0.2.16
[INFO] [stderr]    Compiling rand_pcg v0.1.2
[INFO] [stderr]    Compiling semver-parser v0.10.2
[INFO] [stderr]    Compiling rand_chacha v0.1.1
[INFO] [stderr]    Compiling num-iter v0.1.42
[INFO] [stderr]    Compiling num-rational v0.3.2
[INFO] [stderr]    Compiling doc-comment v0.3.3
[INFO] [stderr]    Compiling tokio-macros v0.2.6
[INFO] [stderr]    Compiling derive_more v0.99.16
[INFO] [stderr]    Compiling thiserror-impl v1.0.26
[INFO] [stderr]    Compiling pin-project-internal v1.0.8
[INFO] [stderr]    Compiling actix-macros v0.1.3
[INFO] [stderr]    Compiling tracing-attributes v0.1.15
[INFO] [stderr]    Compiling enum-as-inner v0.3.3
[INFO] [stderr]    Compiling time-macros-impl v0.1.2
[INFO] [stderr]    Compiling tokio v0.2.25
[INFO] [stderr]    Compiling unic-langid-macros-impl v0.9.0
[INFO] [stderr]    Compiling thiserror v1.0.26
[INFO] [stderr]    Compiling actix-web-codegen v0.4.0
[INFO] [stderr]    Compiling unic-langid-macros v0.9.0
[INFO] [stderr]    Compiling unic-langid v0.9.0
[INFO] [stderr]    Compiling ouroboros_macro v0.8.3
[INFO] [stderr]    Compiling time-macros v0.1.1
[INFO] [stderr]    Compiling pin-project v1.0.8
[INFO] [stderr]    Compiling tempdir v0.3.7
[INFO] [stderr]    Compiling unicode_categories v0.1.1
[INFO] [stderr]    Compiling tracing v0.1.26
[INFO] [stderr]    Compiling weezl v0.1.5
[INFO] [stderr]    Compiling maplit v1.0.2
[INFO] [stderr]    Compiling v_escape v0.15.0
[INFO] [stderr]    Compiling stable_deref_trait v1.2.0
[INFO] [stderr]    Compiling globset v0.4.8
[INFO] [stderr]    Compiling walkdir v2.3.2
[INFO] [stderr]    Compiling pin-project v0.4.28
[INFO] [stderr]    Compiling failure v0.1.8
[INFO] [stderr]    Compiling intl-memoizer v0.5.1
[INFO] [stderr]    Compiling fluent-langneg v0.13.0
[INFO] [stderr]    Compiling intl_pluralrules v7.0.1
[INFO] [stderr]    Compiling hashlink v0.6.0
[INFO] [stderr]    Compiling tracing-futures v0.2.5
[INFO] [stderr]    Compiling which v2.0.1
[INFO] [stderr]    Compiling v_escape_derive v0.8.4
[INFO] [stderr]    Compiling miniz_oxide v0.3.7
[INFO] [stderr]    Compiling deflate v0.8.6
[INFO] [stderr]    Compiling ouroboros v0.8.3
[INFO] [stderr]    Compiling rand v0.6.5
[INFO] [stderr]    Compiling atoi v0.4.0
[INFO] [stderr]    Compiling stringprep v0.1.2
[INFO] [stderr]    Compiling nanorand v0.6.1
[INFO] [stderr]    Compiling buf-min v0.4.0
[INFO] [stderr]    Compiling spinning_top v0.2.4
[INFO] [stderr]    Compiling color_quant v1.1.0
[INFO] [stderr]    Compiling fluent-syntax v0.10.3
[INFO] [stderr]    Compiling v_htmlescape v0.12.0
[INFO] [stderr]    Compiling gif v0.11.2
[INFO] [stderr]    Compiling fluent-bundle v0.14.4
[INFO] [stderr]    Compiling flume v0.10.8
[INFO] [stderr]    Compiling ignore v0.4.18
[INFO] [stderr]    Compiling enum-map-derive v0.6.0
[INFO] [stderr]    Compiling snafu-derive v0.6.10
[INFO] [stderr]    Compiling png v0.16.8
[INFO] [stderr]    Compiling rand_xorshift v0.1.1
[INFO] [stderr]    Compiling rand_isaac v0.1.1
[INFO] [stderr]    Compiling rand_hc v0.1.0
[INFO] [stderr]    Compiling matchers v0.0.1
[INFO] [stderr]    Compiling rand_os v0.1.3
[INFO] [stderr]    Compiling sqlformat v0.1.6
[INFO] [stderr]    Compiling actix-threadpool v0.3.3
[INFO] [stderr]    Compiling rand_jitter v0.1.4
[INFO] [stderr]    Compiling ordered-float v1.1.1
[INFO] [stderr]    Compiling tracing-log v0.1.2
[INFO] [stderr]    Compiling sharded-slab v0.1.3
[INFO] [stderr]    Compiling futures v0.1.31
[INFO] [stderr]    Compiling scoped_threadpool v0.1.9
[INFO] [stderr]    Compiling dotenv v0.15.0
[INFO] [stderr]    Compiling ansi_term v0.12.1
[INFO] [stderr]    Compiling integer-encoding v1.1.7
[INFO] [stderr]    Compiling bytemuck v1.7.2
[INFO] [stderr]    Compiling thrift v0.13.0
[INFO] [stderr]    Compiling fluent v0.14.4
[INFO] [stderr]    Compiling strum_macros v0.21.1
[INFO] [stderr]    Compiling uuid v0.8.2
[INFO] [stderr]    Compiling base64 v0.10.1
[INFO] [stderr]    Compiling checked_int_cast v1.0.0
[INFO] [stderr]    Compiling arc-swap v1.3.0
[INFO] [stderr]    Compiling snafu v0.6.10
[INFO] [stderr]    Compiling strum v0.21.0
[INFO] [stderr]    Compiling rpassword v5.0.1
[INFO] [stderr]    Compiling fluent-template-macros v0.6.0
[INFO] [stderr]    Compiling tokio-util v0.3.1
[INFO] [stderr]    Compiling actix-codec v0.3.0
[INFO] [stderr]    Compiling futures-executor v0.3.16
[INFO] [stderr]    Compiling actix-rt v1.1.1
[INFO] [stderr]    Compiling actix-service v1.0.6
[INFO] [stderr]    Compiling h2 v0.2.7
[INFO] [stderr]    Compiling futures v0.3.16
[INFO] [stderr]    Compiling trust-dns-proto v0.19.7
[INFO] [stderr]    Compiling opentelemetry v0.13.0
[INFO] [stderr]    Compiling opentelemetry v0.14.0
[INFO] [stderr]    Compiling either v1.6.1
[INFO] [stderr]    Compiling serde_urlencoded v0.7.0
[INFO] [stderr]    Compiling actix-router v0.2.7
[INFO] [stderr]    Compiling chrono v0.4.19
[INFO] [stderr]    Compiling semver v0.11.0
[INFO] [stderr]    Compiling actix-utils v2.0.0
[INFO] [stderr]    Compiling cargo-platform v0.1.2
[INFO] [stderr]    Compiling tracing-serde v0.1.2
[INFO] [stderr]    Compiling enum-map v1.1.1
[INFO] [stderr]    Compiling opentelemetry-jaeger v0.12.1
[INFO] [stderr]    Compiling actix-server v1.0.4
[INFO] [stderr]    Compiling actix-tls v2.0.0
[INFO] [stderr]    Compiling pslink-shared v0.4.1-beta.2
[INFO] [stderr]    Compiling cargo_metadata v0.12.3
[INFO] [stderr]    Compiling futures-cpupool v0.1.8
[INFO] [stderr]    Compiling tracing-subscriber v0.2.19
[INFO] [stderr]    Compiling actix-testing v1.0.1
[INFO] [stderr]    Compiling brotli2 v0.3.2
[INFO] [stderr]    Compiling webpki v0.21.4
[INFO] [stderr]    Compiling sct v0.6.1
[INFO] [stderr]    Compiling trust-dns-resolver v0.19.7
[INFO] [stderr]    Compiling rustls v0.18.1
[INFO] [stderr]    Compiling webpki-roots v0.21.1
[INFO] [stderr]    Compiling tracing-opentelemetry v0.12.0
[INFO] [stderr]    Compiling jpeg-decoder v0.1.22
[INFO] [stderr]    Compiling tiff v0.6.1
[INFO] [stderr]    Compiling image v0.23.14
[INFO] [stderr]    Compiling actix-connect v2.0.0
[INFO] [stderr]    Compiling actix-http v2.2.1
[INFO] [stderr]    Compiling argonautica v0.2.0
[INFO] [stderr]    Compiling tokio-rustls v0.14.1
[INFO] [stderr]    Compiling sqlx-rt v0.2.0
[INFO] [stderr]    Compiling sqlx-core v0.4.2
[INFO] [stderr]    Compiling fluent-templates v0.6.1
[INFO] [stderr]    Compiling qrcode v0.12.0
[INFO] [stderr]    Compiling awc v2.0.3
[INFO] [stderr]    Compiling actix-web v3.3.2
[INFO] [stderr]    Compiling sqlx-macros v0.4.2
[INFO] [stderr]    Compiling actix-files v0.5.0
[INFO] [stderr]    Compiling tracing-actix-web v0.2.1
[INFO] [stderr]    Compiling actix-identity v0.3.1
[INFO] [stderr]    Compiling actix-web-static-files v3.0.5
[INFO] [stderr]    Compiling sqlx v0.4.2
[INFO] [stderr]    Compiling pslink v0.4.1-beta.2 (/opt/rustwide/workdir)
[INFO] [stdout] warning: trailing semicolon in macro used in expression position
[INFO] [stdout]    --> src/queries.rs:204:10
[INFO] [stdout]     |
[INFO] [stdout] 204 |         };
[INFO] [stdout]     |          ^
[INFO] [stdout] ...
[INFO] [stdout] 212 |             format!("\n ORDER BY lcode {}", ts!(order.value))
[INFO] [stdout]     |                                             ---------------- in this macro invocation
[INFO] [stdout]     |
[INFO] [stdout]     = warning: this was previously accepted by the compiler but is being phased out; it will become a hard error in a future release!
[INFO] [stdout]     = note: for more information, see issue #79813 <https://github.com/rust-lang/rust/issues/79813>
[INFO] [stdout]     = note: macro invocations at the end of a block are treated as expressions
[INFO] [stdout]     = note: to ignore the value produced by the macro, add a semicolon after the invocation of `ts`
[INFO] [stdout]     = note: `#[warn(semicolon_in_expressions_from_macros)]` on by default
[INFO] [stdout]     = note: this warning originates in the macro `ts` (in Nightly builds, run with -Z macro-backtrace for more info)
[INFO] [stdout] 
[INFO] [stdout] 
[INFO] [stdout] warning: trailing semicolon in macro used in expression position
[INFO] [stdout]    --> src/queries.rs:204:10
[INFO] [stdout]     |
[INFO] [stdout] 204 |         };
[INFO] [stdout]     |          ^
[INFO] [stdout] ...
[INFO] [stdout] 215 |             format!("\n ORDER BY ltitle {}", ts!(order.value))
[INFO] [stdout]     |                                              ---------------- in this macro invocation
[INFO] [stdout]     |
[INFO] [stdout]     = warning: this was previously accepted by the compiler but is being phased out; it will become a hard error in a future release!
[INFO] [stdout]     = note: for more information, see issue #79813 <https://github.com/rust-lang/rust/issues/79813>
[INFO] [stdout]     = note: macro invocations at the end of a block are treated as expressions
[INFO] [stdout]     = note: to ignore the value produced by the macro, add a semicolon after the invocation of `ts`
[INFO] [stdout]     = note: this warning originates in the macro `ts` (in Nightly builds, run with -Z macro-backtrace for more info)
[INFO] [stdout] 
[INFO] [stdout] 
[INFO] [stdout] warning: trailing semicolon in macro used in expression position
[INFO] [stdout]    --> src/queries.rs:204:10
[INFO] [stdout]     |
[INFO] [stdout] 204 |         };
[INFO] [stdout]     |          ^
[INFO] [stdout] ...
[INFO] [stdout] 218 |             format!("\n ORDER BY ltarget {}", ts!(order.value))
[INFO] [stdout]     |                                               ---------------- in this macro invocation
[INFO] [stdout]     |
[INFO] [stdout]     = warning: this was previously accepted by the compiler but is being phased out; it will become a hard error in a future release!
[INFO] [stdout]     = note: for more information, see issue #79813 <https://github.com/rust-lang/rust/issues/79813>
[INFO] [stdout]     = note: macro invocations at the end of a block are treated as expressions
[INFO] [stdout]     = note: to ignore the value produced by the macro, add a semicolon after the invocation of `ts`
[INFO] [stdout]     = note: this warning originates in the macro `ts` (in Nightly builds, run with -Z macro-backtrace for more info)
[INFO] [stdout] 
[INFO] [stdout] 
[INFO] [stdout] warning: trailing semicolon in macro used in expression position
[INFO] [stdout]    --> src/queries.rs:204:10
[INFO] [stdout]     |
[INFO] [stdout] 204 |         };
[INFO] [stdout]     |          ^
[INFO] [stdout] ...
[INFO] [stdout] 221 |             format!("\n ORDER BY usern {}", ts!(order.value))
[INFO] [stdout]     |                                             ---------------- in this macro invocation
[INFO] [stdout]     |
[INFO] [stdout]     = warning: this was previously accepted by the compiler but is being phased out; it will become a hard error in a future release!
[INFO] [stdout]     = note: for more information, see issue #79813 <https://github.com/rust-lang/rust/issues/79813>
[INFO] [stdout]     = note: macro invocations at the end of a block are treated as expressions
[INFO] [stdout]     = note: to ignore the value produced by the macro, add a semicolon after the invocation of `ts`
[INFO] [stdout]     = note: this warning originates in the macro `ts` (in Nightly builds, run with -Z macro-backtrace for more info)
[INFO] [stdout] 
[INFO] [stdout] 
[INFO] [stdout] warning: trailing semicolon in macro used in expression position
[INFO] [stdout]    --> src/queries.rs:204:10
[INFO] [stdout]     |
[INFO] [stdout] 204 |         };
[INFO] [stdout]     |          ^
[INFO] [stdout] ...
[INFO] [stdout] 224 |             format!("\n ORDER BY counter {}", ts!(order.value))
[INFO] [stdout]     |                                               ---------------- in this macro invocation
[INFO] [stdout]     |
[INFO] [stdout]     = warning: this was previously accepted by the compiler but is being phased out; it will become a hard error in a future release!
[INFO] [stdout]     = note: for more information, see issue #79813 <https://github.com/rust-lang/rust/issues/79813>
[INFO] [stdout]     = note: macro invocations at the end of a block are treated as expressions
[INFO] [stdout]     = note: to ignore the value produced by the macro, add a semicolon after the invocation of `ts`
[INFO] [stdout]     = note: this warning originates in the macro `ts` (in Nightly builds, run with -Z macro-backtrace for more info)
[INFO] [stdout] 
[INFO] [stdout] 
[INFO] [stdout] warning: trailing semicolon in macro used in expression position
[INFO] [stdout]    --> src/queries.rs:204:10
[INFO] [stdout]     |
[INFO] [stdout] 204 |         };
[INFO] [stdout]     |          ^
[INFO] [stdout] ...
[INFO] [stdout] 315 |             format!("\n ORDER BY id {}", ts!(order.value))
[INFO] [stdout]     |                                          ---------------- in this macro invocation
[INFO] [stdout]     |
[INFO] [stdout]     = warning: this was previously accepted by the compiler but is being phased out; it will become a hard error in a future release!
[INFO] [stdout]     = note: for more information, see issue #79813 <https://github.com/rust-lang/rust/issues/79813>
[INFO] [stdout]     = note: macro invocations at the end of a block are treated as expressions
[INFO] [stdout]     = note: to ignore the value produced by the macro, add a semicolon after the invocation of `ts`
[INFO] [stdout]     = note: this warning originates in the macro `ts` (in Nightly builds, run with -Z macro-backtrace for more info)
[INFO] [stdout] 
[INFO] [stdout] 
[INFO] [stdout] warning: trailing semicolon in macro used in expression position
[INFO] [stdout]    --> src/queries.rs:204:10
[INFO] [stdout]     |
[INFO] [stdout] 204 |         };
[INFO] [stdout]     |          ^
[INFO] [stdout] ...
[INFO] [stdout] 318 |             format!("\n ORDER BY username {}", ts!(order.value))
[INFO] [stdout]     |                                                ---------------- in this macro invocation
[INFO] [stdout]     |
[INFO] [stdout]     = warning: this was previously accepted by the compiler but is being phased out; it will become a hard error in a future release!
[INFO] [stdout]     = note: for more information, see issue #79813 <https://github.com/rust-lang/rust/issues/79813>
[INFO] [stdout]     = note: macro invocations at the end of a block are treated as expressions
[INFO] [stdout]     = note: to ignore the value produced by the macro, add a semicolon after the invocation of `ts`
[INFO] [stdout]     = note: this warning originates in the macro `ts` (in Nightly builds, run with -Z macro-backtrace for more info)
[INFO] [stdout] 
[INFO] [stdout] 
[INFO] [stdout] warning: trailing semicolon in macro used in expression position
[INFO] [stdout]    --> src/queries.rs:204:10
[INFO] [stdout]     |
[INFO] [stdout] 204 |         };
[INFO] [stdout]     |          ^
[INFO] [stdout] ...
[INFO] [stdout] 321 |             format!("\n ORDER BY email {}", ts!(order.value))
[INFO] [stdout]     |                                             ---------------- in this macro invocation
[INFO] [stdout]     |
[INFO] [stdout]     = warning: this was previously accepted by the compiler but is being phased out; it will become a hard error in a future release!
[INFO] [stdout]     = note: for more information, see issue #79813 <https://github.com/rust-lang/rust/issues/79813>
[INFO] [stdout]     = note: macro invocations at the end of a block are treated as expressions
[INFO] [stdout]     = note: to ignore the value produced by the macro, add a semicolon after the invocation of `ts`
[INFO] [stdout]     = note: this warning originates in the macro `ts` (in Nightly builds, run with -Z macro-backtrace for more info)
[INFO] [stdout] 
[INFO] [stdout] 
[INFO] [stderr]     Finished `dev` profile [unoptimized + debuginfo] target(s) in 1m 04s
[INFO] [stderr] warning: the following packages contain code that will be rejected by a future version of Rust: cexpr v0.3.6, nom v4.2.3, nom v6.1.2, pslink v0.4.1-beta.2 (/opt/rustwide/workdir), sqlx-macros v0.4.2
[INFO] [stderr] note: to see what the problems were, use the option `--future-incompat-report`, or run `cargo report future-incompatibilities --id 1`
[INFO] running `Command { std: "docker" "inspect" "0fbe4700569bd77e15fc7f345c5704a823e07ca0669c90bbb964304a83628a5e", kill_on_drop: false }`
[INFO] running `Command { std: "docker" "rm" "-f" "0fbe4700569bd77e15fc7f345c5704a823e07ca0669c90bbb964304a83628a5e", kill_on_drop: false }`
[INFO] [stdout] 0fbe4700569bd77e15fc7f345c5704a823e07ca0669c90bbb964304a83628a5e
[INFO] running `Command { std: "docker" "create" "-v" "/var/lib/crater-agent-workspace/builds/worker-3-tc1/target:/opt/rustwide/target:rw,Z" "-v" "/var/lib/crater-agent-workspace/builds/worker-3-tc1/source:/opt/rustwide/workdir:ro,Z" "-v" "/var/lib/crater-agent-workspace/cargo-home:/opt/rustwide/cargo-home:ro,Z" "-v" "/var/lib/crater-agent-workspace/rustup-home:/opt/rustwide/rustup-home:ro,Z" "-e" "SOURCE_DIR=/opt/rustwide/workdir" "-e" "CARGO_TARGET_DIR=/opt/rustwide/target" "-e" "CARGO_INCREMENTAL=0" "-e" "RUST_BACKTRACE=full" "-e" "RUSTFLAGS=--cap-lints=forbid" "-e" "RUSTDOCFLAGS=--cap-lints=forbid" "-e" "CARGO_HOME=/opt/rustwide/cargo-home" "-e" "RUSTUP_HOME=/opt/rustwide/rustup-home" "-w" "/opt/rustwide/workdir" "-m" "1610612736" "--user" "0:0" "--network" "none" "ghcr.io/rust-lang/crates-build-env/linux@sha256:819108c5571ea2e421544af4d832f968d213c87fbe3707a016657f43d2f853bc" "/opt/rustwide/cargo-home/bin/cargo" "+nightly-2025-01-18" "test" "--frozen" "--no-run" "--message-format=json", kill_on_drop: false }`
[INFO] [stdout] e7e32af6b38cf3697ff0cb0c01c217139fb8f99722a713e3a4e71ad194dbc8c2
[INFO] running `Command { std: "docker" "start" "-a" "e7e32af6b38cf3697ff0cb0c01c217139fb8f99722a713e3a4e71ad194dbc8c2", kill_on_drop: false }`
[INFO] [stderr]    Compiling openssl-sys v0.9.65
[INFO] [stderr]    Compiling rand v0.4.6
[INFO] [stderr]    Compiling remove_dir_all v0.5.3
[INFO] [stderr]    Compiling foreign-types-shared v0.1.1
[INFO] [stderr]    Compiling openssl v0.10.35
[INFO] [stderr]    Compiling native-tls v0.2.8
[INFO] [stderr]    Compiling openssl-probe v0.1.4
[INFO] [stderr]    Compiling try-lock v0.2.3
[INFO] [stderr]    Compiling http-body v0.3.1
[INFO] [stderr]    Compiling predicates-core v1.0.2
[INFO] [stderr]    Compiling tower-service v0.3.1
[INFO] [stderr]    Compiling httpdate v0.3.2
[INFO] [stderr]    Compiling float-cmp v0.9.0
[INFO] [stderr]    Compiling publicsuffix v1.5.6
[INFO] [stderr]    Compiling itertools v0.10.1
[INFO] [stderr]    Compiling difflib v0.4.0
[INFO] [stderr]    Compiling foreign-types v0.3.2
[INFO] [stderr]    Compiling want v0.3.0
[INFO] [stderr]    Compiling treeline v0.1.0
[INFO] [stderr]    Compiling normalize-line-endings v0.3.0
[INFO] [stderr]    Compiling wait-timeout v0.2.0
[INFO] [stderr]    Compiling ipnet v2.3.1
[INFO] [stderr]    Compiling test_bin v0.3.0
[INFO] [stderr]    Compiling predicates-tree v1.0.3
[INFO] [stderr]    Compiling hyper v0.13.10
[INFO] [stderr]    Compiling cookie_store v0.12.0
[INFO] [stderr]    Compiling tempdir v0.3.7
[INFO] [stderr]    Compiling argonautica v0.2.0
[INFO] [stderr]    Compiling predicates v2.0.1
[INFO] [stderr]    Compiling assert_cmd v1.0.8
[INFO] [stderr]    Compiling pslink v0.4.1-beta.2 (/opt/rustwide/workdir)
[INFO] [stderr]    Compiling tokio-tls v0.3.1
[INFO] [stderr]    Compiling hyper-tls v0.4.3
[INFO] [stderr]    Compiling reqwest v0.10.10
[INFO] [stdout] warning: trailing semicolon in macro used in expression position
[INFO] [stdout]    --> src/queries.rs:204:10
[INFO] [stdout]     |
[INFO] [stdout] 204 |         };
[INFO] [stdout]     |          ^
[INFO] [stdout] ...
[INFO] [stdout] 212 |             format!("\n ORDER BY lcode {}", ts!(order.value))
[INFO] [stdout]     |                                             ---------------- in this macro invocation
[INFO] [stdout]     |
[INFO] [stdout]     = warning: this was previously accepted by the compiler but is being phased out; it will become a hard error in a future release!
[INFO] [stdout]     = note: for more information, see issue #79813 <https://github.com/rust-lang/rust/issues/79813>
[INFO] [stdout]     = note: macro invocations at the end of a block are treated as expressions
[INFO] [stdout]     = note: to ignore the value produced by the macro, add a semicolon after the invocation of `ts`
[INFO] [stdout]     = note: `#[warn(semicolon_in_expressions_from_macros)]` on by default
[INFO] [stdout]     = note: this warning originates in the macro `ts` (in Nightly builds, run with -Z macro-backtrace for more info)
[INFO] [stdout] 
[INFO] [stdout] 
[INFO] [stdout] warning: trailing semicolon in macro used in expression position
[INFO] [stdout]    --> src/queries.rs:204:10
[INFO] [stdout]     |
[INFO] [stdout] 204 |         };
[INFO] [stdout]     |          ^
[INFO] [stdout] ...
[INFO] [stdout] 215 |             format!("\n ORDER BY ltitle {}", ts!(order.value))
[INFO] [stdout]     |                                              ---------------- in this macro invocation
[INFO] [stdout]     |
[INFO] [stdout]     = warning: this was previously accepted by the compiler but is being phased out; it will become a hard error in a future release!
[INFO] [stdout]     = note: for more information, see issue #79813 <https://github.com/rust-lang/rust/issues/79813>
[INFO] [stdout]     = note: macro invocations at the end of a block are treated as expressions
[INFO] [stdout]     = note: to ignore the value produced by the macro, add a semicolon after the invocation of `ts`
[INFO] [stdout]     = note: this warning originates in the macro `ts` (in Nightly builds, run with -Z macro-backtrace for more info)
[INFO] [stdout] 
[INFO] [stdout] 
[INFO] [stdout] warning: trailing semicolon in macro used in expression position
[INFO] [stdout]    --> src/queries.rs:204:10
[INFO] [stdout]     |
[INFO] [stdout] 204 |         };
[INFO] [stdout]     |          ^
[INFO] [stdout] ...
[INFO] [stdout] 218 |             format!("\n ORDER BY ltarget {}", ts!(order.value))
[INFO] [stdout]     |                                               ---------------- in this macro invocation
[INFO] [stdout]     |
[INFO] [stdout]     = warning: this was previously accepted by the compiler but is being phased out; it will become a hard error in a future release!
[INFO] [stdout]     = note: for more information, see issue #79813 <https://github.com/rust-lang/rust/issues/79813>
[INFO] [stdout]     = note: macro invocations at the end of a block are treated as expressions
[INFO] [stdout]     = note: to ignore the value produced by the macro, add a semicolon after the invocation of `ts`
[INFO] [stdout]     = note: this warning originates in the macro `ts` (in Nightly builds, run with -Z macro-backtrace for more info)
[INFO] [stdout] 
[INFO] [stdout] 
[INFO] [stdout] warning: trailing semicolon in macro used in expression position
[INFO] [stdout]    --> src/queries.rs:204:10
[INFO] [stdout]     |
[INFO] [stdout] 204 |         };
[INFO] [stdout]     |          ^
[INFO] [stdout] ...
[INFO] [stdout] 221 |             format!("\n ORDER BY usern {}", ts!(order.value))
[INFO] [stdout]     |                                             ---------------- in this macro invocation
[INFO] [stdout]     |
[INFO] [stdout]     = warning: this was previously accepted by the compiler but is being phased out; it will become a hard error in a future release!
[INFO] [stdout]     = note: for more information, see issue #79813 <https://github.com/rust-lang/rust/issues/79813>
[INFO] [stdout]     = note: macro invocations at the end of a block are treated as expressions
[INFO] [stdout]     = note: to ignore the value produced by the macro, add a semicolon after the invocation of `ts`
[INFO] [stdout]     = note: this warning originates in the macro `ts` (in Nightly builds, run with -Z macro-backtrace for more info)
[INFO] [stdout] 
[INFO] [stdout] 
[INFO] [stdout] warning: trailing semicolon in macro used in expression position
[INFO] [stdout]    --> src/queries.rs:204:10
[INFO] [stdout]     |
[INFO] [stdout] 204 |         };
[INFO] [stdout]     |          ^
[INFO] [stdout] ...
[INFO] [stdout] 224 |             format!("\n ORDER BY counter {}", ts!(order.value))
[INFO] [stdout]     |                                               ---------------- in this macro invocation
[INFO] [stdout]     |
[INFO] [stdout]     = warning: this was previously accepted by the compiler but is being phased out; it will become a hard error in a future release!
[INFO] [stdout]     = note: for more information, see issue #79813 <https://github.com/rust-lang/rust/issues/79813>
[INFO] [stdout]     = note: macro invocations at the end of a block are treated as expressions
[INFO] [stdout]     = note: to ignore the value produced by the macro, add a semicolon after the invocation of `ts`
[INFO] [stdout]     = note: this warning originates in the macro `ts` (in Nightly builds, run with -Z macro-backtrace for more info)
[INFO] [stdout] 
[INFO] [stdout] 
[INFO] [stdout] warning: trailing semicolon in macro used in expression position
[INFO] [stdout]    --> src/queries.rs:204:10
[INFO] [stdout]     |
[INFO] [stdout] 204 |         };
[INFO] [stdout]     |          ^
[INFO] [stdout] ...
[INFO] [stdout] 315 |             format!("\n ORDER BY id {}", ts!(order.value))
[INFO] [stdout]     |                                          ---------------- in this macro invocation
[INFO] [stdout]     |
[INFO] [stdout]     = warning: this was previously accepted by the compiler but is being phased out; it will become a hard error in a future release!
[INFO] [stdout]     = note: for more information, see issue #79813 <https://github.com/rust-lang/rust/issues/79813>
[INFO] [stdout]     = note: macro invocations at the end of a block are treated as expressions
[INFO] [stdout]     = note: to ignore the value produced by the macro, add a semicolon after the invocation of `ts`
[INFO] [stdout]     = note: this warning originates in the macro `ts` (in Nightly builds, run with -Z macro-backtrace for more info)
[INFO] [stdout] 
[INFO] [stdout] 
[INFO] [stdout] warning: trailing semicolon in macro used in expression position
[INFO] [stdout]    --> src/queries.rs:204:10
[INFO] [stdout]     |
[INFO] [stdout] 204 |         };
[INFO] [stdout]     |          ^
[INFO] [stdout] ...
[INFO] [stdout] 318 |             format!("\n ORDER BY username {}", ts!(order.value))
[INFO] [stdout]     |                                                ---------------- in this macro invocation
[INFO] [stdout]     |
[INFO] [stdout]     = warning: this was previously accepted by the compiler but is being phased out; it will become a hard error in a future release!
[INFO] [stdout]     = note: for more information, see issue #79813 <https://github.com/rust-lang/rust/issues/79813>
[INFO] [stdout]     = note: macro invocations at the end of a block are treated as expressions
[INFO] [stdout]     = note: to ignore the value produced by the macro, add a semicolon after the invocation of `ts`
[INFO] [stdout]     = note: this warning originates in the macro `ts` (in Nightly builds, run with -Z macro-backtrace for more info)
[INFO] [stdout] 
[INFO] [stdout] 
[INFO] [stdout] warning: trailing semicolon in macro used in expression position
[INFO] [stdout]    --> src/queries.rs:204:10
[INFO] [stdout]     |
[INFO] [stdout] 204 |         };
[INFO] [stdout]     |          ^
[INFO] [stdout] ...
[INFO] [stdout] 321 |             format!("\n ORDER BY email {}", ts!(order.value))
[INFO] [stdout]     |                                             ---------------- in this macro invocation
[INFO] [stdout]     |
[INFO] [stdout]     = warning: this was previously accepted by the compiler but is being phased out; it will become a hard error in a future release!
[INFO] [stdout]     = note: for more information, see issue #79813 <https://github.com/rust-lang/rust/issues/79813>
[INFO] [stdout]     = note: macro invocations at the end of a block are treated as expressions
[INFO] [stdout]     = note: to ignore the value produced by the macro, add a semicolon after the invocation of `ts`
[INFO] [stdout]     = note: this warning originates in the macro `ts` (in Nightly builds, run with -Z macro-backtrace for more info)
[INFO] [stdout] 
[INFO] [stdout] 
[INFO] [stdout] warning: trailing semicolon in macro used in expression position
[INFO] [stdout]    --> src/queries.rs:204:10
[INFO] [stdout]     |
[INFO] [stdout] 204 |         };
[INFO] [stdout]     |          ^
[INFO] [stdout] ...
[INFO] [stdout] 212 |             format!("\n ORDER BY lcode {}", ts!(order.value))
[INFO] [stdout]     |                                             ---------------- in this macro invocation
[INFO] [stdout]     |
[INFO] [stdout]     = warning: this was previously accepted by the compiler but is being phased out; it will become a hard error in a future release!
[INFO] [stdout]     = note: for more information, see issue #79813 <https://github.com/rust-lang/rust/issues/79813>
[INFO] [stdout]     = note: macro invocations at the end of a block are treated as expressions
[INFO] [stdout]     = note: to ignore the value produced by the macro, add a semicolon after the invocation of `ts`
[INFO] [stdout]     = note: `#[warn(semicolon_in_expressions_from_macros)]` on by default
[INFO] [stdout]     = note: this warning originates in the macro `ts` (in Nightly builds, run with -Z macro-backtrace for more info)
[INFO] [stdout] 
[INFO] [stdout] 
[INFO] [stdout] warning: trailing semicolon in macro used in expression position
[INFO] [stdout]    --> src/queries.rs:204:10
[INFO] [stdout]     |
[INFO] [stdout] 204 |         };
[INFO] [stdout]     |          ^
[INFO] [stdout] ...
[INFO] [stdout] 215 |             format!("\n ORDER BY ltitle {}", ts!(order.value))
[INFO] [stdout]     |                                              ---------------- in this macro invocation
[INFO] [stdout]     |
[INFO] [stdout]     = warning: this was previously accepted by the compiler but is being phased out; it will become a hard error in a future release!
[INFO] [stdout]     = note: for more information, see issue #79813 <https://github.com/rust-lang/rust/issues/79813>
[INFO] [stdout]     = note: macro invocations at the end of a block are treated as expressions
[INFO] [stdout]     = note: to ignore the value produced by the macro, add a semicolon after the invocation of `ts`
[INFO] [stdout]     = note: this warning originates in the macro `ts` (in Nightly builds, run with -Z macro-backtrace for more info)
[INFO] [stdout] 
[INFO] [stdout] 
[INFO] [stdout] warning: trailing semicolon in macro used in expression position
[INFO] [stdout]    --> src/queries.rs:204:10
[INFO] [stdout]     |
[INFO] [stdout] 204 |         };
[INFO] [stdout]     |          ^
[INFO] [stdout] ...
[INFO] [stdout] 218 |             format!("\n ORDER BY ltarget {}", ts!(order.value))
[INFO] [stdout]     |                                               ---------------- in this macro invocation
[INFO] [stdout]     |
[INFO] [stdout]     = warning: this was previously accepted by the compiler but is being phased out; it will become a hard error in a future release!
[INFO] [stdout]     = note: for more information, see issue #79813 <https://github.com/rust-lang/rust/issues/79813>
[INFO] [stdout]     = note: macro invocations at the end of a block are treated as expressions
[INFO] [stdout]     = note: to ignore the value produced by the macro, add a semicolon after the invocation of `ts`
[INFO] [stdout]     = note: this warning originates in the macro `ts` (in Nightly builds, run with -Z macro-backtrace for more info)
[INFO] [stdout] 
[INFO] [stdout] 
[INFO] [stdout] warning: trailing semicolon in macro used in expression position
[INFO] [stdout]    --> src/queries.rs:204:10
[INFO] [stdout]     |
[INFO] [stdout] 204 |         };
[INFO] [stdout]     |          ^
[INFO] [stdout] ...
[INFO] [stdout] 221 |             format!("\n ORDER BY usern {}", ts!(order.value))
[INFO] [stdout]     |                                             ---------------- in this macro invocation
[INFO] [stdout]     |
[INFO] [stdout]     = warning: this was previously accepted by the compiler but is being phased out; it will become a hard error in a future release!
[INFO] [stdout]     = note: for more information, see issue #79813 <https://github.com/rust-lang/rust/issues/79813>
[INFO] [stdout]     = note: macro invocations at the end of a block are treated as expressions
[INFO] [stdout]     = note: to ignore the value produced by the macro, add a semicolon after the invocation of `ts`
[INFO] [stdout]     = note: this warning originates in the macro `ts` (in Nightly builds, run with -Z macro-backtrace for more info)
[INFO] [stdout] 
[INFO] [stdout] 
[INFO] [stdout] warning: trailing semicolon in macro used in expression position
[INFO] [stdout]    --> src/queries.rs:204:10
[INFO] [stdout]     |
[INFO] [stdout] 204 |         };
[INFO] [stdout]     |          ^
[INFO] [stdout] ...
[INFO] [stdout] 224 |             format!("\n ORDER BY counter {}", ts!(order.value))
[INFO] [stdout]     |                                               ---------------- in this macro invocation
[INFO] [stdout]     |
[INFO] [stdout]     = warning: this was previously accepted by the compiler but is being phased out; it will become a hard error in a future release!
[INFO] [stdout]     = note: for more information, see issue #79813 <https://github.com/rust-lang/rust/issues/79813>
[INFO] [stdout]     = note: macro invocations at the end of a block are treated as expressions
[INFO] [stdout]     = note: to ignore the value produced by the macro, add a semicolon after the invocation of `ts`
[INFO] [stdout]     = note: this warning originates in the macro `ts` (in Nightly builds, run with -Z macro-backtrace for more info)
[INFO] [stdout] 
[INFO] [stdout] 
[INFO] [stdout] warning: trailing semicolon in macro used in expression position
[INFO] [stdout]    --> src/queries.rs:204:10
[INFO] [stdout]     |
[INFO] [stdout] 204 |         };
[INFO] [stdout]     |          ^
[INFO] [stdout] ...
[INFO] [stdout] 315 |             format!("\n ORDER BY id {}", ts!(order.value))
[INFO] [stdout]     |                                          ---------------- in this macro invocation
[INFO] [stdout]     |
[INFO] [stdout]     = warning: this was previously accepted by the compiler but is being phased out; it will become a hard error in a future release!
[INFO] [stdout]     = note: for more information, see issue #79813 <https://github.com/rust-lang/rust/issues/79813>
[INFO] [stdout]     = note: macro invocations at the end of a block are treated as expressions
[INFO] [stdout]     = note: to ignore the value produced by the macro, add a semicolon after the invocation of `ts`
[INFO] [stdout]     = note: this warning originates in the macro `ts` (in Nightly builds, run with -Z macro-backtrace for more info)
[INFO] [stdout] 
[INFO] [stdout] 
[INFO] [stdout] warning: trailing semicolon in macro used in expression position
[INFO] [stdout]    --> src/queries.rs:204:10
[INFO] [stdout]     |
[INFO] [stdout] 204 |         };
[INFO] [stdout]     |          ^
[INFO] [stdout] ...
[INFO] [stdout] 318 |             format!("\n ORDER BY username {}", ts!(order.value))
[INFO] [stdout]     |                                                ---------------- in this macro invocation
[INFO] [stdout]     |
[INFO] [stdout]     = warning: this was previously accepted by the compiler but is being phased out; it will become a hard error in a future release!
[INFO] [stdout]     = note: for more information, see issue #79813 <https://github.com/rust-lang/rust/issues/79813>
[INFO] [stdout]     = note: macro invocations at the end of a block are treated as expressions
[INFO] [stdout]     = note: to ignore the value produced by the macro, add a semicolon after the invocation of `ts`
[INFO] [stdout]     = note: this warning originates in the macro `ts` (in Nightly builds, run with -Z macro-backtrace for more info)
[INFO] [stdout] 
[INFO] [stdout] 
[INFO] [stdout] warning: trailing semicolon in macro used in expression position
[INFO] [stdout]    --> src/queries.rs:204:10
[INFO] [stdout]     |
[INFO] [stdout] 204 |         };
[INFO] [stdout]     |          ^
[INFO] [stdout] ...
[INFO] [stdout] 321 |             format!("\n ORDER BY email {}", ts!(order.value))
[INFO] [stdout]     |                                             ---------------- in this macro invocation
[INFO] [stdout]     |
[INFO] [stdout]     = warning: this was previously accepted by the compiler but is being phased out; it will become a hard error in a future release!
[INFO] [stdout]     = note: for more information, see issue #79813 <https://github.com/rust-lang/rust/issues/79813>
[INFO] [stdout]     = note: macro invocations at the end of a block are treated as expressions
[INFO] [stdout]     = note: to ignore the value produced by the macro, add a semicolon after the invocation of `ts`
[INFO] [stdout]     = note: this warning originates in the macro `ts` (in Nightly builds, run with -Z macro-backtrace for more info)
[INFO] [stdout] 
[INFO] [stdout] 
[INFO] [stderr]     Finished `test` profile [unoptimized + debuginfo] target(s) in 18.00s
[INFO] [stderr] warning: the following packages contain code that will be rejected by a future version of Rust: cexpr v0.3.6, nom v4.2.3, nom v6.1.2, pslink v0.4.1-beta.2 (/opt/rustwide/workdir), sqlx-macros v0.4.2
[INFO] [stderr] note: to see what the problems were, use the option `--future-incompat-report`, or run `cargo report future-incompatibilities --id 2`
[INFO] running `Command { std: "docker" "inspect" "e7e32af6b38cf3697ff0cb0c01c217139fb8f99722a713e3a4e71ad194dbc8c2", kill_on_drop: false }`
[INFO] running `Command { std: "docker" "rm" "-f" "e7e32af6b38cf3697ff0cb0c01c217139fb8f99722a713e3a4e71ad194dbc8c2", kill_on_drop: false }`
[INFO] [stdout] e7e32af6b38cf3697ff0cb0c01c217139fb8f99722a713e3a4e71ad194dbc8c2
[INFO] running `Command { std: "docker" "create" "-v" "/var/lib/crater-agent-workspace/builds/worker-3-tc1/target:/opt/rustwide/target:rw,Z" "-v" "/var/lib/crater-agent-workspace/builds/worker-3-tc1/source:/opt/rustwide/workdir:ro,Z" "-v" "/var/lib/crater-agent-workspace/cargo-home:/opt/rustwide/cargo-home:ro,Z" "-v" "/var/lib/crater-agent-workspace/rustup-home:/opt/rustwide/rustup-home:ro,Z" "-e" "SOURCE_DIR=/opt/rustwide/workdir" "-e" "CARGO_TARGET_DIR=/opt/rustwide/target" "-e" "CARGO_INCREMENTAL=0" "-e" "RUST_BACKTRACE=full" "-e" "RUSTFLAGS=--cap-lints=forbid" "-e" "RUSTDOCFLAGS=--cap-lints=forbid" "-e" "CARGO_HOME=/opt/rustwide/cargo-home" "-e" "RUSTUP_HOME=/opt/rustwide/rustup-home" "-w" "/opt/rustwide/workdir" "-m" "1610612736" "--user" "0:0" "--network" "none" "ghcr.io/rust-lang/crates-build-env/linux@sha256:819108c5571ea2e421544af4d832f968d213c87fbe3707a016657f43d2f853bc" "/opt/rustwide/cargo-home/bin/cargo" "+nightly-2025-01-18" "test" "--frozen", kill_on_drop: false }`
[INFO] [stdout] 56f2a35a937854643deecb75bdb7d5c29f215e51af0895deab35e6b49098decb
[INFO] running `Command { std: "docker" "start" "-a" "56f2a35a937854643deecb75bdb7d5c29f215e51af0895deab35e6b49098decb", kill_on_drop: false }`
[INFO] [stderr] warning: trailing semicolon in macro used in expression position
[INFO] [stderr]    --> src/queries.rs:204:10
[INFO] [stderr]     |
[INFO] [stderr] 204 |         };
[INFO] [stderr]     |          ^
[INFO] [stderr] ...
[INFO] [stderr] 212 |             format!("\n ORDER BY lcode {}", ts!(order.value))
[INFO] [stderr]     |                                             ---------------- in this macro invocation
[INFO] [stderr]     |
[INFO] [stderr]     = warning: this was previously accepted by the compiler but is being phased out; it will become a hard error in a future release!
[INFO] [stderr]     = note: for more information, see issue #79813 <https://github.com/rust-lang/rust/issues/79813>
[INFO] [stderr]     = note: macro invocations at the end of a block are treated as expressions
[INFO] [stderr]     = note: to ignore the value produced by the macro, add a semicolon after the invocation of `ts`
[INFO] [stderr]     = note: `#[warn(semicolon_in_expressions_from_macros)]` on by default
[INFO] [stderr]     = note: this warning originates in the macro `ts` (in Nightly builds, run with -Z macro-backtrace for more info)
[INFO] [stderr] 
[INFO] [stderr] warning: trailing semicolon in macro used in expression position
[INFO] [stderr]    --> src/queries.rs:204:10
[INFO] [stderr]     |
[INFO] [stderr] 204 |         };
[INFO] [stderr]     |          ^
[INFO] [stderr] ...
[INFO] [stderr] 215 |             format!("\n ORDER BY ltitle {}", ts!(order.value))
[INFO] [stderr]     |                                              ---------------- in this macro invocation
[INFO] [stderr]     |
[INFO] [stderr]     = warning: this was previously accepted by the compiler but is being phased out; it will become a hard error in a future release!
[INFO] [stderr]     = note: for more information, see issue #79813 <https://github.com/rust-lang/rust/issues/79813>
[INFO] [stderr]     = note: macro invocations at the end of a block are treated as expressions
[INFO] [stderr]     = note: to ignore the value produced by the macro, add a semicolon after the invocation of `ts`
[INFO] [stderr]     = note: this warning originates in the macro `ts` (in Nightly builds, run with -Z macro-backtrace for more info)
[INFO] [stderr] 
[INFO] [stderr] warning: trailing semicolon in macro used in expression position
[INFO] [stderr]    --> src/queries.rs:204:10
[INFO] [stderr]     |
[INFO] [stderr] 204 |         };
[INFO] [stderr]     |          ^
[INFO] [stderr] ...
[INFO] [stderr] 218 |             format!("\n ORDER BY ltarget {}", ts!(order.value))
[INFO] [stderr]     |                                               ---------------- in this macro invocation
[INFO] [stderr]     |
[INFO] [stderr]     = warning: this was previously accepted by the compiler but is being phased out; it will become a hard error in a future release!
[INFO] [stderr]     = note: for more information, see issue #79813 <https://github.com/rust-lang/rust/issues/79813>
[INFO] [stderr]     = note: macro invocations at the end of a block are treated as expressions
[INFO] [stderr]     = note: to ignore the value produced by the macro, add a semicolon after the invocation of `ts`
[INFO] [stderr]     = note: this warning originates in the macro `ts` (in Nightly builds, run with -Z macro-backtrace for more info)
[INFO] [stderr] 
[INFO] [stderr] warning: trailing semicolon in macro used in expression position
[INFO] [stderr]    --> src/queries.rs:204:10
[INFO] [stderr]     |
[INFO] [stderr] 204 |         };
[INFO] [stderr]     |          ^
[INFO] [stderr] ...
[INFO] [stderr] 221 |             format!("\n ORDER BY usern {}", ts!(order.value))
[INFO] [stderr]     |                                             ---------------- in this macro invocation
[INFO] [stderr]     |
[INFO] [stderr]     = warning: this was previously accepted by the compiler but is being phased out; it will become a hard error in a future release!
[INFO] [stderr]     = note: for more information, see issue #79813 <https://github.com/rust-lang/rust/issues/79813>
[INFO] [stderr]     = note: macro invocations at the end of a block are treated as expressions
[INFO] [stderr]     = note: to ignore the value produced by the macro, add a semicolon after the invocation of `ts`
[INFO] [stderr]     = note: this warning originates in the macro `ts` (in Nightly builds, run with -Z macro-backtrace for more info)
[INFO] [stderr] 
[INFO] [stderr] warning: trailing semicolon in macro used in expression position
[INFO] [stderr]    --> src/queries.rs:204:10
[INFO] [stderr]     |
[INFO] [stderr] 204 |         };
[INFO] [stderr]     |          ^
[INFO] [stderr] ...
[INFO] [stderr] 224 |             format!("\n ORDER BY counter {}", ts!(order.value))
[INFO] [stderr]     |                                               ---------------- in this macro invocation
[INFO] [stderr]     |
[INFO] [stderr]     = warning: this was previously accepted by the compiler but is being phased out; it will become a hard error in a future release!
[INFO] [stderr]     = note: for more information, see issue #79813 <https://github.com/rust-lang/rust/issues/79813>
[INFO] [stderr]     = note: macro invocations at the end of a block are treated as expressions
[INFO] [stderr]     = note: to ignore the value produced by the macro, add a semicolon after the invocation of `ts`
[INFO] [stderr]     = note: this warning originates in the macro `ts` (in Nightly builds, run with -Z macro-backtrace for more info)
[INFO] [stderr] 
[INFO] [stderr] warning: trailing semicolon in macro used in expression position
[INFO] [stderr]    --> src/queries.rs:204:10
[INFO] [stderr]     |
[INFO] [stderr] 204 |         };
[INFO] [stderr]     |          ^
[INFO] [stderr] ...
[INFO] [stderr] 315 |             format!("\n ORDER BY id {}", ts!(order.value))
[INFO] [stderr]     |                                          ---------------- in this macro invocation
[INFO] [stderr]     |
[INFO] [stderr]     = warning: this was previously accepted by the compiler but is being phased out; it will become a hard error in a future release!
[INFO] [stderr]     = note: for more information, see issue #79813 <https://github.com/rust-lang/rust/issues/79813>
[INFO] [stderr]     = note: macro invocations at the end of a block are treated as expressions
[INFO] [stderr]     = note: to ignore the value produced by the macro, add a semicolon after the invocation of `ts`
[INFO] [stderr]     = note: this warning originates in the macro `ts` (in Nightly builds, run with -Z macro-backtrace for more info)
[INFO] [stderr] 
[INFO] [stderr] warning: trailing semicolon in macro used in expression position
[INFO] [stderr]    --> src/queries.rs:204:10
[INFO] [stderr]     |
[INFO] [stderr] 204 |         };
[INFO] [stderr]     |          ^
[INFO] [stderr] ...
[INFO] [stderr] 318 |             format!("\n ORDER BY username {}", ts!(order.value))
[INFO] [stderr]     |                                                ---------------- in this macro invocation
[INFO] [stderr]     |
[INFO] [stderr]     = warning: this was previously accepted by the compiler but is being phased out; it will become a hard error in a future release!
[INFO] [stderr]     = note: for more information, see issue #79813 <https://github.com/rust-lang/rust/issues/79813>
[INFO] [stderr]     = note: macro invocations at the end of a block are treated as expressions
[INFO] [stderr]     = note: to ignore the value produced by the macro, add a semicolon after the invocation of `ts`
[INFO] [stderr]     = note: this warning originates in the macro `ts` (in Nightly builds, run with -Z macro-backtrace for more info)
[INFO] [stderr] 
[INFO] [stderr] warning: trailing semicolon in macro used in expression position
[INFO] [stderr]    --> src/queries.rs:204:10
[INFO] [stderr]     |
[INFO] [stderr] 204 |         };
[INFO] [stderr]     |          ^
[INFO] [stderr] ...
[INFO] [stderr] 321 |             format!("\n ORDER BY email {}", ts!(order.value))
[INFO] [stderr]     |                                             ---------------- in this macro invocation
[INFO] [stderr]     |
[INFO] [stderr]     = warning: this was previously accepted by the compiler but is being phased out; it will become a hard error in a future release!
[INFO] [stderr]     = note: for more information, see issue #79813 <https://github.com/rust-lang/rust/issues/79813>
[INFO] [stderr]     = note: macro invocations at the end of a block are treated as expressions
[INFO] [stderr]     = note: to ignore the value produced by the macro, add a semicolon after the invocation of `ts`
[INFO] [stderr]     = note: this warning originates in the macro `ts` (in Nightly builds, run with -Z macro-backtrace for more info)
[INFO] [stderr] 
[INFO] [stderr] warning: `pslink` (lib) generated 8 warnings
[INFO] [stderr] warning: `pslink` (lib test) generated 8 warnings (8 duplicates)
[INFO] [stderr]     Finished `test` profile [unoptimized + debuginfo] target(s) in 0.29s
[INFO] [stderr] warning: the following packages contain code that will be rejected by a future version of Rust: cexpr v0.3.6, nom v4.2.3, nom v6.1.2, pslink v0.4.1-beta.2 (/opt/rustwide/workdir), sqlx-macros v0.4.2
[INFO] [stderr] note: to see what the problems were, use the option `--future-incompat-report`, or run `cargo report future-incompatibilities --id 2`
[INFO] [stderr]      Running unittests src/lib.rs (/opt/rustwide/target/debug/deps/pslink-f39c79cb213d2b97)
[INFO] [stdout] 
[INFO] [stdout] running 0 tests
[INFO] [stdout] 
[INFO] [stdout] test result: ok. 0 passed; 0 failed; 0 ignored; 0 measured; 0 filtered out; finished in 0.00s
[INFO] [stdout] 
[INFO] [stderr]      Running unittests src/bin/pslink/main.rs (/opt/rustwide/target/debug/deps/pslink-5f7d889dbe4b4b2b)
[INFO] [stdout] 
[INFO] [stdout] running 0 tests
[INFO] [stdout] 
[INFO] [stdout] test result: ok. 0 passed; 0 failed; 0 ignored; 0 measured; 0 filtered out; finished in 0.00s
[INFO] [stdout] 
[INFO] [stderr]      Running tests/integration-tests.rs (/opt/rustwide/target/debug/deps/integration_tests-7cb099f27c27a040)
[INFO] [stdout] 
[INFO] [stdout] running 4 tests
[INFO] [stdout] test test_help_of_command_for_breaking_changes ... FAILED
[INFO] [stdout] test test_generate_env ... ok
[INFO] [stderr] OpenTelemetry trace error occurred ExportFailed(ThriftAgentError(TransportError { kind: NotOpen, message: "connection refused" }))
[INFO] [stderr] OpenTelemetry trace error occurred ExportFailed(ThriftAgentError(TransportError { kind: NotOpen, message: "connection refused" }))
[INFO] [stderr] OpenTelemetry trace error occurred ExportFailed(ThriftAgentError(TransportError { kind: NotOpen, message: "connection refused" }))
[INFO] [stderr] OpenTelemetry trace error occurred ExportFailed(ThriftAgentError(TransportError { kind: NotOpen, message: "connection refused" }))
[INFO] [stderr] OpenTelemetry trace error occurred ExportFailed(ThriftAgentError(TransportError { kind: NotOpen, message: "connection refused" }))
[INFO] [stderr] OpenTelemetry trace error occurred ExportFailed(ThriftAgentError(TransportError { kind: NotOpen, message: "connection refused" }))
[INFO] [stderr] OpenTelemetry trace error occurred ExportFailed(ThriftAgentError(TransportError { kind: NotOpen, message: "connection refused" }))
[INFO] [stderr] OpenTelemetry trace error occurred ExportFailed(ThriftAgentError(TransportError { kind: NotOpen, message: "connection refused" }))
[INFO] [stdout] test test_migrate_database ... ok
[INFO] [stderr] OpenTelemetry trace error occurred ExportFailed(ThriftAgentError(TransportError { kind: NotOpen, message: "connection refused" }))
[INFO] [stdout] test test_web_paths ... FAILED
[INFO] [stdout] 
[INFO] [stdout] failures:
[INFO] [stdout] 
[INFO] [stdout] ---- test_help_of_command_for_breaking_changes stdout ----
[INFO] [stdout] 
[INFO] [stdout] thread 'test_help_of_command_for_breaking_changes' panicked at tests/integration-tests.rs:14:5:
[INFO] [stdout] assertion failed: String::from_utf8_lossy(&output.stdout).contains("USAGE")
[INFO] [stdout] stack backtrace:
[INFO] [stdout]    0:     0x5d29d97ce65a - std::backtrace_rs::backtrace::libunwind::trace::hb059275cfc8d6126
[INFO] [stdout]                                at /rustc/6067b36314ab5eb2eb47cecc464545ba58e1ad24/library/std/src/../../backtrace/src/backtrace/libunwind.rs:116:5
[INFO] [stdout]    1:     0x5d29d97ce65a - std::backtrace_rs::backtrace::trace_unsynchronized::h2da071e4327ce3ee
[INFO] [stdout]                                at /rustc/6067b36314ab5eb2eb47cecc464545ba58e1ad24/library/std/src/../../backtrace/src/backtrace/mod.rs:66:5
[INFO] [stdout]    2:     0x5d29d97ce65a - std::sys::backtrace::_print_fmt::h842a1474e6f8d23f
[INFO] [stdout]                                at /rustc/6067b36314ab5eb2eb47cecc464545ba58e1ad24/library/std/src/sys/backtrace.rs:66:9
[INFO] [stdout]    3:     0x5d29d97ce65a - <std::sys::backtrace::BacktraceLock::print::DisplayBacktrace as core::fmt::Display>::fmt::h71a62eb3b9696b12
[INFO] [stdout]                                at /rustc/6067b36314ab5eb2eb47cecc464545ba58e1ad24/library/std/src/sys/backtrace.rs:39:26
[INFO] [stdout]    4:     0x5d29d97fc9c3 - core::fmt::rt::Argument::fmt::hdb6b616786b41dc1
[INFO] [stdout]                                at /rustc/6067b36314ab5eb2eb47cecc464545ba58e1ad24/library/core/src/fmt/rt.rs:177:76
[INFO] [stdout]    5:     0x5d29d97fc9c3 - core::fmt::write::h2cc1698af7e2d686
[INFO] [stdout]                                at /rustc/6067b36314ab5eb2eb47cecc464545ba58e1ad24/library/core/src/fmt/mod.rs:1440:21
[INFO] [stdout]    6:     0x5d29d97ca1f3 - std::io::Write::write_fmt::hab1b4cd059a79022
[INFO] [stdout]                                at /rustc/6067b36314ab5eb2eb47cecc464545ba58e1ad24/library/std/src/io/mod.rs:1887:15
[INFO] [stdout]    7:     0x5d29d97ce4a2 - std::sys::backtrace::BacktraceLock::print::h147fe35b4ea13b08
[INFO] [stdout]                                at /rustc/6067b36314ab5eb2eb47cecc464545ba58e1ad24/library/std/src/sys/backtrace.rs:42:9
[INFO] [stdout]    8:     0x5d29d97cfa7f - std::panicking::default_hook::{{closure}}::hbd44223dbdc0d208
[INFO] [stdout]                                at /rustc/6067b36314ab5eb2eb47cecc464545ba58e1ad24/library/std/src/panicking.rs:298:22
[INFO] [stdout]    9:     0x5d29d97cf898 - std::panicking::default_hook::h20f81eb0576efcec
[INFO] [stdout]                                at /rustc/6067b36314ab5eb2eb47cecc464545ba58e1ad24/library/std/src/panicking.rs:322:9
[INFO] [stdout]   10:     0x5d29d916f223 - <alloc::boxed::Box<F,A> as core::ops::function::Fn<Args>>::call::hdb53814c496a4d34
[INFO] [stdout]                                at /rustc/6067b36314ab5eb2eb47cecc464545ba58e1ad24/library/alloc/src/boxed.rs:2027:9
[INFO] [stdout]   11:     0x5d29d916f223 - test::test_main::{{closure}}::hc0a4963c59427c24
[INFO] [stdout]                                at /rustc/6067b36314ab5eb2eb47cecc464545ba58e1ad24/library/test/src/lib.rs:134:21
[INFO] [stdout]   12:     0x5d29d97d0573 - <alloc::boxed::Box<F,A> as core::ops::function::Fn<Args>>::call::h591b2225413a77e9
[INFO] [stdout]                                at /rustc/6067b36314ab5eb2eb47cecc464545ba58e1ad24/library/alloc/src/boxed.rs:2027:9
[INFO] [stdout]   13:     0x5d29d97d0573 - std::panicking::rust_panic_with_hook::h625eea43051b2edc
[INFO] [stdout]                                at /rustc/6067b36314ab5eb2eb47cecc464545ba58e1ad24/library/std/src/panicking.rs:839:13
[INFO] [stdout]   14:     0x5d29d97d01f6 - std::panicking::begin_panic_handler::{{closure}}::h4f9159cfbc3f6bd3
[INFO] [stdout]                                at /rustc/6067b36314ab5eb2eb47cecc464545ba58e1ad24/library/std/src/panicking.rs:697:13
[INFO] [stdout]   15:     0x5d29d97ceb59 - std::sys::backtrace::__rust_end_short_backtrace::h0390abce48353151
[INFO] [stdout]                                at /rustc/6067b36314ab5eb2eb47cecc464545ba58e1ad24/library/std/src/sys/backtrace.rs:168:18
[INFO] [stdout]   16:     0x5d29d97cfebd - rust_begin_unwind
[INFO] [stdout]                                at /rustc/6067b36314ab5eb2eb47cecc464545ba58e1ad24/library/std/src/panicking.rs:695:5
[INFO] [stdout]   17:     0x5d29d97fac30 - core::panicking::panic_fmt::h9e7c637e9e5f29c9
[INFO] [stdout]                                at /rustc/6067b36314ab5eb2eb47cecc464545ba58e1ad24/library/core/src/panicking.rs:75:14
[INFO] [stdout]   18:     0x5d29d97facbc - core::panicking::panic::haa3255ea20181a33
[INFO] [stdout]                                at /rustc/6067b36314ab5eb2eb47cecc464545ba58e1ad24/library/core/src/panicking.rs:145:5
[INFO] [stdout]   19:     0x5d29d8eab59a - integration_tests::test_help_of_command_for_breaking_changes::h2c96a741f7aa831d
[INFO] [stdout]                                at /opt/rustwide/workdir/tests/integration-tests.rs:14:5
[INFO] [stdout]   20:     0x5d29d8eab3b7 - integration_tests::test_help_of_command_for_breaking_changes::{{closure}}::h12314900219a39b2
[INFO] [stdout]                                at /opt/rustwide/workdir/tests/integration-tests.rs:10:47
[INFO] [stdout]   21:     0x5d29d8eb61b6 - core::ops::function::FnOnce::call_once::h21033285e5e1f5c1
[INFO] [stdout]                                at /rustc/6067b36314ab5eb2eb47cecc464545ba58e1ad24/library/core/src/ops/function.rs:250:5
[INFO] [stdout]   22:     0x5d29d917497b - core::ops::function::FnOnce::call_once::he27718dfdd183f43
[INFO] [stdout]                                at /rustc/6067b36314ab5eb2eb47cecc464545ba58e1ad24/library/core/src/ops/function.rs:250:5
[INFO] [stdout]   23:     0x5d29d917497b - test::__rust_begin_short_backtrace::h4e84902998457a5d
[INFO] [stdout]                                at /rustc/6067b36314ab5eb2eb47cecc464545ba58e1ad24/library/test/src/lib.rs:632:18
[INFO] [stdout]   24:     0x5d29d91738b3 - test::run_test_in_process::{{closure}}::h7176fd18fc1feca0
[INFO] [stdout]                                at /rustc/6067b36314ab5eb2eb47cecc464545ba58e1ad24/library/test/src/lib.rs:655:60
[INFO] [stdout]   25:     0x5d29d91738b3 - <core::panic::unwind_safe::AssertUnwindSafe<F> as core::ops::function::FnOnce<()>>::call_once::hf79cff2a624d8cf7
[INFO] [stdout]                                at /rustc/6067b36314ab5eb2eb47cecc464545ba58e1ad24/library/core/src/panic/unwind_safe.rs:272:9
[INFO] [stdout]   26:     0x5d29d91738b3 - std::panicking::try::do_call::h3da0561d9ab99c25
[INFO] [stdout]                                at /rustc/6067b36314ab5eb2eb47cecc464545ba58e1ad24/library/std/src/panicking.rs:587:40
[INFO] [stdout]   27:     0x5d29d91738b3 - std::panicking::try::h41c9fa508bc61df6
[INFO] [stdout]                                at /rustc/6067b36314ab5eb2eb47cecc464545ba58e1ad24/library/std/src/panicking.rs:550:19
[INFO] [stdout]   28:     0x5d29d91738b3 - std::panic::catch_unwind::h6b3ff07bb5afad93
[INFO] [stdout]                                at /rustc/6067b36314ab5eb2eb47cecc464545ba58e1ad24/library/std/src/panic.rs:358:14
[INFO] [stdout]   29:     0x5d29d91738b3 - test::run_test_in_process::hc7253dd11b39b9f4
[INFO] [stdout]                                at /rustc/6067b36314ab5eb2eb47cecc464545ba58e1ad24/library/test/src/lib.rs:655:27
[INFO] [stdout]   30:     0x5d29d91738b3 - test::run_test::{{closure}}::hfb2007f8649c30bb
[INFO] [stdout]                                at /rustc/6067b36314ab5eb2eb47cecc464545ba58e1ad24/library/test/src/lib.rs:576:43
[INFO] [stdout]   31:     0x5d29d9136995 - test::run_test::{{closure}}::h56a17aa7a282a9f4
[INFO] [stdout]                                at /rustc/6067b36314ab5eb2eb47cecc464545ba58e1ad24/library/test/src/lib.rs:606:41
[INFO] [stdout]   32:     0x5d29d9136995 - std::sys::backtrace::__rust_begin_short_backtrace::hd2d2d2fb8e8c6aac
[INFO] [stdout]                                at /rustc/6067b36314ab5eb2eb47cecc464545ba58e1ad24/library/std/src/sys/backtrace.rs:152:18
[INFO] [stdout]   33:     0x5d29d913a27a - std::thread::Builder::spawn_unchecked_::{{closure}}::{{closure}}::h4faa3f9db6133423
[INFO] [stdout]                                at /rustc/6067b36314ab5eb2eb47cecc464545ba58e1ad24/library/std/src/thread/mod.rs:559:17
[INFO] [stdout]   34:     0x5d29d913a27a - <core::panic::unwind_safe::AssertUnwindSafe<F> as core::ops::function::FnOnce<()>>::call_once::hf2e855a36a4ea846
[INFO] [stdout]                                at /rustc/6067b36314ab5eb2eb47cecc464545ba58e1ad24/library/core/src/panic/unwind_safe.rs:272:9
[INFO] [stdout]   35:     0x5d29d913a27a - std::panicking::try::do_call::h2f73af3616c35465
[INFO] [stdout]                                at /rustc/6067b36314ab5eb2eb47cecc464545ba58e1ad24/library/std/src/panicking.rs:587:40
[INFO] [stdout]   36:     0x5d29d913a27a - std::panicking::try::hd1660ce9efadef5a
[INFO] [stdout]                                at /rustc/6067b36314ab5eb2eb47cecc464545ba58e1ad24/library/std/src/panicking.rs:550:19
[INFO] [stdout]   37:     0x5d29d913a27a - std::panic::catch_unwind::h5ee8d7823b8ca744
[INFO] [stdout]                                at /rustc/6067b36314ab5eb2eb47cecc464545ba58e1ad24/library/std/src/panic.rs:358:14
[INFO] [stdout]   38:     0x5d29d913a27a - std::thread::Builder::spawn_unchecked_::{{closure}}::h53c3a1894dce8407
[INFO] [stdout]                                at /rustc/6067b36314ab5eb2eb47cecc464545ba58e1ad24/library/std/src/thread/mod.rs:557:30
[INFO] [stdout]   39:     0x5d29d913a27a - core::ops::function::FnOnce::call_once{{vtable.shim}}::h048ce291ad4f62bf
[INFO] [stdout]                                at /rustc/6067b36314ab5eb2eb47cecc464545ba58e1ad24/library/core/src/ops/function.rs:250:5
[INFO] [stdout]   40:     0x5d29d97d55eb - <alloc::boxed::Box<F,A> as core::ops::function::FnOnce<Args>>::call_once::ha52bedf99a3b4981
[INFO] [stdout]                                at /rustc/6067b36314ab5eb2eb47cecc464545ba58e1ad24/library/alloc/src/boxed.rs:2013:9
[INFO] [stdout]   41:     0x5d29d97d55eb - <alloc::boxed::Box<F,A> as core::ops::function::FnOnce<Args>>::call_once::h567748934d80ccf8
[INFO] [stdout]                                at /rustc/6067b36314ab5eb2eb47cecc464545ba58e1ad24/library/alloc/src/boxed.rs:2013:9
[INFO] [stdout]   42:     0x5d29d97d55eb - std::sys::pal::unix::thread::Thread::new::thread_start::h2d970728ae887adc
[INFO] [stdout]                                at /rustc/6067b36314ab5eb2eb47cecc464545ba58e1ad24/library/std/src/sys/pal/unix/thread.rs:106:17
[INFO] [stdout]   43:     0x7c063f068ac3 - <unknown>
[INFO] [stdout]   44:     0x7c063f0f9a04 - clone
[INFO] [stdout]   45:                0x0 - <unknown>
[INFO] [stdout] 
[INFO] [stdout] ---- test_web_paths stdout ----
[INFO] [stdout] Exitstatus is: exit status: 0
[INFO] [stdout] [2mJan 20 23:56:16.497[0m [32m INFO[0m Launching Pslink a 'Private short link generator'
[INFO] [stdout] [2mJan 20 23:56:16.506[0m [32m INFO[0m Creating a database file and running the migrations in the file links.db:
[INFO] [stdout] 
[INFO] [stdout] Running the webserver for testing #############
[INFO] [stdout] 15
[INFO] [stdout] Ok("\u{1b}[2mJan 20 23:5")
[INFO] [stdout] 15
[INFO] [stdout] Ok("6:21.117\u{1b}[0m \u{1b}[")
[INFO] [stdout] 15
[INFO] [stdout] Ok("32m INFO\u{1b}[0m La")
[INFO] [stdout] 15
[INFO] [stdout] Ok("unching Pslink ")
[INFO] [stdout] 15
[INFO] [stdout] Ok("a 'Private shor")
[INFO] [stdout] 15
[INFO] [stdout] Ok("t link generato")
[INFO] [stdout] 3
[INFO] [stdout] Ok("r'\nink generato")
[INFO] [stdout] 15
[INFO] [stdout] Ok("\u{1b}[2mJan 20 23:5")
[INFO] [stdout] 15
[INFO] [stdout] Ok("6:21.151\u{1b}[0m \u{1b}[")
[INFO] [stdout] 15
[INFO] [stdout] Ok("32m INFO\u{1b}[0m Ru")
[INFO] [stdout] 15
[INFO] [stdout] Ok("nning on: http:")
[INFO] [stdout] 15
[INFO] [stdout] Ok("//localhost:166")
[INFO] [stdout] 8
[INFO] [stdout] Ok("33/app/\nost:166")
[INFO] [stdout] http://localhost:16633/
[INFO] [stdout] Response { url: Url { scheme: "http", cannot_be_a_base: false, username: "", password: None, host: Some(Domain("localhost")), port: Some(16633), path: "/app/", query: None, fragment: None }, status: 200, headers: {"content-length": "799", "date": "Mon, 20 Jan 2025 23:56:21 GMT"} }
[INFO] [stdout] Login response:
[INFO] [stdout]  Response { url: Url { scheme: "http", cannot_be_a_base: false, username: "", password: None, host: Some(Domain("localhost")), port: Some(16633), path: "/admin/json/login_user/", query: None, fragment: None }, status: 200, headers: {"content-length": "114", "content-type": "application/json", "set-cookie": "auth-cookie=EHzA8rgu+NUpR9IY/l0ucwCZRy/7bBIcUE1ZsK+sCLI=; HttpOnly; Secure; Path=/", "date": "Mon, 20 Jan 2025 23:56:21 GMT"} }
[INFO] [stdout] "auth-cookie=EHzA8rgu+NUpR9IY/l0ucwCZRy/7bBIcUE1ZsK+sCLI="
[INFO] [stdout] Content: "{\"id\":1,\"username\":\"test\",\"email\":\"test@mail.test\",\"password\":\"*****SECRET*****\",\"role\":\"Admin\",\"language\":\"EnUS\"}"
[INFO] [stdout] Request { method: POST, url: Url { scheme: "http", cannot_be_a_base: false, username: "", password: None, host: Some(Domain("localhost")), port: Some(16633), path: "/admin/json/list_links/", query: None, fragment: None }, headers: {"content-type": "application/json", "cookie": "auth-cookie=EHzA8rgu+NUpR9IY/l0ucwCZRy/7bBIcUE1ZsK+sCLI="} }
[INFO] [stdout] List urls response:
[INFO] [stdout]  Response { url: Url { scheme: "http", cannot_be_a_base: false, username: "", password: None, host: Some(Domain("localhost")), port: Some(16633), path: "/admin/json/list_links/", query: None, fragment: None }, status: 400, headers: {"content-length": "0", "date": "Mon, 20 Jan 2025 23:56:22 GMT"} }
[INFO] [stdout] 
[INFO] [stdout] thread 'test_web_paths' panicked at tests/integration-tests.rs:368:5:
[INFO] [stdout] assertion failed: response.status().is_success()
[INFO] [stdout] stack backtrace:
[INFO] [stdout]    0:     0x5d29d97ce65a - std::backtrace_rs::backtrace::libunwind::trace::hb059275cfc8d6126
[INFO] [stdout]                                at /rustc/6067b36314ab5eb2eb47cecc464545ba58e1ad24/library/std/src/../../backtrace/src/backtrace/libunwind.rs:116:5
[INFO] [stdout]    1:     0x5d29d97ce65a - std::backtrace_rs::backtrace::trace_unsynchronized::h2da071e4327ce3ee
[INFO] [stdout]                                at /rustc/6067b36314ab5eb2eb47cecc464545ba58e1ad24/library/std/src/../../backtrace/src/backtrace/mod.rs:66:5
[INFO] [stdout]    2:     0x5d29d97ce65a - std::sys::backtrace::_print_fmt::h842a1474e6f8d23f
[INFO] [stdout]                                at /rustc/6067b36314ab5eb2eb47cecc464545ba58e1ad24/library/std/src/sys/backtrace.rs:66:9
[INFO] [stdout]    3:     0x5d29d97ce65a - <std::sys::backtrace::BacktraceLock::print::DisplayBacktrace as core::fmt::Display>::fmt::h71a62eb3b9696b12
[INFO] [stdout]                                at /rustc/6067b36314ab5eb2eb47cecc464545ba58e1ad24/library/std/src/sys/backtrace.rs:39:26
[INFO] [stdout]    4:     0x5d29d97fc9c3 - core::fmt::rt::Argument::fmt::hdb6b616786b41dc1
[INFO] [stdout]                                at /rustc/6067b36314ab5eb2eb47cecc464545ba58e1ad24/library/core/src/fmt/rt.rs:177:76
[INFO] [stdout]    5:     0x5d29d97fc9c3 - core::fmt::write::h2cc1698af7e2d686
[INFO] [stdout]                                at /rustc/6067b36314ab5eb2eb47cecc464545ba58e1ad24/library/core/src/fmt/mod.rs:1440:21
[INFO] [stdout]    6:     0x5d29d97ca1f3 - std::io::Write::write_fmt::hab1b4cd059a79022
[INFO] [stdout]                                at /rustc/6067b36314ab5eb2eb47cecc464545ba58e1ad24/library/std/src/io/mod.rs:1887:15
[INFO] [stdout]    7:     0x5d29d97ce4a2 - std::sys::backtrace::BacktraceLock::print::h147fe35b4ea13b08
[INFO] [stdout]                                at /rustc/6067b36314ab5eb2eb47cecc464545ba58e1ad24/library/std/src/sys/backtrace.rs:42:9
[INFO] [stdout]    8:     0x5d29d97cfa7f - std::panicking::default_hook::{{closure}}::hbd44223dbdc0d208
[INFO] [stdout]                                at /rustc/6067b36314ab5eb2eb47cecc464545ba58e1ad24/library/std/src/panicking.rs:298:22
[INFO] [stdout]    9:     0x5d29d97cf898 - std::panicking::default_hook::h20f81eb0576efcec
[INFO] [stdout]                                at /rustc/6067b36314ab5eb2eb47cecc464545ba58e1ad24/library/std/src/panicking.rs:322:9
[INFO] [stdout]   10:     0x5d29d916f223 - <alloc::boxed::Box<F,A> as core::ops::function::Fn<Args>>::call::hdb53814c496a4d34
[INFO] [stdout]                                at /rustc/6067b36314ab5eb2eb47cecc464545ba58e1ad24/library/alloc/src/boxed.rs:2027:9
[INFO] [stdout]   11:     0x5d29d916f223 - test::test_main::{{closure}}::hc0a4963c59427c24
[INFO] [stdout]                                at /rustc/6067b36314ab5eb2eb47cecc464545ba58e1ad24/library/test/src/lib.rs:134:21
[INFO] [stdout]   12:     0x5d29d97d0573 - <alloc::boxed::Box<F,A> as core::ops::function::Fn<Args>>::call::h591b2225413a77e9
[INFO] [stdout]                                at /rustc/6067b36314ab5eb2eb47cecc464545ba58e1ad24/library/alloc/src/boxed.rs:2027:9
[INFO] [stdout]   13:     0x5d29d97d0573 - std::panicking::rust_panic_with_hook::h625eea43051b2edc
[INFO] [stdout]                                at /rustc/6067b36314ab5eb2eb47cecc464545ba58e1ad24/library/std/src/panicking.rs:839:13
[INFO] [stdout]   14:     0x5d29d97d01f6 - std::panicking::begin_panic_handler::{{closure}}::h4f9159cfbc3f6bd3
[INFO] [stdout]                                at /rustc/6067b36314ab5eb2eb47cecc464545ba58e1ad24/library/std/src/panicking.rs:697:13
[INFO] [stdout]   15:     0x5d29d97ceb59 - std::sys::backtrace::__rust_end_short_backtrace::h0390abce48353151
[INFO] [stdout]                                at /rustc/6067b36314ab5eb2eb47cecc464545ba58e1ad24/library/std/src/sys/backtrace.rs:168:18
[INFO] [stdout]   16:     0x5d29d97cfebd - rust_begin_unwind
[INFO] [stdout]                                at /rustc/6067b36314ab5eb2eb47cecc464545ba58e1ad24/library/std/src/panicking.rs:695:5
[INFO] [stdout]   17:     0x5d29d97fac30 - core::panicking::panic_fmt::h9e7c637e9e5f29c9
[INFO] [stdout]                                at /rustc/6067b36314ab5eb2eb47cecc464545ba58e1ad24/library/core/src/panicking.rs:75:14
[INFO] [stdout]   18:     0x5d29d97facbc - core::panicking::panic::haa3255ea20181a33
[INFO] [stdout]                                at /rustc/6067b36314ab5eb2eb47cecc464545ba58e1ad24/library/core/src/panicking.rs:145:5
[INFO] [stdout]   19:     0x5d29d8eb0f9f - integration_tests::test_web_paths::{{closure}}::h354cabe3404e4986
[INFO] [stdout]                                at /opt/rustwide/workdir/tests/integration-tests.rs:368:5
[INFO] [stdout]   20:     0x5d29d8ecddd0 - <tokio::task::local::RunUntil<T> as core::future::future::Future>::poll::{{closure}}::{{closure}}::h97f8776c853b6e60
[INFO] [stdout]                                at /opt/rustwide/cargo-home/registry/src/index.crates.io-1949cf8c6b5b557f/tokio-0.2.25/src/task/local.rs:528:65
[INFO] [stdout]   21:     0x5d29d8edd233 - tokio::coop::with_budget::{{closure}}::h6a135b5df42e0542
[INFO] [stdout]                                at /opt/rustwide/cargo-home/registry/src/index.crates.io-1949cf8c6b5b557f/tokio-0.2.25/src/coop.rs:127:9
[INFO] [stdout]   22:     0x5d29d8ed59f5 - std::thread::local::LocalKey<T>::try_with::h3ec061ce23752d40
[INFO] [stdout]                                at /rustc/6067b36314ab5eb2eb47cecc464545ba58e1ad24/library/std/src/thread/local.rs:308:12
[INFO] [stdout]   23:     0x5d29d8ed529a - std::thread::local::LocalKey<T>::with::hef3e15c213ba6914
[INFO] [stdout]                                at /rustc/6067b36314ab5eb2eb47cecc464545ba58e1ad24/library/std/src/thread/local.rs:272:9
[INFO] [stdout]   24:     0x5d29d8ecda42 - tokio::coop::with_budget::h991a6318af8e7a22
[INFO] [stdout]                                at /opt/rustwide/cargo-home/registry/src/index.crates.io-1949cf8c6b5b557f/tokio-0.2.25/src/coop.rs:120:5
[INFO] [stdout]   25:     0x5d29d8ecda42 - tokio::coop::budget::h27624c669a6516a5
[INFO] [stdout]                                at /opt/rustwide/cargo-home/registry/src/index.crates.io-1949cf8c6b5b557f/tokio-0.2.25/src/coop.rs:96:5
[INFO] [stdout]   26:     0x5d29d8ecda42 - <tokio::task::local::RunUntil<T> as core::future::future::Future>::poll::{{closure}}::h46c28d5ce700c781
[INFO] [stdout]                                at /opt/rustwide/cargo-home/registry/src/index.crates.io-1949cf8c6b5b557f/tokio-0.2.25/src/task/local.rs:528:42
[INFO] [stdout]   27:     0x5d29d8ebcfad - tokio::macros::scoped_tls::ScopedKey<T>::set::hda4bb9d51f734d78
[INFO] [stdout]                                at /opt/rustwide/cargo-home/registry/src/index.crates.io-1949cf8c6b5b557f/tokio-0.2.25/src/macros/scoped_tls.rs:63:9
[INFO] [stdout]   28:     0x5d29d8ec9cd7 - tokio::task::local::LocalSet::with::h3a4256822c1ac339
[INFO] [stdout]                                at /opt/rustwide/cargo-home/registry/src/index.crates.io-1949cf8c6b5b557f/tokio-0.2.25/src/task/local.rs:442:9
[INFO] [stdout]   29:     0x5d29d8ecd90a - <tokio::task::local::RunUntil<T> as core::future::future::Future>::poll::hf2ea6c80772cc44f
[INFO] [stdout]                                at /opt/rustwide/cargo-home/registry/src/index.crates.io-1949cf8c6b5b557f/tokio-0.2.25/src/task/local.rs:518:9
[INFO] [stdout]   30:     0x5d29d8eca2a1 - tokio::task::local::LocalSet::run_until::{{closure}}::hf5d168d73c1217b5
[INFO] [stdout]                                at /opt/rustwide/cargo-home/registry/src/index.crates.io-1949cf8c6b5b557f/tokio-0.2.25/src/task/local.rs:392:19
[INFO] [stdout]   31:     0x5d29d8ecbacf - tokio::runtime::basic_scheduler::BasicScheduler<P>::block_on::{{closure}}::{{closure}}::hfa7f690cc49b6d3e
[INFO] [stdout]                                at /opt/rustwide/cargo-home/registry/src/index.crates.io-1949cf8c6b5b557f/tokio-0.2.25/src/runtime/basic_scheduler.rs:131:58
[INFO] [stdout]   32:     0x5d29d8edcea3 - tokio::coop::with_budget::{{closure}}::h16ad80186354d525
[INFO] [stdout]                                at /opt/rustwide/cargo-home/registry/src/index.crates.io-1949cf8c6b5b557f/tokio-0.2.25/src/coop.rs:127:9
[INFO] [stdout]   33:     0x5d29d8ed5bf5 - std::thread::local::LocalKey<T>::try_with::h43c6d67021f1c255
[INFO] [stdout]                                at /rustc/6067b36314ab5eb2eb47cecc464545ba58e1ad24/library/std/src/thread/local.rs:308:12
[INFO] [stdout]   34:     0x5d29d8ed526a - std::thread::local::LocalKey<T>::with::hbc822df3d638ba84
[INFO] [stdout]                                at /rustc/6067b36314ab5eb2eb47cecc464545ba58e1ad24/library/std/src/thread/local.rs:272:9
[INFO] [stdout]   35:     0x5d29d8ecac61 - tokio::coop::with_budget::h1f884e1b896d0729
[INFO] [stdout]                                at /opt/rustwide/cargo-home/registry/src/index.crates.io-1949cf8c6b5b557f/tokio-0.2.25/src/coop.rs:120:5
[INFO] [stdout]   36:     0x5d29d8ecac61 - tokio::coop::budget::hd554d01d0f9d66e4
[INFO] [stdout]                                at /opt/rustwide/cargo-home/registry/src/index.crates.io-1949cf8c6b5b557f/tokio-0.2.25/src/coop.rs:96:5
[INFO] [stdout]   37:     0x5d29d8ecac61 - tokio::runtime::basic_scheduler::BasicScheduler<P>::block_on::{{closure}}::h3e4d23b42ac45a02
[INFO] [stdout]                                at /opt/rustwide/cargo-home/registry/src/index.crates.io-1949cf8c6b5b557f/tokio-0.2.25/src/runtime/basic_scheduler.rs:131:35
[INFO] [stdout]   38:     0x5d29d8ecc2bc - tokio::runtime::basic_scheduler::enter::{{closure}}::ha1178aecccfff5e3
[INFO] [stdout]                                at /opt/rustwide/cargo-home/registry/src/index.crates.io-1949cf8c6b5b557f/tokio-0.2.25/src/runtime/basic_scheduler.rs:213:29
[INFO] [stdout]   39:     0x5d29d8ebcc85 - tokio::macros::scoped_tls::ScopedKey<T>::set::h28d2eb8bdcec6350
[INFO] [stdout]                                at /opt/rustwide/cargo-home/registry/src/index.crates.io-1949cf8c6b5b557f/tokio-0.2.25/src/macros/scoped_tls.rs:63:9
[INFO] [stdout]   40:     0x5d29d8ecc1fc - tokio::runtime::basic_scheduler::enter::haf90235e0504fa69
[INFO] [stdout]                                at /opt/rustwide/cargo-home/registry/src/index.crates.io-1949cf8c6b5b557f/tokio-0.2.25/src/runtime/basic_scheduler.rs:213:5
[INFO] [stdout]   41:     0x5d29d8eca98e - tokio::runtime::basic_scheduler::BasicScheduler<P>::block_on::hc359a9646f217995
[INFO] [stdout]                                at /opt/rustwide/cargo-home/registry/src/index.crates.io-1949cf8c6b5b557f/tokio-0.2.25/src/runtime/basic_scheduler.rs:123:9
[INFO] [stdout]   42:     0x5d29d8ea6353 - tokio::runtime::Runtime::block_on::{{closure}}::h3c53dad7a65c66cc
[INFO] [stdout]                                at /opt/rustwide/cargo-home/registry/src/index.crates.io-1949cf8c6b5b557f/tokio-0.2.25/src/runtime/mod.rs:444:34
[INFO] [stdout]   43:     0x5d29d8edda74 - tokio::runtime::context::enter::h48cc8278d54834fd
[INFO] [stdout]                                at /opt/rustwide/cargo-home/registry/src/index.crates.io-1949cf8c6b5b557f/tokio-0.2.25/src/runtime/context.rs:72:5
[INFO] [stdout]   44:     0x5d29d8ec6688 - tokio::runtime::handle::Handle::enter::h236ae81db85ad660
[INFO] [stdout]                                at /opt/rustwide/cargo-home/registry/src/index.crates.io-1949cf8c6b5b557f/tokio-0.2.25/src/runtime/handle.rs:76:9
[INFO] [stdout]   45:     0x5d29d8ea6255 - tokio::runtime::Runtime::block_on::hc8a7634f07e51fcf
[INFO] [stdout]                                at /opt/rustwide/cargo-home/registry/src/index.crates.io-1949cf8c6b5b557f/tokio-0.2.25/src/runtime/mod.rs:441:9
[INFO] [stdout]   46:     0x5d29d8ec9da9 - tokio::task::local::LocalSet::block_on::he1841c41f69912d8
[INFO] [stdout]                                at /opt/rustwide/cargo-home/registry/src/index.crates.io-1949cf8c6b5b557f/tokio-0.2.25/src/task/local.rs:353:9
[INFO] [stdout]   47:     0x5d29d8ea666a - actix_rt::runtime::Runtime::block_on::hc9e8d167af5d7399
[INFO] [stdout]                                at /opt/rustwide/cargo-home/registry/src/index.crates.io-1949cf8c6b5b557f/actix-rt-1.1.1/src/runtime.rs:89:9
[INFO] [stdout]   48:     0x5d29d8ede595 - actix_rt::builder::SystemRunner::block_on::hee0c041a35f28f60
[INFO] [stdout]                                at /opt/rustwide/cargo-home/registry/src/index.crates.io-1949cf8c6b5b557f/actix-rt-1.1.1/src/builder.rs:187:19
[INFO] [stdout]   49:     0x5d29d8eae46b - integration_tests::test_web_paths::h56a81ae1ff2f0551
[INFO] [stdout]                                at /opt/rustwide/workdir/tests/integration-tests.rs:270:1
[INFO] [stdout]   50:     0x5d29d8eae407 - integration_tests::test_web_paths::{{closure}}::hda733e5f133d4d58
[INFO] [stdout]                                at /opt/rustwide/workdir/tests/integration-tests.rs:271:26
[INFO] [stdout]   51:     0x5d29d8eb6386 - core::ops::function::FnOnce::call_once::h9680126cb33d9c3c
[INFO] [stdout]                                at /rustc/6067b36314ab5eb2eb47cecc464545ba58e1ad24/library/core/src/ops/function.rs:250:5
[INFO] [stdout]   52:     0x5d29d917497b - core::ops::function::FnOnce::call_once::he27718dfdd183f43
[INFO] [stdout]                                at /rustc/6067b36314ab5eb2eb47cecc464545ba58e1ad24/library/core/src/ops/function.rs:250:5
[INFO] [stdout]   53:     0x5d29d917497b - test::__rust_begin_short_backtrace::h4e84902998457a5d
[INFO] [stdout]                                at /rustc/6067b36314ab5eb2eb47cecc464545ba58e1ad24/library/test/src/lib.rs:632:18
[INFO] [stdout]   54:     0x5d29d91738b3 - test::run_test_in_process::{{closure}}::h7176fd18fc1feca0
[INFO] [stdout]                                at /rustc/6067b36314ab5eb2eb47cecc464545ba58e1ad24/library/test/src/lib.rs:655:60
[INFO] [stdout]   55:     0x5d29d91738b3 - <core::panic::unwind_safe::AssertUnwindSafe<F> as core::ops::function::FnOnce<()>>::call_once::hf79cff2a624d8cf7
[INFO] [stdout]                                at /rustc/6067b36314ab5eb2eb47cecc464545ba58e1ad24/library/core/src/panic/unwind_safe.rs:272:9
[INFO] [stdout]   56:     0x5d29d91738b3 - std::panicking::try::do_call::h3da0561d9ab99c25
[INFO] [stdout]                                at /rustc/6067b36314ab5eb2eb47cecc464545ba58e1ad24/library/std/src/panicking.rs:587:40
[INFO] [stdout]   57:     0x5d29d91738b3 - std::panicking::try::h41c9fa508bc61df6
[INFO] [stdout]                                at /rustc/6067b36314ab5eb2eb47cecc464545ba58e1ad24/library/std/src/panicking.rs:550:19
[INFO] [stdout]   58:     0x5d29d91738b3 - std::panic::catch_unwind::h6b3ff07bb5afad93
[INFO] [stdout]                                at /rustc/6067b36314ab5eb2eb47cecc464545ba58e1ad24/library/std/src/panic.rs:358:14
[INFO] [stdout]   59:     0x5d29d91738b3 - test::run_test_in_process::hc7253dd11b39b9f4
[INFO] [stdout]                                at /rustc/6067b36314ab5eb2eb47cecc464545ba58e1ad24/library/test/src/lib.rs:655:27
[INFO] [stdout]   60:     0x5d29d91738b3 - test::run_test::{{closure}}::hfb2007f8649c30bb
[INFO] [stdout]                                at /rustc/6067b36314ab5eb2eb47cecc464545ba58e1ad24/library/test/src/lib.rs:576:43
[INFO] [stdout]   61:     0x5d29d9136995 - test::run_test::{{closure}}::h56a17aa7a282a9f4
[INFO] [stdout]                                at /rustc/6067b36314ab5eb2eb47cecc464545ba58e1ad24/library/test/src/lib.rs:606:41
[INFO] [stdout]   62:     0x5d29d9136995 - std::sys::backtrace::__rust_begin_short_backtrace::hd2d2d2fb8e8c6aac
[INFO] [stdout]                                at /rustc/6067b36314ab5eb2eb47cecc464545ba58e1ad24/library/std/src/sys/backtrace.rs:152:18
[INFO] [stdout]   63:     0x5d29d913a27a - std::thread::Builder::spawn_unchecked_::{{closure}}::{{closure}}::h4faa3f9db6133423
[INFO] [stdout]                                at /rustc/6067b36314ab5eb2eb47cecc464545ba58e1ad24/library/std/src/thread/mod.rs:559:17
[INFO] [stdout]   64:     0x5d29d913a27a - <core::panic::unwind_safe::AssertUnwindSafe<F> as core::ops::function::FnOnce<()>>::call_once::hf2e855a36a4ea846
[INFO] [stdout]                                at /rustc/6067b36314ab5eb2eb47cecc464545ba58e1ad24/library/core/src/panic/unwind_safe.rs:272:9
[INFO] [stdout]   65:     0x5d29d913a27a - std::panicking::try::do_call::h2f73af3616c35465
[INFO] [stdout]                                at /rustc/6067b36314ab5eb2eb47cecc464545ba58e1ad24/library/std/src/panicking.rs:587:40
[INFO] [stdout]   66:     0x5d29d913a27a - std::panicking::try::hd1660ce9efadef5a
[INFO] [stdout]                                at /rustc/6067b36314ab5eb2eb47cecc464545ba58e1ad24/library/std/src/panicking.rs:550:19
[INFO] [stdout]   67:     0x5d29d913a27a - std::panic::catch_unwind::h5ee8d7823b8ca744
[INFO] [stdout]                                at /rustc/6067b36314ab5eb2eb47cecc464545ba58e1ad24/library/std/src/panic.rs:358:14
[INFO] [stdout]   68:     0x5d29d913a27a - std::thread::Builder::spawn_unchecked_::{{closure}}::h53c3a1894dce8407
[INFO] [stdout]                                at /rustc/6067b36314ab5eb2eb47cecc464545ba58e1ad24/library/std/src/thread/mod.rs:557:30
[INFO] [stdout]   69:     0x5d29d913a27a - core::ops::function::FnOnce::call_once{{vtable.shim}}::h048ce291ad4f62bf
[INFO] [stdout]                                at /rustc/6067b36314ab5eb2eb47cecc464545ba58e1ad24/library/core/src/ops/function.rs:250:5
[INFO] [stdout]   70:     0x5d29d97d55eb - <alloc::boxed::Box<F,A> as core::ops::function::FnOnce<Args>>::call_once::ha52bedf99a3b4981
[INFO] [stdout]                                at /rustc/6067b36314ab5eb2eb47cecc464545ba58e1ad24/library/alloc/src/boxed.rs:2013:9
[INFO] [stdout]   71:     0x5d29d97d55eb - <alloc::boxed::Box<F,A> as core::ops::function::FnOnce<Args>>::call_once::h567748934d80ccf8
[INFO] [stdout]                                at /rustc/6067b36314ab5eb2eb47cecc464545ba58e1ad24/library/alloc/src/boxed.rs:2013:9
[INFO] [stdout]   72:     0x5d29d97d55eb - std::sys::pal::unix::thread::Thread::new::thread_start::h2d970728ae887adc
[INFO] [stdout]                                at /rustc/6067b36314ab5eb2eb47cecc464545ba58e1ad24/library/std/src/sys/pal/unix/thread.rs:106:17
[INFO] [stdout]   73:     0x7c063f068ac3 - <unknown>
[INFO] [stdout]   74:     0x7c063f0f9a04 - clone
[INFO] [stdout]   75:                0x0 - <unknown>
[INFO] [stdout] Panic in Arbiter thread.
[INFO] [stdout] 
[INFO] [stdout] 
[INFO] [stdout] failures:
[INFO] [stdout]     test_help_of_command_for_breaking_changes
[INFO] [stdout]     test_web_paths
[INFO] [stdout] 
[INFO] [stdout] test result: FAILED. 2 passed; 2 failed; 0 ignored; 0 measured; 0 filtered out; finished in 6.76s
[INFO] [stdout] 
[INFO] [stderr] error: test failed, to rerun pass `--test integration-tests`
[INFO] running `Command { std: "docker" "inspect" "56f2a35a937854643deecb75bdb7d5c29f215e51af0895deab35e6b49098decb", kill_on_drop: false }`
[INFO] running `Command { std: "docker" "rm" "-f" "56f2a35a937854643deecb75bdb7d5c29f215e51af0895deab35e6b49098decb", kill_on_drop: false }`
[INFO] [stdout] 56f2a35a937854643deecb75bdb7d5c29f215e51af0895deab35e6b49098decb
