[INFO] fetching crate psbus 0.1.0...
[INFO] testing psbus-0.1.0 against nightly-2025-01-18+rustflags=-Zrandomize-layout for randomize-layout-2
[INFO] extracting crate psbus 0.1.0 into /workspace/builds/worker-1-tc2/source
[INFO] validating manifest of crates.io crate psbus 0.1.0 on toolchain nightly-2025-01-18
[INFO] running `Command { std: CARGO_HOME="/workspace/cargo-home" RUSTUP_HOME="/workspace/rustup-home" "/workspace/cargo-home/bin/cargo" "+nightly-2025-01-18" "metadata" "--manifest-path" "Cargo.toml" "--no-deps", kill_on_drop: false }`
[INFO] started tweaking crates.io crate psbus 0.1.0
[INFO] finished tweaking crates.io crate psbus 0.1.0
[INFO] tweaked toml for crates.io crate psbus 0.1.0 written to /workspace/builds/worker-1-tc2/source/Cargo.toml
[INFO] running `Command { std: CARGO_HOME="/workspace/cargo-home" RUSTUP_HOME="/workspace/rustup-home" "/workspace/cargo-home/bin/cargo" "+nightly-2025-01-18" "generate-lockfile" "--manifest-path" "Cargo.toml", kill_on_drop: false }`
[INFO] [stderr]     Updating crates.io index
[INFO] [stderr]      Locking 1 package to latest compatible version
[INFO] [stderr]       Adding uuid v0.8.1 (available: v0.8.2)
[INFO] running `Command { std: CARGO_HOME="/workspace/cargo-home" RUSTUP_HOME="/workspace/rustup-home" "/workspace/cargo-home/bin/cargo" "+nightly-2025-01-18" "fetch" "--manifest-path" "Cargo.toml", kill_on_drop: false }`
[INFO] running `Command { std: "docker" "create" "-v" "/var/lib/crater-agent-workspace/builds/worker-1-tc2/target:/opt/rustwide/target:rw,Z" "-v" "/var/lib/crater-agent-workspace/builds/worker-1-tc2/source:/opt/rustwide/workdir:ro,Z" "-v" "/var/lib/crater-agent-workspace/cargo-home:/opt/rustwide/cargo-home:ro,Z" "-v" "/var/lib/crater-agent-workspace/rustup-home:/opt/rustwide/rustup-home:ro,Z" "-e" "SOURCE_DIR=/opt/rustwide/workdir" "-e" "CARGO_TARGET_DIR=/opt/rustwide/target" "-e" "CARGO_HOME=/opt/rustwide/cargo-home" "-e" "RUSTUP_HOME=/opt/rustwide/rustup-home" "-w" "/opt/rustwide/workdir" "-m" "1610612736" "--user" "0:0" "--network" "none" "ghcr.io/rust-lang/crates-build-env/linux@sha256:819108c5571ea2e421544af4d832f968d213c87fbe3707a016657f43d2f853bc" "/opt/rustwide/cargo-home/bin/cargo" "+nightly-2025-01-18" "metadata" "--no-deps" "--format-version=1", kill_on_drop: false }`
[INFO] [stdout] 90af19db5d3188716a7cae40c9c8efdc4130e0435c44153ee91d2c5bb373f956
[INFO] running `Command { std: "docker" "start" "-a" "90af19db5d3188716a7cae40c9c8efdc4130e0435c44153ee91d2c5bb373f956", kill_on_drop: false }`
[INFO] running `Command { std: "docker" "inspect" "90af19db5d3188716a7cae40c9c8efdc4130e0435c44153ee91d2c5bb373f956", kill_on_drop: false }`
[INFO] running `Command { std: "docker" "rm" "-f" "90af19db5d3188716a7cae40c9c8efdc4130e0435c44153ee91d2c5bb373f956", kill_on_drop: false }`
[INFO] [stdout] 90af19db5d3188716a7cae40c9c8efdc4130e0435c44153ee91d2c5bb373f956
[INFO] running `Command { std: "docker" "create" "-v" "/var/lib/crater-agent-workspace/builds/worker-1-tc2/target:/opt/rustwide/target:rw,Z" "-v" "/var/lib/crater-agent-workspace/builds/worker-1-tc2/source:/opt/rustwide/workdir:ro,Z" "-v" "/var/lib/crater-agent-workspace/cargo-home:/opt/rustwide/cargo-home:ro,Z" "-v" "/var/lib/crater-agent-workspace/rustup-home:/opt/rustwide/rustup-home:ro,Z" "-e" "SOURCE_DIR=/opt/rustwide/workdir" "-e" "CARGO_TARGET_DIR=/opt/rustwide/target" "-e" "CARGO_INCREMENTAL=0" "-e" "RUST_BACKTRACE=full" "-e" "RUSTFLAGS=--cap-lints=forbid -Zrandomize-layout" "-e" "RUSTDOCFLAGS=--cap-lints=forbid" "-e" "CARGO_HOME=/opt/rustwide/cargo-home" "-e" "RUSTUP_HOME=/opt/rustwide/rustup-home" "-w" "/opt/rustwide/workdir" "-m" "1610612736" "--user" "0:0" "--network" "none" "ghcr.io/rust-lang/crates-build-env/linux@sha256:819108c5571ea2e421544af4d832f968d213c87fbe3707a016657f43d2f853bc" "/opt/rustwide/cargo-home/bin/cargo" "+nightly-2025-01-18" "build" "--frozen" "--message-format=json", kill_on_drop: false }`
[INFO] [stdout] d8b273f41887ee7850dcfd6a0672876cbf59490b46da26ec449a329a916c64d1
[INFO] running `Command { std: "docker" "start" "-a" "d8b273f41887ee7850dcfd6a0672876cbf59490b46da26ec449a329a916c64d1", kill_on_drop: false }`
[INFO] [stderr]    Compiling uuid v0.8.1
[INFO] [stderr]    Compiling psbus v0.1.0 (/opt/rustwide/workdir)
[INFO] [stderr]     Finished `dev` profile [unoptimized + debuginfo] target(s) in 0.61s
[INFO] running `Command { std: "docker" "inspect" "d8b273f41887ee7850dcfd6a0672876cbf59490b46da26ec449a329a916c64d1", kill_on_drop: false }`
[INFO] running `Command { std: "docker" "rm" "-f" "d8b273f41887ee7850dcfd6a0672876cbf59490b46da26ec449a329a916c64d1", kill_on_drop: false }`
[INFO] [stdout] d8b273f41887ee7850dcfd6a0672876cbf59490b46da26ec449a329a916c64d1
[INFO] running `Command { std: "docker" "create" "-v" "/var/lib/crater-agent-workspace/builds/worker-1-tc2/target:/opt/rustwide/target:rw,Z" "-v" "/var/lib/crater-agent-workspace/builds/worker-1-tc2/source:/opt/rustwide/workdir:ro,Z" "-v" "/var/lib/crater-agent-workspace/cargo-home:/opt/rustwide/cargo-home:ro,Z" "-v" "/var/lib/crater-agent-workspace/rustup-home:/opt/rustwide/rustup-home:ro,Z" "-e" "SOURCE_DIR=/opt/rustwide/workdir" "-e" "CARGO_TARGET_DIR=/opt/rustwide/target" "-e" "CARGO_INCREMENTAL=0" "-e" "RUST_BACKTRACE=full" "-e" "RUSTFLAGS=--cap-lints=forbid -Zrandomize-layout" "-e" "RUSTDOCFLAGS=--cap-lints=forbid" "-e" "CARGO_HOME=/opt/rustwide/cargo-home" "-e" "RUSTUP_HOME=/opt/rustwide/rustup-home" "-w" "/opt/rustwide/workdir" "-m" "1610612736" "--user" "0:0" "--network" "none" "ghcr.io/rust-lang/crates-build-env/linux@sha256:819108c5571ea2e421544af4d832f968d213c87fbe3707a016657f43d2f853bc" "/opt/rustwide/cargo-home/bin/cargo" "+nightly-2025-01-18" "test" "--frozen" "--no-run" "--message-format=json", kill_on_drop: false }`
[INFO] [stdout] fa04182048454f7b58fa25ac1b575da490a43eefb387a7f091c1a37dea393fe4
[INFO] running `Command { std: "docker" "start" "-a" "fa04182048454f7b58fa25ac1b575da490a43eefb387a7f091c1a37dea393fe4", kill_on_drop: false }`
[INFO] [stderr]    Compiling psbus v0.1.0 (/opt/rustwide/workdir)
[INFO] [stderr]     Finished `test` profile [unoptimized + debuginfo] target(s) in 0.38s
[INFO] running `Command { std: "docker" "inspect" "fa04182048454f7b58fa25ac1b575da490a43eefb387a7f091c1a37dea393fe4", kill_on_drop: false }`
[INFO] running `Command { std: "docker" "rm" "-f" "fa04182048454f7b58fa25ac1b575da490a43eefb387a7f091c1a37dea393fe4", kill_on_drop: false }`
[INFO] [stdout] fa04182048454f7b58fa25ac1b575da490a43eefb387a7f091c1a37dea393fe4
[INFO] running `Command { std: "docker" "create" "-v" "/var/lib/crater-agent-workspace/builds/worker-1-tc2/target:/opt/rustwide/target:rw,Z" "-v" "/var/lib/crater-agent-workspace/builds/worker-1-tc2/source:/opt/rustwide/workdir:ro,Z" "-v" "/var/lib/crater-agent-workspace/cargo-home:/opt/rustwide/cargo-home:ro,Z" "-v" "/var/lib/crater-agent-workspace/rustup-home:/opt/rustwide/rustup-home:ro,Z" "-e" "SOURCE_DIR=/opt/rustwide/workdir" "-e" "CARGO_TARGET_DIR=/opt/rustwide/target" "-e" "CARGO_INCREMENTAL=0" "-e" "RUST_BACKTRACE=full" "-e" "RUSTFLAGS=--cap-lints=forbid -Zrandomize-layout" "-e" "RUSTDOCFLAGS=--cap-lints=forbid" "-e" "CARGO_HOME=/opt/rustwide/cargo-home" "-e" "RUSTUP_HOME=/opt/rustwide/rustup-home" "-w" "/opt/rustwide/workdir" "-m" "1610612736" "--user" "0:0" "--network" "none" "ghcr.io/rust-lang/crates-build-env/linux@sha256:819108c5571ea2e421544af4d832f968d213c87fbe3707a016657f43d2f853bc" "/opt/rustwide/cargo-home/bin/cargo" "+nightly-2025-01-18" "test" "--frozen", kill_on_drop: false }`
[INFO] [stdout] c5f78608694931d8e8612afb333e47db60227e9c1075da9a4cdc225476cc3e59
[INFO] running `Command { std: "docker" "start" "-a" "c5f78608694931d8e8612afb333e47db60227e9c1075da9a4cdc225476cc3e59", kill_on_drop: false }`
[INFO] [stderr]     Finished `test` profile [unoptimized + debuginfo] target(s) in 0.02s
[INFO] [stderr]      Running unittests src/lib.rs (/opt/rustwide/target/debug/deps/psbus-56ce477f97052a23)
[INFO] [stdout] 
[INFO] [stdout] running 0 tests
[INFO] [stdout] 
[INFO] [stdout] test result: ok. 0 passed; 0 failed; 0 ignored; 0 measured; 0 filtered out; finished in 0.00s
[INFO] [stdout] 
[INFO] [stderr]    Doc-tests psbus
[INFO] [stdout] 
[INFO] [stdout] running 3 tests
[INFO] [stdout] test src/types.rs - types::EventDispatchResult (line 17) ... FAILED
[INFO] [stdout] test src/sync/event.rs - sync::event::Event (line 12) ... FAILED
[INFO] [stdout] test src/rc/event.rs - rc::event::Event (line 12) ... FAILED
[INFO] [stdout] 
[INFO] [stdout] failures:
[INFO] [stdout] 
[INFO] [stdout] ---- src/types.rs - types::EventDispatchResult (line 17) stdout ----
[INFO] [stdout] error: unknown start of token: `
[INFO] [stdout]  --> src/types.rs:18:4
[INFO] [stdout]   |
[INFO] [stdout] 3 | 1. `Stopped`: The event was handled by some subscribers in the list, but propagation was halted before the end of the list.
[INFO] [stdout]   |    ^
[INFO] [stdout]   |
[INFO] [stdout] help: Unicode character '`' (Grave Accent) looks like ''' (Single Quote), but it is not
[INFO] [stdout]   |
[INFO] [stdout] 3 | 1. 'Stopped`: The event was handled by some subscribers in the list, but propagation was halted before the end of the list.
[INFO] [stdout]   |    ~
[INFO] [stdout] 
[INFO] [stdout] error: unknown start of token: `
[INFO] [stdout]  --> src/types.rs:18:12
[INFO] [stdout]   |
[INFO] [stdout] 3 | 1. `Stopped`: The event was handled by some subscribers in the list, but propagation was halted before the end of the list.
[INFO] [stdout]   |            ^
[INFO] [stdout]   |
[INFO] [stdout] help: Unicode character '`' (Grave Accent) looks like ''' (Single Quote), but it is not
[INFO] [stdout]   |
[INFO] [stdout] 3 | 1. `Stopped': The event was handled by some subscribers in the list, but propagation was halted before the end of the list.
[INFO] [stdout]   |            ~
[INFO] [stdout] 
[INFO] [stdout] error: unknown start of token: `
[INFO] [stdout]  --> src/types.rs:19:4
[INFO] [stdout]   |
[INFO] [stdout] 4 | 2. `Finished`: The event was handled by every subscriber in the list.
[INFO] [stdout]   |    ^
[INFO] [stdout]   |
[INFO] [stdout] help: Unicode character '`' (Grave Accent) looks like ''' (Single Quote), but it is not
[INFO] [stdout]   |
[INFO] [stdout] 4 | 2. 'Finished`: The event was handled by every subscriber in the list.
[INFO] [stdout]   |    ~
[INFO] [stdout] 
[INFO] [stdout] error: unknown start of token: `
[INFO] [stdout]  --> src/types.rs:19:13
[INFO] [stdout]   |
[INFO] [stdout] 4 | 2. `Finished`: The event was handled by every subscriber in the list.
[INFO] [stdout]   |             ^
[INFO] [stdout]   |
[INFO] [stdout] help: Unicode character '`' (Grave Accent) looks like ''' (Single Quote), but it is not
[INFO] [stdout]   |
[INFO] [stdout] 4 | 2. `Finished': The event was handled by every subscriber in the list.
[INFO] [stdout]   |             ~
[INFO] [stdout] 
[INFO] [stdout] error: expected one of `.`, `;`, `?`, `}`, or an operator, found `Stopped`
[INFO] [stdout]  --> src/types.rs:18:5
[INFO] [stdout]   |
[INFO] [stdout] 3 | 1. `Stopped`: The event was handled by some subscribers in the list, but propagation was halted before the end of the list.
[INFO] [stdout]   |     ^^^^^^^ expected one of `.`, `;`, `?`, `}`, or an operator
[INFO] [stdout] 
[INFO] [stdout] error: aborting due to 5 previous errors
[INFO] [stdout] 
[INFO] [stdout] Couldn't compile the test.
[INFO] [stdout] ---- src/sync/event.rs - sync::event::Event (line 12) stdout ----
[INFO] [stdout] error[E0412]: cannot find type `KeyboardEvent` in this scope
[INFO] [stdout]   --> src/sync/event.rs:25:14
[INFO] [stdout]    |
[INFO] [stdout] 15 |     Keyboard(KeyboardEvent),
[INFO] [stdout]    |              ^^^^^^^^^^^^^ not found in this scope
[INFO] [stdout] 
[INFO] [stdout] error[E0412]: cannot find type `MouseEvent` in this scope
[INFO] [stdout]   --> src/sync/event.rs:26:11
[INFO] [stdout]    |
[INFO] [stdout] 16 |     Mouse(MouseEvent),
[INFO] [stdout]    |           ^^^^^^^^^^ not found in this scope
[INFO] [stdout] 
[INFO] [stdout] error[E0412]: cannot find type `KeyboardEvent` in this scope
[INFO] [stdout]   --> src/sync/event.rs:25:14
[INFO] [stdout]    |
[INFO] [stdout] 15 |     Keyboard(KeyboardEvent),
[INFO] [stdout]    |              ^^^^^^^^^^^^^ not found in this scope
[INFO] [stdout]    |
[INFO] [stdout] help: you might be missing a type parameter
[INFO] [stdout]    |
[INFO] [stdout] 14 | pub enum TestEvent<KeyboardEvent> {
[INFO] [stdout]    |                   +++++++++++++++
[INFO] [stdout] 
[INFO] [stdout] error[E0412]: cannot find type `MouseEvent` in this scope
[INFO] [stdout]   --> src/sync/event.rs:26:11
[INFO] [stdout]    |
[INFO] [stdout] 16 |     Mouse(MouseEvent),
[INFO] [stdout]    |           ^^^^^^^^^^ not found in this scope
[INFO] [stdout]    |
[INFO] [stdout] help: you might be missing a type parameter
[INFO] [stdout]    |
[INFO] [stdout] 14 | pub enum TestEvent<MouseEvent> {
[INFO] [stdout]    |                   ++++++++++++
[INFO] [stdout] 
[INFO] [stdout] error[E0405]: cannot find trait `Event` in this scope
[INFO] [stdout]   --> src/sync/event.rs:31:6
[INFO] [stdout]    |
[INFO] [stdout] 21 | impl Event<TestEventType> for TestEvent {
[INFO] [stdout]    |      ^^^^^ not found in this scope
[INFO] [stdout]    |
[INFO] [stdout] help: consider importing one of these traits
[INFO] [stdout]    |
[INFO] [stdout] 3  + use psbus::rc::Event;
[INFO] [stdout]    |
[INFO] [stdout] 3  + use psbus::sync::Event;
[INFO] [stdout]    |
[INFO] [stdout] 
[INFO] [stdout] error: aborting due to 5 previous errors
[INFO] [stdout] 
[INFO] [stdout] Some errors have detailed explanations: E0405, E0412.
[INFO] [stdout] For more information about an error, try `rustc --explain E0405`.
[INFO] [stdout] Couldn't compile the test.
[INFO] [stdout] ---- src/rc/event.rs - rc::event::Event (line 12) stdout ----
[INFO] [stdout] error[E0412]: cannot find type `KeyboardEvent` in this scope
[INFO] [stdout]   --> src/rc/event.rs:23:14
[INFO] [stdout]    |
[INFO] [stdout] 13 |     Keyboard(KeyboardEvent),
[INFO] [stdout]    |              ^^^^^^^^^^^^^ not found in this scope
[INFO] [stdout] 
[INFO] [stdout] error[E0412]: cannot find type `MouseEvent` in this scope
[INFO] [stdout]   --> src/rc/event.rs:24:11
[INFO] [stdout]    |
[INFO] [stdout] 14 |     Mouse(MouseEvent),
[INFO] [stdout]    |           ^^^^^^^^^^ not found in this scope
[INFO] [stdout] 
[INFO] [stdout] error[E0412]: cannot find type `KeyboardEvent` in this scope
[INFO] [stdout]   --> src/rc/event.rs:23:14
[INFO] [stdout]    |
[INFO] [stdout] 13 |     Keyboard(KeyboardEvent),
[INFO] [stdout]    |              ^^^^^^^^^^^^^ not found in this scope
[INFO] [stdout]    |
[INFO] [stdout] help: you might be missing a type parameter
[INFO] [stdout]    |
[INFO] [stdout] 12 | pub enum TestEvent<KeyboardEvent> {
[INFO] [stdout]    |                   +++++++++++++++
[INFO] [stdout] 
[INFO] [stdout] error[E0412]: cannot find type `MouseEvent` in this scope
[INFO] [stdout]   --> src/rc/event.rs:24:11
[INFO] [stdout]    |
[INFO] [stdout] 14 |     Mouse(MouseEvent),
[INFO] [stdout]    |           ^^^^^^^^^^ not found in this scope
[INFO] [stdout]    |
[INFO] [stdout] help: you might be missing a type parameter
[INFO] [stdout]    |
[INFO] [stdout] 12 | pub enum TestEvent<MouseEvent> {
[INFO] [stdout]    |                   ++++++++++++
[INFO] [stdout] 
[INFO] [stdout] error[E0405]: cannot find trait `Event` in this scope
[INFO] [stdout]   --> src/rc/event.rs:27:6
[INFO] [stdout]    |
[INFO] [stdout] 17 | impl Event<TestEventType> for TestEvent {
[INFO] [stdout]    |      ^^^^^ not found in this scope
[INFO] [stdout]    |
[INFO] [stdout] help: consider importing one of these traits
[INFO] [stdout]    |
[INFO] [stdout] 3  + use psbus::rc::Event;
[INFO] [stdout]    |
[INFO] [stdout] 3  + use psbus::sync::Event;
[INFO] [stdout]    |
[INFO] [stdout] 
[INFO] [stdout] error: aborting due to 5 previous errors
[INFO] [stdout] 
[INFO] [stdout] Some errors have detailed explanations: E0405, E0412.
[INFO] [stdout] For more information about an error, try `rustc --explain E0405`.
[INFO] [stdout] Couldn't compile the test.
[INFO] [stdout] 
[INFO] [stdout] failures:
[INFO] [stdout]     src/rc/event.rs - rc::event::Event (line 12)
[INFO] [stdout]     src/sync/event.rs - sync::event::Event (line 12)
[INFO] [stdout]     src/types.rs - types::EventDispatchResult (line 17)
[INFO] [stdout] 
[INFO] [stdout] test result: FAILED. 0 passed; 3 failed; 0 ignored; 0 measured; 0 filtered out; finished in 0.19s
[INFO] [stdout] 
[INFO] [stderr] error: doctest failed, to rerun pass `--doc`
[INFO] running `Command { std: "docker" "inspect" "c5f78608694931d8e8612afb333e47db60227e9c1075da9a4cdc225476cc3e59", kill_on_drop: false }`
[INFO] running `Command { std: "docker" "rm" "-f" "c5f78608694931d8e8612afb333e47db60227e9c1075da9a4cdc225476cc3e59", kill_on_drop: false }`
[INFO] [stdout] c5f78608694931d8e8612afb333e47db60227e9c1075da9a4cdc225476cc3e59
