[INFO] fetching crate prun 0.1.3...
[INFO] testing prun-0.1.3 against nightly-2025-01-18+rustflags=-Zrandomize-layout for randomize-layout-2
[INFO] extracting crate prun 0.1.3 into /workspace/builds/worker-5-tc2/source
[INFO] validating manifest of crates.io crate prun 0.1.3 on toolchain nightly-2025-01-18
[INFO] running `Command { std: CARGO_HOME="/workspace/cargo-home" RUSTUP_HOME="/workspace/rustup-home" "/workspace/cargo-home/bin/cargo" "+nightly-2025-01-18" "metadata" "--manifest-path" "Cargo.toml" "--no-deps", kill_on_drop: false }`
[INFO] started tweaking crates.io crate prun 0.1.3
[INFO] finished tweaking crates.io crate prun 0.1.3
[INFO] tweaked toml for crates.io crate prun 0.1.3 written to /workspace/builds/worker-5-tc2/source/Cargo.toml
[INFO] crate crates.io crate prun 0.1.3 already has a lockfile, it will not be regenerated
[INFO] running `Command { std: CARGO_HOME="/workspace/cargo-home" RUSTUP_HOME="/workspace/rustup-home" "/workspace/cargo-home/bin/cargo" "+nightly-2025-01-18" "fetch" "--manifest-path" "Cargo.toml", kill_on_drop: false }`
[INFO] [stderr] warning: file `/workspace/builds/worker-5-tc2/source/Source/Library.rs` found to be present in multiple build targets:
[INFO] [stderr]   * `lib` target `Library`
[INFO] [stderr]   * `bin` target `PRun`
[INFO] [stderr]   * `bin` target `Run`
[INFO] [stderr]   * `bin` target `Inn`
[INFO] [stderr]   * `bin` target `InnKeeper`
[INFO] running `Command { std: "docker" "create" "-v" "/var/lib/crater-agent-workspace/builds/worker-5-tc2/target:/opt/rustwide/target:rw,Z" "-v" "/var/lib/crater-agent-workspace/builds/worker-5-tc2/source:/opt/rustwide/workdir:ro,Z" "-v" "/var/lib/crater-agent-workspace/cargo-home:/opt/rustwide/cargo-home:ro,Z" "-v" "/var/lib/crater-agent-workspace/rustup-home:/opt/rustwide/rustup-home:ro,Z" "-e" "SOURCE_DIR=/opt/rustwide/workdir" "-e" "CARGO_TARGET_DIR=/opt/rustwide/target" "-e" "CARGO_HOME=/opt/rustwide/cargo-home" "-e" "RUSTUP_HOME=/opt/rustwide/rustup-home" "-w" "/opt/rustwide/workdir" "-m" "1610612736" "--user" "0:0" "--network" "none" "ghcr.io/rust-lang/crates-build-env/linux@sha256:819108c5571ea2e421544af4d832f968d213c87fbe3707a016657f43d2f853bc" "/opt/rustwide/cargo-home/bin/cargo" "+nightly-2025-01-18" "metadata" "--no-deps" "--format-version=1", kill_on_drop: false }`
[INFO] [stdout] 8e833d5d0e11b6f1902ffd195b087b7aa51d049b8658d492ea4200c83d7fa1cd
[INFO] running `Command { std: "docker" "start" "-a" "8e833d5d0e11b6f1902ffd195b087b7aa51d049b8658d492ea4200c83d7fa1cd", kill_on_drop: false }`
[INFO] running `Command { std: "docker" "inspect" "8e833d5d0e11b6f1902ffd195b087b7aa51d049b8658d492ea4200c83d7fa1cd", kill_on_drop: false }`
[INFO] running `Command { std: "docker" "rm" "-f" "8e833d5d0e11b6f1902ffd195b087b7aa51d049b8658d492ea4200c83d7fa1cd", kill_on_drop: false }`
[INFO] [stdout] 8e833d5d0e11b6f1902ffd195b087b7aa51d049b8658d492ea4200c83d7fa1cd
[INFO] running `Command { std: "docker" "create" "-v" "/var/lib/crater-agent-workspace/builds/worker-5-tc2/target:/opt/rustwide/target:rw,Z" "-v" "/var/lib/crater-agent-workspace/builds/worker-5-tc2/source:/opt/rustwide/workdir:ro,Z" "-v" "/var/lib/crater-agent-workspace/cargo-home:/opt/rustwide/cargo-home:ro,Z" "-v" "/var/lib/crater-agent-workspace/rustup-home:/opt/rustwide/rustup-home:ro,Z" "-e" "SOURCE_DIR=/opt/rustwide/workdir" "-e" "CARGO_TARGET_DIR=/opt/rustwide/target" "-e" "CARGO_INCREMENTAL=0" "-e" "RUST_BACKTRACE=full" "-e" "RUSTFLAGS=--cap-lints=forbid -Zrandomize-layout" "-e" "RUSTDOCFLAGS=--cap-lints=forbid" "-e" "CARGO_HOME=/opt/rustwide/cargo-home" "-e" "RUSTUP_HOME=/opt/rustwide/rustup-home" "-w" "/opt/rustwide/workdir" "-m" "1610612736" "--user" "0:0" "--network" "none" "ghcr.io/rust-lang/crates-build-env/linux@sha256:819108c5571ea2e421544af4d832f968d213c87fbe3707a016657f43d2f853bc" "/opt/rustwide/cargo-home/bin/cargo" "+nightly-2025-01-18" "build" "--frozen" "--message-format=json", kill_on_drop: false }`
[INFO] [stdout] 7e639a53c8bbb74876eaa8ab4b23c593f17916737e2c33f07bb6041c6b9c1ed2
[INFO] running `Command { std: "docker" "start" "-a" "7e639a53c8bbb74876eaa8ab4b23c593f17916737e2c33f07bb6041c6b9c1ed2", kill_on_drop: false }`
[INFO] [stderr] warning: file `/opt/rustwide/workdir/Source/Library.rs` found to be present in multiple build targets:
[INFO] [stderr]   * `lib` target `Library`
[INFO] [stderr]   * `bin` target `PRun`
[INFO] [stderr]   * `bin` target `Run`
[INFO] [stderr]   * `bin` target `Inn`
[INFO] [stderr]   * `bin` target `InnKeeper`
[INFO] [stderr]    Compiling proc-macro2 v1.0.86
[INFO] [stderr]    Compiling unicode-ident v1.0.13
[INFO] [stderr]    Compiling autocfg v1.3.0
[INFO] [stderr]    Compiling libc v0.2.158
[INFO] [stderr]    Compiling serde v1.0.210
[INFO] [stderr]    Compiling crossbeam-utils v0.8.20
[INFO] [stderr]    Compiling equivalent v1.0.1
[INFO] [stderr]    Compiling hashbrown v0.14.5
[INFO] [stderr]    Compiling winnow v0.6.18
[INFO] [stderr]    Compiling utf8parse v0.2.2
[INFO] [stderr]    Compiling futures-sink v0.3.30
[INFO] [stderr]    Compiling futures-core v0.3.30
[INFO] [stderr]    Compiling parking_lot_core v0.9.10
[INFO] [stderr]    Compiling pin-project-lite v0.2.14
[INFO] [stderr]    Compiling memchr v2.7.4
[INFO] [stderr]    Compiling anstyle-query v1.1.1
[INFO] [stderr]    Compiling futures-task v0.3.30
[INFO] [stderr]    Compiling anstyle-parse v0.2.5
[INFO] [stderr]    Compiling pin-utils v0.1.0
[INFO] [stderr]    Compiling anstyle v1.0.8
[INFO] [stderr]    Compiling colorchoice v1.0.2
[INFO] [stderr]    Compiling is_terminal_polyfill v1.70.1
[INFO] [stderr]    Compiling rayon-core v1.12.1
[INFO] [stderr]    Compiling futures-channel v0.3.30
[INFO] [stderr]    Compiling scopeguard v1.2.0
[INFO] [stderr]    Compiling futures-io v0.3.30
[INFO] [stderr]    Compiling smallvec v1.13.2
[INFO] [stderr]    Compiling strsim v0.11.1
[INFO] [stderr]    Compiling clap_lex v0.7.2
[INFO] [stderr]    Compiling heck v0.5.0
[INFO] [stderr]    Compiling anstream v0.6.15
[INFO] [stderr]    Compiling either v1.13.0
[INFO] [stderr]    Compiling bytes v1.7.1
[INFO] [stderr]    Compiling same-file v1.0.6
[INFO] [stderr]    Compiling once_cell v1.19.0
[INFO] [stderr]    Compiling slab v0.4.9
[INFO] [stderr]    Compiling lock_api v0.4.12
[INFO] [stderr]    Compiling walkdir v2.5.0
[INFO] [stderr]    Compiling crossbeam-epoch v0.9.18
[INFO] [stderr]    Compiling crossbeam-queue v0.3.11
[INFO] [stderr]    Compiling clap_builder v4.5.17
[INFO] [stderr]    Compiling indexmap v2.5.0
[INFO] [stderr]    Compiling crossbeam-deque v0.8.5
[INFO] [stderr]    Compiling quote v1.0.37
[INFO] [stderr]    Compiling signal-hook-registry v1.4.2
[INFO] [stderr]    Compiling socket2 v0.5.7
[INFO] [stderr]    Compiling mio v1.0.2
[INFO] [stderr]    Compiling num_cpus v1.16.0
[INFO] [stderr]    Compiling parking_lot v0.12.3
[INFO] [stderr]    Compiling syn v2.0.77
[INFO] [stderr]    Compiling rayon v1.10.0
[INFO] [stderr]    Compiling serde_derive v1.0.210
[INFO] [stderr]    Compiling futures-macro v0.3.30
[INFO] [stderr]    Compiling tokio-macros v2.4.0
[INFO] [stderr]    Compiling clap_derive v4.5.13
[INFO] [stderr]    Compiling tokio v1.40.0
[INFO] [stderr]    Compiling futures-util v0.3.30
[INFO] [stderr]    Compiling clap v4.5.17
[INFO] [stderr]    Compiling futures-executor v0.3.30
[INFO] [stderr]    Compiling futures v0.3.30
[INFO] [stderr]    Compiling serde_spanned v0.6.7
[INFO] [stderr]    Compiling toml_datetime v0.6.8
[INFO] [stderr]    Compiling toml_edit v0.22.21
[INFO] [stderr]    Compiling toml v0.8.19
[INFO] [stderr]    Compiling prun v0.1.3 (/opt/rustwide/workdir)
[INFO] [stderr]     Finished `dev` profile [unoptimized + debuginfo] target(s) in 27.50s
[INFO] running `Command { std: "docker" "inspect" "7e639a53c8bbb74876eaa8ab4b23c593f17916737e2c33f07bb6041c6b9c1ed2", kill_on_drop: false }`
[INFO] running `Command { std: "docker" "rm" "-f" "7e639a53c8bbb74876eaa8ab4b23c593f17916737e2c33f07bb6041c6b9c1ed2", kill_on_drop: false }`
[INFO] [stdout] 7e639a53c8bbb74876eaa8ab4b23c593f17916737e2c33f07bb6041c6b9c1ed2
[INFO] running `Command { std: "docker" "create" "-v" "/var/lib/crater-agent-workspace/builds/worker-5-tc2/target:/opt/rustwide/target:rw,Z" "-v" "/var/lib/crater-agent-workspace/builds/worker-5-tc2/source:/opt/rustwide/workdir:ro,Z" "-v" "/var/lib/crater-agent-workspace/cargo-home:/opt/rustwide/cargo-home:ro,Z" "-v" "/var/lib/crater-agent-workspace/rustup-home:/opt/rustwide/rustup-home:ro,Z" "-e" "SOURCE_DIR=/opt/rustwide/workdir" "-e" "CARGO_TARGET_DIR=/opt/rustwide/target" "-e" "CARGO_INCREMENTAL=0" "-e" "RUST_BACKTRACE=full" "-e" "RUSTFLAGS=--cap-lints=forbid -Zrandomize-layout" "-e" "RUSTDOCFLAGS=--cap-lints=forbid" "-e" "CARGO_HOME=/opt/rustwide/cargo-home" "-e" "RUSTUP_HOME=/opt/rustwide/rustup-home" "-w" "/opt/rustwide/workdir" "-m" "1610612736" "--user" "0:0" "--network" "none" "ghcr.io/rust-lang/crates-build-env/linux@sha256:819108c5571ea2e421544af4d832f968d213c87fbe3707a016657f43d2f853bc" "/opt/rustwide/cargo-home/bin/cargo" "+nightly-2025-01-18" "test" "--frozen" "--no-run" "--message-format=json", kill_on_drop: false }`
[INFO] [stdout] cc711e347737aa458f9e19354952b1a7fc91d34e0bf0d13b7d9577b9c5bf87be
[INFO] running `Command { std: "docker" "start" "-a" "cc711e347737aa458f9e19354952b1a7fc91d34e0bf0d13b7d9577b9c5bf87be", kill_on_drop: false }`
[INFO] [stderr] warning: file `/opt/rustwide/workdir/Source/Library.rs` found to be present in multiple build targets:
[INFO] [stderr]   * `lib` target `Library`
[INFO] [stderr]   * `bin` target `PRun`
[INFO] [stderr]   * `bin` target `Run`
[INFO] [stderr]   * `bin` target `Inn`
[INFO] [stderr]   * `bin` target `InnKeeper`
[INFO] [stderr]    Compiling prun v0.1.3 (/opt/rustwide/workdir)
[INFO] [stderr]     Finished `test` profile [unoptimized + debuginfo] target(s) in 1.07s
[INFO] running `Command { std: "docker" "inspect" "cc711e347737aa458f9e19354952b1a7fc91d34e0bf0d13b7d9577b9c5bf87be", kill_on_drop: false }`
[INFO] running `Command { std: "docker" "rm" "-f" "cc711e347737aa458f9e19354952b1a7fc91d34e0bf0d13b7d9577b9c5bf87be", kill_on_drop: false }`
[INFO] [stdout] cc711e347737aa458f9e19354952b1a7fc91d34e0bf0d13b7d9577b9c5bf87be
[INFO] running `Command { std: "docker" "create" "-v" "/var/lib/crater-agent-workspace/builds/worker-5-tc2/target:/opt/rustwide/target:rw,Z" "-v" "/var/lib/crater-agent-workspace/builds/worker-5-tc2/source:/opt/rustwide/workdir:ro,Z" "-v" "/var/lib/crater-agent-workspace/cargo-home:/opt/rustwide/cargo-home:ro,Z" "-v" "/var/lib/crater-agent-workspace/rustup-home:/opt/rustwide/rustup-home:ro,Z" "-e" "SOURCE_DIR=/opt/rustwide/workdir" "-e" "CARGO_TARGET_DIR=/opt/rustwide/target" "-e" "CARGO_INCREMENTAL=0" "-e" "RUST_BACKTRACE=full" "-e" "RUSTFLAGS=--cap-lints=forbid -Zrandomize-layout" "-e" "RUSTDOCFLAGS=--cap-lints=forbid" "-e" "CARGO_HOME=/opt/rustwide/cargo-home" "-e" "RUSTUP_HOME=/opt/rustwide/rustup-home" "-w" "/opt/rustwide/workdir" "-m" "1610612736" "--user" "0:0" "--network" "none" "ghcr.io/rust-lang/crates-build-env/linux@sha256:819108c5571ea2e421544af4d832f968d213c87fbe3707a016657f43d2f853bc" "/opt/rustwide/cargo-home/bin/cargo" "+nightly-2025-01-18" "test" "--frozen", kill_on_drop: false }`
[INFO] [stdout] 301ca38027046cb415b461706e494d1fd2c8e9a9999d61375f50931b261a8eed
[INFO] running `Command { std: "docker" "start" "-a" "301ca38027046cb415b461706e494d1fd2c8e9a9999d61375f50931b261a8eed", kill_on_drop: false }`
[INFO] [stderr] warning: file `/opt/rustwide/workdir/Source/Library.rs` found to be present in multiple build targets:
[INFO] [stderr]   * `lib` target `Library`
[INFO] [stderr]   * `bin` target `PRun`
[INFO] [stderr]   * `bin` target `Run`
[INFO] [stderr]   * `bin` target `Inn`
[INFO] [stderr]   * `bin` target `InnKeeper`
[INFO] [stderr]     Finished `test` profile [unoptimized + debuginfo] target(s) in 0.09s
[INFO] [stderr]      Running unittests Source/Library.rs (/opt/rustwide/target/debug/deps/Library-03400f1be5c97ea3)
[INFO] [stderr]      Running unittests Source/Library.rs (/opt/rustwide/target/debug/deps/Inn-0f8e3ea0eb7d09f4)
[INFO] [stdout] 
[INFO] [stdout] running 0 tests
[INFO] [stdout] 
[INFO] [stdout] test result: ok. 0 passed; 0 failed; 0 ignored; 0 measured; 0 filtered out; finished in 0.00s
[INFO] [stdout] 
[INFO] [stdout] 
[INFO] [stderr]      Running unittests Source/Library.rs (/opt/rustwide/target/debug/deps/InnKeeper-a677db29c372a58e)
[INFO] [stdout] running 0 tests
[INFO] [stderr]      Running unittests Source/Library.rs (/opt/rustwide/target/debug/deps/PRun-209299f31157dd66)
[INFO] [stdout] 
[INFO] [stdout] test result: ok. 0 passed; 0 failed; 0 ignored; 0 measured; 0 filtered out; finished in 0.00s
[INFO] [stdout] 
[INFO] [stdout] 
[INFO] [stdout] running 0 tests
[INFO] [stdout] 
[INFO] [stdout] test result: ok. 0 passed; 0 failed; 0 ignored; 0 measured; 0 filtered out; finished in 0.00s
[INFO] [stdout] 
[INFO] [stdout] 
[INFO] [stdout] running 0 tests
[INFO] [stdout] 
[INFO] [stdout] test result: ok. 0 passed; 0 failed; 0 ignored; 0 measured; 0 filtered out; finished in 0.00s
[INFO] [stdout] 
[INFO] [stderr]      Running unittests Source/Library.rs (/opt/rustwide/target/debug/deps/Run-31209899e0abbd54)
[INFO] [stdout] 
[INFO] [stdout] running 0 tests
[INFO] [stdout] 
[INFO] [stdout] test result: ok. 0 passed; 0 failed; 0 ignored; 0 measured; 0 filtered out; finished in 0.00s
[INFO] [stdout] 
[INFO] [stderr]    Doc-tests Library
[INFO] [stdout] 
[INFO] [stdout] running 6 tests
[INFO] [stdout] test Source/Fn/Binary/Command/Parallel.rs - Fn::Binary::Command::Parallel::Fn (line 49) ... FAILED
[INFO] [stdout] test Source/Fn/Binary/Command/Sequential.rs - Fn::Binary::Command::Sequential::Fn (line 9) ... FAILED
[INFO] [stdout] test Source/Fn/Binary/Command/Parallel/GPG.rs - Fn::Binary::Command::Parallel::GPG::Fn (line 19) ... FAILED
[INFO] [stdout] test Source/Fn/Binary/Command/Parallel/Process.rs - Fn::Binary::Command::Parallel::Process::Fn (line 27) ... FAILED
[INFO] [stdout] test Source/Fn/Binary/Command/Parallel/GPG/Git.rs - Fn::Binary::Command::Parallel::GPG::Git::Fn (line 22) ... FAILED
[INFO] [stdout] test Source/Fn/Binary/Command/Parallel.rs - Fn::Binary::Command::Parallel::Fn (line 16) ... FAILED
[INFO] [stdout] 
[INFO] [stdout] failures:
[INFO] [stdout] 
[INFO] [stdout] ---- Source/Fn/Binary/Command/Parallel.rs - Fn::Binary::Command::Parallel::Fn (line 49) stdout ----
[INFO] [stdout] error: invalid path separator in function definition
[INFO] [stdout]  --> Source/Fn/Binary/Command/Parallel.rs:50:7
[INFO] [stdout]   |
[INFO] [stdout] 3 | fn GPG::Fn(command: &[String]) -> bool;
[INFO] [stdout]   |       ^^
[INFO] [stdout]   |
[INFO] [stdout] help: remove invalid path separator
[INFO] [stdout]   |
[INFO] [stdout] 3 - fn GPG::Fn(command: &[String]) -> bool;
[INFO] [stdout] 3 + fn GPGFn(command: &[String]) -> bool;
[INFO] [stdout]   |
[INFO] [stdout] 
[INFO] [stdout] error: missing parameters for function definition
[INFO] [stdout]  --> Source/Fn/Binary/Command/Parallel.rs:50:9
[INFO] [stdout]   |
[INFO] [stdout] 3 | fn GPG::Fn(command: &[String]) -> bool;
[INFO] [stdout]   |         ^
[INFO] [stdout]   |
[INFO] [stdout] help: add a parameter list
[INFO] [stdout]   |
[INFO] [stdout] 3 | fn GPG::()Fn(command: &[String]) -> bool;
[INFO] [stdout]   |         ++
[INFO] [stdout] 
[INFO] [stdout] error: expected one of `->`, `<`, `where`, or `{`, found `Fn`
[INFO] [stdout]  --> Source/Fn/Binary/Command/Parallel.rs:50:9
[INFO] [stdout]   |
[INFO] [stdout] 3 | fn GPG::Fn(command: &[String]) -> bool;
[INFO] [stdout]   |         ^^ expected one of `->`, `<`, `where`, or `{`
[INFO] [stdout] 
[INFO] [stdout] error: aborting due to 3 previous errors
[INFO] [stdout] 
[INFO] [stdout] Couldn't compile the test.
[INFO] [stdout] ---- Source/Fn/Binary/Command/Sequential.rs - Fn::Binary::Command::Sequential::Fn (line 9) stdout ----
[INFO] [stdout] error[E0574]: expected struct, variant or union type, found enum `Option`
[INFO] [stdout]  --> Source/Fn/Binary/Command/Sequential.rs:12:15
[INFO] [stdout]   |
[INFO] [stdout] 5 | let options = Option { Command: vec!["ls".to_string()], Entry: vec!["/path/to/dir".to_string()], Pattern: "pattern", Separator: '/'.to_st...
[INFO] [stdout]   |               ^^^^^^ not a struct, variant or union type
[INFO] [stdout] 
[INFO] [stdout] error[E0423]: expected function, tuple struct or tuple variant, found trait `Fn`
[INFO] [stdout]  --> Source/Fn/Binary/Command/Sequential.rs:13:1
[INFO] [stdout]   |
[INFO] [stdout] 6 | Fn(options);
[INFO] [stdout]   | ^^ not a function, tuple struct or tuple variant
[INFO] [stdout] 
[INFO] [stdout] error: aborting due to 2 previous errors
[INFO] [stdout] 
[INFO] [stdout] Some errors have detailed explanations: E0423, E0574.
[INFO] [stdout] For more information about an error, try `rustc --explain E0423`.
[INFO] [stdout] Couldn't compile the test.
[INFO] [stdout] ---- Source/Fn/Binary/Command/Parallel/GPG.rs - Fn::Binary::Command::Parallel::GPG::Fn (line 19) stdout ----
[INFO] [stdout] error[E0423]: expected function, tuple struct or tuple variant, found trait `Fn`
[INFO] [stdout]  --> Source/Fn/Binary/Command/Parallel/GPG.rs:21:24
[INFO] [stdout]   |
[INFO] [stdout] 4 | let requires_signing = Fn(&command);
[INFO] [stdout]   |                        ^^ not a function, tuple struct or tuple variant
[INFO] [stdout] 
[INFO] [stdout] error[E0423]: expected function, tuple struct or tuple variant, found trait `Fn`
[INFO] [stdout]  --> Source/Fn/Binary/Command/Parallel/GPG.rs:25:24
[INFO] [stdout]   |
[INFO] [stdout] 8 | let requires_signing = Fn(&command);
[INFO] [stdout]   |                        ^^ not a function, tuple struct or tuple variant
[INFO] [stdout] 
[INFO] [stdout] error: aborting due to 2 previous errors
[INFO] [stdout] 
[INFO] [stdout] For more information about this error, try `rustc --explain E0423`.
[INFO] [stdout] Couldn't compile the test.
[INFO] [stdout] ---- Source/Fn/Binary/Command/Parallel/Process.rs - Fn::Binary::Command::Parallel::Process::Fn (line 27) stdout ----
[INFO] [stdout] error[E0432]: unresolved import `your_crate_name`
[INFO] [stdout]  --> Source/Fn/Binary/Command/Parallel/Process.rs:28:5
[INFO] [stdout]   |
[INFO] [stdout] 2 | use your_crate_name::Fn;
[INFO] [stdout]   |     ^^^^^^^^^^^^^^^ use of undeclared crate or module `your_crate_name`
[INFO] [stdout] 
[INFO] [stdout] error: aborting due to 1 previous error
[INFO] [stdout] 
[INFO] [stdout] For more information about this error, try `rustc --explain E0432`.
[INFO] [stdout] Couldn't compile the test.
[INFO] [stdout] ---- Source/Fn/Binary/Command/Parallel/GPG/Git.rs - Fn::Binary::Command::Parallel::GPG::Git::Fn (line 22) stdout ----
[INFO] [stdout] error[E0423]: expected function, tuple struct or tuple variant, found trait `Fn`
[INFO] [stdout]  --> Source/Fn/Binary/Command/Parallel/GPG/Git.rs:23:26
[INFO] [stdout]   |
[INFO] [stdout] 3 | let is_signing_enabled = Fn();
[INFO] [stdout]   |                          ^^ not a function, tuple struct or tuple variant
[INFO] [stdout] 
[INFO] [stdout] error: aborting due to 1 previous error
[INFO] [stdout] 
[INFO] [stdout] For more information about this error, try `rustc --explain E0423`.
[INFO] [stdout] Couldn't compile the test.
[INFO] [stdout] ---- Source/Fn/Binary/Command/Parallel.rs - Fn::Binary::Command::Parallel::Fn (line 16) stdout ----
[INFO] [stdout] error[E0432]: unresolved import `your_crate`
[INFO] [stdout]  --> Source/Fn/Binary/Command/Parallel.rs:17:5
[INFO] [stdout]   |
[INFO] [stdout] 3 | use your_crate::Fn;
[INFO] [stdout]   |     ^^^^^^^^^^ use of undeclared crate or module `your_crate`
[INFO] [stdout] 
[INFO] [stdout] error[E0574]: expected struct, variant or union type, found enum `Option`
[INFO] [stdout]  --> Source/Fn/Binary/Command/Parallel.rs:19:20
[INFO] [stdout]   |
[INFO] [stdout] 5 | let options = Some(Option {
[INFO] [stdout]   |                    ^^^^^^ not a struct, variant or union type
[INFO] [stdout] 
[INFO] [stdout] error[E0433]: failed to resolve: use of undeclared crate or module `tokio_test`
[INFO] [stdout]   --> Source/Fn/Binary/Command/Parallel.rs:26:1
[INFO] [stdout]    |
[INFO] [stdout] 12 | tokio_test::block_on(Fn(options));
[INFO] [stdout]    | ^^^^^^^^^^ use of undeclared crate or module `tokio_test`
[INFO] [stdout] 
[INFO] [stdout] error: aborting due to 3 previous errors
[INFO] [stdout] 
[INFO] [stdout] Some errors have detailed explanations: E0432, E0433, E0574.
[INFO] [stdout] For more information about an error, try `rustc --explain E0432`.
[INFO] [stdout] Couldn't compile the test.
[INFO] [stdout] 
[INFO] [stdout] failures:
[INFO] [stdout]     Source/Fn/Binary/Command/Parallel.rs - Fn::Binary::Command::Parallel::Fn (line 16)
[INFO] [stdout]     Source/Fn/Binary/Command/Parallel.rs - Fn::Binary::Command::Parallel::Fn (line 49)
[INFO] [stdout]     Source/Fn/Binary/Command/Parallel/GPG.rs - Fn::Binary::Command::Parallel::GPG::Fn (line 19)
[INFO] [stdout]     Source/Fn/Binary/Command/Parallel/GPG/Git.rs - Fn::Binary::Command::Parallel::GPG::Git::Fn (line 22)
[INFO] [stdout]     Source/Fn/Binary/Command/Parallel/Process.rs - Fn::Binary::Command::Parallel::Process::Fn (line 27)
[INFO] [stdout]     Source/Fn/Binary/Command/Sequential.rs - Fn::Binary::Command::Sequential::Fn (line 9)
[INFO] [stdout] 
[INFO] [stdout] test result: FAILED. 0 passed; 6 failed; 0 ignored; 0 measured; 0 filtered out; finished in 0.22s
[INFO] [stdout] 
[INFO] [stderr] error: doctest failed, to rerun pass `--doc`
[INFO] running `Command { std: "docker" "inspect" "301ca38027046cb415b461706e494d1fd2c8e9a9999d61375f50931b261a8eed", kill_on_drop: false }`
[INFO] running `Command { std: "docker" "rm" "-f" "301ca38027046cb415b461706e494d1fd2c8e9a9999d61375f50931b261a8eed", kill_on_drop: false }`
[INFO] [stdout] 301ca38027046cb415b461706e494d1fd2c8e9a9999d61375f50931b261a8eed
