[INFO] fetching crate prov-cosmwasm-derive 1.0.0-provbeta3...
[INFO] testing prov-cosmwasm-derive-1.0.0-provbeta3 against nightly-2025-01-18+rustflags=-Zrandomize-layout for randomize-layout-2
[INFO] extracting crate prov-cosmwasm-derive 1.0.0-provbeta3 into /workspace/builds/worker-4-tc2/source
[INFO] validating manifest of crates.io crate prov-cosmwasm-derive 1.0.0-provbeta3 on toolchain nightly-2025-01-18
[INFO] running `Command { std: CARGO_HOME="/workspace/cargo-home" RUSTUP_HOME="/workspace/rustup-home" "/workspace/cargo-home/bin/cargo" "+nightly-2025-01-18" "metadata" "--manifest-path" "Cargo.toml" "--no-deps", kill_on_drop: false }`
[INFO] started tweaking crates.io crate prov-cosmwasm-derive 1.0.0-provbeta3
[INFO] finished tweaking crates.io crate prov-cosmwasm-derive 1.0.0-provbeta3
[INFO] tweaked toml for crates.io crate prov-cosmwasm-derive 1.0.0-provbeta3 written to /workspace/builds/worker-4-tc2/source/Cargo.toml
[INFO] running `Command { std: CARGO_HOME="/workspace/cargo-home" RUSTUP_HOME="/workspace/rustup-home" "/workspace/cargo-home/bin/cargo" "+nightly-2025-01-18" "generate-lockfile" "--manifest-path" "Cargo.toml", kill_on_drop: false }`
[INFO] [stderr]     Updating crates.io index
[INFO] [stderr]      Locking 4 packages to latest compatible versions
[INFO] [stderr]       Adding syn v1.0.109 (available: v2.0.96)
[INFO] running `Command { std: CARGO_HOME="/workspace/cargo-home" RUSTUP_HOME="/workspace/rustup-home" "/workspace/cargo-home/bin/cargo" "+nightly-2025-01-18" "fetch" "--manifest-path" "Cargo.toml", kill_on_drop: false }`
[INFO] running `Command { std: "docker" "create" "-v" "/var/lib/crater-agent-workspace/builds/worker-4-tc2/target:/opt/rustwide/target:rw,Z" "-v" "/var/lib/crater-agent-workspace/builds/worker-4-tc2/source:/opt/rustwide/workdir:ro,Z" "-v" "/var/lib/crater-agent-workspace/cargo-home:/opt/rustwide/cargo-home:ro,Z" "-v" "/var/lib/crater-agent-workspace/rustup-home:/opt/rustwide/rustup-home:ro,Z" "-e" "SOURCE_DIR=/opt/rustwide/workdir" "-e" "CARGO_TARGET_DIR=/opt/rustwide/target" "-e" "CARGO_HOME=/opt/rustwide/cargo-home" "-e" "RUSTUP_HOME=/opt/rustwide/rustup-home" "-w" "/opt/rustwide/workdir" "-m" "1610612736" "--user" "0:0" "--network" "none" "ghcr.io/rust-lang/crates-build-env/linux@sha256:819108c5571ea2e421544af4d832f968d213c87fbe3707a016657f43d2f853bc" "/opt/rustwide/cargo-home/bin/cargo" "+nightly-2025-01-18" "metadata" "--no-deps" "--format-version=1", kill_on_drop: false }`
[INFO] [stdout] 36677dc4400f10aa4ec7f3cec950e63da09f6e82b867ec3afdf6f49fecc80296
[INFO] running `Command { std: "docker" "start" "-a" "36677dc4400f10aa4ec7f3cec950e63da09f6e82b867ec3afdf6f49fecc80296", kill_on_drop: false }`
[INFO] running `Command { std: "docker" "inspect" "36677dc4400f10aa4ec7f3cec950e63da09f6e82b867ec3afdf6f49fecc80296", kill_on_drop: false }`
[INFO] running `Command { std: "docker" "rm" "-f" "36677dc4400f10aa4ec7f3cec950e63da09f6e82b867ec3afdf6f49fecc80296", kill_on_drop: false }`
[INFO] [stdout] 36677dc4400f10aa4ec7f3cec950e63da09f6e82b867ec3afdf6f49fecc80296
[INFO] running `Command { std: "docker" "create" "-v" "/var/lib/crater-agent-workspace/builds/worker-4-tc2/target:/opt/rustwide/target:rw,Z" "-v" "/var/lib/crater-agent-workspace/builds/worker-4-tc2/source:/opt/rustwide/workdir:ro,Z" "-v" "/var/lib/crater-agent-workspace/cargo-home:/opt/rustwide/cargo-home:ro,Z" "-v" "/var/lib/crater-agent-workspace/rustup-home:/opt/rustwide/rustup-home:ro,Z" "-e" "SOURCE_DIR=/opt/rustwide/workdir" "-e" "CARGO_TARGET_DIR=/opt/rustwide/target" "-e" "CARGO_INCREMENTAL=0" "-e" "RUST_BACKTRACE=full" "-e" "RUSTFLAGS=--cap-lints=forbid -Zrandomize-layout" "-e" "RUSTDOCFLAGS=--cap-lints=forbid" "-e" "CARGO_HOME=/opt/rustwide/cargo-home" "-e" "RUSTUP_HOME=/opt/rustwide/rustup-home" "-w" "/opt/rustwide/workdir" "-m" "1610612736" "--user" "0:0" "--network" "none" "ghcr.io/rust-lang/crates-build-env/linux@sha256:819108c5571ea2e421544af4d832f968d213c87fbe3707a016657f43d2f853bc" "/opt/rustwide/cargo-home/bin/cargo" "+nightly-2025-01-18" "build" "--frozen" "--message-format=json", kill_on_drop: false }`
[INFO] [stdout] f386c3a2f2b18ed741b061954d53137a353875b5576c9e75080751834b50632d
[INFO] running `Command { std: "docker" "start" "-a" "f386c3a2f2b18ed741b061954d53137a353875b5576c9e75080751834b50632d", kill_on_drop: false }`
[INFO] [stderr]    Compiling proc-macro2 v1.0.93
[INFO] [stderr]    Compiling unicode-ident v1.0.14
[INFO] [stderr]    Compiling syn v1.0.109
[INFO] [stderr]    Compiling quote v1.0.38
[INFO] [stderr]    Compiling prov-cosmwasm-derive v1.0.0-provbeta3 (/opt/rustwide/workdir)
[INFO] [stderr]     Finished `dev` profile [unoptimized + debuginfo] target(s) in 5.23s
[INFO] running `Command { std: "docker" "inspect" "f386c3a2f2b18ed741b061954d53137a353875b5576c9e75080751834b50632d", kill_on_drop: false }`
[INFO] running `Command { std: "docker" "rm" "-f" "f386c3a2f2b18ed741b061954d53137a353875b5576c9e75080751834b50632d", kill_on_drop: false }`
[INFO] [stdout] f386c3a2f2b18ed741b061954d53137a353875b5576c9e75080751834b50632d
[INFO] running `Command { std: "docker" "create" "-v" "/var/lib/crater-agent-workspace/builds/worker-4-tc2/target:/opt/rustwide/target:rw,Z" "-v" "/var/lib/crater-agent-workspace/builds/worker-4-tc2/source:/opt/rustwide/workdir:ro,Z" "-v" "/var/lib/crater-agent-workspace/cargo-home:/opt/rustwide/cargo-home:ro,Z" "-v" "/var/lib/crater-agent-workspace/rustup-home:/opt/rustwide/rustup-home:ro,Z" "-e" "SOURCE_DIR=/opt/rustwide/workdir" "-e" "CARGO_TARGET_DIR=/opt/rustwide/target" "-e" "CARGO_INCREMENTAL=0" "-e" "RUST_BACKTRACE=full" "-e" "RUSTFLAGS=--cap-lints=forbid -Zrandomize-layout" "-e" "RUSTDOCFLAGS=--cap-lints=forbid" "-e" "CARGO_HOME=/opt/rustwide/cargo-home" "-e" "RUSTUP_HOME=/opt/rustwide/rustup-home" "-w" "/opt/rustwide/workdir" "-m" "1610612736" "--user" "0:0" "--network" "none" "ghcr.io/rust-lang/crates-build-env/linux@sha256:819108c5571ea2e421544af4d832f968d213c87fbe3707a016657f43d2f853bc" "/opt/rustwide/cargo-home/bin/cargo" "+nightly-2025-01-18" "test" "--frozen" "--no-run" "--message-format=json", kill_on_drop: false }`
[INFO] [stdout] bdc8d4b8aa3150f8f86ce6a8426ee7a5783fd13e8ade0475fbbb54e1808a747c
[INFO] running `Command { std: "docker" "start" "-a" "bdc8d4b8aa3150f8f86ce6a8426ee7a5783fd13e8ade0475fbbb54e1808a747c", kill_on_drop: false }`
[INFO] [stderr]    Compiling prov-cosmwasm-derive v1.0.0-provbeta3 (/opt/rustwide/workdir)
[INFO] [stderr]     Finished `test` profile [unoptimized + debuginfo] target(s) in 0.51s
[INFO] running `Command { std: "docker" "inspect" "bdc8d4b8aa3150f8f86ce6a8426ee7a5783fd13e8ade0475fbbb54e1808a747c", kill_on_drop: false }`
[INFO] running `Command { std: "docker" "rm" "-f" "bdc8d4b8aa3150f8f86ce6a8426ee7a5783fd13e8ade0475fbbb54e1808a747c", kill_on_drop: false }`
[INFO] [stdout] bdc8d4b8aa3150f8f86ce6a8426ee7a5783fd13e8ade0475fbbb54e1808a747c
[INFO] running `Command { std: "docker" "create" "-v" "/var/lib/crater-agent-workspace/builds/worker-4-tc2/target:/opt/rustwide/target:rw,Z" "-v" "/var/lib/crater-agent-workspace/builds/worker-4-tc2/source:/opt/rustwide/workdir:ro,Z" "-v" "/var/lib/crater-agent-workspace/cargo-home:/opt/rustwide/cargo-home:ro,Z" "-v" "/var/lib/crater-agent-workspace/rustup-home:/opt/rustwide/rustup-home:ro,Z" "-e" "SOURCE_DIR=/opt/rustwide/workdir" "-e" "CARGO_TARGET_DIR=/opt/rustwide/target" "-e" "CARGO_INCREMENTAL=0" "-e" "RUST_BACKTRACE=full" "-e" "RUSTFLAGS=--cap-lints=forbid -Zrandomize-layout" "-e" "RUSTDOCFLAGS=--cap-lints=forbid" "-e" "CARGO_HOME=/opt/rustwide/cargo-home" "-e" "RUSTUP_HOME=/opt/rustwide/rustup-home" "-w" "/opt/rustwide/workdir" "-m" "1610612736" "--user" "0:0" "--network" "none" "ghcr.io/rust-lang/crates-build-env/linux@sha256:819108c5571ea2e421544af4d832f968d213c87fbe3707a016657f43d2f853bc" "/opt/rustwide/cargo-home/bin/cargo" "+nightly-2025-01-18" "test" "--frozen", kill_on_drop: false }`
[INFO] [stdout] d8af3f0d18d8a776de8f5108237ef45566d0ef34eb35bc5c54a97d2807262b43
[INFO] running `Command { std: "docker" "start" "-a" "d8af3f0d18d8a776de8f5108237ef45566d0ef34eb35bc5c54a97d2807262b43", kill_on_drop: false }`
[INFO] [stderr]     Finished `test` profile [unoptimized + debuginfo] target(s) in 0.02s
[INFO] [stderr]      Running unittests src/lib.rs (/opt/rustwide/target/debug/deps/prov_cosmwasm_derive-6018303281021949)
[INFO] [stdout] 
[INFO] [stdout] running 0 tests
[INFO] [stdout] 
[INFO] [stdout] test result: ok. 0 passed; 0 failed; 0 ignored; 0 measured; 0 filtered out; finished in 0.00s
[INFO] [stdout] 
[INFO] [stderr]    Doc-tests prov_cosmwasm_derive
[INFO] [stdout] 
[INFO] [stdout] running 1 test
[INFO] [stdout] test src/lib.rs - entry_point (line 12) ... FAILED
[INFO] [stdout] 
[INFO] [stdout] failures:
[INFO] [stdout] 
[INFO] [stdout] ---- src/lib.rs - entry_point (line 12) stdout ----
[INFO] [stdout] error[E0432]: unresolved import `prov_cosmwasm_std`
[INFO] [stdout]  --> src/lib.rs:13:5
[INFO] [stdout]   |
[INFO] [stdout] 3 | use prov_cosmwasm_std::{
[INFO] [stdout]   |     ^^^^^^^^^^^^^^^^^ use of undeclared crate or module `prov_cosmwasm_std`
[INFO] [stdout] 
[INFO] [stdout] error: aborting due to 1 previous error
[INFO] [stdout] 
[INFO] [stdout] For more information about this error, try `rustc --explain E0432`.
[INFO] [stdout] Couldn't compile the test.
[INFO] [stdout] 
[INFO] [stdout] failures:
[INFO] [stdout]     src/lib.rs - entry_point (line 12)
[INFO] [stdout] 
[INFO] [stdout] test result: FAILED. 0 passed; 1 failed; 0 ignored; 0 measured; 0 filtered out; finished in 0.06s
[INFO] [stdout] 
[INFO] [stderr] error: doctest failed, to rerun pass `--doc`
[INFO] running `Command { std: "docker" "inspect" "d8af3f0d18d8a776de8f5108237ef45566d0ef34eb35bc5c54a97d2807262b43", kill_on_drop: false }`
[INFO] running `Command { std: "docker" "rm" "-f" "d8af3f0d18d8a776de8f5108237ef45566d0ef34eb35bc5c54a97d2807262b43", kill_on_drop: false }`
[INFO] [stdout] d8af3f0d18d8a776de8f5108237ef45566d0ef34eb35bc5c54a97d2807262b43
