[INFO] fetching crate protoc_gen_ets 0.1.1...
[INFO] testing protoc_gen_ets-0.1.1 against nightly-2025-01-18+rustflags=-Zrandomize-layout for randomize-layout-2
[INFO] extracting crate protoc_gen_ets 0.1.1 into /workspace/builds/worker-2-tc2/source
[INFO] validating manifest of crates.io crate protoc_gen_ets 0.1.1 on toolchain nightly-2025-01-18
[INFO] running `Command { std: CARGO_HOME="/workspace/cargo-home" RUSTUP_HOME="/workspace/rustup-home" "/workspace/cargo-home/bin/cargo" "+nightly-2025-01-18" "metadata" "--manifest-path" "Cargo.toml" "--no-deps", kill_on_drop: false }`
[INFO] removed /workspace/builds/worker-2-tc2/source/.cargo/config.toml
[INFO] removed /workspace/builds/worker-2-tc2/source/rust-toolchain.toml
[INFO] started tweaking crates.io crate protoc_gen_ets 0.1.1
[INFO] removed 0 missing tests
[INFO] finished tweaking crates.io crate protoc_gen_ets 0.1.1
[INFO] tweaked toml for crates.io crate protoc_gen_ets 0.1.1 written to /workspace/builds/worker-2-tc2/source/Cargo.toml
[INFO] crate crates.io crate protoc_gen_ets 0.1.1 already has a lockfile, it will not be regenerated
[INFO] running `Command { std: CARGO_HOME="/workspace/cargo-home" RUSTUP_HOME="/workspace/rustup-home" "/workspace/cargo-home/bin/cargo" "+nightly-2025-01-18" "fetch" "--manifest-path" "Cargo.toml", kill_on_drop: false }`
[INFO] running `Command { std: "docker" "create" "-v" "/var/lib/crater-agent-workspace/builds/worker-2-tc2/target:/opt/rustwide/target:rw,Z" "-v" "/var/lib/crater-agent-workspace/builds/worker-2-tc2/source:/opt/rustwide/workdir:ro,Z" "-v" "/var/lib/crater-agent-workspace/cargo-home:/opt/rustwide/cargo-home:ro,Z" "-v" "/var/lib/crater-agent-workspace/rustup-home:/opt/rustwide/rustup-home:ro,Z" "-e" "SOURCE_DIR=/opt/rustwide/workdir" "-e" "CARGO_TARGET_DIR=/opt/rustwide/target" "-e" "CARGO_HOME=/opt/rustwide/cargo-home" "-e" "RUSTUP_HOME=/opt/rustwide/rustup-home" "-w" "/opt/rustwide/workdir" "-m" "1610612736" "--user" "0:0" "--network" "none" "ghcr.io/rust-lang/crates-build-env/linux@sha256:819108c5571ea2e421544af4d832f968d213c87fbe3707a016657f43d2f853bc" "/opt/rustwide/cargo-home/bin/cargo" "+nightly-2025-01-18" "metadata" "--no-deps" "--format-version=1", kill_on_drop: false }`
[INFO] [stdout] 701931d32a6a667aa6d400bddfc133a7b559085d521aba34c515f9fac7fdea94
[INFO] running `Command { std: "docker" "start" "-a" "701931d32a6a667aa6d400bddfc133a7b559085d521aba34c515f9fac7fdea94", kill_on_drop: false }`
[INFO] running `Command { std: "docker" "inspect" "701931d32a6a667aa6d400bddfc133a7b559085d521aba34c515f9fac7fdea94", kill_on_drop: false }`
[INFO] running `Command { std: "docker" "rm" "-f" "701931d32a6a667aa6d400bddfc133a7b559085d521aba34c515f9fac7fdea94", kill_on_drop: false }`
[INFO] [stdout] 701931d32a6a667aa6d400bddfc133a7b559085d521aba34c515f9fac7fdea94
[INFO] running `Command { std: "docker" "create" "-v" "/var/lib/crater-agent-workspace/builds/worker-2-tc2/target:/opt/rustwide/target:rw,Z" "-v" "/var/lib/crater-agent-workspace/builds/worker-2-tc2/source:/opt/rustwide/workdir:ro,Z" "-v" "/var/lib/crater-agent-workspace/cargo-home:/opt/rustwide/cargo-home:ro,Z" "-v" "/var/lib/crater-agent-workspace/rustup-home:/opt/rustwide/rustup-home:ro,Z" "-e" "SOURCE_DIR=/opt/rustwide/workdir" "-e" "CARGO_TARGET_DIR=/opt/rustwide/target" "-e" "CARGO_INCREMENTAL=0" "-e" "RUST_BACKTRACE=full" "-e" "RUSTFLAGS=--cap-lints=forbid -Zrandomize-layout" "-e" "RUSTDOCFLAGS=--cap-lints=forbid" "-e" "CARGO_HOME=/opt/rustwide/cargo-home" "-e" "RUSTUP_HOME=/opt/rustwide/rustup-home" "-w" "/opt/rustwide/workdir" "-m" "1610612736" "--user" "0:0" "--network" "none" "ghcr.io/rust-lang/crates-build-env/linux@sha256:819108c5571ea2e421544af4d832f968d213c87fbe3707a016657f43d2f853bc" "/opt/rustwide/cargo-home/bin/cargo" "+nightly-2025-01-18" "build" "--frozen" "--message-format=json", kill_on_drop: false }`
[INFO] [stdout] c2b8ef1d2c104fe4a8b445e5d730391dc1a46b23848455c5e976f3faeada1fe5
[INFO] running `Command { std: "docker" "start" "-a" "c2b8ef1d2c104fe4a8b445e5d730391dc1a46b23848455c5e976f3faeada1fe5", kill_on_drop: false }`
[INFO] [stderr]    Compiling proc-macro2 v1.0.86
[INFO] [stderr]    Compiling unicode-ident v1.0.12
[INFO] [stderr]    Compiling once_cell v1.19.0
[INFO] [stderr]    Compiling autocfg v1.3.0
[INFO] [stderr]    Compiling cfg-if v1.0.0
[INFO] [stderr]    Compiling memchr v2.7.4
[INFO] [stderr]    Compiling serde v1.0.204
[INFO] [stderr]    Compiling regex-syntax v0.8.4
[INFO] [stderr]    Compiling libc v0.2.155
[INFO] [stderr]    Compiling siphasher v0.3.11
[INFO] [stderr]    Compiling rand_core v0.6.4
[INFO] [stderr]    Compiling tinyvec_macros v0.1.1
[INFO] [stderr]    Compiling bitflags v2.6.0
[INFO] [stderr]    Compiling hashbrown v0.14.5
[INFO] [stderr]    Compiling lazy_static v1.5.0
[INFO] [stderr]    Compiling either v1.13.0
[INFO] [stderr]    Compiling tinyvec v1.7.0
[INFO] [stderr]    Compiling rustc-hash v1.1.0
[INFO] [stderr]    Compiling unicode-bidi v0.3.15
[INFO] [stderr]    Compiling percent-encoding v2.3.1
[INFO] [stderr]    Compiling stable_deref_trait v1.2.0
[INFO] [stderr]    Compiling rand v0.8.5
[INFO] [stderr]    Compiling phf_shared v0.11.2
[INFO] [stderr]    Compiling log v0.4.22
[INFO] [stderr]    Compiling new_debug_unreachable v1.0.6
[INFO] [stderr]    Compiling form_urlencoded v1.2.1
[INFO] [stderr]    Compiling cc v1.0.105
[INFO] [stderr]    Compiling tracing-core v0.1.32
[INFO] [stderr]    Compiling version_check v0.9.4
[INFO] [stderr]    Compiling scoped-tls v1.0.1
[INFO] [stderr]    Compiling pin-project-lite v0.2.14
[INFO] [stderr]    Compiling better_scoped_tls v0.1.1
[INFO] [stderr]    Compiling termcolor v1.4.1
[INFO] [stderr]    Compiling unicode-width v0.1.13
[INFO] [stderr]    Compiling wasm-bindgen-shared v0.2.92
[INFO] [stderr]    Compiling rustix v0.38.34
[INFO] [stderr]    Compiling num-traits v0.2.19
[INFO] [stderr]    Compiling thiserror v1.0.61
[INFO] [stderr]    Compiling unicode-id-start v1.0.4
[INFO] [stderr]    Compiling aho-corasick v1.1.3
[INFO] [stderr]    Compiling linux-raw-sys v0.4.14
[INFO] [stderr]    Compiling indexmap v1.9.3
[INFO] [stderr]    Compiling phf_generator v0.11.2
[INFO] [stderr]    Compiling bumpalo v3.16.0
[INFO] [stderr]    Compiling protobuf v3.4.0
[INFO] [stderr]    Compiling anyhow v1.0.86
[INFO] [stderr]    Compiling serde_json v1.0.120
[INFO] [stderr]    Compiling smartstring v1.0.1
[INFO] [stderr]    Compiling quote v1.0.36
[INFO] [stderr]    Compiling smallvec v1.13.2
[INFO] [stderr]    Compiling itoa v1.0.11
[INFO] [stderr]    Compiling home v0.5.9
[INFO] [stderr]    Compiling radium v0.7.0
[INFO] [stderr]    Compiling hashbrown v0.12.3
[INFO] [stderr]    Compiling ryu v1.0.18
[INFO] [stderr]    Compiling syn v2.0.69
[INFO] [stderr]    Compiling fastrand v2.1.0
[INFO] [stderr]    Compiling unicode-normalization v0.1.23
[INFO] [stderr]    Compiling outref v0.1.0
[INFO] [stderr]    Compiling static_assertions v1.1.0
[INFO] [stderr]    Compiling wasm-bindgen v0.2.92
[INFO] [stderr]    Compiling tap v1.0.1
[INFO] [stderr]    Compiling semver v1.0.23
[INFO] [stderr]    Compiling simd-abstraction v0.7.1
[INFO] [stderr]    Compiling wyz v0.5.1
[INFO] [stderr]    Compiling idna v0.5.0
[INFO] [stderr]    Compiling lock_api v0.4.12
[INFO] [stderr]    Compiling funty v2.0.0
[INFO] [stderr]    Compiling uuid v1.9.1
[INFO] [stderr]    Compiling unicode-segmentation v1.11.0
[INFO] [stderr]    Compiling typed-arena v2.0.2
[INFO] [stderr]    Compiling parking_lot_core v0.9.10
[INFO] [stderr]    Compiling base64-simd v0.7.0
[INFO] [stderr]    Compiling ahash v0.8.11
[INFO] [stderr]    Compiling convert_case v0.6.0
[INFO] [stderr]    Compiling num-integer v0.1.46
[INFO] [stderr]    Compiling if_chain v1.0.2
[INFO] [stderr]    Compiling data-encoding v2.6.0
[INFO] [stderr]    Compiling scopeguard v1.2.0
[INFO] [stderr]    Compiling equivalent v1.0.1
[INFO] [stderr]    Compiling crossbeam-utils v0.8.20
[INFO] [stderr]    Compiling napi-build v1.2.1
[INFO] [stderr]    Compiling indexmap v2.2.6
[INFO] [stderr]    Compiling zerocopy v0.7.35
[INFO] [stderr]    Compiling regex-automata v0.4.7
[INFO] [stderr]    Compiling url v2.5.2
[INFO] [stderr]    Compiling bitvec v1.0.1
[INFO] [stderr]    Compiling psm v0.1.21
[INFO] [stderr]    Compiling stacker v0.1.15
[INFO] [stderr]    Compiling napi-sys v2.4.0
[INFO] [stderr]    Compiling unicode-id v0.3.4
[INFO] [stderr]    Compiling ryu-js v1.0.1
[INFO] [stderr]    Compiling pathdiff v0.2.1
[INFO] [stderr]    Compiling atty v0.2.14
[INFO] [stderr]    Compiling num_cpus v1.16.0
[INFO] [stderr]    Compiling getrandom v0.2.15
[INFO] [stderr]    Compiling which v4.4.2
[INFO] [stderr]    Compiling tempfile v3.10.1
[INFO] [stderr]    Compiling dashmap v5.5.3
[INFO] [stderr]    Compiling heck v0.5.0
[INFO] [stderr]    Compiling swc_macros_common v0.3.11
[INFO] [stderr]    Compiling wasm-bindgen-backend v0.2.92
[INFO] [stderr]    Compiling regex v1.10.5
[INFO] [stderr]    Compiling Inflector v0.11.4
[INFO] [stderr]    Compiling napi-derive-backend v1.0.70
[INFO] [stderr]    Compiling serde_derive v1.0.204
[INFO] [stderr]    Compiling phf_macros v0.11.2
[INFO] [stderr]    Compiling tracing-attributes v0.1.27
[INFO] [stderr]    Compiling swc_visit_macros v0.5.12
[INFO] [stderr]    Compiling swc_eq_ignore_macros v0.1.3
[INFO] [stderr]    Compiling from_variant v0.1.8
[INFO] [stderr]    Compiling ast_node v0.9.8
[INFO] [stderr]    Compiling string_enum v0.4.4
[INFO] [stderr]    Compiling is-macro v0.3.5
[INFO] [stderr]    Compiling thiserror-impl v1.0.61
[INFO] [stderr]    Compiling ctor v0.2.8
[INFO] [stderr]    Compiling swc_ecma_codegen_macros v0.7.6
[INFO] [stderr]    Compiling napi v2.16.8
[INFO] [stderr]    Compiling phf v0.11.2
[INFO] [stderr]    Compiling wasm-bindgen-macro-support v0.2.92
[INFO] [stderr]    Compiling tracing v0.1.40
[INFO] [stderr]    Compiling protobuf-support v3.4.0
[INFO] [stderr]    Compiling napi-derive v2.16.8
[INFO] [stderr]    Compiling swc_visit v0.5.14
[INFO] [stderr]    Compiling wasm-bindgen-macro v0.2.92
[INFO] [stderr]    Compiling console_error_panic_hook v0.1.7
[INFO] [stderr]    Compiling js-sys v0.3.69
[INFO] [stderr]    Compiling triomphe v0.1.13
[INFO] [stderr]    Compiling num-bigint v0.4.6
[INFO] [stderr]    Compiling debugid v0.8.0
[INFO] [stderr]    Compiling toml v0.5.11
[INFO] [stderr]    Compiling hstr v0.2.10
[INFO] [stderr]    Compiling swc_atoms v0.6.7
[INFO] [stderr]    Compiling sourcemap v8.0.1
[INFO] [stderr]    Compiling protobuf-parse v3.4.0
[INFO] [stderr]    Compiling swc_common v0.34.4
[INFO] [stderr]    Compiling protobuf-codegen v3.4.0
[INFO] [stderr]    Compiling swc_ecma_ast v0.115.1
[INFO] [stderr]    Compiling swc_ecma_parser v0.146.12
[INFO] [stderr]    Compiling swc_ecma_visit v0.101.0
[INFO] [stderr]    Compiling swc_ecma_codegen v0.151.1
[INFO] [stderr]    Compiling protoc_gen_ets v0.1.1 (/opt/rustwide/workdir)
[INFO] [stderr]    Compiling swc_ecma_utils v0.130.3
[INFO] [stdout] warning: lint `box_pointers` has been removed: it does not detect other kinds of allocations, and existed only for historical reasons
[INFO] [stdout]   --> /opt/rustwide/target/debug/build/protoc_gen_ets-0f2c289bc0c099f7/out/protogen/descriptor.rs:12:10
[INFO] [stdout]    |
[INFO] [stdout] 12 | #![allow(box_pointers)]
[INFO] [stdout]    |          ^^^^^^^^^^^^
[INFO] [stdout]    |
[INFO] [stdout]    = note: `#[warn(renamed_and_removed_lints)]` on by default
[INFO] [stdout] 
[INFO] [stdout] 
[INFO] [stdout] warning: lint `box_pointers` has been removed: it does not detect other kinds of allocations, and existed only for historical reasons
[INFO] [stdout]   --> /opt/rustwide/target/debug/build/protoc_gen_ets-0f2c289bc0c099f7/out/protogen/plugin.rs:12:10
[INFO] [stdout]    |
[INFO] [stdout] 12 | #![allow(box_pointers)]
[INFO] [stdout]    |          ^^^^^^^^^^^^
[INFO] [stdout] 
[INFO] [stdout] 
[INFO] [stdout] warning: unused import: `protobuf::Enum`
[INFO] [stdout]  --> src/common/field.rs:6:5
[INFO] [stdout]   |
[INFO] [stdout] 6 | use protobuf::Enum;
[INFO] [stdout]   |     ^^^^^^^^^^^^^^
[INFO] [stdout]   |
[INFO] [stdout]   = note: `#[warn(unused_imports)]` on by default
[INFO] [stdout] 
[INFO] [stdout] 
[INFO] [stdout] warning: unused import: `ObjectLit`
[INFO] [stdout]  --> src/common/field.rs:9:31
[INFO] [stdout]   |
[INFO] [stdout] 9 |     ArrayLit, BinaryOp, Expr, ObjectLit, TsArrayType, TsEntityName, TsKeywordType,
[INFO] [stdout]   |                               ^^^^^^^^^
[INFO] [stdout] 
[INFO] [stdout] 
[INFO] [stdout] warning: unused import: `std::iter::once`
[INFO] [stdout]  --> src/common/field_type.rs:1:5
[INFO] [stdout]   |
[INFO] [stdout] 1 | use std::iter::once;
[INFO] [stdout]   |     ^^^^^^^^^^^^^^^
[INFO] [stdout] 
[INFO] [stdout] 
[INFO] [stdout] warning: unused import: `OneofDescriptorProto`
[INFO] [stdout]  --> src/common/message_type.rs:3:57
[INFO] [stdout]   |
[INFO] [stdout] 3 |     descriptor::{DescriptorProto, FieldDescriptorProto, OneofDescriptorProto},
[INFO] [stdout]   |                                                         ^^^^^^^^^^^^^^^^^^^^
[INFO] [stdout] 
[INFO] [stdout] 
[INFO] [stdout] warning: unused imports: `context::Context` and `runtime::Runtime`
[INFO] [stdout]  --> src/common/oneof.rs:2:5
[INFO] [stdout]   |
[INFO] [stdout] 2 |     context::Context,
[INFO] [stdout]   |     ^^^^^^^^^^^^^^^^
[INFO] [stdout] 3 |     descriptor::FieldDescriptorProto,
[INFO] [stdout] 4 |     runtime::Runtime,
[INFO] [stdout]   |     ^^^^^^^^^^^^^^^^
[INFO] [stdout] 
[INFO] [stdout] 
[INFO] [stdout] warning: unused import: `swc_common::DUMMY_SP`
[INFO] [stdout]  --> src/common/oneof.rs:6:5
[INFO] [stdout]   |
[INFO] [stdout] 6 | use swc_common::DUMMY_SP;
[INFO] [stdout]   |     ^^^^^^^^^^^^^^^^^^^^
[INFO] [stdout] 
[INFO] [stdout] 
[INFO] [stdout] warning: unused imports: `BindingIdent`, `ClassMember`, `ClassMethod`, `Function`, `MethodKind`, `Param`, and `Pat`
[INFO] [stdout]  --> src/common/oneof.rs:8:5
[INFO] [stdout]   |
[INFO] [stdout] 8 |     ClassMember, ClassMethod, MethodKind, Function, Param, BindingIdent, Pat,
[INFO] [stdout]   |     ^^^^^^^^^^^  ^^^^^^^^^^^  ^^^^^^^^^^  ^^^^^^^^  ^^^^^  ^^^^^^^^^^^^  ^^^
[INFO] [stdout] 
[INFO] [stdout] 
[INFO] [stdout] warning: unused imports: `ExprFactory` and `quote_ident`
[INFO] [stdout]   --> src/common/oneof.rs:10:22
[INFO] [stdout]    |
[INFO] [stdout] 10 | use swc_ecma_utils::{quote_ident, ExprFactory};
[INFO] [stdout]    |                      ^^^^^^^^^^^  ^^^^^^^^^^^
[INFO] [stdout] 
[INFO] [stdout] 
[INFO] [stdout] warning: unused imports: `Accessibility`, `BinaryOp`, `BindingIdent`, `BlockStmt`, `ClassDecl`, `ClassMethod`, `Class`, `Constructor`, `ExprStmt`, `Expr`, `Param`, `Pat`, `ReturnStmt`, `TsKeywordTypeKind`, `TsKeywordType`, `TsTypeAnn`, `TsTypeParamInstantiation`, `TsType`, `VarDeclKind`, `VarDecl`, and `VarDeclarator`
[INFO] [stdout]  --> src/runtime/lark/protobuf_js/mod.rs:3:5
[INFO] [stdout]   |
[INFO] [stdout] 3 |     Accessibility, BinaryOp, BindingIdent, BlockStmt, Class, ClassDecl, ClassMember, ClassMethod,
[INFO] [stdout]   |     ^^^^^^^^^^^^^  ^^^^^^^^  ^^^^^^^^^^^^  ^^^^^^^^^  ^^^^^  ^^^^^^^^^               ^^^^^^^^^^^
[INFO] [stdout] 4 |     Constructor, Decl, ExportDecl, Expr, ExprStmt, ModuleDecl, ModuleItem, Param, Pat, ReturnStmt,
[INFO] [stdout]   |     ^^^^^^^^^^^                    ^^^^  ^^^^^^^^                          ^^^^^  ^^^  ^^^^^^^^^^
[INFO] [stdout] 5 |     Stmt, TsEnumDecl, TsEnumMember, TsEnumMemberId, TsKeywordType, TsKeywordTypeKind,
[INFO] [stdout]   |                                                     ^^^^^^^^^^^^^  ^^^^^^^^^^^^^^^^^
[INFO] [stdout] 6 |     TsModuleBlock, TsModuleDecl, TsModuleName, TsNamespaceBody, TsType, TsTypeAnn,
[INFO] [stdout]   |                                                                 ^^^^^^  ^^^^^^^^^
[INFO] [stdout] 7 |     TsTypeParamInstantiation, VarDecl, VarDeclKind, VarDeclarator,
[INFO] [stdout]   |     ^^^^^^^^^^^^^^^^^^^^^^^^  ^^^^^^^  ^^^^^^^^^^^  ^^^^^^^^^^^^^
[INFO] [stdout] 
[INFO] [stdout] 
[INFO] [stdout] warning: unused imports: `collections::HashMap` and `iter::once`
[INFO] [stdout]  --> src/runtime/lark/protobuf_js/deserialize.rs:1:11
[INFO] [stdout]   |
[INFO] [stdout] 1 | use std::{collections::HashMap, iter::once};
[INFO] [stdout]   |           ^^^^^^^^^^^^^^^^^^^^  ^^^^^^^^^^
[INFO] [stdout] 
[INFO] [stdout] 
[INFO] [stdout] warning: unused import: `ToLowerCamelCase`
[INFO] [stdout]  --> src/runtime/lark/protobuf_js/deserialize.rs:3:12
[INFO] [stdout]   |
[INFO] [stdout] 3 | use heck::{ToLowerCamelCase, ToUpperCamelCase};
[INFO] [stdout]   |            ^^^^^^^^^^^^^^^^
[INFO] [stdout] 
[INFO] [stdout] 
[INFO] [stdout] warning: unused import: `heck::ToLowerCamelCase`
[INFO] [stdout]  --> src/runtime/lark/protobuf_js/serialize.rs:3:5
[INFO] [stdout]   |
[INFO] [stdout] 3 | use heck::ToLowerCamelCase;
[INFO] [stdout]   |     ^^^^^^^^^^^^^^^^^^^^^^
[INFO] [stdout] 
[INFO] [stdout] 
[INFO] [stdout] warning: unused imports: `BindingIdent`, `Pat`, `VarDeclKind`, `VarDecl`, and `VarDeclarator`
[INFO] [stdout]  --> src/runtime/lark/protobuf_js/serialize.rs:6:5
[INFO] [stdout]   |
[INFO] [stdout] 6 |     BindingIdent, BlockStmt, ComputedPropName, Expr, ForHead, ForOfStmt, MemberExpr, MemberProp,
[INFO] [stdout]   |     ^^^^^^^^^^^^
[INFO] [stdout] 7 |     Pat, Stmt, SwitchCase, SwitchStmt, VarDecl, VarDeclKind, VarDeclarator,
[INFO] [stdout]   |     ^^^                                ^^^^^^^  ^^^^^^^^^^^  ^^^^^^^^^^^^^
[INFO] [stdout] 
[INFO] [stdout] 
[INFO] [stdout] warning: unused import: `print::Print`
[INFO] [stdout]   --> src/runtime/lark/protobuf_js/mod.rs:11:66
[INFO] [stdout]    |
[INFO] [stdout] 11 | use crate::{context::Context, descriptor, export::ExportedIndex, print::Print, runtime::Runtime};
[INFO] [stdout]    |                                                                  ^^^^^^^^^^^^
[INFO] [stdout] 
[INFO] [stdout] 
[INFO] [stdout] warning: unused variable: `ctx`
[INFO] [stdout]    --> src/common/field_type.rs:173:33
[INFO] [stdout]     |
[INFO] [stdout] 173 |     pub fn is_deprecated(&self, ctx: &Context) -> bool {
[INFO] [stdout]     |                                 ^^^ help: if this is intentional, prefix it with an underscore: `_ctx`
[INFO] [stdout]     |
[INFO] [stdout]     = note: `#[warn(unused_variables)]` on by default
[INFO] [stdout] 
[INFO] [stdout] 
[INFO] [stdout] warning: unused variable: `ctx`
[INFO] [stdout]    --> src/runtime/lark/protobuf_js/codec.rs:844:9
[INFO] [stdout]     |
[INFO] [stdout] 844 |         ctx: &mut Context,
[INFO] [stdout]     |         ^^^ help: if this is intentional, prefix it with an underscore: `_ctx`
[INFO] [stdout] 
[INFO] [stdout] 
[INFO] [stdout] warning: unused variable: `ctx`
[INFO] [stdout]    --> src/runtime/lark/protobuf_js/deserialize.rs:109:9
[INFO] [stdout]     |
[INFO] [stdout] 109 |         ctx: &mut Context,
[INFO] [stdout]     |         ^^^ help: if this is intentional, prefix it with an underscore: `_ctx`
[INFO] [stdout] 
[INFO] [stdout] 
[INFO] [stdout] warning: unused variable: `ns`
[INFO] [stdout]    --> src/runtime/lark/protobuf_js/deserialize.rs:111:9
[INFO] [stdout]     |
[INFO] [stdout] 111 |         ns: &[String],
[INFO] [stdout]     |         ^^ help: if this is intentional, prefix it with an underscore: `_ns`
[INFO] [stdout] 
[INFO] [stdout] 
[INFO] [stdout] warning: unused variable: `ctx`
[INFO] [stdout]   --> src/runtime/lark/protobuf_js/mod.rs:41:9
[INFO] [stdout]    |
[INFO] [stdout] 41 |         ctx: &mut Context,
[INFO] [stdout]    |         ^^^ help: if this is intentional, prefix it with an underscore: `_ctx`
[INFO] [stdout] 
[INFO] [stdout] 
[INFO] [stdout] warning: unused variable: `descriptor`
[INFO] [stdout]   --> src/runtime/lark/protobuf_js/mod.rs:42:9
[INFO] [stdout]    |
[INFO] [stdout] 42 |         descriptor: &descriptor::DescriptorProto,
[INFO] [stdout]    |         ^^^^^^^^^^ help: if this is intentional, prefix it with an underscore: `_descriptor`
[INFO] [stdout] 
[INFO] [stdout] 
[INFO] [stdout] warning: unused variable: `ctx`
[INFO] [stdout]   --> src/runtime/lark/protobuf_js/mod.rs:54:9
[INFO] [stdout]    |
[INFO] [stdout] 54 |         ctx: &mut Context,
[INFO] [stdout]    |         ^^^ help: if this is intentional, prefix it with an underscore: `_ctx`
[INFO] [stdout] 
[INFO] [stdout] 
[INFO] [stdout] warning: unused variable: `descriptor`
[INFO] [stdout]   --> src/runtime/lark/protobuf_js/mod.rs:55:9
[INFO] [stdout]    |
[INFO] [stdout] 55 |         descriptor: &descriptor::DescriptorProto,
[INFO] [stdout]    |         ^^^^^^^^^^ help: if this is intentional, prefix it with an underscore: `_descriptor`
[INFO] [stdout] 
[INFO] [stdout] 
[INFO] [stdout] warning: unused variable: `ctx`
[INFO] [stdout]   --> src/runtime/lark/protobuf_js/mod.rs:62:9
[INFO] [stdout]    |
[INFO] [stdout] 62 |         ctx: &mut Context,
[INFO] [stdout]    |         ^^^ help: if this is intentional, prefix it with an underscore: `_ctx`
[INFO] [stdout] 
[INFO] [stdout] 
[INFO] [stdout] warning: unused variable: `descriptor`
[INFO] [stdout]   --> src/runtime/lark/protobuf_js/mod.rs:63:9
[INFO] [stdout]    |
[INFO] [stdout] 63 |         descriptor: &descriptor::DescriptorProto,
[INFO] [stdout]    |         ^^^^^^^^^^ help: if this is intentional, prefix it with an underscore: `_descriptor`
[INFO] [stdout] 
[INFO] [stdout] 
[INFO] [stdout] warning: variable does not need to be mutable
[INFO] [stdout]    --> src/runtime/lark/protobuf_js/mod.rs:192:13
[INFO] [stdout]     |
[INFO] [stdout] 192 |         let mut items = index.print();
[INFO] [stdout]     |             ----^^^^^
[INFO] [stdout]     |             |
[INFO] [stdout]     |             help: remove this `mut`
[INFO] [stdout]     |
[INFO] [stdout]     = note: `#[warn(unused_mut)]` on by default
[INFO] [stdout] 
[INFO] [stdout] 
[INFO] [stdout] warning: type `WireError` is more private than the item `wire::Tag::new`
[INFO] [stdout]    --> src/common/wire.rs:114:5
[INFO] [stdout]     |
[INFO] [stdout] 114 |     pub fn new(value: u32) -> Result<Tag, WireError> {
[INFO] [stdout]     |     ^^^^^^^^^^^^^^^^^^^^^^^^^^^^^^^^^^^^^^^^^^^^^^^^ associated function `wire::Tag::new` is reachable at visibility `pub`
[INFO] [stdout]     |
[INFO] [stdout] note: but type `WireError` is only usable at visibility `pub(crate)`
[INFO] [stdout]    --> src/common/wire.rs:14:1
[INFO] [stdout]     |
[INFO] [stdout] 14  | pub(crate) enum WireError {
[INFO] [stdout]     | ^^^^^^^^^^^^^^^^^^^^^^^^^
[INFO] [stdout]     = note: `#[warn(private_interfaces)]` on by default
[INFO] [stdout] 
[INFO] [stdout] 
[INFO] [stdout] warning: multiple variants are never constructed
[INFO] [stdout]   --> src/common/wire.rs:16:5
[INFO] [stdout]    |
[INFO] [stdout] 14 | pub(crate) enum WireError {
[INFO] [stdout]    |                 --------- variants in this enum
[INFO] [stdout] 15 |     #[error("Unexpected EOF")]
[INFO] [stdout] 16 |     UnexpectedEof,
[INFO] [stdout]    |     ^^^^^^^^^^^^^
[INFO] [stdout] 17 |     #[error("Unexpected wire type")]
[INFO] [stdout] 18 |     UnexpectedWireType(WireType),
[INFO] [stdout]    |     ^^^^^^^^^^^^^^^^^^
[INFO] [stdout] ...
[INFO] [stdout] 22 |     IncorrectVarint,
[INFO] [stdout]    |     ^^^^^^^^^^^^^^^
[INFO] [stdout] 23 |     #[error("Invalid UTF-8 sequence")]
[INFO] [stdout] 24 |     Utf8Error,
[INFO] [stdout]    |     ^^^^^^^^^
[INFO] [stdout] 25 |     #[error("Invalid enum `{}` value: {}", .0, .1)]
[INFO] [stdout] 26 |     InvalidEnumValue(&'static str, i32),
[INFO] [stdout]    |     ^^^^^^^^^^^^^^^^
[INFO] [stdout] 27 |     #[error("Over recursion limit")]
[INFO] [stdout] 28 |     OverRecursionLimit,
[INFO] [stdout]    |     ^^^^^^^^^^^^^^^^^^
[INFO] [stdout] 29 |     #[error("Truncated message")]
[INFO] [stdout] 30 |     TruncatedMessage,
[INFO] [stdout]    |     ^^^^^^^^^^^^^^^^
[INFO] [stdout] ...
[INFO] [stdout] 33 |     LimitOverflow,
[INFO] [stdout]    |     ^^^^^^^^^^^^^
[INFO] [stdout] 34 |     #[error("New limit must not be greater than current limit")]
[INFO] [stdout] 35 |     LimitIncrease,
[INFO] [stdout]    |     ^^^^^^^^^^^^^
[INFO] [stdout] 36 |     #[error("Encoded message size {0} is too large")]
[INFO] [stdout] 37 |     MessageTooLarge(u64),
[INFO] [stdout]    |     ^^^^^^^^^^^^^^^
[INFO] [stdout] 38 |     #[error("Value too large for u32: {}", .0)]
[INFO] [stdout] 39 |     U32Overflow(u64),
[INFO] [stdout]    |     ^^^^^^^^^^^
[INFO] [stdout] 40 |     #[error("Value too large for i32: {}", .0)]
[INFO] [stdout] 41 |     I32Overflow(i64),
[INFO] [stdout]    |     ^^^^^^^^^^^
[INFO] [stdout]    |
[INFO] [stdout]    = note: `WireError` has a derived impl for the trait `Debug`, but this is intentionally ignored during dead code analysis
[INFO] [stdout]    = note: `#[warn(dead_code)]` on by default
[INFO] [stdout] 
[INFO] [stdout] 
[INFO] [stdout] warning: method `is_named` is never used
[INFO] [stdout]   --> src/context/util.rs:36:8
[INFO] [stdout]    |
[INFO] [stdout] 31 | trait ImportDeclExt {
[INFO] [stdout]    |       ------------- method in this trait
[INFO] [stdout] ...
[INFO] [stdout] 36 |     fn is_named(&self) -> bool;
[INFO] [stdout]    |        ^^^^^^^^
[INFO] [stdout] 
[INFO] [stdout] 
[INFO] [stdout] warning: unused imports: `Accessibility`, `BinaryOp`, `BindingIdent`, `BlockStmt`, `ClassDecl`, `ClassMethod`, `Class`, `Constructor`, `ExprStmt`, `Expr`, `Param`, `Pat`, `ReturnStmt`, `TsKeywordTypeKind`, `TsKeywordType`, `TsTypeAnn`, `TsTypeParamInstantiation`, `TsType`, `VarDeclKind`, `VarDecl`, and `VarDeclarator`
[INFO] [stdout]  --> src/runtime/lark/protobuf_js/mod.rs:3:5
[INFO] [stdout]   |
[INFO] [stdout] 3 |     Accessibility, BinaryOp, BindingIdent, BlockStmt, Class, ClassDecl, ClassMember, ClassMethod,
[INFO] [stdout]   |     ^^^^^^^^^^^^^  ^^^^^^^^  ^^^^^^^^^^^^  ^^^^^^^^^  ^^^^^  ^^^^^^^^^               ^^^^^^^^^^^
[INFO] [stdout] 4 |     Constructor, Decl, ExportDecl, Expr, ExprStmt, ModuleDecl, ModuleItem, Param, Pat, ReturnStmt,
[INFO] [stdout]   |     ^^^^^^^^^^^                    ^^^^  ^^^^^^^^                          ^^^^^  ^^^  ^^^^^^^^^^
[INFO] [stdout] 5 |     Stmt, TsEnumDecl, TsEnumMember, TsEnumMemberId, TsKeywordType, TsKeywordTypeKind,
[INFO] [stdout]   |                                                     ^^^^^^^^^^^^^  ^^^^^^^^^^^^^^^^^
[INFO] [stdout] 6 |     TsModuleBlock, TsModuleDecl, TsModuleName, TsNamespaceBody, TsType, TsTypeAnn,
[INFO] [stdout]   |                                                                 ^^^^^^  ^^^^^^^^^
[INFO] [stdout] 7 |     TsTypeParamInstantiation, VarDecl, VarDeclKind, VarDeclarator,
[INFO] [stdout]   |     ^^^^^^^^^^^^^^^^^^^^^^^^  ^^^^^^^  ^^^^^^^^^^^  ^^^^^^^^^^^^^
[INFO] [stdout]   |
[INFO] [stdout]   = note: `#[warn(unused_imports)]` on by default
[INFO] [stdout] 
[INFO] [stdout] 
[INFO] [stdout] warning: unused imports: `collections::HashMap` and `iter::once`
[INFO] [stdout]  --> src/runtime/lark/protobuf_js/deserialize.rs:1:11
[INFO] [stdout]   |
[INFO] [stdout] 1 | use std::{collections::HashMap, iter::once};
[INFO] [stdout]   |           ^^^^^^^^^^^^^^^^^^^^  ^^^^^^^^^^
[INFO] [stdout] 
[INFO] [stdout] 
[INFO] [stdout] warning: unused import: `ToLowerCamelCase`
[INFO] [stdout]  --> src/runtime/lark/protobuf_js/deserialize.rs:3:12
[INFO] [stdout]   |
[INFO] [stdout] 3 | use heck::{ToLowerCamelCase, ToUpperCamelCase};
[INFO] [stdout]   |            ^^^^^^^^^^^^^^^^
[INFO] [stdout] 
[INFO] [stdout] 
[INFO] [stdout] warning: unused import: `heck::ToLowerCamelCase`
[INFO] [stdout]  --> src/runtime/lark/protobuf_js/serialize.rs:3:5
[INFO] [stdout]   |
[INFO] [stdout] 3 | use heck::ToLowerCamelCase;
[INFO] [stdout]   |     ^^^^^^^^^^^^^^^^^^^^^^
[INFO] [stdout] 
[INFO] [stdout] 
[INFO] [stdout] warning: unused imports: `BindingIdent`, `Pat`, `VarDeclKind`, `VarDecl`, and `VarDeclarator`
[INFO] [stdout]  --> src/runtime/lark/protobuf_js/serialize.rs:6:5
[INFO] [stdout]   |
[INFO] [stdout] 6 |     BindingIdent, BlockStmt, ComputedPropName, Expr, ForHead, ForOfStmt, MemberExpr, MemberProp,
[INFO] [stdout]   |     ^^^^^^^^^^^^
[INFO] [stdout] 7 |     Pat, Stmt, SwitchCase, SwitchStmt, VarDecl, VarDeclKind, VarDeclarator,
[INFO] [stdout]   |     ^^^                                ^^^^^^^  ^^^^^^^^^^^  ^^^^^^^^^^^^^
[INFO] [stdout] 
[INFO] [stdout] 
[INFO] [stdout] warning: unused import: `print::Print`
[INFO] [stdout]   --> src/runtime/lark/protobuf_js/mod.rs:11:66
[INFO] [stdout]    |
[INFO] [stdout] 11 | use crate::{context::Context, descriptor, export::ExportedIndex, print::Print, runtime::Runtime};
[INFO] [stdout]    |                                                                  ^^^^^^^^^^^^
[INFO] [stdout] 
[INFO] [stdout] 
[INFO] [stdout] warning: unused variable: `ctx`
[INFO] [stdout]    --> src/runtime/lark/protobuf_js/codec.rs:844:9
[INFO] [stdout]     |
[INFO] [stdout] 844 |         ctx: &mut Context,
[INFO] [stdout]     |         ^^^ help: if this is intentional, prefix it with an underscore: `_ctx`
[INFO] [stdout]     |
[INFO] [stdout]     = note: `#[warn(unused_variables)]` on by default
[INFO] [stdout] 
[INFO] [stdout] 
[INFO] [stdout] warning: unused variable: `ctx`
[INFO] [stdout]    --> src/runtime/lark/protobuf_js/deserialize.rs:109:9
[INFO] [stdout]     |
[INFO] [stdout] 109 |         ctx: &mut Context,
[INFO] [stdout]     |         ^^^ help: if this is intentional, prefix it with an underscore: `_ctx`
[INFO] [stdout] 
[INFO] [stdout] 
[INFO] [stdout] warning: unused variable: `ns`
[INFO] [stdout]    --> src/runtime/lark/protobuf_js/deserialize.rs:111:9
[INFO] [stdout]     |
[INFO] [stdout] 111 |         ns: &[String],
[INFO] [stdout]     |         ^^ help: if this is intentional, prefix it with an underscore: `_ns`
[INFO] [stdout] 
[INFO] [stdout] 
[INFO] [stdout] warning: unused variable: `ctx`
[INFO] [stdout]   --> src/runtime/lark/protobuf_js/mod.rs:41:9
[INFO] [stdout]    |
[INFO] [stdout] 41 |         ctx: &mut Context,
[INFO] [stdout]    |         ^^^ help: if this is intentional, prefix it with an underscore: `_ctx`
[INFO] [stdout] 
[INFO] [stdout] 
[INFO] [stdout] warning: unused variable: `descriptor`
[INFO] [stdout]   --> src/runtime/lark/protobuf_js/mod.rs:42:9
[INFO] [stdout]    |
[INFO] [stdout] 42 |         descriptor: &descriptor::DescriptorProto,
[INFO] [stdout]    |         ^^^^^^^^^^ help: if this is intentional, prefix it with an underscore: `_descriptor`
[INFO] [stdout] 
[INFO] [stdout] 
[INFO] [stdout] warning: unused variable: `ctx`
[INFO] [stdout]   --> src/runtime/lark/protobuf_js/mod.rs:54:9
[INFO] [stdout]    |
[INFO] [stdout] 54 |         ctx: &mut Context,
[INFO] [stdout]    |         ^^^ help: if this is intentional, prefix it with an underscore: `_ctx`
[INFO] [stdout] 
[INFO] [stdout] 
[INFO] [stdout] warning: unused variable: `descriptor`
[INFO] [stdout]   --> src/runtime/lark/protobuf_js/mod.rs:55:9
[INFO] [stdout]    |
[INFO] [stdout] 55 |         descriptor: &descriptor::DescriptorProto,
[INFO] [stdout]    |         ^^^^^^^^^^ help: if this is intentional, prefix it with an underscore: `_descriptor`
[INFO] [stdout] 
[INFO] [stdout] 
[INFO] [stdout] warning: unused variable: `ctx`
[INFO] [stdout]   --> src/runtime/lark/protobuf_js/mod.rs:62:9
[INFO] [stdout]    |
[INFO] [stdout] 62 |         ctx: &mut Context,
[INFO] [stdout]    |         ^^^ help: if this is intentional, prefix it with an underscore: `_ctx`
[INFO] [stdout] 
[INFO] [stdout] 
[INFO] [stdout] warning: unused variable: `descriptor`
[INFO] [stdout]   --> src/runtime/lark/protobuf_js/mod.rs:63:9
[INFO] [stdout]    |
[INFO] [stdout] 63 |         descriptor: &descriptor::DescriptorProto,
[INFO] [stdout]    |         ^^^^^^^^^^ help: if this is intentional, prefix it with an underscore: `_descriptor`
[INFO] [stdout] 
[INFO] [stdout] 
[INFO] [stdout] warning: variable does not need to be mutable
[INFO] [stdout]    --> src/runtime/lark/protobuf_js/mod.rs:192:13
[INFO] [stdout]     |
[INFO] [stdout] 192 |         let mut items = index.print();
[INFO] [stdout]     |             ----^^^^^
[INFO] [stdout]     |             |
[INFO] [stdout]     |             help: remove this `mut`
[INFO] [stdout]     |
[INFO] [stdout]     = note: `#[warn(unused_mut)]` on by default
[INFO] [stdout] 
[INFO] [stdout] 
[INFO] [stderr]     Finished `dev` profile [unoptimized + debuginfo] target(s) in 1m 15s
[INFO] running `Command { std: "docker" "inspect" "c2b8ef1d2c104fe4a8b445e5d730391dc1a46b23848455c5e976f3faeada1fe5", kill_on_drop: false }`
[INFO] running `Command { std: "docker" "rm" "-f" "c2b8ef1d2c104fe4a8b445e5d730391dc1a46b23848455c5e976f3faeada1fe5", kill_on_drop: false }`
[INFO] [stdout] c2b8ef1d2c104fe4a8b445e5d730391dc1a46b23848455c5e976f3faeada1fe5
[INFO] running `Command { std: "docker" "create" "-v" "/var/lib/crater-agent-workspace/builds/worker-2-tc2/target:/opt/rustwide/target:rw,Z" "-v" "/var/lib/crater-agent-workspace/builds/worker-2-tc2/source:/opt/rustwide/workdir:ro,Z" "-v" "/var/lib/crater-agent-workspace/cargo-home:/opt/rustwide/cargo-home:ro,Z" "-v" "/var/lib/crater-agent-workspace/rustup-home:/opt/rustwide/rustup-home:ro,Z" "-e" "SOURCE_DIR=/opt/rustwide/workdir" "-e" "CARGO_TARGET_DIR=/opt/rustwide/target" "-e" "CARGO_INCREMENTAL=0" "-e" "RUST_BACKTRACE=full" "-e" "RUSTFLAGS=--cap-lints=forbid -Zrandomize-layout" "-e" "RUSTDOCFLAGS=--cap-lints=forbid" "-e" "CARGO_HOME=/opt/rustwide/cargo-home" "-e" "RUSTUP_HOME=/opt/rustwide/rustup-home" "-w" "/opt/rustwide/workdir" "-m" "1610612736" "--user" "0:0" "--network" "none" "ghcr.io/rust-lang/crates-build-env/linux@sha256:819108c5571ea2e421544af4d832f968d213c87fbe3707a016657f43d2f853bc" "/opt/rustwide/cargo-home/bin/cargo" "+nightly-2025-01-18" "test" "--frozen" "--no-run" "--message-format=json", kill_on_drop: false }`
[INFO] [stdout] 94522bc26727832c777050e55e56a9d3c8ab4bd304bb236b2f3eb4be5bc9db19
[INFO] running `Command { std: "docker" "start" "-a" "94522bc26727832c777050e55e56a9d3c8ab4bd304bb236b2f3eb4be5bc9db19", kill_on_drop: false }`
[INFO] [stderr]    Compiling minimal-lexical v0.2.1
[INFO] [stderr]    Compiling utf8-width v0.1.7
[INFO] [stderr]    Compiling ordered-float v2.10.1
[INFO] [stderr]    Compiling diff v0.1.13
[INFO] [stderr]    Compiling yansi v0.5.1
[INFO] [stderr]    Compiling glob v0.3.1
[INFO] [stdout] warning: lint `box_pointers` has been removed: it does not detect other kinds of allocations, and existed only for historical reasons
[INFO] [stdout]   --> /opt/rustwide/target/debug/build/protoc_gen_ets-0f2c289bc0c099f7/out/protogen/descriptor.rs:12:10
[INFO] [stdout]    |
[INFO] [stdout] 12 | #![allow(box_pointers)]
[INFO] [stdout]    |          ^^^^^^^^^^^^
[INFO] [stdout]    |
[INFO] [stdout]    = note: `#[warn(renamed_and_removed_lints)]` on by default
[INFO] [stdout] 
[INFO] [stdout] 
[INFO] [stdout] warning: lint `box_pointers` has been removed: it does not detect other kinds of allocations, and existed only for historical reasons
[INFO] [stdout]   --> /opt/rustwide/target/debug/build/protoc_gen_ets-0f2c289bc0c099f7/out/protogen/plugin.rs:12:10
[INFO] [stdout]    |
[INFO] [stdout] 12 | #![allow(box_pointers)]
[INFO] [stdout]    |          ^^^^^^^^^^^^
[INFO] [stdout] 
[INFO] [stdout] 
[INFO] [stdout] warning: unused import: `protobuf::Enum`
[INFO] [stdout]  --> src/common/field.rs:6:5
[INFO] [stdout]   |
[INFO] [stdout] 6 | use protobuf::Enum;
[INFO] [stdout]   |     ^^^^^^^^^^^^^^
[INFO] [stdout]   |
[INFO] [stdout]   = note: `#[warn(unused_imports)]` on by default
[INFO] [stdout] 
[INFO] [stdout] 
[INFO] [stdout] warning: unused import: `ObjectLit`
[INFO] [stdout]  --> src/common/field.rs:9:31
[INFO] [stdout]   |
[INFO] [stdout] 9 |     ArrayLit, BinaryOp, Expr, ObjectLit, TsArrayType, TsEntityName, TsKeywordType,
[INFO] [stdout]   |                               ^^^^^^^^^
[INFO] [stdout] 
[INFO] [stdout] 
[INFO] [stdout] warning: unused import: `std::iter::once`
[INFO] [stdout]  --> src/common/field_type.rs:1:5
[INFO] [stdout]   |
[INFO] [stdout] 1 | use std::iter::once;
[INFO] [stdout]   |     ^^^^^^^^^^^^^^^
[INFO] [stdout] 
[INFO] [stdout] 
[INFO] [stdout] warning: unused import: `OneofDescriptorProto`
[INFO] [stdout]  --> src/common/message_type.rs:3:57
[INFO] [stdout]   |
[INFO] [stdout] 3 |     descriptor::{DescriptorProto, FieldDescriptorProto, OneofDescriptorProto},
[INFO] [stdout]   |                                                         ^^^^^^^^^^^^^^^^^^^^
[INFO] [stdout] 
[INFO] [stdout] 
[INFO] [stdout] warning: unused imports: `context::Context` and `runtime::Runtime`
[INFO] [stdout]  --> src/common/oneof.rs:2:5
[INFO] [stdout]   |
[INFO] [stdout] 2 |     context::Context,
[INFO] [stdout]   |     ^^^^^^^^^^^^^^^^
[INFO] [stdout] 3 |     descriptor::FieldDescriptorProto,
[INFO] [stdout] 4 |     runtime::Runtime,
[INFO] [stdout]   |     ^^^^^^^^^^^^^^^^
[INFO] [stdout] 
[INFO] [stdout] 
[INFO] [stdout] warning: unused import: `swc_common::DUMMY_SP`
[INFO] [stdout]  --> src/common/oneof.rs:6:5
[INFO] [stdout]   |
[INFO] [stdout] 6 | use swc_common::DUMMY_SP;
[INFO] [stdout]   |     ^^^^^^^^^^^^^^^^^^^^
[INFO] [stdout] 
[INFO] [stdout] 
[INFO] [stdout] warning: unused imports: `BindingIdent`, `ClassMember`, `ClassMethod`, `Function`, `MethodKind`, `Param`, and `Pat`
[INFO] [stdout]  --> src/common/oneof.rs:8:5
[INFO] [stdout]   |
[INFO] [stdout] 8 |     ClassMember, ClassMethod, MethodKind, Function, Param, BindingIdent, Pat,
[INFO] [stdout]   |     ^^^^^^^^^^^  ^^^^^^^^^^^  ^^^^^^^^^^  ^^^^^^^^  ^^^^^  ^^^^^^^^^^^^  ^^^
[INFO] [stdout] 
[INFO] [stdout] 
[INFO] [stdout] warning: unused imports: `ExprFactory` and `quote_ident`
[INFO] [stdout]   --> src/common/oneof.rs:10:22
[INFO] [stdout]    |
[INFO] [stdout] 10 | use swc_ecma_utils::{quote_ident, ExprFactory};
[INFO] [stdout]    |                      ^^^^^^^^^^^  ^^^^^^^^^^^
[INFO] [stdout] 
[INFO] [stdout] 
[INFO] [stdout] warning: unused imports: `Accessibility`, `BinaryOp`, `BindingIdent`, `BlockStmt`, `ClassDecl`, `ClassMethod`, `Class`, `Constructor`, `ExprStmt`, `Expr`, `Param`, `Pat`, `ReturnStmt`, `TsKeywordTypeKind`, `TsKeywordType`, `TsTypeAnn`, `TsTypeParamInstantiation`, `TsType`, `VarDeclKind`, `VarDecl`, and `VarDeclarator`
[INFO] [stdout]  --> src/runtime/lark/protobuf_js/mod.rs:3:5
[INFO] [stdout]   |
[INFO] [stdout] 3 |     Accessibility, BinaryOp, BindingIdent, BlockStmt, Class, ClassDecl, ClassMember, ClassMethod,
[INFO] [stdout]   |     ^^^^^^^^^^^^^  ^^^^^^^^  ^^^^^^^^^^^^  ^^^^^^^^^  ^^^^^  ^^^^^^^^^               ^^^^^^^^^^^
[INFO] [stdout] 4 |     Constructor, Decl, ExportDecl, Expr, ExprStmt, ModuleDecl, ModuleItem, Param, Pat, ReturnStmt,
[INFO] [stdout]   |     ^^^^^^^^^^^                    ^^^^  ^^^^^^^^                          ^^^^^  ^^^  ^^^^^^^^^^
[INFO] [stdout] 5 |     Stmt, TsEnumDecl, TsEnumMember, TsEnumMemberId, TsKeywordType, TsKeywordTypeKind,
[INFO] [stdout]   |                                                     ^^^^^^^^^^^^^  ^^^^^^^^^^^^^^^^^
[INFO] [stdout] 6 |     TsModuleBlock, TsModuleDecl, TsModuleName, TsNamespaceBody, TsType, TsTypeAnn,
[INFO] [stdout]   |                                                                 ^^^^^^  ^^^^^^^^^
[INFO] [stdout] 7 |     TsTypeParamInstantiation, VarDecl, VarDeclKind, VarDeclarator,
[INFO] [stdout]   |     ^^^^^^^^^^^^^^^^^^^^^^^^  ^^^^^^^  ^^^^^^^^^^^  ^^^^^^^^^^^^^
[INFO] [stdout] 
[INFO] [stdout] 
[INFO] [stdout] warning: unused imports: `collections::HashMap` and `iter::once`
[INFO] [stdout]  --> src/runtime/lark/protobuf_js/deserialize.rs:1:11
[INFO] [stdout]   |
[INFO] [stdout] 1 | use std::{collections::HashMap, iter::once};
[INFO] [stdout]   |           ^^^^^^^^^^^^^^^^^^^^  ^^^^^^^^^^
[INFO] [stdout] 
[INFO] [stdout] 
[INFO] [stdout] warning: unused import: `ToLowerCamelCase`
[INFO] [stdout]  --> src/runtime/lark/protobuf_js/deserialize.rs:3:12
[INFO] [stdout]   |
[INFO] [stdout] 3 | use heck::{ToLowerCamelCase, ToUpperCamelCase};
[INFO] [stdout]   |            ^^^^^^^^^^^^^^^^
[INFO] [stdout] 
[INFO] [stdout] 
[INFO] [stdout] warning: unused import: `heck::ToLowerCamelCase`
[INFO] [stdout]  --> src/runtime/lark/protobuf_js/serialize.rs:3:5
[INFO] [stdout]   |
[INFO] [stdout] 3 | use heck::ToLowerCamelCase;
[INFO] [stdout]   |     ^^^^^^^^^^^^^^^^^^^^^^
[INFO] [stdout] 
[INFO] [stdout] 
[INFO] [stdout] warning: unused imports: `BindingIdent`, `Pat`, `VarDeclKind`, `VarDecl`, and `VarDeclarator`
[INFO] [stdout]  --> src/runtime/lark/protobuf_js/serialize.rs:6:5
[INFO] [stdout]   |
[INFO] [stdout] 6 |     BindingIdent, BlockStmt, ComputedPropName, Expr, ForHead, ForOfStmt, MemberExpr, MemberProp,
[INFO] [stdout]   |     ^^^^^^^^^^^^
[INFO] [stdout] 7 |     Pat, Stmt, SwitchCase, SwitchStmt, VarDecl, VarDeclKind, VarDeclarator,
[INFO] [stdout]   |     ^^^                                ^^^^^^^  ^^^^^^^^^^^  ^^^^^^^^^^^^^
[INFO] [stdout] 
[INFO] [stdout] 
[INFO] [stdout] warning: unused import: `print::Print`
[INFO] [stdout]   --> src/runtime/lark/protobuf_js/mod.rs:11:66
[INFO] [stdout]    |
[INFO] [stdout] 11 | use crate::{context::Context, descriptor, export::ExportedIndex, print::Print, runtime::Runtime};
[INFO] [stdout]    |                                                                  ^^^^^^^^^^^^
[INFO] [stdout] 
[INFO] [stdout] 
[INFO] [stdout] warning: unused variable: `ctx`
[INFO] [stdout]    --> src/common/field_type.rs:173:33
[INFO] [stdout]     |
[INFO] [stdout] 173 |     pub fn is_deprecated(&self, ctx: &Context) -> bool {
[INFO] [stdout]     |                                 ^^^ help: if this is intentional, prefix it with an underscore: `_ctx`
[INFO] [stdout]     |
[INFO] [stdout]     = note: `#[warn(unused_variables)]` on by default
[INFO] [stdout] 
[INFO] [stdout] 
[INFO] [stdout] warning: unused variable: `ctx`
[INFO] [stdout]    --> src/runtime/lark/protobuf_js/codec.rs:844:9
[INFO] [stdout]     |
[INFO] [stdout] 844 |         ctx: &mut Context,
[INFO] [stdout]     |         ^^^ help: if this is intentional, prefix it with an underscore: `_ctx`
[INFO] [stdout] 
[INFO] [stdout] 
[INFO] [stdout] warning: unused variable: `ctx`
[INFO] [stdout]    --> src/runtime/lark/protobuf_js/deserialize.rs:109:9
[INFO] [stdout]     |
[INFO] [stdout] 109 |         ctx: &mut Context,
[INFO] [stdout]     |         ^^^ help: if this is intentional, prefix it with an underscore: `_ctx`
[INFO] [stdout] 
[INFO] [stdout] 
[INFO] [stdout] warning: unused variable: `ns`
[INFO] [stdout]    --> src/runtime/lark/protobuf_js/deserialize.rs:111:9
[INFO] [stdout]     |
[INFO] [stdout] 111 |         ns: &[String],
[INFO] [stdout]     |         ^^ help: if this is intentional, prefix it with an underscore: `_ns`
[INFO] [stdout] 
[INFO] [stdout] 
[INFO] [stdout] warning: unused variable: `ctx`
[INFO] [stdout]   --> src/runtime/lark/protobuf_js/mod.rs:41:9
[INFO] [stdout]    |
[INFO] [stdout] 41 |         ctx: &mut Context,
[INFO] [stdout]    |         ^^^ help: if this is intentional, prefix it with an underscore: `_ctx`
[INFO] [stdout] 
[INFO] [stdout] 
[INFO] [stdout] warning: unused variable: `descriptor`
[INFO] [stdout]   --> src/runtime/lark/protobuf_js/mod.rs:42:9
[INFO] [stdout]    |
[INFO] [stdout] 42 |         descriptor: &descriptor::DescriptorProto,
[INFO] [stdout]    |         ^^^^^^^^^^ help: if this is intentional, prefix it with an underscore: `_descriptor`
[INFO] [stdout] 
[INFO] [stdout] 
[INFO] [stdout] warning: unused variable: `ctx`
[INFO] [stdout]   --> src/runtime/lark/protobuf_js/mod.rs:54:9
[INFO] [stdout]    |
[INFO] [stdout] 54 |         ctx: &mut Context,
[INFO] [stdout]    |         ^^^ help: if this is intentional, prefix it with an underscore: `_ctx`
[INFO] [stdout] 
[INFO] [stdout] 
[INFO] [stdout] warning: unused variable: `descriptor`
[INFO] [stdout]   --> src/runtime/lark/protobuf_js/mod.rs:55:9
[INFO] [stdout]    |
[INFO] [stdout] 55 |         descriptor: &descriptor::DescriptorProto,
[INFO] [stdout]    |         ^^^^^^^^^^ help: if this is intentional, prefix it with an underscore: `_descriptor`
[INFO] [stdout] 
[INFO] [stdout] 
[INFO] [stdout] warning: unused variable: `ctx`
[INFO] [stdout]   --> src/runtime/lark/protobuf_js/mod.rs:62:9
[INFO] [stdout]    |
[INFO] [stdout] 62 |         ctx: &mut Context,
[INFO] [stdout]    |         ^^^ help: if this is intentional, prefix it with an underscore: `_ctx`
[INFO] [stdout] 
[INFO] [stdout] 
[INFO] [stdout] warning: unused variable: `descriptor`
[INFO] [stdout]   --> src/runtime/lark/protobuf_js/mod.rs:63:9
[INFO] [stdout]    |
[INFO] [stdout] 63 |         descriptor: &descriptor::DescriptorProto,
[INFO] [stdout]    |         ^^^^^^^^^^ help: if this is intentional, prefix it with an underscore: `_descriptor`
[INFO] [stdout] 
[INFO] [stdout] 
[INFO] [stdout] warning: variable does not need to be mutable
[INFO] [stdout]    --> src/runtime/lark/protobuf_js/mod.rs:192:13
[INFO] [stdout]     |
[INFO] [stdout] 192 |         let mut items = index.print();
[INFO] [stdout]     |             ----^^^^^
[INFO] [stdout]     |             |
[INFO] [stdout]     |             help: remove this `mut`
[INFO] [stdout]     |
[INFO] [stdout]     = note: `#[warn(unused_mut)]` on by default
[INFO] [stdout] 
[INFO] [stdout] 
[INFO] [stdout] warning: type `WireError` is more private than the item `wire::Tag::new`
[INFO] [stdout]    --> src/common/wire.rs:114:5
[INFO] [stdout]     |
[INFO] [stdout] 114 |     pub fn new(value: u32) -> Result<Tag, WireError> {
[INFO] [stdout]     |     ^^^^^^^^^^^^^^^^^^^^^^^^^^^^^^^^^^^^^^^^^^^^^^^^ associated function `wire::Tag::new` is reachable at visibility `pub`
[INFO] [stdout]     |
[INFO] [stdout] note: but type `WireError` is only usable at visibility `pub(crate)`
[INFO] [stdout]    --> src/common/wire.rs:14:1
[INFO] [stdout]     |
[INFO] [stdout] 14  | pub(crate) enum WireError {
[INFO] [stdout]     | ^^^^^^^^^^^^^^^^^^^^^^^^^
[INFO] [stdout]     = note: `#[warn(private_interfaces)]` on by default
[INFO] [stdout] 
[INFO] [stdout] 
[INFO] [stdout] warning: multiple variants are never constructed
[INFO] [stdout]   --> src/common/wire.rs:16:5
[INFO] [stdout]    |
[INFO] [stdout] 14 | pub(crate) enum WireError {
[INFO] [stdout]    |                 --------- variants in this enum
[INFO] [stdout] 15 |     #[error("Unexpected EOF")]
[INFO] [stdout] 16 |     UnexpectedEof,
[INFO] [stdout]    |     ^^^^^^^^^^^^^
[INFO] [stdout] 17 |     #[error("Unexpected wire type")]
[INFO] [stdout] 18 |     UnexpectedWireType(WireType),
[INFO] [stdout]    |     ^^^^^^^^^^^^^^^^^^
[INFO] [stdout] ...
[INFO] [stdout] 22 |     IncorrectVarint,
[INFO] [stdout]    |     ^^^^^^^^^^^^^^^
[INFO] [stdout] 23 |     #[error("Invalid UTF-8 sequence")]
[INFO] [stdout] 24 |     Utf8Error,
[INFO] [stdout]    |     ^^^^^^^^^
[INFO] [stdout] 25 |     #[error("Invalid enum `{}` value: {}", .0, .1)]
[INFO] [stdout] 26 |     InvalidEnumValue(&'static str, i32),
[INFO] [stdout]    |     ^^^^^^^^^^^^^^^^
[INFO] [stdout] 27 |     #[error("Over recursion limit")]
[INFO] [stdout] 28 |     OverRecursionLimit,
[INFO] [stdout]    |     ^^^^^^^^^^^^^^^^^^
[INFO] [stdout] 29 |     #[error("Truncated message")]
[INFO] [stdout] 30 |     TruncatedMessage,
[INFO] [stdout]    |     ^^^^^^^^^^^^^^^^
[INFO] [stdout] ...
[INFO] [stdout] 33 |     LimitOverflow,
[INFO] [stdout]    |     ^^^^^^^^^^^^^
[INFO] [stdout] 34 |     #[error("New limit must not be greater than current limit")]
[INFO] [stdout] 35 |     LimitIncrease,
[INFO] [stdout]    |     ^^^^^^^^^^^^^
[INFO] [stdout] 36 |     #[error("Encoded message size {0} is too large")]
[INFO] [stdout] 37 |     MessageTooLarge(u64),
[INFO] [stdout]    |     ^^^^^^^^^^^^^^^
[INFO] [stdout] 38 |     #[error("Value too large for u32: {}", .0)]
[INFO] [stdout] 39 |     U32Overflow(u64),
[INFO] [stdout]    |     ^^^^^^^^^^^
[INFO] [stdout] 40 |     #[error("Value too large for i32: {}", .0)]
[INFO] [stdout] 41 |     I32Overflow(i64),
[INFO] [stdout]    |     ^^^^^^^^^^^
[INFO] [stdout]    |
[INFO] [stdout]    = note: `WireError` has a derived impl for the trait `Debug`, but this is intentionally ignored during dead code analysis
[INFO] [stdout]    = note: `#[warn(dead_code)]` on by default
[INFO] [stdout] 
[INFO] [stdout] 
[INFO] [stdout] warning: method `is_named` is never used
[INFO] [stdout]   --> src/context/util.rs:36:8
[INFO] [stdout]    |
[INFO] [stdout] 31 | trait ImportDeclExt {
[INFO] [stdout]    |       ------------- method in this trait
[INFO] [stdout] ...
[INFO] [stdout] 36 |     fn is_named(&self) -> bool;
[INFO] [stdout]    |        ^^^^^^^^
[INFO] [stdout] 
[INFO] [stdout] 
[INFO] [stdout] warning: unused imports: `Accessibility`, `BinaryOp`, `BindingIdent`, `BlockStmt`, `ClassDecl`, `ClassMethod`, `Class`, `Constructor`, `ExprStmt`, `Expr`, `Param`, `Pat`, `ReturnStmt`, `TsKeywordTypeKind`, `TsKeywordType`, `TsTypeAnn`, `TsTypeParamInstantiation`, `TsType`, `VarDeclKind`, `VarDecl`, and `VarDeclarator`
[INFO] [stdout]  --> src/runtime/lark/protobuf_js/mod.rs:3:5
[INFO] [stdout]   |
[INFO] [stdout] 3 |     Accessibility, BinaryOp, BindingIdent, BlockStmt, Class, ClassDecl, ClassMember, ClassMethod,
[INFO] [stdout]   |     ^^^^^^^^^^^^^  ^^^^^^^^  ^^^^^^^^^^^^  ^^^^^^^^^  ^^^^^  ^^^^^^^^^               ^^^^^^^^^^^
[INFO] [stdout] 4 |     Constructor, Decl, ExportDecl, Expr, ExprStmt, ModuleDecl, ModuleItem, Param, Pat, ReturnStmt,
[INFO] [stdout]   |     ^^^^^^^^^^^                    ^^^^  ^^^^^^^^                          ^^^^^  ^^^  ^^^^^^^^^^
[INFO] [stdout] 5 |     Stmt, TsEnumDecl, TsEnumMember, TsEnumMemberId, TsKeywordType, TsKeywordTypeKind,
[INFO] [stdout]   |                                                     ^^^^^^^^^^^^^  ^^^^^^^^^^^^^^^^^
[INFO] [stdout] 6 |     TsModuleBlock, TsModuleDecl, TsModuleName, TsNamespaceBody, TsType, TsTypeAnn,
[INFO] [stdout]   |                                                                 ^^^^^^  ^^^^^^^^^
[INFO] [stdout] 7 |     TsTypeParamInstantiation, VarDecl, VarDeclKind, VarDeclarator,
[INFO] [stdout]   |     ^^^^^^^^^^^^^^^^^^^^^^^^  ^^^^^^^  ^^^^^^^^^^^  ^^^^^^^^^^^^^
[INFO] [stdout]   |
[INFO] [stdout]   = note: `#[warn(unused_imports)]` on by default
[INFO] [stdout] 
[INFO] [stdout] 
[INFO] [stdout] warning: unused imports: `collections::HashMap` and `iter::once`
[INFO] [stdout]  --> src/runtime/lark/protobuf_js/deserialize.rs:1:11
[INFO] [stdout]   |
[INFO] [stdout] 1 | use std::{collections::HashMap, iter::once};
[INFO] [stdout]   |           ^^^^^^^^^^^^^^^^^^^^  ^^^^^^^^^^
[INFO] [stdout] 
[INFO] [stdout] 
[INFO] [stdout] warning: unused import: `ToLowerCamelCase`
[INFO] [stdout]  --> src/runtime/lark/protobuf_js/deserialize.rs:3:12
[INFO] [stdout]   |
[INFO] [stdout] 3 | use heck::{ToLowerCamelCase, ToUpperCamelCase};
[INFO] [stdout]   |            ^^^^^^^^^^^^^^^^
[INFO] [stdout] 
[INFO] [stdout] 
[INFO] [stdout] warning: unused import: `heck::ToLowerCamelCase`
[INFO] [stdout]  --> src/runtime/lark/protobuf_js/serialize.rs:3:5
[INFO] [stdout]   |
[INFO] [stdout] 3 | use heck::ToLowerCamelCase;
[INFO] [stdout]   |     ^^^^^^^^^^^^^^^^^^^^^^
[INFO] [stdout] 
[INFO] [stdout] 
[INFO] [stdout] warning: unused imports: `BindingIdent`, `Pat`, `VarDeclKind`, `VarDecl`, and `VarDeclarator`
[INFO] [stdout]  --> src/runtime/lark/protobuf_js/serialize.rs:6:5
[INFO] [stdout]   |
[INFO] [stdout] 6 |     BindingIdent, BlockStmt, ComputedPropName, Expr, ForHead, ForOfStmt, MemberExpr, MemberProp,
[INFO] [stdout]   |     ^^^^^^^^^^^^
[INFO] [stdout] 7 |     Pat, Stmt, SwitchCase, SwitchStmt, VarDecl, VarDeclKind, VarDeclarator,
[INFO] [stdout]   |     ^^^                                ^^^^^^^  ^^^^^^^^^^^  ^^^^^^^^^^^^^
[INFO] [stdout] 
[INFO] [stdout] 
[INFO] [stdout] warning: unused import: `print::Print`
[INFO] [stdout]   --> src/runtime/lark/protobuf_js/mod.rs:11:66
[INFO] [stdout]    |
[INFO] [stdout] 11 | use crate::{context::Context, descriptor, export::ExportedIndex, print::Print, runtime::Runtime};
[INFO] [stdout]    |                                                                  ^^^^^^^^^^^^
[INFO] [stdout] 
[INFO] [stdout] 
[INFO] [stdout] warning: unused variable: `ctx`
[INFO] [stdout]    --> src/runtime/lark/protobuf_js/codec.rs:844:9
[INFO] [stdout]     |
[INFO] [stdout] 844 |         ctx: &mut Context,
[INFO] [stdout]     |         ^^^ help: if this is intentional, prefix it with an underscore: `_ctx`
[INFO] [stdout]     |
[INFO] [stdout]     = note: `#[warn(unused_variables)]` on by default
[INFO] [stdout] 
[INFO] [stdout] 
[INFO] [stdout] warning: unused variable: `ctx`
[INFO] [stdout]    --> src/runtime/lark/protobuf_js/deserialize.rs:109:9
[INFO] [stdout]     |
[INFO] [stdout] 109 |         ctx: &mut Context,
[INFO] [stdout]     |         ^^^ help: if this is intentional, prefix it with an underscore: `_ctx`
[INFO] [stdout] 
[INFO] [stdout] 
[INFO] [stdout] warning: unused variable: `ns`
[INFO] [stdout]    --> src/runtime/lark/protobuf_js/deserialize.rs:111:9
[INFO] [stdout]     |
[INFO] [stdout] 111 |         ns: &[String],
[INFO] [stdout]     |         ^^ help: if this is intentional, prefix it with an underscore: `_ns`
[INFO] [stdout] 
[INFO] [stdout] 
[INFO] [stdout] warning: unused variable: `ctx`
[INFO] [stdout]   --> src/runtime/lark/protobuf_js/mod.rs:41:9
[INFO] [stdout]    |
[INFO] [stdout] 41 |         ctx: &mut Context,
[INFO] [stdout]    |         ^^^ help: if this is intentional, prefix it with an underscore: `_ctx`
[INFO] [stdout] 
[INFO] [stdout] 
[INFO] [stdout] warning: unused variable: `descriptor`
[INFO] [stdout]   --> src/runtime/lark/protobuf_js/mod.rs:42:9
[INFO] [stdout]    |
[INFO] [stdout] 42 |         descriptor: &descriptor::DescriptorProto,
[INFO] [stdout]    |         ^^^^^^^^^^ help: if this is intentional, prefix it with an underscore: `_descriptor`
[INFO] [stdout] 
[INFO] [stdout] 
[INFO] [stdout] warning: unused variable: `ctx`
[INFO] [stdout]   --> src/runtime/lark/protobuf_js/mod.rs:54:9
[INFO] [stdout]    |
[INFO] [stdout] 54 |         ctx: &mut Context,
[INFO] [stdout]    |         ^^^ help: if this is intentional, prefix it with an underscore: `_ctx`
[INFO] [stdout] 
[INFO] [stdout] 
[INFO] [stdout] warning: unused variable: `descriptor`
[INFO] [stdout]   --> src/runtime/lark/protobuf_js/mod.rs:55:9
[INFO] [stdout]    |
[INFO] [stdout] 55 |         descriptor: &descriptor::DescriptorProto,
[INFO] [stdout]    |         ^^^^^^^^^^ help: if this is intentional, prefix it with an underscore: `_descriptor`
[INFO] [stdout] 
[INFO] [stdout] 
[INFO] [stdout] warning: unused variable: `ctx`
[INFO] [stdout]   --> src/runtime/lark/protobuf_js/mod.rs:62:9
[INFO] [stdout]    |
[INFO] [stdout] 62 |         ctx: &mut Context,
[INFO] [stdout]    |         ^^^ help: if this is intentional, prefix it with an underscore: `_ctx`
[INFO] [stdout] 
[INFO] [stdout] 
[INFO] [stdout] warning: unused variable: `descriptor`
[INFO] [stdout]   --> src/runtime/lark/protobuf_js/mod.rs:63:9
[INFO] [stdout]    |
[INFO] [stdout] 63 |         descriptor: &descriptor::DescriptorProto,
[INFO] [stdout]    |         ^^^^^^^^^^ help: if this is intentional, prefix it with an underscore: `_descriptor`
[INFO] [stdout] 
[INFO] [stdout] 
[INFO] [stdout] warning: variable does not need to be mutable
[INFO] [stdout]    --> src/runtime/lark/protobuf_js/mod.rs:192:13
[INFO] [stdout]     |
[INFO] [stdout] 192 |         let mut items = index.print();
[INFO] [stdout]     |             ----^^^^^
[INFO] [stdout]     |             |
[INFO] [stdout]     |             help: remove this `mut`
[INFO] [stdout]     |
[INFO] [stdout]     = note: `#[warn(unused_mut)]` on by default
[INFO] [stdout] 
[INFO] [stdout] 
[INFO] [stderr]    Compiling html-escape v0.2.13
[INFO] [stderr]    Compiling pretty_assertions v1.4.0
[INFO] [stderr]    Compiling nom v7.1.3
[INFO] [stderr]    Compiling darrentsung_debug_parser v0.3.1
[INFO] [stderr]    Compiling pretty_assertions_sorted v1.2.3
[INFO] [stderr]    Compiling protoc_gen_ets v0.1.1 (/opt/rustwide/workdir)
[INFO] [stdout] warning: unused imports: `Accessibility`, `BinaryOp`, `BindingIdent`, `BlockStmt`, `ClassDecl`, `ClassMethod`, `Class`, `Constructor`, `ExprStmt`, `Expr`, `Param`, `Pat`, `ReturnStmt`, `TsKeywordTypeKind`, `TsKeywordType`, `TsTypeAnn`, `TsTypeParamInstantiation`, `TsType`, `VarDeclKind`, `VarDecl`, and `VarDeclarator`
[INFO] [stdout]  --> src/runtime/lark/protobuf_js/mod.rs:3:5
[INFO] [stdout]   |
[INFO] [stdout] 3 |     Accessibility, BinaryOp, BindingIdent, BlockStmt, Class, ClassDecl, ClassMember, ClassMethod,
[INFO] [stdout]   |     ^^^^^^^^^^^^^  ^^^^^^^^  ^^^^^^^^^^^^  ^^^^^^^^^  ^^^^^  ^^^^^^^^^               ^^^^^^^^^^^
[INFO] [stdout] 4 |     Constructor, Decl, ExportDecl, Expr, ExprStmt, ModuleDecl, ModuleItem, Param, Pat, ReturnStmt,
[INFO] [stdout]   |     ^^^^^^^^^^^                    ^^^^  ^^^^^^^^                          ^^^^^  ^^^  ^^^^^^^^^^
[INFO] [stdout] 5 |     Stmt, TsEnumDecl, TsEnumMember, TsEnumMemberId, TsKeywordType, TsKeywordTypeKind,
[INFO] [stdout]   |                                                     ^^^^^^^^^^^^^  ^^^^^^^^^^^^^^^^^
[INFO] [stdout] 6 |     TsModuleBlock, TsModuleDecl, TsModuleName, TsNamespaceBody, TsType, TsTypeAnn,
[INFO] [stdout]   |                                                                 ^^^^^^  ^^^^^^^^^
[INFO] [stdout] 7 |     TsTypeParamInstantiation, VarDecl, VarDeclKind, VarDeclarator,
[INFO] [stdout]   |     ^^^^^^^^^^^^^^^^^^^^^^^^  ^^^^^^^  ^^^^^^^^^^^  ^^^^^^^^^^^^^
[INFO] [stdout]   |
[INFO] [stdout]   = note: `#[warn(unused_imports)]` on by default
[INFO] [stdout] 
[INFO] [stdout] 
[INFO] [stdout] warning: unused imports: `collections::HashMap` and `iter::once`
[INFO] [stdout]  --> src/runtime/lark/protobuf_js/deserialize.rs:1:11
[INFO] [stdout]   |
[INFO] [stdout] 1 | use std::{collections::HashMap, iter::once};
[INFO] [stdout]   |           ^^^^^^^^^^^^^^^^^^^^  ^^^^^^^^^^
[INFO] [stdout] 
[INFO] [stdout] 
[INFO] [stdout] warning: unused import: `ToLowerCamelCase`
[INFO] [stdout]  --> src/runtime/lark/protobuf_js/deserialize.rs:3:12
[INFO] [stdout]   |
[INFO] [stdout] 3 | use heck::{ToLowerCamelCase, ToUpperCamelCase};
[INFO] [stdout]   |            ^^^^^^^^^^^^^^^^
[INFO] [stdout] 
[INFO] [stdout] 
[INFO] [stdout] warning: unused import: `heck::ToLowerCamelCase`
[INFO] [stdout]  --> src/runtime/lark/protobuf_js/serialize.rs:3:5
[INFO] [stdout]   |
[INFO] [stdout] 3 | use heck::ToLowerCamelCase;
[INFO] [stdout]   |     ^^^^^^^^^^^^^^^^^^^^^^
[INFO] [stdout] 
[INFO] [stdout] 
[INFO] [stdout] warning: unused imports: `BindingIdent`, `Pat`, `VarDeclKind`, `VarDecl`, and `VarDeclarator`
[INFO] [stdout]  --> src/runtime/lark/protobuf_js/serialize.rs:6:5
[INFO] [stdout]   |
[INFO] [stdout] 6 |     BindingIdent, BlockStmt, ComputedPropName, Expr, ForHead, ForOfStmt, MemberExpr, MemberProp,
[INFO] [stdout]   |     ^^^^^^^^^^^^
[INFO] [stdout] 7 |     Pat, Stmt, SwitchCase, SwitchStmt, VarDecl, VarDeclKind, VarDeclarator,
[INFO] [stdout]   |     ^^^                                ^^^^^^^  ^^^^^^^^^^^  ^^^^^^^^^^^^^
[INFO] [stdout] 
[INFO] [stdout] 
[INFO] [stdout] warning: unused import: `print::Print`
[INFO] [stdout]   --> src/runtime/lark/protobuf_js/mod.rs:11:66
[INFO] [stdout]    |
[INFO] [stdout] 11 | use crate::{context::Context, descriptor, export::ExportedIndex, print::Print, runtime::Runtime};
[INFO] [stdout]    |                                                                  ^^^^^^^^^^^^
[INFO] [stdout] 
[INFO] [stdout] 
[INFO] [stdout] warning: unused variable: `ctx`
[INFO] [stdout]    --> src/runtime/lark/protobuf_js/codec.rs:844:9
[INFO] [stdout]     |
[INFO] [stdout] 844 |         ctx: &mut Context,
[INFO] [stdout]     |         ^^^ help: if this is intentional, prefix it with an underscore: `_ctx`
[INFO] [stdout]     |
[INFO] [stdout]     = note: `#[warn(unused_variables)]` on by default
[INFO] [stdout] 
[INFO] [stdout] 
[INFO] [stdout] warning: lint `box_pointers` has been removed: it does not detect other kinds of allocations, and existed only for historical reasons
[INFO] [stdout]   --> /opt/rustwide/target/debug/build/protoc_gen_ets-0f2c289bc0c099f7/out/protogen/descriptor.rs:12:10
[INFO] [stdout]    |
[INFO] [stdout] 12 | #![allow(box_pointers)]
[INFO] [stdout]    |          ^^^^^^^^^^^^
[INFO] [stdout]    |
[INFO] [stdout]    = note: `#[warn(renamed_and_removed_lints)]` on by default
[INFO] [stdout] 
[INFO] [stdout] 
[INFO] [stdout] warning: lint `box_pointers` has been removed: it does not detect other kinds of allocations, and existed only for historical reasons
[INFO] [stdout]   --> /opt/rustwide/target/debug/build/protoc_gen_ets-0f2c289bc0c099f7/out/protogen/plugin.rs:12:10
[INFO] [stdout]    |
[INFO] [stdout] 12 | #![allow(box_pointers)]
[INFO] [stdout]    |          ^^^^^^^^^^^^
[INFO] [stdout] 
[INFO] [stdout] 
[INFO] [stdout] warning: unused import: `protobuf::Enum`
[INFO] [stdout]  --> src/common/field.rs:6:5
[INFO] [stdout]   |
[INFO] [stdout] 6 | use protobuf::Enum;
[INFO] [stdout]   |     ^^^^^^^^^^^^^^
[INFO] [stdout]   |
[INFO] [stdout]   = note: `#[warn(unused_imports)]` on by default
[INFO] [stdout] 
[INFO] [stdout] 
[INFO] [stdout] warning: unused import: `ObjectLit`
[INFO] [stdout]  --> src/common/field.rs:9:31
[INFO] [stdout]   |
[INFO] [stdout] 9 |     ArrayLit, BinaryOp, Expr, ObjectLit, TsArrayType, TsEntityName, TsKeywordType,
[INFO] [stdout]   |                               ^^^^^^^^^
[INFO] [stdout] 
[INFO] [stdout] 
[INFO] [stdout] warning: unused import: `std::iter::once`
[INFO] [stdout]  --> src/common/field_type.rs:1:5
[INFO] [stdout]   |
[INFO] [stdout] 1 | use std::iter::once;
[INFO] [stdout]   |     ^^^^^^^^^^^^^^^
[INFO] [stdout] 
[INFO] [stdout] 
[INFO] [stdout] warning: unused import: `OneofDescriptorProto`
[INFO] [stdout]  --> src/common/message_type.rs:3:57
[INFO] [stdout]   |
[INFO] [stdout] 3 |     descriptor::{DescriptorProto, FieldDescriptorProto, OneofDescriptorProto},
[INFO] [stdout]   |                                                         ^^^^^^^^^^^^^^^^^^^^
[INFO] [stdout] 
[INFO] [stdout] 
[INFO] [stdout] warning: unused imports: `context::Context` and `runtime::Runtime`
[INFO] [stdout]  --> src/common/oneof.rs:2:5
[INFO] [stdout]   |
[INFO] [stdout] 2 |     context::Context,
[INFO] [stdout]   |     ^^^^^^^^^^^^^^^^
[INFO] [stdout] 3 |     descriptor::FieldDescriptorProto,
[INFO] [stdout] 4 |     runtime::Runtime,
[INFO] [stdout]   |     ^^^^^^^^^^^^^^^^
[INFO] [stdout] 
[INFO] [stdout] 
[INFO] [stdout] warning: unused import: `swc_common::DUMMY_SP`
[INFO] [stdout]  --> src/common/oneof.rs:6:5
[INFO] [stdout]   |
[INFO] [stdout] 6 | use swc_common::DUMMY_SP;
[INFO] [stdout]   |     ^^^^^^^^^^^^^^^^^^^^
[INFO] [stdout] 
[INFO] [stdout] 
[INFO] [stdout] warning: unused imports: `BindingIdent`, `ClassMember`, `ClassMethod`, `Function`, `MethodKind`, `Param`, and `Pat`
[INFO] [stdout]  --> src/common/oneof.rs:8:5
[INFO] [stdout]   |
[INFO] [stdout] 8 |     ClassMember, ClassMethod, MethodKind, Function, Param, BindingIdent, Pat,
[INFO] [stdout]   |     ^^^^^^^^^^^  ^^^^^^^^^^^  ^^^^^^^^^^  ^^^^^^^^  ^^^^^  ^^^^^^^^^^^^  ^^^
[INFO] [stdout] 
[INFO] [stdout] 
[INFO] [stdout] warning: unused imports: `ExprFactory` and `quote_ident`
[INFO] [stdout]   --> src/common/oneof.rs:10:22
[INFO] [stdout]    |
[INFO] [stdout] 10 | use swc_ecma_utils::{quote_ident, ExprFactory};
[INFO] [stdout]    |                      ^^^^^^^^^^^  ^^^^^^^^^^^
[INFO] [stdout] 
[INFO] [stdout] 
[INFO] [stdout] warning: unused imports: `Accessibility`, `BinaryOp`, `BindingIdent`, `BlockStmt`, `ClassDecl`, `ClassMethod`, `Class`, `Constructor`, `ExprStmt`, `Expr`, `Param`, `Pat`, `ReturnStmt`, `TsKeywordTypeKind`, `TsKeywordType`, `TsTypeAnn`, `TsTypeParamInstantiation`, `TsType`, `VarDeclKind`, `VarDecl`, and `VarDeclarator`
[INFO] [stdout]  --> src/runtime/lark/protobuf_js/mod.rs:3:5
[INFO] [stdout]   |
[INFO] [stdout] 3 |     Accessibility, BinaryOp, BindingIdent, BlockStmt, Class, ClassDecl, ClassMember, ClassMethod,
[INFO] [stdout]   |     ^^^^^^^^^^^^^  ^^^^^^^^  ^^^^^^^^^^^^  ^^^^^^^^^  ^^^^^  ^^^^^^^^^               ^^^^^^^^^^^
[INFO] [stdout] 4 |     Constructor, Decl, ExportDecl, Expr, ExprStmt, ModuleDecl, ModuleItem, Param, Pat, ReturnStmt,
[INFO] [stdout]   |     ^^^^^^^^^^^                    ^^^^  ^^^^^^^^                          ^^^^^  ^^^  ^^^^^^^^^^
[INFO] [stdout] 5 |     Stmt, TsEnumDecl, TsEnumMember, TsEnumMemberId, TsKeywordType, TsKeywordTypeKind,
[INFO] [stdout]   |                                                     ^^^^^^^^^^^^^  ^^^^^^^^^^^^^^^^^
[INFO] [stdout] 6 |     TsModuleBlock, TsModuleDecl, TsModuleName, TsNamespaceBody, TsType, TsTypeAnn,
[INFO] [stdout]   |                                                                 ^^^^^^  ^^^^^^^^^
[INFO] [stdout] 7 |     TsTypeParamInstantiation, VarDecl, VarDeclKind, VarDeclarator,
[INFO] [stdout]   |     ^^^^^^^^^^^^^^^^^^^^^^^^  ^^^^^^^  ^^^^^^^^^^^  ^^^^^^^^^^^^^
[INFO] [stdout] 
[INFO] [stdout] 
[INFO] [stdout] warning: unused imports: `collections::HashMap` and `iter::once`
[INFO] [stdout]  --> src/runtime/lark/protobuf_js/deserialize.rs:1:11
[INFO] [stdout]   |
[INFO] [stdout] 1 | use std::{collections::HashMap, iter::once};
[INFO] [stdout]   |           ^^^^^^^^^^^^^^^^^^^^  ^^^^^^^^^^
[INFO] [stdout] 
[INFO] [stdout] 
[INFO] [stdout] warning: unused import: `ToLowerCamelCase`
[INFO] [stdout]  --> src/runtime/lark/protobuf_js/deserialize.rs:3:12
[INFO] [stdout]   |
[INFO] [stdout] 3 | use heck::{ToLowerCamelCase, ToUpperCamelCase};
[INFO] [stdout]   |            ^^^^^^^^^^^^^^^^
[INFO] [stdout] 
[INFO] [stdout] 
[INFO] [stdout] warning: unused import: `heck::ToLowerCamelCase`
[INFO] [stdout]  --> src/runtime/lark/protobuf_js/serialize.rs:3:5
[INFO] [stdout]   |
[INFO] [stdout] 3 | use heck::ToLowerCamelCase;
[INFO] [stdout]   |     ^^^^^^^^^^^^^^^^^^^^^^
[INFO] [stdout] 
[INFO] [stdout] 
[INFO] [stdout] warning: unused imports: `BindingIdent`, `Pat`, `VarDeclKind`, `VarDecl`, and `VarDeclarator`
[INFO] [stdout]  --> src/runtime/lark/protobuf_js/serialize.rs:6:5
[INFO] [stdout]   |
[INFO] [stdout] 6 |     BindingIdent, BlockStmt, ComputedPropName, Expr, ForHead, ForOfStmt, MemberExpr, MemberProp,
[INFO] [stdout]   |     ^^^^^^^^^^^^
[INFO] [stdout] 7 |     Pat, Stmt, SwitchCase, SwitchStmt, VarDecl, VarDeclKind, VarDeclarator,
[INFO] [stdout]   |     ^^^                                ^^^^^^^  ^^^^^^^^^^^  ^^^^^^^^^^^^^
[INFO] [stdout] 
[INFO] [stdout] 
[INFO] [stdout] warning: unused variable: `ctx`
[INFO] [stdout]    --> src/runtime/lark/protobuf_js/deserialize.rs:109:9
[INFO] [stdout]     |
[INFO] [stdout] 109 |         ctx: &mut Context,
[INFO] [stdout]     |         ^^^ help: if this is intentional, prefix it with an underscore: `_ctx`
[INFO] [stdout] 
[INFO] [stdout] 
[INFO] [stdout] warning: unused variable: `ns`
[INFO] [stdout]    --> src/runtime/lark/protobuf_js/deserialize.rs:111:9
[INFO] [stdout]     |
[INFO] [stdout] 111 |         ns: &[String],
[INFO] [stdout]     |         ^^ help: if this is intentional, prefix it with an underscore: `_ns`
[INFO] [stdout] 
[INFO] [stdout] 
[INFO] [stdout] warning: unused variable: `ctx`
[INFO] [stdout]   --> src/runtime/lark/protobuf_js/mod.rs:41:9
[INFO] [stdout]    |
[INFO] [stdout] 41 |         ctx: &mut Context,
[INFO] [stdout]    |         ^^^ help: if this is intentional, prefix it with an underscore: `_ctx`
[INFO] [stdout] 
[INFO] [stdout] 
[INFO] [stdout] warning: unused variable: `descriptor`
[INFO] [stdout]   --> src/runtime/lark/protobuf_js/mod.rs:42:9
[INFO] [stdout]    |
[INFO] [stdout] 42 |         descriptor: &descriptor::DescriptorProto,
[INFO] [stdout]    |         ^^^^^^^^^^ help: if this is intentional, prefix it with an underscore: `_descriptor`
[INFO] [stdout] 
[INFO] [stdout] 
[INFO] [stdout] warning: unused variable: `ctx`
[INFO] [stdout]   --> src/runtime/lark/protobuf_js/mod.rs:54:9
[INFO] [stdout]    |
[INFO] [stdout] 54 |         ctx: &mut Context,
[INFO] [stdout]    |         ^^^ help: if this is intentional, prefix it with an underscore: `_ctx`
[INFO] [stdout] 
[INFO] [stdout] 
[INFO] [stdout] warning: unused variable: `descriptor`
[INFO] [stdout]   --> src/runtime/lark/protobuf_js/mod.rs:55:9
[INFO] [stdout]    |
[INFO] [stdout] 55 |         descriptor: &descriptor::DescriptorProto,
[INFO] [stdout]    |         ^^^^^^^^^^ help: if this is intentional, prefix it with an underscore: `_descriptor`
[INFO] [stdout] 
[INFO] [stdout] 
[INFO] [stdout] warning: unused variable: `ctx`
[INFO] [stdout]   --> src/runtime/lark/protobuf_js/mod.rs:62:9
[INFO] [stdout]    |
[INFO] [stdout] 62 |         ctx: &mut Context,
[INFO] [stdout]    |         ^^^ help: if this is intentional, prefix it with an underscore: `_ctx`
[INFO] [stdout] 
[INFO] [stdout] 
[INFO] [stdout] warning: unused variable: `descriptor`
[INFO] [stdout]   --> src/runtime/lark/protobuf_js/mod.rs:63:9
[INFO] [stdout]    |
[INFO] [stdout] 63 |         descriptor: &descriptor::DescriptorProto,
[INFO] [stdout]    |         ^^^^^^^^^^ help: if this is intentional, prefix it with an underscore: `_descriptor`
[INFO] [stdout] 
[INFO] [stdout] 
[INFO] [stdout] warning: variable does not need to be mutable
[INFO] [stdout]    --> src/runtime/lark/protobuf_js/mod.rs:192:13
[INFO] [stdout]     |
[INFO] [stdout] 192 |         let mut items = index.print();
[INFO] [stdout]     |             ----^^^^^
[INFO] [stdout]     |             |
[INFO] [stdout]     |             help: remove this `mut`
[INFO] [stdout]     |
[INFO] [stdout]     = note: `#[warn(unused_mut)]` on by default
[INFO] [stdout] 
[INFO] [stdout] 
[INFO] [stdout] warning: unused import: `print::Print`
[INFO] [stdout]   --> src/runtime/lark/protobuf_js/mod.rs:11:66
[INFO] [stdout]    |
[INFO] [stdout] 11 | use crate::{context::Context, descriptor, export::ExportedIndex, print::Print, runtime::Runtime};
[INFO] [stdout]    |                                                                  ^^^^^^^^^^^^
[INFO] [stdout] 
[INFO] [stdout] 
[INFO] [stdout] warning: unused variable: `ctx`
[INFO] [stdout]    --> src/common/field_type.rs:173:33
[INFO] [stdout]     |
[INFO] [stdout] 173 |     pub fn is_deprecated(&self, ctx: &Context) -> bool {
[INFO] [stdout]     |                                 ^^^ help: if this is intentional, prefix it with an underscore: `_ctx`
[INFO] [stdout]     |
[INFO] [stdout]     = note: `#[warn(unused_variables)]` on by default
[INFO] [stdout] 
[INFO] [stdout] 
[INFO] [stdout] warning: unused variable: `ctx`
[INFO] [stdout]    --> src/runtime/lark/protobuf_js/codec.rs:844:9
[INFO] [stdout]     |
[INFO] [stdout] 844 |         ctx: &mut Context,
[INFO] [stdout]     |         ^^^ help: if this is intentional, prefix it with an underscore: `_ctx`
[INFO] [stdout] 
[INFO] [stdout] 
[INFO] [stdout] warning: unused variable: `ctx`
[INFO] [stdout]    --> src/runtime/lark/protobuf_js/deserialize.rs:109:9
[INFO] [stdout]     |
[INFO] [stdout] 109 |         ctx: &mut Context,
[INFO] [stdout]     |         ^^^ help: if this is intentional, prefix it with an underscore: `_ctx`
[INFO] [stdout] 
[INFO] [stdout] 
[INFO] [stdout] warning: unused variable: `ns`
[INFO] [stdout]    --> src/runtime/lark/protobuf_js/deserialize.rs:111:9
[INFO] [stdout]     |
[INFO] [stdout] 111 |         ns: &[String],
[INFO] [stdout]     |         ^^ help: if this is intentional, prefix it with an underscore: `_ns`
[INFO] [stdout] 
[INFO] [stdout] 
[INFO] [stdout] warning: unused variable: `ctx`
[INFO] [stdout]   --> src/runtime/lark/protobuf_js/mod.rs:41:9
[INFO] [stdout]    |
[INFO] [stdout] 41 |         ctx: &mut Context,
[INFO] [stdout]    |         ^^^ help: if this is intentional, prefix it with an underscore: `_ctx`
[INFO] [stdout] 
[INFO] [stdout] 
[INFO] [stdout] warning: unused variable: `descriptor`
[INFO] [stdout]   --> src/runtime/lark/protobuf_js/mod.rs:42:9
[INFO] [stdout]    |
[INFO] [stdout] 42 |         descriptor: &descriptor::DescriptorProto,
[INFO] [stdout]    |         ^^^^^^^^^^ help: if this is intentional, prefix it with an underscore: `_descriptor`
[INFO] [stdout] 
[INFO] [stdout] 
[INFO] [stdout] warning: unused variable: `ctx`
[INFO] [stdout]   --> src/runtime/lark/protobuf_js/mod.rs:54:9
[INFO] [stdout]    |
[INFO] [stdout] 54 |         ctx: &mut Context,
[INFO] [stdout]    |         ^^^ help: if this is intentional, prefix it with an underscore: `_ctx`
[INFO] [stdout] 
[INFO] [stdout] 
[INFO] [stdout] warning: unused variable: `descriptor`
[INFO] [stdout]   --> src/runtime/lark/protobuf_js/mod.rs:55:9
[INFO] [stdout]    |
[INFO] [stdout] 55 |         descriptor: &descriptor::DescriptorProto,
[INFO] [stdout]    |         ^^^^^^^^^^ help: if this is intentional, prefix it with an underscore: `_descriptor`
[INFO] [stdout] 
[INFO] [stdout] 
[INFO] [stdout] warning: unused variable: `ctx`
[INFO] [stdout]   --> src/runtime/lark/protobuf_js/mod.rs:62:9
[INFO] [stdout]    |
[INFO] [stdout] 62 |         ctx: &mut Context,
[INFO] [stdout]    |         ^^^ help: if this is intentional, prefix it with an underscore: `_ctx`
[INFO] [stdout] 
[INFO] [stdout] 
[INFO] [stdout] warning: unused variable: `descriptor`
[INFO] [stdout]   --> src/runtime/lark/protobuf_js/mod.rs:63:9
[INFO] [stdout]    |
[INFO] [stdout] 63 |         descriptor: &descriptor::DescriptorProto,
[INFO] [stdout]    |         ^^^^^^^^^^ help: if this is intentional, prefix it with an underscore: `_descriptor`
[INFO] [stdout] 
[INFO] [stdout] 
[INFO] [stdout] warning: variable does not need to be mutable
[INFO] [stdout]    --> src/runtime/lark/protobuf_js/mod.rs:192:13
[INFO] [stdout]     |
[INFO] [stdout] 192 |         let mut items = index.print();
[INFO] [stdout]     |             ----^^^^^
[INFO] [stdout]     |             |
[INFO] [stdout]     |             help: remove this `mut`
[INFO] [stdout]     |
[INFO] [stdout]     = note: `#[warn(unused_mut)]` on by default
[INFO] [stdout] 
[INFO] [stdout] 
[INFO] [stdout] warning: type `WireError` is more private than the item `wire::Tag::new`
[INFO] [stdout]    --> src/common/wire.rs:114:5
[INFO] [stdout]     |
[INFO] [stdout] 114 |     pub fn new(value: u32) -> Result<Tag, WireError> {
[INFO] [stdout]     |     ^^^^^^^^^^^^^^^^^^^^^^^^^^^^^^^^^^^^^^^^^^^^^^^^ associated function `wire::Tag::new` is reachable at visibility `pub`
[INFO] [stdout]     |
[INFO] [stdout] note: but type `WireError` is only usable at visibility `pub(crate)`
[INFO] [stdout]    --> src/common/wire.rs:14:1
[INFO] [stdout]     |
[INFO] [stdout] 14  | pub(crate) enum WireError {
[INFO] [stdout]     | ^^^^^^^^^^^^^^^^^^^^^^^^^
[INFO] [stdout]     = note: `#[warn(private_interfaces)]` on by default
[INFO] [stdout] 
[INFO] [stdout] 
[INFO] [stdout] warning: multiple variants are never constructed
[INFO] [stdout]   --> src/common/wire.rs:16:5
[INFO] [stdout]    |
[INFO] [stdout] 14 | pub(crate) enum WireError {
[INFO] [stdout]    |                 --------- variants in this enum
[INFO] [stdout] 15 |     #[error("Unexpected EOF")]
[INFO] [stdout] 16 |     UnexpectedEof,
[INFO] [stdout]    |     ^^^^^^^^^^^^^
[INFO] [stdout] 17 |     #[error("Unexpected wire type")]
[INFO] [stdout] 18 |     UnexpectedWireType(WireType),
[INFO] [stdout]    |     ^^^^^^^^^^^^^^^^^^
[INFO] [stdout] ...
[INFO] [stdout] 22 |     IncorrectVarint,
[INFO] [stdout]    |     ^^^^^^^^^^^^^^^
[INFO] [stdout] 23 |     #[error("Invalid UTF-8 sequence")]
[INFO] [stdout] 24 |     Utf8Error,
[INFO] [stdout]    |     ^^^^^^^^^
[INFO] [stdout] 25 |     #[error("Invalid enum `{}` value: {}", .0, .1)]
[INFO] [stdout] 26 |     InvalidEnumValue(&'static str, i32),
[INFO] [stdout]    |     ^^^^^^^^^^^^^^^^
[INFO] [stdout] 27 |     #[error("Over recursion limit")]
[INFO] [stdout] 28 |     OverRecursionLimit,
[INFO] [stdout]    |     ^^^^^^^^^^^^^^^^^^
[INFO] [stdout] 29 |     #[error("Truncated message")]
[INFO] [stdout] 30 |     TruncatedMessage,
[INFO] [stdout]    |     ^^^^^^^^^^^^^^^^
[INFO] [stdout] ...
[INFO] [stdout] 33 |     LimitOverflow,
[INFO] [stdout]    |     ^^^^^^^^^^^^^
[INFO] [stdout] 34 |     #[error("New limit must not be greater than current limit")]
[INFO] [stdout] 35 |     LimitIncrease,
[INFO] [stdout]    |     ^^^^^^^^^^^^^
[INFO] [stdout] 36 |     #[error("Encoded message size {0} is too large")]
[INFO] [stdout] 37 |     MessageTooLarge(u64),
[INFO] [stdout]    |     ^^^^^^^^^^^^^^^
[INFO] [stdout] 38 |     #[error("Value too large for u32: {}", .0)]
[INFO] [stdout] 39 |     U32Overflow(u64),
[INFO] [stdout]    |     ^^^^^^^^^^^
[INFO] [stdout] 40 |     #[error("Value too large for i32: {}", .0)]
[INFO] [stdout] 41 |     I32Overflow(i64),
[INFO] [stdout]    |     ^^^^^^^^^^^
[INFO] [stdout]    |
[INFO] [stdout]    = note: `WireError` has a derived impl for the trait `Debug`, but this is intentionally ignored during dead code analysis
[INFO] [stdout]    = note: `#[warn(dead_code)]` on by default
[INFO] [stdout] 
[INFO] [stdout] 
[INFO] [stdout] warning: method `is_named` is never used
[INFO] [stdout]   --> src/context/util.rs:36:8
[INFO] [stdout]    |
[INFO] [stdout] 31 | trait ImportDeclExt {
[INFO] [stdout]    |       ------------- method in this trait
[INFO] [stdout] ...
[INFO] [stdout] 36 |     fn is_named(&self) -> bool;
[INFO] [stdout]    |        ^^^^^^^^
[INFO] [stdout] 
[INFO] [stdout] 
[INFO] [stderr]     Finished `test` profile [unoptimized + debuginfo] target(s) in 6.41s
[INFO] running `Command { std: "docker" "inspect" "94522bc26727832c777050e55e56a9d3c8ab4bd304bb236b2f3eb4be5bc9db19", kill_on_drop: false }`
[INFO] running `Command { std: "docker" "rm" "-f" "94522bc26727832c777050e55e56a9d3c8ab4bd304bb236b2f3eb4be5bc9db19", kill_on_drop: false }`
[INFO] [stdout] 94522bc26727832c777050e55e56a9d3c8ab4bd304bb236b2f3eb4be5bc9db19
[INFO] running `Command { std: "docker" "create" "-v" "/var/lib/crater-agent-workspace/builds/worker-2-tc2/target:/opt/rustwide/target:rw,Z" "-v" "/var/lib/crater-agent-workspace/builds/worker-2-tc2/source:/opt/rustwide/workdir:ro,Z" "-v" "/var/lib/crater-agent-workspace/cargo-home:/opt/rustwide/cargo-home:ro,Z" "-v" "/var/lib/crater-agent-workspace/rustup-home:/opt/rustwide/rustup-home:ro,Z" "-e" "SOURCE_DIR=/opt/rustwide/workdir" "-e" "CARGO_TARGET_DIR=/opt/rustwide/target" "-e" "CARGO_INCREMENTAL=0" "-e" "RUST_BACKTRACE=full" "-e" "RUSTFLAGS=--cap-lints=forbid -Zrandomize-layout" "-e" "RUSTDOCFLAGS=--cap-lints=forbid" "-e" "CARGO_HOME=/opt/rustwide/cargo-home" "-e" "RUSTUP_HOME=/opt/rustwide/rustup-home" "-w" "/opt/rustwide/workdir" "-m" "1610612736" "--user" "0:0" "--network" "none" "ghcr.io/rust-lang/crates-build-env/linux@sha256:819108c5571ea2e421544af4d832f968d213c87fbe3707a016657f43d2f853bc" "/opt/rustwide/cargo-home/bin/cargo" "+nightly-2025-01-18" "test" "--frozen", kill_on_drop: false }`
[INFO] [stdout] c55a9f23086789dd567481c248bb2d67d477564683d0b86c59f27f825ff7240c
[INFO] running `Command { std: "docker" "start" "-a" "c55a9f23086789dd567481c248bb2d67d477564683d0b86c59f27f825ff7240c", kill_on_drop: false }`
[INFO] [stderr] warning: lint `box_pointers` has been removed: it does not detect other kinds of allocations, and existed only for historical reasons
[INFO] [stderr]   --> /opt/rustwide/target/debug/build/protoc_gen_ets-0f2c289bc0c099f7/out/protogen/descriptor.rs:12:10
[INFO] [stderr]    |
[INFO] [stderr] 12 | #![allow(box_pointers)]
[INFO] [stderr]    |          ^^^^^^^^^^^^
[INFO] [stderr]    |
[INFO] [stderr]    = note: `#[warn(renamed_and_removed_lints)]` on by default
[INFO] [stderr] 
[INFO] [stderr] warning: lint `box_pointers` has been removed: it does not detect other kinds of allocations, and existed only for historical reasons
[INFO] [stderr]   --> /opt/rustwide/target/debug/build/protoc_gen_ets-0f2c289bc0c099f7/out/protogen/plugin.rs:12:10
[INFO] [stderr]    |
[INFO] [stderr] 12 | #![allow(box_pointers)]
[INFO] [stderr]    |          ^^^^^^^^^^^^
[INFO] [stderr] 
[INFO] [stderr] warning: unused import: `protobuf::Enum`
[INFO] [stderr]  --> src/common/field.rs:6:5
[INFO] [stderr]   |
[INFO] [stderr] 6 | use protobuf::Enum;
[INFO] [stderr]   |     ^^^^^^^^^^^^^^
[INFO] [stderr]   |
[INFO] [stderr]   = note: `#[warn(unused_imports)]` on by default
[INFO] [stderr] 
[INFO] [stderr] warning: unused import: `ObjectLit`
[INFO] [stderr]  --> src/common/field.rs:9:31
[INFO] [stderr]   |
[INFO] [stderr] 9 |     ArrayLit, BinaryOp, Expr, ObjectLit, TsArrayType, TsEntityName, TsKeywordType,
[INFO] [stderr]   |                               ^^^^^^^^^
[INFO] [stderr] 
[INFO] [stderr] warning: unused import: `std::iter::once`
[INFO] [stderr]  --> src/common/field_type.rs:1:5
[INFO] [stderr]   |
[INFO] [stderr] 1 | use std::iter::once;
[INFO] [stderr]   |     ^^^^^^^^^^^^^^^
[INFO] [stderr] 
[INFO] [stderr] warning: unused import: `OneofDescriptorProto`
[INFO] [stderr]  --> src/common/message_type.rs:3:57
[INFO] [stderr]   |
[INFO] [stderr] 3 |     descriptor::{DescriptorProto, FieldDescriptorProto, OneofDescriptorProto},
[INFO] [stderr]   |                                                         ^^^^^^^^^^^^^^^^^^^^
[INFO] [stderr] 
[INFO] [stderr] warning: unused imports: `context::Context` and `runtime::Runtime`
[INFO] [stderr]  --> src/common/oneof.rs:2:5
[INFO] [stderr]   |
[INFO] [stderr] 2 |     context::Context,
[INFO] [stderr]   |     ^^^^^^^^^^^^^^^^
[INFO] [stderr] 3 |     descriptor::FieldDescriptorProto,
[INFO] [stderr] 4 |     runtime::Runtime,
[INFO] [stderr]   |     ^^^^^^^^^^^^^^^^
[INFO] [stderr] 
[INFO] [stderr] warning: unused import: `swc_common::DUMMY_SP`
[INFO] [stderr]  --> src/common/oneof.rs:6:5
[INFO] [stderr]   |
[INFO] [stderr] 6 | use swc_common::DUMMY_SP;
[INFO] [stderr]   |     ^^^^^^^^^^^^^^^^^^^^
[INFO] [stderr] 
[INFO] [stderr] warning: unused imports: `BindingIdent`, `ClassMember`, `ClassMethod`, `Function`, `MethodKind`, `Param`, and `Pat`
[INFO] [stderr]  --> src/common/oneof.rs:8:5
[INFO] [stderr]   |
[INFO] [stderr] 8 |     ClassMember, ClassMethod, MethodKind, Function, Param, BindingIdent, Pat,
[INFO] [stderr]   |     ^^^^^^^^^^^  ^^^^^^^^^^^  ^^^^^^^^^^  ^^^^^^^^  ^^^^^  ^^^^^^^^^^^^  ^^^
[INFO] [stderr] 
[INFO] [stderr] warning: unused imports: `ExprFactory` and `quote_ident`
[INFO] [stderr]   --> src/common/oneof.rs:10:22
[INFO] [stderr]    |
[INFO] [stderr] 10 | use swc_ecma_utils::{quote_ident, ExprFactory};
[INFO] [stderr]    |                      ^^^^^^^^^^^  ^^^^^^^^^^^
[INFO] [stderr] 
[INFO] [stderr] warning: unused imports: `Accessibility`, `BinaryOp`, `BindingIdent`, `BlockStmt`, `ClassDecl`, `ClassMethod`, `Class`, `Constructor`, `ExprStmt`, `Expr`, `Param`, `Pat`, `ReturnStmt`, `TsKeywordTypeKind`, `TsKeywordType`, `TsTypeAnn`, `TsTypeParamInstantiation`, `TsType`, `VarDeclKind`, `VarDecl`, and `VarDeclarator`
[INFO] [stderr]  --> src/runtime/lark/protobuf_js/mod.rs:3:5
[INFO] [stderr]   |
[INFO] [stderr] 3 |     Accessibility, BinaryOp, BindingIdent, BlockStmt, Class, ClassDecl, ClassMember, ClassMethod,
[INFO] [stderr]   |     ^^^^^^^^^^^^^  ^^^^^^^^  ^^^^^^^^^^^^  ^^^^^^^^^  ^^^^^  ^^^^^^^^^               ^^^^^^^^^^^
[INFO] [stderr] 4 |     Constructor, Decl, ExportDecl, Expr, ExprStmt, ModuleDecl, ModuleItem, Param, Pat, ReturnStmt,
[INFO] [stderr]   |     ^^^^^^^^^^^                    ^^^^  ^^^^^^^^                          ^^^^^  ^^^  ^^^^^^^^^^
[INFO] [stderr] 5 |     Stmt, TsEnumDecl, TsEnumMember, TsEnumMemberId, TsKeywordType, TsKeywordTypeKind,
[INFO] [stderr]   |                                                     ^^^^^^^^^^^^^  ^^^^^^^^^^^^^^^^^
[INFO] [stderr] 6 |     TsModuleBlock, TsModuleDecl, TsModuleName, TsNamespaceBody, TsType, TsTypeAnn,
[INFO] [stderr]   |                                                                 ^^^^^^  ^^^^^^^^^
[INFO] [stderr] 7 |     TsTypeParamInstantiation, VarDecl, VarDeclKind, VarDeclarator,
[INFO] [stderr]   |     ^^^^^^^^^^^^^^^^^^^^^^^^  ^^^^^^^  ^^^^^^^^^^^  ^^^^^^^^^^^^^
[INFO] [stderr] 
[INFO] [stderr] warning: unused imports: `collections::HashMap` and `iter::once`
[INFO] [stderr]  --> src/runtime/lark/protobuf_js/deserialize.rs:1:11
[INFO] [stderr]   |
[INFO] [stderr] 1 | use std::{collections::HashMap, iter::once};
[INFO] [stderr]   |           ^^^^^^^^^^^^^^^^^^^^  ^^^^^^^^^^
[INFO] [stderr] 
[INFO] [stderr] warning: unused import: `ToLowerCamelCase`
[INFO] [stderr]  --> src/runtime/lark/protobuf_js/deserialize.rs:3:12
[INFO] [stderr]   |
[INFO] [stderr] 3 | use heck::{ToLowerCamelCase, ToUpperCamelCase};
[INFO] [stderr]   |            ^^^^^^^^^^^^^^^^
[INFO] [stderr] 
[INFO] [stderr] warning: unused import: `heck::ToLowerCamelCase`
[INFO] [stderr]  --> src/runtime/lark/protobuf_js/serialize.rs:3:5
[INFO] [stderr]   |
[INFO] [stderr] 3 | use heck::ToLowerCamelCase;
[INFO] [stderr]   |     ^^^^^^^^^^^^^^^^^^^^^^
[INFO] [stderr] 
[INFO] [stderr] warning: unused imports: `BindingIdent`, `Pat`, `VarDeclKind`, `VarDecl`, and `VarDeclarator`
[INFO] [stderr]  --> src/runtime/lark/protobuf_js/serialize.rs:6:5
[INFO] [stderr]   |
[INFO] [stderr] 6 |     BindingIdent, BlockStmt, ComputedPropName, Expr, ForHead, ForOfStmt, MemberExpr, MemberProp,
[INFO] [stderr]   |     ^^^^^^^^^^^^
[INFO] [stderr] 7 |     Pat, Stmt, SwitchCase, SwitchStmt, VarDecl, VarDeclKind, VarDeclarator,
[INFO] [stderr]   |     ^^^                                ^^^^^^^  ^^^^^^^^^^^  ^^^^^^^^^^^^^
[INFO] [stderr] 
[INFO] [stderr] warning: unused import: `print::Print`
[INFO] [stderr]   --> src/runtime/lark/protobuf_js/mod.rs:11:66
[INFO] [stderr]    |
[INFO] [stderr] 11 | use crate::{context::Context, descriptor, export::ExportedIndex, print::Print, runtime::Runtime};
[INFO] [stderr]    |                                                                  ^^^^^^^^^^^^
[INFO] [stderr] 
[INFO] [stderr] warning: unused variable: `ctx`
[INFO] [stderr]    --> src/common/field_type.rs:173:33
[INFO] [stderr]     |
[INFO] [stderr] 173 |     pub fn is_deprecated(&self, ctx: &Context) -> bool {
[INFO] [stderr]     |                                 ^^^ help: if this is intentional, prefix it with an underscore: `_ctx`
[INFO] [stderr]     |
[INFO] [stderr]     = note: `#[warn(unused_variables)]` on by default
[INFO] [stderr] 
[INFO] [stderr] warning: unused variable: `ctx`
[INFO] [stderr]    --> src/runtime/lark/protobuf_js/codec.rs:844:9
[INFO] [stderr]     |
[INFO] [stderr] 844 |         ctx: &mut Context,
[INFO] [stderr]     |         ^^^ help: if this is intentional, prefix it with an underscore: `_ctx`
[INFO] [stderr] 
[INFO] [stderr] warning: unused variable: `ctx`
[INFO] [stderr]    --> src/runtime/lark/protobuf_js/deserialize.rs:109:9
[INFO] [stderr]     |
[INFO] [stderr] 109 |         ctx: &mut Context,
[INFO] [stderr]     |         ^^^ help: if this is intentional, prefix it with an underscore: `_ctx`
[INFO] [stderr] 
[INFO] [stderr] warning: unused variable: `ns`
[INFO] [stderr]    --> src/runtime/lark/protobuf_js/deserialize.rs:111:9
[INFO] [stderr]     |
[INFO] [stderr] 111 |         ns: &[String],
[INFO] [stderr]     |         ^^ help: if this is intentional, prefix it with an underscore: `_ns`
[INFO] [stderr] 
[INFO] [stderr] warning: unused variable: `ctx`
[INFO] [stderr]   --> src/runtime/lark/protobuf_js/mod.rs:41:9
[INFO] [stderr]    |
[INFO] [stderr] 41 |         ctx: &mut Context,
[INFO] [stderr]    |         ^^^ help: if this is intentional, prefix it with an underscore: `_ctx`
[INFO] [stderr] 
[INFO] [stderr] warning: unused variable: `descriptor`
[INFO] [stderr]   --> src/runtime/lark/protobuf_js/mod.rs:42:9
[INFO] [stderr]    |
[INFO] [stderr] 42 |         descriptor: &descriptor::DescriptorProto,
[INFO] [stderr]    |         ^^^^^^^^^^ help: if this is intentional, prefix it with an underscore: `_descriptor`
[INFO] [stderr] 
[INFO] [stderr] warning: unused variable: `ctx`
[INFO] [stderr]   --> src/runtime/lark/protobuf_js/mod.rs:54:9
[INFO] [stderr]    |
[INFO] [stderr] 54 |         ctx: &mut Context,
[INFO] [stderr]    |         ^^^ help: if this is intentional, prefix it with an underscore: `_ctx`
[INFO] [stderr] 
[INFO] [stderr] warning: unused variable: `descriptor`
[INFO] [stderr]   --> src/runtime/lark/protobuf_js/mod.rs:55:9
[INFO] [stderr]    |
[INFO] [stderr] 55 |         descriptor: &descriptor::DescriptorProto,
[INFO] [stderr]    |         ^^^^^^^^^^ help: if this is intentional, prefix it with an underscore: `_descriptor`
[INFO] [stderr] 
[INFO] [stderr] warning: unused variable: `ctx`
[INFO] [stderr]   --> src/runtime/lark/protobuf_js/mod.rs:62:9
[INFO] [stderr]    |
[INFO] [stderr] 62 |         ctx: &mut Context,
[INFO] [stderr]    |         ^^^ help: if this is intentional, prefix it with an underscore: `_ctx`
[INFO] [stderr] 
[INFO] [stderr] warning: unused variable: `descriptor`
[INFO] [stderr]   --> src/runtime/lark/protobuf_js/mod.rs:63:9
[INFO] [stderr]    |
[INFO] [stderr] 63 |         descriptor: &descriptor::DescriptorProto,
[INFO] [stderr]    |         ^^^^^^^^^^ help: if this is intentional, prefix it with an underscore: `_descriptor`
[INFO] [stderr] 
[INFO] [stderr] warning: variable does not need to be mutable
[INFO] [stderr]    --> src/runtime/lark/protobuf_js/mod.rs:192:13
[INFO] [stderr]     |
[INFO] [stderr] 192 |         let mut items = index.print();
[INFO] [stderr]     |             ----^^^^^
[INFO] [stderr]     |             |
[INFO] [stderr]     |             help: remove this `mut`
[INFO] [stderr]     |
[INFO] [stderr]     = note: `#[warn(unused_mut)]` on by default
[INFO] [stderr] 
[INFO] [stderr] warning: type `WireError` is more private than the item `wire::Tag::new`
[INFO] [stderr]    --> src/common/wire.rs:114:5
[INFO] [stderr]     |
[INFO] [stderr] 114 |     pub fn new(value: u32) -> Result<Tag, WireError> {
[INFO] [stderr]     |     ^^^^^^^^^^^^^^^^^^^^^^^^^^^^^^^^^^^^^^^^^^^^^^^^ associated function `wire::Tag::new` is reachable at visibility `pub`
[INFO] [stderr]     |
[INFO] [stderr] note: but type `WireError` is only usable at visibility `pub(crate)`
[INFO] [stderr]    --> src/common/wire.rs:14:1
[INFO] [stderr]     |
[INFO] [stderr] 14  | pub(crate) enum WireError {
[INFO] [stderr]     | ^^^^^^^^^^^^^^^^^^^^^^^^^
[INFO] [stderr]     = note: `#[warn(private_interfaces)]` on by default
[INFO] [stderr] 
[INFO] [stderr] warning: multiple variants are never constructed
[INFO] [stderr]   --> src/common/wire.rs:16:5
[INFO] [stderr]    |
[INFO] [stderr] 14 | pub(crate) enum WireError {
[INFO] [stderr]    |                 --------- variants in this enum
[INFO] [stderr] 15 |     #[error("Unexpected EOF")]
[INFO] [stderr] 16 |     UnexpectedEof,
[INFO] [stderr]    |     ^^^^^^^^^^^^^
[INFO] [stderr] 17 |     #[error("Unexpected wire type")]
[INFO] [stderr] 18 |     UnexpectedWireType(WireType),
[INFO] [stderr]    |     ^^^^^^^^^^^^^^^^^^
[INFO] [stderr] ...
[INFO] [stderr] 22 |     IncorrectVarint,
[INFO] [stderr]    |     ^^^^^^^^^^^^^^^
[INFO] [stderr] 23 |     #[error("Invalid UTF-8 sequence")]
[INFO] [stderr] 24 |     Utf8Error,
[INFO] [stderr]    |     ^^^^^^^^^
[INFO] [stderr] 25 |     #[error("Invalid enum `{}` value: {}", .0, .1)]
[INFO] [stderr] 26 |     InvalidEnumValue(&'static str, i32),
[INFO] [stderr]    |     ^^^^^^^^^^^^^^^^
[INFO] [stderr] 27 |     #[error("Over recursion limit")]
[INFO] [stderr] 28 |     OverRecursionLimit,
[INFO] [stderr]    |     ^^^^^^^^^^^^^^^^^^
[INFO] [stderr] 29 |     #[error("Truncated message")]
[INFO] [stderr] 30 |     TruncatedMessage,
[INFO] [stderr]    |     ^^^^^^^^^^^^^^^^
[INFO] [stderr] ...
[INFO] [stderr] 33 |     LimitOverflow,
[INFO] [stderr]    |     ^^^^^^^^^^^^^
[INFO] [stderr] 34 |     #[error("New limit must not be greater than current limit")]
[INFO] [stderr] 35 |     LimitIncrease,
[INFO] [stderr]    |     ^^^^^^^^^^^^^
[INFO] [stderr] 36 |     #[error("Encoded message size {0} is too large")]
[INFO] [stderr] 37 |     MessageTooLarge(u64),
[INFO] [stderr]    |     ^^^^^^^^^^^^^^^
[INFO] [stderr] 38 |     #[error("Value too large for u32: {}", .0)]
[INFO] [stderr] 39 |     U32Overflow(u64),
[INFO] [stderr]    |     ^^^^^^^^^^^
[INFO] [stderr] 40 |     #[error("Value too large for i32: {}", .0)]
[INFO] [stderr] 41 |     I32Overflow(i64),
[INFO] [stderr]    |     ^^^^^^^^^^^
[INFO] [stderr]    |
[INFO] [stderr]    = note: `WireError` has a derived impl for the trait `Debug`, but this is intentionally ignored during dead code analysis
[INFO] [stderr]    = note: `#[warn(dead_code)]` on by default
[INFO] [stderr] 
[INFO] [stderr] warning: method `is_named` is never used
[INFO] [stderr]   --> src/context/util.rs:36:8
[INFO] [stderr]    |
[INFO] [stderr] 31 | trait ImportDeclExt {
[INFO] [stderr]    |       ------------- method in this trait
[INFO] [stderr] ...
[INFO] [stderr] 36 |     fn is_named(&self) -> bool;
[INFO] [stderr]    |        ^^^^^^^^
[INFO] [stderr] 
[INFO] [stderr] warning: `protoc_gen_ets` (lib) generated 30 warnings (run `cargo fix --lib -p protoc_gen_ets` to apply 14 suggestions)
[INFO] [stderr] warning: `protoc_gen_ets` (lib test) generated 30 warnings (30 duplicates)
[INFO] [stderr] warning: unused imports: `Accessibility`, `BinaryOp`, `BindingIdent`, `BlockStmt`, `ClassDecl`, `ClassMethod`, `Class`, `Constructor`, `ExprStmt`, `Expr`, `Param`, `Pat`, `ReturnStmt`, `TsKeywordTypeKind`, `TsKeywordType`, `TsTypeAnn`, `TsTypeParamInstantiation`, `TsType`, `VarDeclKind`, `VarDecl`, and `VarDeclarator`
[INFO] [stderr]  --> src/runtime/lark/protobuf_js/mod.rs:3:5
[INFO] [stderr]   |
[INFO] [stderr] 3 |     Accessibility, BinaryOp, BindingIdent, BlockStmt, Class, ClassDecl, ClassMember, ClassMethod,
[INFO] [stderr]   |     ^^^^^^^^^^^^^  ^^^^^^^^  ^^^^^^^^^^^^  ^^^^^^^^^  ^^^^^  ^^^^^^^^^               ^^^^^^^^^^^
[INFO] [stderr] 4 |     Constructor, Decl, ExportDecl, Expr, ExprStmt, ModuleDecl, ModuleItem, Param, Pat, ReturnStmt,
[INFO] [stderr]   |     ^^^^^^^^^^^                    ^^^^  ^^^^^^^^                          ^^^^^  ^^^  ^^^^^^^^^^
[INFO] [stderr] 5 |     Stmt, TsEnumDecl, TsEnumMember, TsEnumMemberId, TsKeywordType, TsKeywordTypeKind,
[INFO] [stderr]   |                                                     ^^^^^^^^^^^^^  ^^^^^^^^^^^^^^^^^
[INFO] [stderr] 6 |     TsModuleBlock, TsModuleDecl, TsModuleName, TsNamespaceBody, TsType, TsTypeAnn,
[INFO] [stderr]   |                                                                 ^^^^^^  ^^^^^^^^^
[INFO] [stderr] 7 |     TsTypeParamInstantiation, VarDecl, VarDeclKind, VarDeclarator,
[INFO] [stderr]   |     ^^^^^^^^^^^^^^^^^^^^^^^^  ^^^^^^^  ^^^^^^^^^^^  ^^^^^^^^^^^^^
[INFO] [stderr]   |
[INFO] [stderr]   = note: `#[warn(unused_imports)]` on by default
[INFO] [stderr] 
[INFO] [stderr] warning: unused variable: `ctx`
[INFO] [stderr]    --> src/runtime/lark/protobuf_js/codec.rs:844:9
[INFO] [stderr]     |
[INFO] [stderr] 844 |         ctx: &mut Context,
[INFO] [stderr]     |         ^^^ help: if this is intentional, prefix it with an underscore: `_ctx`
[INFO] [stderr]     |
[INFO] [stderr]     = note: `#[warn(unused_variables)]` on by default
[INFO] [stderr] 
[INFO] [stderr] warning: `protoc_gen_ets` (bin "protoc-gen-ets") generated 16 warnings (14 duplicates) (run `cargo fix --bin "protoc-gen-ets"` to apply 1 suggestion)
[INFO] [stderr] warning: `protoc_gen_ets` (bin "protoc-gen-ets" test) generated 16 warnings (16 duplicates)
[INFO] [stderr]     Finished `test` profile [unoptimized + debuginfo] target(s) in 0.19s
[INFO] [stderr]      Running unittests src/lib.rs (/opt/rustwide/target/debug/deps/protoc_gen_ets-f19688d7fbfd612a)
[INFO] [stdout] 
[INFO] [stdout] running 0 tests
[INFO] [stdout] 
[INFO] [stdout] test result: ok. 0 passed; 0 failed; 0 ignored; 0 measured; 0 filtered out; finished in 0.00s
[INFO] [stdout] 
[INFO] [stderr]      Running unittests src/main.rs (/opt/rustwide/target/debug/deps/protoc_gen_ets-1b0cd722e599c331)
[INFO] [stdout] 
[INFO] [stdout] running 0 tests
[INFO] [stdout] 
[INFO] [stdout] test result: ok. 0 passed; 0 failed; 0 ignored; 0 measured; 0 filtered out; finished in 0.00s
[INFO] [stdout] 
[INFO] [stderr]      Running tests/enum.rs (/opt/rustwide/target/debug/deps/enum-c14c781c326f1a04)
[INFO] [stderr]      Running tests/gen.rs (/opt/rustwide/target/debug/deps/gen-bba1f189e44bd878)
[INFO] [stdout] 
[INFO] [stdout] running 0 tests
[INFO] [stdout] 
[INFO] [stdout] test result: ok. 0 passed; 0 failed; 0 ignored; 0 measured; 0 filtered out; finished in 0.00s
[INFO] [stdout] 
[INFO] [stdout] 
[INFO] [stdout] running 5 tests
[INFO] [stdout] test test_well_known ... FAILED
[INFO] [stdout] test test_grpc_web ... FAILED
[INFO] [stdout] test test_conformance ... FAILED
[INFO] [stdout] test test_import_strategy ... FAILED
[INFO] [stdout] test test_basic ... FAILED
[INFO] [stdout] 
[INFO] [stdout] failures:
[INFO] [stdout] 
[INFO] [stdout] ---- test_well_known stdout ----
[INFO] [stdout] 
[INFO] [stdout] thread 'test_well_known' panicked at tests/gen.rs:11:1:
[INFO] [stdout] could not create link: Os { code: 30, kind: ReadOnlyFilesystem, message: "Read-only file system" }
[INFO] [stdout] stack backtrace:
[INFO] [stdout]    0:     0x5ce1ca00c30a - std::backtrace_rs::backtrace::libunwind::trace::hb059275cfc8d6126
[INFO] [stdout]                                at /rustc/6067b36314ab5eb2eb47cecc464545ba58e1ad24/library/std/src/../../backtrace/src/backtrace/libunwind.rs:116:5
[INFO] [stdout]    1:     0x5ce1ca00c30a - std::backtrace_rs::backtrace::trace_unsynchronized::h2da071e4327ce3ee
[INFO] [stdout]                                at /rustc/6067b36314ab5eb2eb47cecc464545ba58e1ad24/library/std/src/../../backtrace/src/backtrace/mod.rs:66:5
[INFO] [stdout]    2:     0x5ce1ca00c30a - std::sys::backtrace::_print_fmt::h842a1474e6f8d23f
[INFO] [stdout]                                at /rustc/6067b36314ab5eb2eb47cecc464545ba58e1ad24/library/std/src/sys/backtrace.rs:66:9
[INFO] [stdout]    3:     0x5ce1ca00c30a - <std::sys::backtrace::BacktraceLock::print::DisplayBacktrace as core::fmt::Display>::fmt::h71a62eb3b9696b12
[INFO] [stdout]                                at /rustc/6067b36314ab5eb2eb47cecc464545ba58e1ad24/library/std/src/sys/backtrace.rs:39:26
[INFO] [stdout]    4:     0x5ce1ca0342f3 - core::fmt::rt::Argument::fmt::hdb6b616786b41dc1
[INFO] [stdout]                                at /rustc/6067b36314ab5eb2eb47cecc464545ba58e1ad24/library/core/src/fmt/rt.rs:177:76
[INFO] [stdout]    5:     0x5ce1ca0342f3 - core::fmt::write::h2cc1698af7e2d686
[INFO] [stdout]                                at /rustc/6067b36314ab5eb2eb47cecc464545ba58e1ad24/library/core/src/fmt/mod.rs:1440:21
[INFO] [stdout]    6:     0x5ce1ca008973 - std::io::Write::write_fmt::hab1b4cd059a79022
[INFO] [stdout]                                at /rustc/6067b36314ab5eb2eb47cecc464545ba58e1ad24/library/std/src/io/mod.rs:1887:15
[INFO] [stdout]    7:     0x5ce1ca00c152 - std::sys::backtrace::BacktraceLock::print::h147fe35b4ea13b08
[INFO] [stdout]                                at /rustc/6067b36314ab5eb2eb47cecc464545ba58e1ad24/library/std/src/sys/backtrace.rs:42:9
[INFO] [stdout]    8:     0x5ce1ca00d72f - std::panicking::default_hook::{{closure}}::hbd44223dbdc0d208
[INFO] [stdout]                                at /rustc/6067b36314ab5eb2eb47cecc464545ba58e1ad24/library/std/src/panicking.rs:298:22
[INFO] [stdout]    9:     0x5ce1ca00d548 - std::panicking::default_hook::h20f81eb0576efcec
[INFO] [stdout]                                at /rustc/6067b36314ab5eb2eb47cecc464545ba58e1ad24/library/std/src/panicking.rs:322:9
[INFO] [stdout]   10:     0x5ce1c9fd5723 - <alloc::boxed::Box<F,A> as core::ops::function::Fn<Args>>::call::hdb53814c496a4d34
[INFO] [stdout]                                at /rustc/6067b36314ab5eb2eb47cecc464545ba58e1ad24/library/alloc/src/boxed.rs:2027:9
[INFO] [stdout]   11:     0x5ce1c9fd5723 - test::test_main::{{closure}}::hc0a4963c59427c24
[INFO] [stdout]                                at /rustc/6067b36314ab5eb2eb47cecc464545ba58e1ad24/library/test/src/lib.rs:134:21
[INFO] [stdout]   12:     0x5ce1ca00e223 - <alloc::boxed::Box<F,A> as core::ops::function::Fn<Args>>::call::h591b2225413a77e9
[INFO] [stdout]                                at /rustc/6067b36314ab5eb2eb47cecc464545ba58e1ad24/library/alloc/src/boxed.rs:2027:9
[INFO] [stdout]   13:     0x5ce1ca00e223 - std::panicking::rust_panic_with_hook::h625eea43051b2edc
[INFO] [stdout]                                at /rustc/6067b36314ab5eb2eb47cecc464545ba58e1ad24/library/std/src/panicking.rs:839:13
[INFO] [stdout]   14:     0x5ce1ca00deda - std::panicking::begin_panic_handler::{{closure}}::h4f9159cfbc3f6bd3
[INFO] [stdout]                                at /rustc/6067b36314ab5eb2eb47cecc464545ba58e1ad24/library/std/src/panicking.rs:704:13
[INFO] [stdout]   15:     0x5ce1ca00c809 - std::sys::backtrace::__rust_end_short_backtrace::h0390abce48353151
[INFO] [stdout]                                at /rustc/6067b36314ab5eb2eb47cecc464545ba58e1ad24/library/std/src/sys/backtrace.rs:168:18
[INFO] [stdout]   16:     0x5ce1ca00db6d - rust_begin_unwind
[INFO] [stdout]                                at /rustc/6067b36314ab5eb2eb47cecc464545ba58e1ad24/library/std/src/panicking.rs:695:5
[INFO] [stdout]   17:     0x5ce1ca032da0 - core::panicking::panic_fmt::h9e7c637e9e5f29c9
[INFO] [stdout]                                at /rustc/6067b36314ab5eb2eb47cecc464545ba58e1ad24/library/core/src/panicking.rs:75:14
[INFO] [stdout]   18:     0x5ce1ca033146 - core::result::unwrap_failed::h7979f09313fe1849
[INFO] [stdout]                                at /rustc/6067b36314ab5eb2eb47cecc464545ba58e1ad24/library/core/src/result.rs:1704:5
[INFO] [stdout]   19:     0x5ce1c9f7686f - core::result::Result<T,E>::expect::hacd194971f998528
[INFO] [stdout]                                at /rustc/6067b36314ab5eb2eb47cecc464545ba58e1ad24/library/core/src/result.rs:1061:23
[INFO] [stdout]   20:     0x5ce1c9f7be0e - gen::test_well_known::h539c42ba6f9a409e
[INFO] [stdout]                                at /opt/rustwide/workdir/tests/helper/e2e.rs:29:13
[INFO] [stdout]   21:     0x5ce1c9f7b477 - gen::test_well_known::{{closure}}::h16376149f1866b32
[INFO] [stdout]                                at /opt/rustwide/workdir/tests/helper/e2e.rs:5:19
[INFO] [stdout]   22:     0x5ce1c9f7f586 - core::ops::function::FnOnce::call_once::he06dbdfe00b49785
[INFO] [stdout]                                at /rustc/6067b36314ab5eb2eb47cecc464545ba58e1ad24/library/core/src/ops/function.rs:250:5
[INFO] [stdout]   23:     0x5ce1c9fdae7b - core::ops::function::FnOnce::call_once::he27718dfdd183f43
[INFO] [stdout]                                at /rustc/6067b36314ab5eb2eb47cecc464545ba58e1ad24/library/core/src/ops/function.rs:250:5
[INFO] [stdout]   24:     0x5ce1c9fdae7b - test::__rust_begin_short_backtrace::h4e84902998457a5d
[INFO] [stdout]                                at /rustc/6067b36314ab5eb2eb47cecc464545ba58e1ad24/library/test/src/lib.rs:632:18
[INFO] [stdout]   25:     0x5ce1c9fd9db3 - test::run_test_in_process::{{closure}}::h7176fd18fc1feca0
[INFO] [stdout]                                at /rustc/6067b36314ab5eb2eb47cecc464545ba58e1ad24/library/test/src/lib.rs:655:60
[INFO] [stdout]   26:     0x5ce1c9fd9db3 - <core::panic::unwind_safe::AssertUnwindSafe<F> as core::ops::function::FnOnce<()>>::call_once::hf79cff2a624d8cf7
[INFO] [stdout]                                at /rustc/6067b36314ab5eb2eb47cecc464545ba58e1ad24/library/core/src/panic/unwind_safe.rs:272:9
[INFO] [stdout]   27:     0x5ce1c9fd9db3 - std::panicking::try::do_call::h3da0561d9ab99c25
[INFO] [stdout]                                at /rustc/6067b36314ab5eb2eb47cecc464545ba58e1ad24/library/std/src/panicking.rs:587:40
[INFO] [stdout]   28:     0x5ce1c9fd9db3 - std::panicking::try::h41c9fa508bc61df6
[INFO] [stdout]                                at /rustc/6067b36314ab5eb2eb47cecc464545ba58e1ad24/library/std/src/panicking.rs:550:19
[INFO] [stdout]   29:     0x5ce1c9fd9db3 - std::panic::catch_unwind::h6b3ff07bb5afad93
[INFO] [stdout]                                at /rustc/6067b36314ab5eb2eb47cecc464545ba58e1ad24/library/std/src/panic.rs:358:14
[INFO] [stdout]   30:     0x5ce1c9fd9db3 - test::run_test_in_process::hc7253dd11b39b9f4
[INFO] [stdout]                                at /rustc/6067b36314ab5eb2eb47cecc464545ba58e1ad24/library/test/src/lib.rs:655:27
[INFO] [stdout]   31:     0x5ce1c9fd9db3 - test::run_test::{{closure}}::hfb2007f8649c30bb
[INFO] [stdout]                                at /rustc/6067b36314ab5eb2eb47cecc464545ba58e1ad24/library/test/src/lib.rs:576:43
[INFO] [stdout]   32:     0x5ce1c9f9ce95 - test::run_test::{{closure}}::h56a17aa7a282a9f4
[INFO] [stdout]                                at /rustc/6067b36314ab5eb2eb47cecc464545ba58e1ad24/library/test/src/lib.rs:606:41
[INFO] [stdout]   33:     0x5ce1c9f9ce95 - std::sys::backtrace::__rust_begin_short_backtrace::hd2d2d2fb8e8c6aac
[INFO] [stdout]                                at /rustc/6067b36314ab5eb2eb47cecc464545ba58e1ad24/library/std/src/sys/backtrace.rs:152:18
[INFO] [stdout]   34:     0x5ce1c9fa077a - std::thread::Builder::spawn_unchecked_::{{closure}}::{{closure}}::h4faa3f9db6133423
[INFO] [stdout]                                at /rustc/6067b36314ab5eb2eb47cecc464545ba58e1ad24/library/std/src/thread/mod.rs:559:17
[INFO] [stdout]   35:     0x5ce1c9fa077a - <core::panic::unwind_safe::AssertUnwindSafe<F> as core::ops::function::FnOnce<()>>::call_once::hf2e855a36a4ea846
[INFO] [stdout]                                at /rustc/6067b36314ab5eb2eb47cecc464545ba58e1ad24/library/core/src/panic/unwind_safe.rs:272:9
[INFO] [stdout]   36:     0x5ce1c9fa077a - std::panicking::try::do_call::h2f73af3616c35465
[INFO] [stdout]                                at /rustc/6067b36314ab5eb2eb47cecc464545ba58e1ad24/library/std/src/panicking.rs:587:40
[INFO] [stdout]   37:     0x5ce1c9fa077a - std::panicking::try::hd1660ce9efadef5a
[INFO] [stdout]                                at /rustc/6067b36314ab5eb2eb47cecc464545ba58e1ad24/library/std/src/panicking.rs:550:19
[INFO] [stdout]   38:     0x5ce1c9fa077a - std::panic::catch_unwind::h5ee8d7823b8ca744
[INFO] [stdout]                                at /rustc/6067b36314ab5eb2eb47cecc464545ba58e1ad24/library/std/src/panic.rs:358:14
[INFO] [stdout]   39:     0x5ce1c9fa077a - std::thread::Builder::spawn_unchecked_::{{closure}}::h53c3a1894dce8407
[INFO] [stdout]                                at /rustc/6067b36314ab5eb2eb47cecc464545ba58e1ad24/library/std/src/thread/mod.rs:557:30
[INFO] [stdout]   40:     0x5ce1c9fa077a - core::ops::function::FnOnce::call_once{{vtable.shim}}::h048ce291ad4f62bf
[INFO] [stdout]                                at /rustc/6067b36314ab5eb2eb47cecc464545ba58e1ad24/library/core/src/ops/function.rs:250:5
[INFO] [stdout]   41:     0x5ce1ca012abb - <alloc::boxed::Box<F,A> as core::ops::function::FnOnce<Args>>::call_once::ha52bedf99a3b4981
[INFO] [stdout]                                at /rustc/6067b36314ab5eb2eb47cecc464545ba58e1ad24/library/alloc/src/boxed.rs:2013:9
[INFO] [stdout]   42:     0x5ce1ca012abb - <alloc::boxed::Box<F,A> as core::ops::function::FnOnce<Args>>::call_once::h567748934d80ccf8
[INFO] [stdout]                                at /rustc/6067b36314ab5eb2eb47cecc464545ba58e1ad24/library/alloc/src/boxed.rs:2013:9
[INFO] [stdout]   43:     0x5ce1ca012abb - std::sys::pal::unix::thread::Thread::new::thread_start::h2d970728ae887adc
[INFO] [stdout]                                at /rustc/6067b36314ab5eb2eb47cecc464545ba58e1ad24/library/std/src/sys/pal/unix/thread.rs:106:17
[INFO] [stdout]   44:     0x7d57a4d95ac3 - <unknown>
[INFO] [stdout]   45:     0x7d57a4e26a04 - clone
[INFO] [stdout]   46:                0x0 - <unknown>
[INFO] [stdout] 
[INFO] [stdout] ---- test_grpc_web stdout ----
[INFO] [stdout] 
[INFO] [stdout] thread 'test_grpc_web' panicked at tests/gen.rs:13:1:
[INFO] [stdout] could not create link: Os { code: 30, kind: ReadOnlyFilesystem, message: "Read-only file system" }
[INFO] [stdout] stack backtrace:
[INFO] [stdout]    0:     0x5ce1ca00c30a - std::backtrace_rs::backtrace::libunwind::trace::hb059275cfc8d6126
[INFO] [stdout]                                at /rustc/6067b36314ab5eb2eb47cecc464545ba58e1ad24/library/std/src/../../backtrace/src/backtrace/libunwind.rs:116:5
[INFO] [stdout]    1:     0x5ce1ca00c30a - std::backtrace_rs::backtrace::trace_unsynchronized::h2da071e4327ce3ee
[INFO] [stdout]                                at /rustc/6067b36314ab5eb2eb47cecc464545ba58e1ad24/library/std/src/../../backtrace/src/backtrace/mod.rs:66:5
[INFO] [stdout]    2:     0x5ce1ca00c30a - std::sys::backtrace::_print_fmt::h842a1474e6f8d23f
[INFO] [stdout]                                at /rustc/6067b36314ab5eb2eb47cecc464545ba58e1ad24/library/std/src/sys/backtrace.rs:66:9
[INFO] [stdout]    3:     0x5ce1ca00c30a - <std::sys::backtrace::BacktraceLock::print::DisplayBacktrace as core::fmt::Display>::fmt::h71a62eb3b9696b12
[INFO] [stdout]                                at /rustc/6067b36314ab5eb2eb47cecc464545ba58e1ad24/library/std/src/sys/backtrace.rs:39:26
[INFO] [stdout]    4:     0x5ce1ca0342f3 - core::fmt::rt::Argument::fmt::hdb6b616786b41dc1
[INFO] [stdout]                                at /rustc/6067b36314ab5eb2eb47cecc464545ba58e1ad24/library/core/src/fmt/rt.rs:177:76
[INFO] [stdout]    5:     0x5ce1ca0342f3 - core::fmt::write::h2cc1698af7e2d686
[INFO] [stdout]                                at /rustc/6067b36314ab5eb2eb47cecc464545ba58e1ad24/library/core/src/fmt/mod.rs:1440:21
[INFO] [stdout]    6:     0x5ce1ca008973 - std::io::Write::write_fmt::hab1b4cd059a79022
[INFO] [stdout]                                at /rustc/6067b36314ab5eb2eb47cecc464545ba58e1ad24/library/std/src/io/mod.rs:1887:15
[INFO] [stdout]    7:     0x5ce1ca00c152 - std::sys::backtrace::BacktraceLock::print::h147fe35b4ea13b08
[INFO] [stdout]                                at /rustc/6067b36314ab5eb2eb47cecc464545ba58e1ad24/library/std/src/sys/backtrace.rs:42:9
[INFO] [stdout]    8:     0x5ce1ca00d72f - std::panicking::default_hook::{{closure}}::hbd44223dbdc0d208
[INFO] [stdout]                                at /rustc/6067b36314ab5eb2eb47cecc464545ba58e1ad24/library/std/src/panicking.rs:298:22
[INFO] [stdout]    9:     0x5ce1ca00d548 - std::panicking::default_hook::h20f81eb0576efcec
[INFO] [stdout]                                at /rustc/6067b36314ab5eb2eb47cecc464545ba58e1ad24/library/std/src/panicking.rs:322:9
[INFO] [stdout]   10:     0x5ce1c9fd5723 - <alloc::boxed::Box<F,A> as core::ops::function::Fn<Args>>::call::hdb53814c496a4d34
[INFO] [stdout]                                at /rustc/6067b36314ab5eb2eb47cecc464545ba58e1ad24/library/alloc/src/boxed.rs:2027:9
[INFO] [stdout]   11:     0x5ce1c9fd5723 - test::test_main::{{closure}}::hc0a4963c59427c24
[INFO] [stdout]                                at /rustc/6067b36314ab5eb2eb47cecc464545ba58e1ad24/library/test/src/lib.rs:134:21
[INFO] [stdout]   12:     0x5ce1ca00e223 - <alloc::boxed::Box<F,A> as core::ops::function::Fn<Args>>::call::h591b2225413a77e9
[INFO] [stdout]                                at /rustc/6067b36314ab5eb2eb47cecc464545ba58e1ad24/library/alloc/src/boxed.rs:2027:9
[INFO] [stdout]   13:     0x5ce1ca00e223 - std::panicking::rust_panic_with_hook::h625eea43051b2edc
[INFO] [stdout]                                at /rustc/6067b36314ab5eb2eb47cecc464545ba58e1ad24/library/std/src/panicking.rs:839:13
[INFO] [stdout]   14:     0x5ce1ca00deda - std::panicking::begin_panic_handler::{{closure}}::h4f9159cfbc3f6bd3
[INFO] [stdout]                                at /rustc/6067b36314ab5eb2eb47cecc464545ba58e1ad24/library/std/src/panicking.rs:704:13
[INFO] [stdout]   15:     0x5ce1ca00c809 - std::sys::backtrace::__rust_end_short_backtrace::h0390abce48353151
[INFO] [stdout]                                at /rustc/6067b36314ab5eb2eb47cecc464545ba58e1ad24/library/std/src/sys/backtrace.rs:168:18
[INFO] [stdout]   16:     0x5ce1ca00db6d - rust_begin_unwind
[INFO] [stdout]                                at /rustc/6067b36314ab5eb2eb47cecc464545ba58e1ad24/library/std/src/panicking.rs:695:5
[INFO] [stdout]   17:     0x5ce1ca032da0 - core::panicking::panic_fmt::h9e7c637e9e5f29c9
[INFO] [stdout]                                at /rustc/6067b36314ab5eb2eb47cecc464545ba58e1ad24/library/core/src/panicking.rs:75:14
[INFO] [stdout]   18:     0x5ce1ca033146 - core::result::unwrap_failed::h7979f09313fe1849
[INFO] [stdout]                                at /rustc/6067b36314ab5eb2eb47cecc464545ba58e1ad24/library/core/src/result.rs:1704:5
[INFO] [stdout]   19:     0x5ce1c9f7686f - core::result::Result<T,E>::expect::hacd194971f998528
[INFO] [stdout]                                at /rustc/6067b36314ab5eb2eb47cecc464545ba58e1ad24/library/core/src/result.rs:1061:23
[INFO] [stdout]   20:     0x5ce1c9f7d41e - gen::test_grpc_web::hcad05bfa05e23fa9
[INFO] [stdout]                                at /opt/rustwide/workdir/tests/helper/e2e.rs:29:13
[INFO] [stdout]   21:     0x5ce1c9f7ca87 - gen::test_grpc_web::{{closure}}::h1f6bee687544168b
[INFO] [stdout]                                at /opt/rustwide/workdir/tests/helper/e2e.rs:5:19
[INFO] [stdout]   22:     0x5ce1c9f7f446 - core::ops::function::FnOnce::call_once::h21d1323c28b84342
[INFO] [stdout]                                at /rustc/6067b36314ab5eb2eb47cecc464545ba58e1ad24/library/core/src/ops/function.rs:250:5
[INFO] [stdout]   23:     0x5ce1c9fdae7b - core::ops::function::FnOnce::call_once::he27718dfdd183f43
[INFO] [stdout]                                at /rustc/6067b36314ab5eb2eb47cecc464545ba58e1ad24/library/core/src/ops/function.rs:250:5
[INFO] [stdout]   24:     0x5ce1c9fdae7b - test::__rust_begin_short_backtrace::h4e84902998457a5d
[INFO] [stdout]                                at /rustc/6067b36314ab5eb2eb47cecc464545ba58e1ad24/library/test/src/lib.rs:632:18
[INFO] [stdout]   25:     0x5ce1c9fd9db3 - test::run_test_in_process::{{closure}}::h7176fd18fc1feca0
[INFO] [stdout]                                at /rustc/6067b36314ab5eb2eb47cecc464545ba58e1ad24/library/test/src/lib.rs:655:60
[INFO] [stdout]   26:     0x5ce1c9fd9db3 - <core::panic::unwind_safe::AssertUnwindSafe<F> as core::ops::function::FnOnce<()>>::call_once::hf79cff2a624d8cf7
[INFO] [stdout]                                at /rustc/6067b36314ab5eb2eb47cecc464545ba58e1ad24/library/core/src/panic/unwind_safe.rs:272:9
[INFO] [stdout]   27:     0x5ce1c9fd9db3 - std::panicking::try::do_call::h3da0561d9ab99c25
[INFO] [stdout]                                at /rustc/6067b36314ab5eb2eb47cecc464545ba58e1ad24/library/std/src/panicking.rs:587:40
[INFO] [stdout]   28:     0x5ce1c9fd9db3 - std::panicking::try::h41c9fa508bc61df6
[INFO] [stdout]                                at /rustc/6067b36314ab5eb2eb47cecc464545ba58e1ad24/library/std/src/panicking.rs:550:19
[INFO] [stdout]   29:     0x5ce1c9fd9db3 - std::panic::catch_unwind::h6b3ff07bb5afad93
[INFO] [stdout]                                at /rustc/6067b36314ab5eb2eb47cecc464545ba58e1ad24/library/std/src/panic.rs:358:14
[INFO] [stdout]   30:     0x5ce1c9fd9db3 - test::run_test_in_process::hc7253dd11b39b9f4
[INFO] [stdout]                                at /rustc/6067b36314ab5eb2eb47cecc464545ba58e1ad24/library/test/src/lib.rs:655:27
[INFO] [stdout]   31:     0x5ce1c9fd9db3 - test::run_test::{{closure}}::hfb2007f8649c30bb
[INFO] [stdout]                                at /rustc/6067b36314ab5eb2eb47cecc464545ba58e1ad24/library/test/src/lib.rs:576:43
[INFO] [stdout]   32:     0x5ce1c9f9ce95 - test::run_test::{{closure}}::h56a17aa7a282a9f4
[INFO] [stdout]                                at /rustc/6067b36314ab5eb2eb47cecc464545ba58e1ad24/library/test/src/lib.rs:606:41
[INFO] [stdout]   33:     0x5ce1c9f9ce95 - std::sys::backtrace::__rust_begin_short_backtrace::hd2d2d2fb8e8c6aac
[INFO] [stdout]                                at /rustc/6067b36314ab5eb2eb47cecc464545ba58e1ad24/library/std/src/sys/backtrace.rs:152:18
[INFO] [stdout]   34:     0x5ce1c9fa077a - std::thread::Builder::spawn_unchecked_::{{closure}}::{{closure}}::h4faa3f9db6133423
[INFO] [stdout]                                at /rustc/6067b36314ab5eb2eb47cecc464545ba58e1ad24/library/std/src/thread/mod.rs:559:17
[INFO] [stdout]   35:     0x5ce1c9fa077a - <core::panic::unwind_safe::AssertUnwindSafe<F> as core::ops::function::FnOnce<()>>::call_once::hf2e855a36a4ea846
[INFO] [stdout]                                at /rustc/6067b36314ab5eb2eb47cecc464545ba58e1ad24/library/core/src/panic/unwind_safe.rs:272:9
[INFO] [stdout]   36:     0x5ce1c9fa077a - std::panicking::try::do_call::h2f73af3616c35465
[INFO] [stdout]                                at /rustc/6067b36314ab5eb2eb47cecc464545ba58e1ad24/library/std/src/panicking.rs:587:40
[INFO] [stdout]   37:     0x5ce1c9fa077a - std::panicking::try::hd1660ce9efadef5a
[INFO] [stdout]                                at /rustc/6067b36314ab5eb2eb47cecc464545ba58e1ad24/library/std/src/panicking.rs:550:19
[INFO] [stdout]   38:     0x5ce1c9fa077a - std::panic::catch_unwind::h5ee8d7823b8ca744
[INFO] [stdout]                                at /rustc/6067b36314ab5eb2eb47cecc464545ba58e1ad24/library/std/src/panic.rs:358:14
[INFO] [stdout]   39:     0x5ce1c9fa077a - std::thread::Builder::spawn_unchecked_::{{closure}}::h53c3a1894dce8407
[INFO] [stdout]                                at /rustc/6067b36314ab5eb2eb47cecc464545ba58e1ad24/library/std/src/thread/mod.rs:557:30
[INFO] [stdout]   40:     0x5ce1c9fa077a - core::ops::function::FnOnce::call_once{{vtable.shim}}::h048ce291ad4f62bf
[INFO] [stdout]                                at /rustc/6067b36314ab5eb2eb47cecc464545ba58e1ad24/library/core/src/ops/function.rs:250:5
[INFO] [stdout]   41:     0x5ce1ca012abb - <alloc::boxed::Box<F,A> as core::ops::function::FnOnce<Args>>::call_once::ha52bedf99a3b4981
[INFO] [stdout]                                at /rustc/6067b36314ab5eb2eb47cecc464545ba58e1ad24/library/alloc/src/boxed.rs:2013:9
[INFO] [stdout]   42:     0x5ce1ca012abb - <alloc::boxed::Box<F,A> as core::ops::function::FnOnce<Args>>::call_once::h567748934d80ccf8
[INFO] [stdout]                                at /rustc/6067b36314ab5eb2eb47cecc464545ba58e1ad24/library/alloc/src/boxed.rs:2013:9
[INFO] [stdout]   43:     0x5ce1ca012abb - std::sys::pal::unix::thread::Thread::new::thread_start::h2d970728ae887adc
[INFO] [stdout]                                at /rustc/6067b36314ab5eb2eb47cecc464545ba58e1ad24/library/std/src/sys/pal/unix/thread.rs:106:17
[INFO] [stdout]   44:     0x7d57a4d95ac3 - <unknown>
[INFO] [stdout]   45:     0x7d57a4e26a04 - clone
[INFO] [stdout]   46:                0x0 - <unknown>
[INFO] [stdout] 
[INFO] [stdout] ---- test_conformance stdout ----
[INFO] [stdout] 
[INFO] [stdout] thread 'test_conformance' panicked at tests/gen.rs:9:1:
[INFO] [stdout] could not create link: Os { code: 30, kind: ReadOnlyFilesystem, message: "Read-only file system" }
[INFO] [stdout] stack backtrace:
[INFO] [stdout]    0:     0x5ce1ca00c30a - std::backtrace_rs::backtrace::libunwind::trace::hb059275cfc8d6126
[INFO] [stdout]                                at /rustc/6067b36314ab5eb2eb47cecc464545ba58e1ad24/library/std/src/../../backtrace/src/backtrace/libunwind.rs:116:5
[INFO] [stdout]    1:     0x5ce1ca00c30a - std::backtrace_rs::backtrace::trace_unsynchronized::h2da071e4327ce3ee
[INFO] [stdout]                                at /rustc/6067b36314ab5eb2eb47cecc464545ba58e1ad24/library/std/src/../../backtrace/src/backtrace/mod.rs:66:5
[INFO] [stdout]    2:     0x5ce1ca00c30a - std::sys::backtrace::_print_fmt::h842a1474e6f8d23f
[INFO] [stdout]                                at /rustc/6067b36314ab5eb2eb47cecc464545ba58e1ad24/library/std/src/sys/backtrace.rs:66:9
[INFO] [stdout]    3:     0x5ce1ca00c30a - <std::sys::backtrace::BacktraceLock::print::DisplayBacktrace as core::fmt::Display>::fmt::h71a62eb3b9696b12
[INFO] [stdout]                                at /rustc/6067b36314ab5eb2eb47cecc464545ba58e1ad24/library/std/src/sys/backtrace.rs:39:26
[INFO] [stdout]    4:     0x5ce1ca0342f3 - core::fmt::rt::Argument::fmt::hdb6b616786b41dc1
[INFO] [stdout]                                at /rustc/6067b36314ab5eb2eb47cecc464545ba58e1ad24/library/core/src/fmt/rt.rs:177:76
[INFO] [stdout]    5:     0x5ce1ca0342f3 - core::fmt::write::h2cc1698af7e2d686
[INFO] [stdout]                                at /rustc/6067b36314ab5eb2eb47cecc464545ba58e1ad24/library/core/src/fmt/mod.rs:1440:21
[INFO] [stdout]    6:     0x5ce1ca008973 - std::io::Write::write_fmt::hab1b4cd059a79022
[INFO] [stdout]                                at /rustc/6067b36314ab5eb2eb47cecc464545ba58e1ad24/library/std/src/io/mod.rs:1887:15
[INFO] [stdout]    7:     0x5ce1ca00c152 - std::sys::backtrace::BacktraceLock::print::h147fe35b4ea13b08
[INFO] [stdout]                                at /rustc/6067b36314ab5eb2eb47cecc464545ba58e1ad24/library/std/src/sys/backtrace.rs:42:9
[INFO] [stdout]    8:     0x5ce1ca00d72f - std::panicking::default_hook::{{closure}}::hbd44223dbdc0d208
[INFO] [stdout]                                at /rustc/6067b36314ab5eb2eb47cecc464545ba58e1ad24/library/std/src/panicking.rs:298:22
[INFO] [stdout]    9:     0x5ce1ca00d548 - std::panicking::default_hook::h20f81eb0576efcec
[INFO] [stdout]                                at /rustc/6067b36314ab5eb2eb47cecc464545ba58e1ad24/library/std/src/panicking.rs:322:9
[INFO] [stdout]   10:     0x5ce1c9fd5723 - <alloc::boxed::Box<F,A> as core::ops::function::Fn<Args>>::call::hdb53814c496a4d34
[INFO] [stdout]                                at /rustc/6067b36314ab5eb2eb47cecc464545ba58e1ad24/library/alloc/src/boxed.rs:2027:9
[INFO] [stdout]   11:     0x5ce1c9fd5723 - test::test_main::{{closure}}::hc0a4963c59427c24
[INFO] [stdout]                                at /rustc/6067b36314ab5eb2eb47cecc464545ba58e1ad24/library/test/src/lib.rs:134:21
[INFO] [stdout]   12:     0x5ce1ca00e223 - <alloc::boxed::Box<F,A> as core::ops::function::Fn<Args>>::call::h591b2225413a77e9
[INFO] [stdout]                                at /rustc/6067b36314ab5eb2eb47cecc464545ba58e1ad24/library/alloc/src/boxed.rs:2027:9
[INFO] [stdout]   13:     0x5ce1ca00e223 - std::panicking::rust_panic_with_hook::h625eea43051b2edc
[INFO] [stdout]                                at /rustc/6067b36314ab5eb2eb47cecc464545ba58e1ad24/library/std/src/panicking.rs:839:13
[INFO] [stdout]   14:     0x5ce1ca00deda - std::panicking::begin_panic_handler::{{closure}}::h4f9159cfbc3f6bd3
[INFO] [stdout]                                at /rustc/6067b36314ab5eb2eb47cecc464545ba58e1ad24/library/std/src/panicking.rs:704:13
[INFO] [stdout]   15:     0x5ce1ca00c809 - std::sys::backtrace::__rust_end_short_backtrace::h0390abce48353151
[INFO] [stdout]                                at /rustc/6067b36314ab5eb2eb47cecc464545ba58e1ad24/library/std/src/sys/backtrace.rs:168:18
[INFO] [stdout]   16:     0x5ce1ca00db6d - rust_begin_unwind
[INFO] [stdout]                                at /rustc/6067b36314ab5eb2eb47cecc464545ba58e1ad24/library/std/src/panicking.rs:695:5
[INFO] [stdout]   17:     0x5ce1ca032da0 - core::panicking::panic_fmt::h9e7c637e9e5f29c9
[INFO] [stdout]                                at /rustc/6067b36314ab5eb2eb47cecc464545ba58e1ad24/library/core/src/panicking.rs:75:14
[INFO] [stdout]   18:     0x5ce1ca033146 - core::result::unwrap_failed::h7979f09313fe1849
[INFO] [stdout]                                at /rustc/6067b36314ab5eb2eb47cecc464545ba58e1ad24/library/core/src/result.rs:1704:5
[INFO] [stdout]   19:     0x5ce1c9f7686f - core::result::Result<T,E>::expect::hacd194971f998528
[INFO] [stdout]                                at /rustc/6067b36314ab5eb2eb47cecc464545ba58e1ad24/library/core/src/result.rs:1061:23
[INFO] [stdout]   20:     0x5ce1c9f7a7fe - gen::test_conformance::h8f675277e1a1c0f9
[INFO] [stdout]                                at /opt/rustwide/workdir/tests/helper/e2e.rs:29:13
[INFO] [stdout]   21:     0x5ce1c9f79e67 - gen::test_conformance::{{closure}}::h03271d4b6d5e62f0
[INFO] [stdout]                                at /opt/rustwide/workdir/tests/helper/e2e.rs:5:19
[INFO] [stdout]   22:     0x5ce1c9f7f406 - core::ops::function::FnOnce::call_once::h063fc994c94b8abf
[INFO] [stdout]                                at /rustc/6067b36314ab5eb2eb47cecc464545ba58e1ad24/library/core/src/ops/function.rs:250:5
[INFO] [stdout]   23:     0x5ce1c9fdae7b - core::ops::function::FnOnce::call_once::he27718dfdd183f43
[INFO] [stdout]                                at /rustc/6067b36314ab5eb2eb47cecc464545ba58e1ad24/library/core/src/ops/function.rs:250:5
[INFO] [stdout]   24:     0x5ce1c9fdae7b - test::__rust_begin_short_backtrace::h4e84902998457a5d
[INFO] [stdout]                                at /rustc/6067b36314ab5eb2eb47cecc464545ba58e1ad24/library/test/src/lib.rs:632:18
[INFO] [stdout]   25:     0x5ce1c9fd9db3 - test::run_test_in_process::{{closure}}::h7176fd18fc1feca0
[INFO] [stdout]                                at /rustc/6067b36314ab5eb2eb47cecc464545ba58e1ad24/library/test/src/lib.rs:655:60
[INFO] [stdout]   26:     0x5ce1c9fd9db3 - <core::panic::unwind_safe::AssertUnwindSafe<F> as core::ops::function::FnOnce<()>>::call_once::hf79cff2a624d8cf7
[INFO] [stdout]                                at /rustc/6067b36314ab5eb2eb47cecc464545ba58e1ad24/library/core/src/panic/unwind_safe.rs:272:9
[INFO] [stdout]   27:     0x5ce1c9fd9db3 - std::panicking::try::do_call::h3da0561d9ab99c25
[INFO] [stdout]                                at /rustc/6067b36314ab5eb2eb47cecc464545ba58e1ad24/library/std/src/panicking.rs:587:40
[INFO] [stdout]   28:     0x5ce1c9fd9db3 - std::panicking::try::h41c9fa508bc61df6
[INFO] [stdout]                                at /rustc/6067b36314ab5eb2eb47cecc464545ba58e1ad24/library/std/src/panicking.rs:550:19
[INFO] [stdout]   29:     0x5ce1c9fd9db3 - std::panic::catch_unwind::h6b3ff07bb5afad93
[INFO] [stdout]                                at /rustc/6067b36314ab5eb2eb47cecc464545ba58e1ad24/library/std/src/panic.rs:358:14
[INFO] [stdout]   30:     0x5ce1c9fd9db3 - test::run_test_in_process::hc7253dd11b39b9f4
[INFO] [stdout]                                at /rustc/6067b36314ab5eb2eb47cecc464545ba58e1ad24/library/test/src/lib.rs:655:27
[INFO] [stdout]   31:     0x5ce1c9fd9db3 - test::run_test::{{closure}}::hfb2007f8649c30bb
[INFO] [stdout]                                at /rustc/6067b36314ab5eb2eb47cecc464545ba58e1ad24/library/test/src/lib.rs:576:43
[INFO] [stdout]   32:     0x5ce1c9f9ce95 - test::run_test::{{closure}}::h56a17aa7a282a9f4
[INFO] [stdout]                                at /rustc/6067b36314ab5eb2eb47cecc464545ba58e1ad24/library/test/src/lib.rs:606:41
[INFO] [stdout]   33:     0x5ce1c9f9ce95 - std::sys::backtrace::__rust_begin_short_backtrace::hd2d2d2fb8e8c6aac
[INFO] [stdout]                                at /rustc/6067b36314ab5eb2eb47cecc464545ba58e1ad24/library/std/src/sys/backtrace.rs:152:18
[INFO] [stdout]   34:     0x5ce1c9fa077a - std::thread::Builder::spawn_unchecked_::{{closure}}::{{closure}}::h4faa3f9db6133423
[INFO] [stdout]                                at /rustc/6067b36314ab5eb2eb47cecc464545ba58e1ad24/library/std/src/thread/mod.rs:559:17
[INFO] [stdout]   35:     0x5ce1c9fa077a - <core::panic::unwind_safe::AssertUnwindSafe<F> as core::ops::function::FnOnce<()>>::call_once::hf2e855a36a4ea846
[INFO] [stdout]                                at /rustc/6067b36314ab5eb2eb47cecc464545ba58e1ad24/library/core/src/panic/unwind_safe.rs:272:9
[INFO] [stdout]   36:     0x5ce1c9fa077a - std::panicking::try::do_call::h2f73af3616c35465
[INFO] [stdout]                                at /rustc/6067b36314ab5eb2eb47cecc464545ba58e1ad24/library/std/src/panicking.rs:587:40
[INFO] [stdout]   37:     0x5ce1c9fa077a - std::panicking::try::hd1660ce9efadef5a
[INFO] [stdout]                                at /rustc/6067b36314ab5eb2eb47cecc464545ba58e1ad24/library/std/src/panicking.rs:550:19
[INFO] [stdout]   38:     0x5ce1c9fa077a - std::panic::catch_unwind::h5ee8d7823b8ca744
[INFO] [stdout]                                at /rustc/6067b36314ab5eb2eb47cecc464545ba58e1ad24/library/std/src/panic.rs:358:14
[INFO] [stdout]   39:     0x5ce1c9fa077a - std::thread::Builder::spawn_unchecked_::{{closure}}::h53c3a1894dce8407
[INFO] [stdout]                                at /rustc/6067b36314ab5eb2eb47cecc464545ba58e1ad24/library/std/src/thread/mod.rs:557:30
[INFO] [stdout]   40:     0x5ce1c9fa077a - core::ops::function::FnOnce::call_once{{vtable.shim}}::h048ce291ad4f62bf
[INFO] [stdout]                                at /rustc/6067b36314ab5eb2eb47cecc464545ba58e1ad24/library/core/src/ops/function.rs:250:5
[INFO] [stdout]   41:     0x5ce1ca012abb - <alloc::boxed::Box<F,A> as core::ops::function::FnOnce<Args>>::call_once::ha52bedf99a3b4981
[INFO] [stdout]                                at /rustc/6067b36314ab5eb2eb47cecc464545ba58e1ad24/library/alloc/src/boxed.rs:2013:9
[INFO] [stdout]   42:     0x5ce1ca012abb - <alloc::boxed::Box<F,A> as core::ops::function::FnOnce<Args>>::call_once::h567748934d80ccf8
[INFO] [stdout]                                at /rustc/6067b36314ab5eb2eb47cecc464545ba58e1ad24/library/alloc/src/boxed.rs:2013:9
[INFO] [stdout]   43:     0x5ce1ca012abb - std::sys::pal::unix::thread::Thread::new::thread_start::h2d970728ae887adc
[INFO] [stdout]                                at /rustc/6067b36314ab5eb2eb47cecc464545ba58e1ad24/library/std/src/sys/pal/unix/thread.rs:106:17
[INFO] [stdout]   44:     0x7d57a4d95ac3 - <unknown>
[INFO] [stdout]   45:     0x7d57a4e26a04 - clone
[INFO] [stdout]   46:                0x0 - <unknown>
[INFO] [stdout] 
[INFO] [stdout] ---- test_import_strategy stdout ----
[INFO] [stdout] 
[INFO] [stdout] thread 'test_import_strategy' panicked at tests/gen.rs:7:1:
[INFO] [stdout] could not create link: Os { code: 30, kind: ReadOnlyFilesystem, message: "Read-only file system" }
[INFO] [stdout] stack backtrace:
[INFO] [stdout]    0:     0x5ce1ca00c30a - std::backtrace_rs::backtrace::libunwind::trace::hb059275cfc8d6126
[INFO] [stdout]                                at /rustc/6067b36314ab5eb2eb47cecc464545ba58e1ad24/library/std/src/../../backtrace/src/backtrace/libunwind.rs:116:5
[INFO] [stdout]    1:     0x5ce1ca00c30a - std::backtrace_rs::backtrace::trace_unsynchronized::h2da071e4327ce3ee
[INFO] [stdout]                                at /rustc/6067b36314ab5eb2eb47cecc464545ba58e1ad24/library/std/src/../../backtrace/src/backtrace/mod.rs:66:5
[INFO] [stdout]    2:     0x5ce1ca00c30a - std::sys::backtrace::_print_fmt::h842a1474e6f8d23f
[INFO] [stdout]                                at /rustc/6067b36314ab5eb2eb47cecc464545ba58e1ad24/library/std/src/sys/backtrace.rs:66:9
[INFO] [stdout]    3:     0x5ce1ca00c30a - <std::sys::backtrace::BacktraceLock::print::DisplayBacktrace as core::fmt::Display>::fmt::h71a62eb3b9696b12
[INFO] [stdout]                                at /rustc/6067b36314ab5eb2eb47cecc464545ba58e1ad24/library/std/src/sys/backtrace.rs:39:26
[INFO] [stdout]    4:     0x5ce1ca0342f3 - core::fmt::rt::Argument::fmt::hdb6b616786b41dc1
[INFO] [stdout]                                at /rustc/6067b36314ab5eb2eb47cecc464545ba58e1ad24/library/core/src/fmt/rt.rs:177:76
[INFO] [stdout]    5:     0x5ce1ca0342f3 - core::fmt::write::h2cc1698af7e2d686
[INFO] [stdout]                                at /rustc/6067b36314ab5eb2eb47cecc464545ba58e1ad24/library/core/src/fmt/mod.rs:1440:21
[INFO] [stdout]    6:     0x5ce1ca008973 - std::io::Write::write_fmt::hab1b4cd059a79022
[INFO] [stdout]                                at /rustc/6067b36314ab5eb2eb47cecc464545ba58e1ad24/library/std/src/io/mod.rs:1887:15
[INFO] [stdout]    7:     0x5ce1ca00c152 - std::sys::backtrace::BacktraceLock::print::h147fe35b4ea13b08
[INFO] [stdout]                                at /rustc/6067b36314ab5eb2eb47cecc464545ba58e1ad24/library/std/src/sys/backtrace.rs:42:9
[INFO] [stdout]    8:     0x5ce1ca00d72f - std::panicking::default_hook::{{closure}}::hbd44223dbdc0d208
[INFO] [stdout]                                at /rustc/6067b36314ab5eb2eb47cecc464545ba58e1ad24/library/std/src/panicking.rs:298:22
[INFO] [stdout]    9:     0x5ce1ca00d548 - std::panicking::default_hook::h20f81eb0576efcec
[INFO] [stdout]                                at /rustc/6067b36314ab5eb2eb47cecc464545ba58e1ad24/library/std/src/panicking.rs:322:9
[INFO] [stdout]   10:     0x5ce1c9fd5723 - <alloc::boxed::Box<F,A> as core::ops::function::Fn<Args>>::call::hdb53814c496a4d34
[INFO] [stdout]                                at /rustc/6067b36314ab5eb2eb47cecc464545ba58e1ad24/library/alloc/src/boxed.rs:2027:9
[INFO] [stdout]   11:     0x5ce1c9fd5723 - test::test_main::{{closure}}::hc0a4963c59427c24
[INFO] [stdout]                                at /rustc/6067b36314ab5eb2eb47cecc464545ba58e1ad24/library/test/src/lib.rs:134:21
[INFO] [stdout]   12:     0x5ce1ca00e223 - <alloc::boxed::Box<F,A> as core::ops::function::Fn<Args>>::call::h591b2225413a77e9
[INFO] [stdout]                                at /rustc/6067b36314ab5eb2eb47cecc464545ba58e1ad24/library/alloc/src/boxed.rs:2027:9
[INFO] [stdout]   13:     0x5ce1ca00e223 - std::panicking::rust_panic_with_hook::h625eea43051b2edc
[INFO] [stdout]                                at /rustc/6067b36314ab5eb2eb47cecc464545ba58e1ad24/library/std/src/panicking.rs:839:13
[INFO] [stdout]   14:     0x5ce1ca00deda - std::panicking::begin_panic_handler::{{closure}}::h4f9159cfbc3f6bd3
[INFO] [stdout]                                at /rustc/6067b36314ab5eb2eb47cecc464545ba58e1ad24/library/std/src/panicking.rs:704:13
[INFO] [stdout]   15:     0x5ce1ca00c809 - std::sys::backtrace::__rust_end_short_backtrace::h0390abce48353151
[INFO] [stdout]                                at /rustc/6067b36314ab5eb2eb47cecc464545ba58e1ad24/library/std/src/sys/backtrace.rs:168:18
[INFO] [stdout]   16:     0x5ce1ca00db6d - rust_begin_unwind
[INFO] [stdout]                                at /rustc/6067b36314ab5eb2eb47cecc464545ba58e1ad24/library/std/src/panicking.rs:695:5
[INFO] [stdout]   17:     0x5ce1ca032da0 - core::panicking::panic_fmt::h9e7c637e9e5f29c9
[INFO] [stdout]                                at /rustc/6067b36314ab5eb2eb47cecc464545ba58e1ad24/library/core/src/panicking.rs:75:14
[INFO] [stdout]   18:     0x5ce1ca033146 - core::result::unwrap_failed::h7979f09313fe1849
[INFO] [stdout]                                at /rustc/6067b36314ab5eb2eb47cecc464545ba58e1ad24/library/core/src/result.rs:1704:5
[INFO] [stdout]   19:     0x5ce1c9f7686f - core::result::Result<T,E>::expect::hacd194971f998528
[INFO] [stdout]                                at /rustc/6067b36314ab5eb2eb47cecc464545ba58e1ad24/library/core/src/result.rs:1061:23
[INFO] [stdout]   20:     0x5ce1c9f791ee - gen::test_import_strategy::hf73d61ea65430152
[INFO] [stdout]                                at /opt/rustwide/workdir/tests/helper/e2e.rs:29:13
[INFO] [stdout]   21:     0x5ce1c9f78857 - gen::test_import_strategy::{{closure}}::hb250c5c579f96590
[INFO] [stdout]                                at /opt/rustwide/workdir/tests/helper/e2e.rs:5:19
[INFO] [stdout]   22:     0x5ce1c9f7f546 - core::ops::function::FnOnce::call_once::hdda6998350f66894
[INFO] [stdout]                                at /rustc/6067b36314ab5eb2eb47cecc464545ba58e1ad24/library/core/src/ops/function.rs:250:5
[INFO] [stdout]   23:     0x5ce1c9fdae7b - core::ops::function::FnOnce::call_once::he27718dfdd183f43
[INFO] [stdout]                                at /rustc/6067b36314ab5eb2eb47cecc464545ba58e1ad24/library/core/src/ops/function.rs:250:5
[INFO] [stdout]   24:     0x5ce1c9fdae7b - test::__rust_begin_short_backtrace::h4e84902998457a5d
[INFO] [stdout]                                at /rustc/6067b36314ab5eb2eb47cecc464545ba58e1ad24/library/test/src/lib.rs:632:18
[INFO] [stdout]   25:     0x5ce1c9fd9db3 - test::run_test_in_process::{{closure}}::h7176fd18fc1feca0
[INFO] [stdout]                                at /rustc/6067b36314ab5eb2eb47cecc464545ba58e1ad24/library/test/src/lib.rs:655:60
[INFO] [stdout]   26:     0x5ce1c9fd9db3 - <core::panic::unwind_safe::AssertUnwindSafe<F> as core::ops::function::FnOnce<()>>::call_once::hf79cff2a624d8cf7
[INFO] [stdout]                                at /rustc/6067b36314ab5eb2eb47cecc464545ba58e1ad24/library/core/src/panic/unwind_safe.rs:272:9
[INFO] [stdout]   27:     0x5ce1c9fd9db3 - std::panicking::try::do_call::h3da0561d9ab99c25
[INFO] [stdout]                                at /rustc/6067b36314ab5eb2eb47cecc464545ba58e1ad24/library/std/src/panicking.rs:587:40
[INFO] [stdout]   28:     0x5ce1c9fd9db3 - std::panicking::try::h41c9fa508bc61df6
[INFO] [stdout]                                at /rustc/6067b36314ab5eb2eb47cecc464545ba58e1ad24/library/std/src/panicking.rs:550:19
[INFO] [stdout]   29:     0x5ce1c9fd9db3 - std::panic::catch_unwind::h6b3ff07bb5afad93
[INFO] [stdout]                                at /rustc/6067b36314ab5eb2eb47cecc464545ba58e1ad24/library/std/src/panic.rs:358:14
[INFO] [stdout]   30:     0x5ce1c9fd9db3 - test::run_test_in_process::hc7253dd11b39b9f4
[INFO] [stdout]                                at /rustc/6067b36314ab5eb2eb47cecc464545ba58e1ad24/library/test/src/lib.rs:655:27
[INFO] [stdout]   31:     0x5ce1c9fd9db3 - test::run_test::{{closure}}::hfb2007f8649c30bb
[INFO] [stdout]                                at /rustc/6067b36314ab5eb2eb47cecc464545ba58e1ad24/library/test/src/lib.rs:576:43
[INFO] [stdout]   32:     0x5ce1c9f9ce95 - test::run_test::{{closure}}::h56a17aa7a282a9f4
[INFO] [stdout]                                at /rustc/6067b36314ab5eb2eb47cecc464545ba58e1ad24/library/test/src/lib.rs:606:41
[INFO] [stdout]   33:     0x5ce1c9f9ce95 - std::sys::backtrace::__rust_begin_short_backtrace::hd2d2d2fb8e8c6aac
[INFO] [stdout]                                at /rustc/6067b36314ab5eb2eb47cecc464545ba58e1ad24/library/std/src/sys/backtrace.rs:152:18
[INFO] [stdout]   34:     0x5ce1c9fa077a - std::thread::Builder::spawn_unchecked_::{{closure}}::{{closure}}::h4faa3f9db6133423
[INFO] [stdout]                                at /rustc/6067b36314ab5eb2eb47cecc464545ba58e1ad24/library/std/src/thread/mod.rs:559:17
[INFO] [stdout]   35:     0x5ce1c9fa077a - <core::panic::unwind_safe::AssertUnwindSafe<F> as core::ops::function::FnOnce<()>>::call_once::hf2e855a36a4ea846
[INFO] [stdout]                                at /rustc/6067b36314ab5eb2eb47cecc464545ba58e1ad24/library/core/src/panic/unwind_safe.rs:272:9
[INFO] [stdout]   36:     0x5ce1c9fa077a - std::panicking::try::do_call::h2f73af3616c35465
[INFO] [stdout]                                at /rustc/6067b36314ab5eb2eb47cecc464545ba58e1ad24/library/std/src/panicking.rs:587:40
[INFO] [stdout]   37:     0x5ce1c9fa077a - std::panicking::try::hd1660ce9efadef5a
[INFO] [stdout]                                at /rustc/6067b36314ab5eb2eb47cecc464545ba58e1ad24/library/std/src/panicking.rs:550:19
[INFO] [stdout]   38:     0x5ce1c9fa077a - std::panic::catch_unwind::h5ee8d7823b8ca744
[INFO] [stdout]                                at /rustc/6067b36314ab5eb2eb47cecc464545ba58e1ad24/library/std/src/panic.rs:358:14
[INFO] [stdout]   39:     0x5ce1c9fa077a - std::thread::Builder::spawn_unchecked_::{{closure}}::h53c3a1894dce8407
[INFO] [stdout]                                at /rustc/6067b36314ab5eb2eb47cecc464545ba58e1ad24/library/std/src/thread/mod.rs:557:30
[INFO] [stdout]   40:     0x5ce1c9fa077a - core::ops::function::FnOnce::call_once{{vtable.shim}}::h048ce291ad4f62bf
[INFO] [stdout]                                at /rustc/6067b36314ab5eb2eb47cecc464545ba58e1ad24/library/core/src/ops/function.rs:250:5
[INFO] [stdout]   41:     0x5ce1ca012abb - <alloc::boxed::Box<F,A> as core::ops::function::FnOnce<Args>>::call_once::ha52bedf99a3b4981
[INFO] [stdout]                                at /rustc/6067b36314ab5eb2eb47cecc464545ba58e1ad24/library/alloc/src/boxed.rs:2013:9
[INFO] [stdout]   42:     0x5ce1ca012abb - <alloc::boxed::Box<F,A> as core::ops::function::FnOnce<Args>>::call_once::h567748934d80ccf8
[INFO] [stdout]                                at /rustc/6067b36314ab5eb2eb47cecc464545ba58e1ad24/library/alloc/src/boxed.rs:2013:9
[INFO] [stdout]   43:     0x5ce1ca012abb - std::sys::pal::unix::thread::Thread::new::thread_start::h2d970728ae887adc
[INFO] [stdout]                                at /rustc/6067b36314ab5eb2eb47cecc464545ba58e1ad24/library/std/src/sys/pal/unix/thread.rs:106:17
[INFO] [stdout]   44:     0x7d57a4d95ac3 - <unknown>
[INFO] [stdout]   45:     0x7d57a4e26a04 - clone
[INFO] [stdout]   46:                0x0 - <unknown>
[INFO] [stdout] 
[INFO] [stdout] ---- test_basic stdout ----
[INFO] [stdout] 
[INFO] [stdout] thread 'test_basic' panicked at tests/gen.rs:5:1:
[INFO] [stdout] could not create link: Os { code: 30, kind: ReadOnlyFilesystem, message: "Read-only file system" }
[INFO] [stdout] stack backtrace:
[INFO] [stdout]    0:     0x5ce1ca00c30a - std::backtrace_rs::backtrace::libunwind::trace::hb059275cfc8d6126
[INFO] [stdout]                                at /rustc/6067b36314ab5eb2eb47cecc464545ba58e1ad24/library/std/src/../../backtrace/src/backtrace/libunwind.rs:116:5
[INFO] [stdout]    1:     0x5ce1ca00c30a - std::backtrace_rs::backtrace::trace_unsynchronized::h2da071e4327ce3ee
[INFO] [stdout]                                at /rustc/6067b36314ab5eb2eb47cecc464545ba58e1ad24/library/std/src/../../backtrace/src/backtrace/mod.rs:66:5
[INFO] [stdout]    2:     0x5ce1ca00c30a - std::sys::backtrace::_print_fmt::h842a1474e6f8d23f
[INFO] [stdout]                                at /rustc/6067b36314ab5eb2eb47cecc464545ba58e1ad24/library/std/src/sys/backtrace.rs:66:9
[INFO] [stdout]    3:     0x5ce1ca00c30a - <std::sys::backtrace::BacktraceLock::print::DisplayBacktrace as core::fmt::Display>::fmt::h71a62eb3b9696b12
[INFO] [stdout]                                at /rustc/6067b36314ab5eb2eb47cecc464545ba58e1ad24/library/std/src/sys/backtrace.rs:39:26
[INFO] [stdout]    4:     0x5ce1ca0342f3 - core::fmt::rt::Argument::fmt::hdb6b616786b41dc1
[INFO] [stdout]                                at /rustc/6067b36314ab5eb2eb47cecc464545ba58e1ad24/library/core/src/fmt/rt.rs:177:76
[INFO] [stdout]    5:     0x5ce1ca0342f3 - core::fmt::write::h2cc1698af7e2d686
[INFO] [stdout]                                at /rustc/6067b36314ab5eb2eb47cecc464545ba58e1ad24/library/core/src/fmt/mod.rs:1440:21
[INFO] [stdout]    6:     0x5ce1ca008973 - std::io::Write::write_fmt::hab1b4cd059a79022
[INFO] [stdout]                                at /rustc/6067b36314ab5eb2eb47cecc464545ba58e1ad24/library/std/src/io/mod.rs:1887:15
[INFO] [stdout]    7:     0x5ce1ca00c152 - std::sys::backtrace::BacktraceLock::print::h147fe35b4ea13b08
[INFO] [stdout]                                at /rustc/6067b36314ab5eb2eb47cecc464545ba58e1ad24/library/std/src/sys/backtrace.rs:42:9
[INFO] [stdout]    8:     0x5ce1ca00d72f - std::panicking::default_hook::{{closure}}::hbd44223dbdc0d208
[INFO] [stdout]                                at /rustc/6067b36314ab5eb2eb47cecc464545ba58e1ad24/library/std/src/panicking.rs:298:22
[INFO] [stdout]    9:     0x5ce1ca00d548 - std::panicking::default_hook::h20f81eb0576efcec
[INFO] [stdout]                                at /rustc/6067b36314ab5eb2eb47cecc464545ba58e1ad24/library/std/src/panicking.rs:322:9
[INFO] [stdout]   10:     0x5ce1c9fd5723 - <alloc::boxed::Box<F,A> as core::ops::function::Fn<Args>>::call::hdb53814c496a4d34
[INFO] [stdout]                                at /rustc/6067b36314ab5eb2eb47cecc464545ba58e1ad24/library/alloc/src/boxed.rs:2027:9
[INFO] [stdout]   11:     0x5ce1c9fd5723 - test::test_main::{{closure}}::hc0a4963c59427c24
[INFO] [stdout]                                at /rustc/6067b36314ab5eb2eb47cecc464545ba58e1ad24/library/test/src/lib.rs:134:21
[INFO] [stdout]   12:     0x5ce1ca00e223 - <alloc::boxed::Box<F,A> as core::ops::function::Fn<Args>>::call::h591b2225413a77e9
[INFO] [stdout]                                at /rustc/6067b36314ab5eb2eb47cecc464545ba58e1ad24/library/alloc/src/boxed.rs:2027:9
[INFO] [stdout]   13:     0x5ce1ca00e223 - std::panicking::rust_panic_with_hook::h625eea43051b2edc
[INFO] [stdout]                                at /rustc/6067b36314ab5eb2eb47cecc464545ba58e1ad24/library/std/src/panicking.rs:839:13
[INFO] [stdout]   14:     0x5ce1ca00deda - std::panicking::begin_panic_handler::{{closure}}::h4f9159cfbc3f6bd3
[INFO] [stdout]                                at /rustc/6067b36314ab5eb2eb47cecc464545ba58e1ad24/library/std/src/panicking.rs:704:13
[INFO] [stdout]   15:     0x5ce1ca00c809 - std::sys::backtrace::__rust_end_short_backtrace::h0390abce48353151
[INFO] [stdout]                                at /rustc/6067b36314ab5eb2eb47cecc464545ba58e1ad24/library/std/src/sys/backtrace.rs:168:18
[INFO] [stdout]   16:     0x5ce1ca00db6d - rust_begin_unwind
[INFO] [stdout]                                at /rustc/6067b36314ab5eb2eb47cecc464545ba58e1ad24/library/std/src/panicking.rs:695:5
[INFO] [stdout]   17:     0x5ce1ca032da0 - core::panicking::panic_fmt::h9e7c637e9e5f29c9
[INFO] [stdout]                                at /rustc/6067b36314ab5eb2eb47cecc464545ba58e1ad24/library/core/src/panicking.rs:75:14
[INFO] [stdout]   18:     0x5ce1ca033146 - core::result::unwrap_failed::h7979f09313fe1849
[INFO] [stdout]                                at /rustc/6067b36314ab5eb2eb47cecc464545ba58e1ad24/library/core/src/result.rs:1704:5
[INFO] [stdout]   19:     0x5ce1c9f7686f - core::result::Result<T,E>::expect::hacd194971f998528
[INFO] [stdout]                                at /rustc/6067b36314ab5eb2eb47cecc464545ba58e1ad24/library/core/src/result.rs:1061:23
[INFO] [stderr] error: test failed, to rerun pass `--test gen`
[INFO] [stdout]   20:     0x5ce1c9f77bde - gen::test_basic::hf8b178ab88473f4b
[INFO] [stdout]                                at /opt/rustwide/workdir/tests/helper/e2e.rs:29:13
[INFO] [stdout]   21:     0x5ce1c9f77247 - gen::test_basic::{{closure}}::hbcc029b55144a422
[INFO] [stdout]                                at /opt/rustwide/workdir/tests/helper/e2e.rs:5:19
[INFO] [stdout]   22:     0x5ce1c9f7f506 - core::ops::function::FnOnce::call_once::hc65bbf6d0b7a2595
[INFO] [stdout]                                at /rustc/6067b36314ab5eb2eb47cecc464545ba58e1ad24/library/core/src/ops/function.rs:250:5
[INFO] [stdout]   23:     0x5ce1c9fdae7b - core::ops::function::FnOnce::call_once::he27718dfdd183f43
[INFO] [stdout]                                at /rustc/6067b36314ab5eb2eb47cecc464545ba58e1ad24/library/core/src/ops/function.rs:250:5
[INFO] [stdout]   24:     0x5ce1c9fdae7b - test::__rust_begin_short_backtrace::h4e84902998457a5d
[INFO] [stdout]                                at /rustc/6067b36314ab5eb2eb47cecc464545ba58e1ad24/library/test/src/lib.rs:632:18
[INFO] [stdout]   25:     0x5ce1c9fd9db3 - test::run_test_in_process::{{closure}}::h7176fd18fc1feca0
[INFO] [stdout]                                at /rustc/6067b36314ab5eb2eb47cecc464545ba58e1ad24/library/test/src/lib.rs:655:60
[INFO] [stdout]   26:     0x5ce1c9fd9db3 - <core::panic::unwind_safe::AssertUnwindSafe<F> as core::ops::function::FnOnce<()>>::call_once::hf79cff2a624d8cf7
[INFO] [stdout]                                at /rustc/6067b36314ab5eb2eb47cecc464545ba58e1ad24/library/core/src/panic/unwind_safe.rs:272:9
[INFO] [stdout]   27:     0x5ce1c9fd9db3 - std::panicking::try::do_call::h3da0561d9ab99c25
[INFO] [stdout]                                at /rustc/6067b36314ab5eb2eb47cecc464545ba58e1ad24/library/std/src/panicking.rs:587:40
[INFO] [stdout]   28:     0x5ce1c9fd9db3 - std::panicking::try::h41c9fa508bc61df6
[INFO] [stdout]                                at /rustc/6067b36314ab5eb2eb47cecc464545ba58e1ad24/library/std/src/panicking.rs:550:19
[INFO] [stdout]   29:     0x5ce1c9fd9db3 - std::panic::catch_unwind::h6b3ff07bb5afad93
[INFO] [stdout]                                at /rustc/6067b36314ab5eb2eb47cecc464545ba58e1ad24/library/std/src/panic.rs:358:14
[INFO] [stdout]   30:     0x5ce1c9fd9db3 - test::run_test_in_process::hc7253dd11b39b9f4
[INFO] [stdout]                                at /rustc/6067b36314ab5eb2eb47cecc464545ba58e1ad24/library/test/src/lib.rs:655:27
[INFO] [stdout]   31:     0x5ce1c9fd9db3 - test::run_test::{{closure}}::hfb2007f8649c30bb
[INFO] [stdout]                                at /rustc/6067b36314ab5eb2eb47cecc464545ba58e1ad24/library/test/src/lib.rs:576:43
[INFO] [stdout]   32:     0x5ce1c9f9ce95 - test::run_test::{{closure}}::h56a17aa7a282a9f4
[INFO] [stdout]                                at /rustc/6067b36314ab5eb2eb47cecc464545ba58e1ad24/library/test/src/lib.rs:606:41
[INFO] [stdout]   33:     0x5ce1c9f9ce95 - std::sys::backtrace::__rust_begin_short_backtrace::hd2d2d2fb8e8c6aac
[INFO] [stdout]                                at /rustc/6067b36314ab5eb2eb47cecc464545ba58e1ad24/library/std/src/sys/backtrace.rs:152:18
[INFO] [stdout]   34:     0x5ce1c9fa077a - std::thread::Builder::spawn_unchecked_::{{closure}}::{{closure}}::h4faa3f9db6133423
[INFO] [stdout]                                at /rustc/6067b36314ab5eb2eb47cecc464545ba58e1ad24/library/std/src/thread/mod.rs:559:17
[INFO] [stdout]   35:     0x5ce1c9fa077a - <core::panic::unwind_safe::AssertUnwindSafe<F> as core::ops::function::FnOnce<()>>::call_once::hf2e855a36a4ea846
[INFO] [stdout]                                at /rustc/6067b36314ab5eb2eb47cecc464545ba58e1ad24/library/core/src/panic/unwind_safe.rs:272:9
[INFO] [stdout]   36:     0x5ce1c9fa077a - std::panicking::try::do_call::h2f73af3616c35465
[INFO] [stdout]                                at /rustc/6067b36314ab5eb2eb47cecc464545ba58e1ad24/library/std/src/panicking.rs:587:40
[INFO] [stdout]   37:     0x5ce1c9fa077a - std::panicking::try::hd1660ce9efadef5a
[INFO] [stdout]                                at /rustc/6067b36314ab5eb2eb47cecc464545ba58e1ad24/library/std/src/panicking.rs:550:19
[INFO] [stdout]   38:     0x5ce1c9fa077a - std::panic::catch_unwind::h5ee8d7823b8ca744
[INFO] [stdout]                                at /rustc/6067b36314ab5eb2eb47cecc464545ba58e1ad24/library/std/src/panic.rs:358:14
[INFO] [stdout]   39:     0x5ce1c9fa077a - std::thread::Builder::spawn_unchecked_::{{closure}}::h53c3a1894dce8407
[INFO] [stdout]                                at /rustc/6067b36314ab5eb2eb47cecc464545ba58e1ad24/library/std/src/thread/mod.rs:557:30
[INFO] [stdout]   40:     0x5ce1c9fa077a - core::ops::function::FnOnce::call_once{{vtable.shim}}::h048ce291ad4f62bf
[INFO] [stdout]                                at /rustc/6067b36314ab5eb2eb47cecc464545ba58e1ad24/library/core/src/ops/function.rs:250:5
[INFO] [stdout]   41:     0x5ce1ca012abb - <alloc::boxed::Box<F,A> as core::ops::function::FnOnce<Args>>::call_once::ha52bedf99a3b4981
[INFO] [stdout]                                at /rustc/6067b36314ab5eb2eb47cecc464545ba58e1ad24/library/alloc/src/boxed.rs:2013:9
[INFO] [stdout]   42:     0x5ce1ca012abb - <alloc::boxed::Box<F,A> as core::ops::function::FnOnce<Args>>::call_once::h567748934d80ccf8
[INFO] [stdout]                                at /rustc/6067b36314ab5eb2eb47cecc464545ba58e1ad24/library/alloc/src/boxed.rs:2013:9
[INFO] [stdout]   43:     0x5ce1ca012abb - std::sys::pal::unix::thread::Thread::new::thread_start::h2d970728ae887adc
[INFO] [stdout]                                at /rustc/6067b36314ab5eb2eb47cecc464545ba58e1ad24/library/std/src/sys/pal/unix/thread.rs:106:17
[INFO] [stdout]   44:     0x7d57a4d95ac3 - <unknown>
[INFO] [stdout]   45:     0x7d57a4e26a04 - clone
[INFO] [stdout]   46:                0x0 - <unknown>
[INFO] [stdout] 
[INFO] [stdout] 
[INFO] [stdout] failures:
[INFO] [stdout]     test_basic
[INFO] [stdout]     test_conformance
[INFO] [stdout]     test_grpc_web
[INFO] [stdout]     test_import_strategy
[INFO] [stdout]     test_well_known
[INFO] [stdout] 
[INFO] [stdout] test result: FAILED. 0 passed; 5 failed; 0 ignored; 0 measured; 0 filtered out; finished in 0.07s
[INFO] [stdout] 
[INFO] running `Command { std: "docker" "inspect" "c55a9f23086789dd567481c248bb2d67d477564683d0b86c59f27f825ff7240c", kill_on_drop: false }`
[INFO] running `Command { std: "docker" "rm" "-f" "c55a9f23086789dd567481c248bb2d67d477564683d0b86c59f27f825ff7240c", kill_on_drop: false }`
[INFO] [stdout] c55a9f23086789dd567481c248bb2d67d477564683d0b86c59f27f825ff7240c
