[INFO] fetching crate prosa-utils 0.1.2...
[INFO] testing prosa-utils-0.1.2 against nightly-2025-01-18+rustflags=-Zrandomize-layout for randomize-layout-2
[INFO] extracting crate prosa-utils 0.1.2 into /workspace/builds/worker-5-tc2/source
[INFO] validating manifest of crates.io crate prosa-utils 0.1.2 on toolchain nightly-2025-01-18
[INFO] running `Command { std: CARGO_HOME="/workspace/cargo-home" RUSTUP_HOME="/workspace/rustup-home" "/workspace/cargo-home/bin/cargo" "+nightly-2025-01-18" "metadata" "--manifest-path" "Cargo.toml" "--no-deps", kill_on_drop: false }`
[INFO] started tweaking crates.io crate prosa-utils 0.1.2
[INFO] finished tweaking crates.io crate prosa-utils 0.1.2
[INFO] tweaked toml for crates.io crate prosa-utils 0.1.2 written to /workspace/builds/worker-5-tc2/source/Cargo.toml
[INFO] running `Command { std: CARGO_HOME="/workspace/cargo-home" RUSTUP_HOME="/workspace/rustup-home" "/workspace/cargo-home/bin/cargo" "+nightly-2025-01-18" "generate-lockfile" "--manifest-path" "Cargo.toml", kill_on_drop: false }`
[INFO] [stderr]     Updating crates.io index
[INFO] [stderr]      Locking 214 packages to latest compatible versions
[INFO] [stderr]       Adding opentelemetry v0.24.0 (available: v0.27.1)
[INFO] [stderr]       Adding opentelemetry-otlp v0.17.0 (available: v0.27.0)
[INFO] [stderr]       Adding opentelemetry-prometheus v0.17.0 (available: v0.27.0)
[INFO] [stderr]       Adding opentelemetry-stdout v0.5.0 (available: v0.27.0)
[INFO] [stderr]       Adding opentelemetry_sdk v0.24.1 (available: v0.27.1)
[INFO] [stderr]       Adding thiserror v1.0.69 (available: v2.0.11)
[INFO] [stderr]       Adding tracing-opentelemetry v0.25.0 (available: v0.28.0)
[INFO] running `Command { std: CARGO_HOME="/workspace/cargo-home" RUSTUP_HOME="/workspace/rustup-home" "/workspace/cargo-home/bin/cargo" "+nightly-2025-01-18" "fetch" "--manifest-path" "Cargo.toml", kill_on_drop: false }`
[INFO] [stderr]     Blocking waiting for file lock on package cache
[INFO] [stderr]     Blocking waiting for file lock on package cache
[INFO] running `Command { std: "docker" "create" "-v" "/var/lib/crater-agent-workspace/builds/worker-5-tc2/target:/opt/rustwide/target:rw,Z" "-v" "/var/lib/crater-agent-workspace/builds/worker-5-tc2/source:/opt/rustwide/workdir:ro,Z" "-v" "/var/lib/crater-agent-workspace/cargo-home:/opt/rustwide/cargo-home:ro,Z" "-v" "/var/lib/crater-agent-workspace/rustup-home:/opt/rustwide/rustup-home:ro,Z" "-e" "SOURCE_DIR=/opt/rustwide/workdir" "-e" "CARGO_TARGET_DIR=/opt/rustwide/target" "-e" "CARGO_HOME=/opt/rustwide/cargo-home" "-e" "RUSTUP_HOME=/opt/rustwide/rustup-home" "-w" "/opt/rustwide/workdir" "-m" "1610612736" "--user" "0:0" "--network" "none" "ghcr.io/rust-lang/crates-build-env/linux@sha256:819108c5571ea2e421544af4d832f968d213c87fbe3707a016657f43d2f853bc" "/opt/rustwide/cargo-home/bin/cargo" "+nightly-2025-01-18" "metadata" "--no-deps" "--format-version=1", kill_on_drop: false }`
[INFO] [stdout] ad3a12d8f316456d976a0283cdf52a107898031e94b7f8edb29f98ad409dd686
[INFO] running `Command { std: "docker" "start" "-a" "ad3a12d8f316456d976a0283cdf52a107898031e94b7f8edb29f98ad409dd686", kill_on_drop: false }`
[INFO] running `Command { std: "docker" "inspect" "ad3a12d8f316456d976a0283cdf52a107898031e94b7f8edb29f98ad409dd686", kill_on_drop: false }`
[INFO] running `Command { std: "docker" "rm" "-f" "ad3a12d8f316456d976a0283cdf52a107898031e94b7f8edb29f98ad409dd686", kill_on_drop: false }`
[INFO] [stdout] ad3a12d8f316456d976a0283cdf52a107898031e94b7f8edb29f98ad409dd686
[INFO] running `Command { std: "docker" "create" "-v" "/var/lib/crater-agent-workspace/builds/worker-5-tc2/target:/opt/rustwide/target:rw,Z" "-v" "/var/lib/crater-agent-workspace/builds/worker-5-tc2/source:/opt/rustwide/workdir:ro,Z" "-v" "/var/lib/crater-agent-workspace/cargo-home:/opt/rustwide/cargo-home:ro,Z" "-v" "/var/lib/crater-agent-workspace/rustup-home:/opt/rustwide/rustup-home:ro,Z" "-e" "SOURCE_DIR=/opt/rustwide/workdir" "-e" "CARGO_TARGET_DIR=/opt/rustwide/target" "-e" "CARGO_INCREMENTAL=0" "-e" "RUST_BACKTRACE=full" "-e" "RUSTFLAGS=--cap-lints=forbid -Zrandomize-layout" "-e" "RUSTDOCFLAGS=--cap-lints=forbid" "-e" "CARGO_HOME=/opt/rustwide/cargo-home" "-e" "RUSTUP_HOME=/opt/rustwide/rustup-home" "-w" "/opt/rustwide/workdir" "-m" "1610612736" "--user" "0:0" "--network" "none" "ghcr.io/rust-lang/crates-build-env/linux@sha256:819108c5571ea2e421544af4d832f968d213c87fbe3707a016657f43d2f853bc" "/opt/rustwide/cargo-home/bin/cargo" "+nightly-2025-01-18" "build" "--frozen" "--message-format=json", kill_on_drop: false }`
[INFO] [stdout] 3e35dcdac96a6014b4eaee9c7ed3886bf765b423e1501d9905d9ced172e06bf3
[INFO] running `Command { std: "docker" "start" "-a" "3e35dcdac96a6014b4eaee9c7ed3886bf765b423e1501d9905d9ced172e06bf3", kill_on_drop: false }`
[INFO] [stderr]    Compiling proc-macro2 v1.0.93
[INFO] [stderr]    Compiling unicode-ident v1.0.14
[INFO] [stderr]    Compiling autocfg v1.4.0
[INFO] [stderr]    Compiling libc v0.2.169
[INFO] [stderr]    Compiling pin-project-lite v0.2.16
[INFO] [stderr]    Compiling futures-core v0.3.31
[INFO] [stderr]    Compiling bytes v1.9.0
[INFO] [stderr]    Compiling itoa v1.0.14
[INFO] [stderr]    Compiling futures-sink v0.3.31
[INFO] [stderr]    Compiling once_cell v1.20.2
[INFO] [stderr]    Compiling serde v1.0.217
[INFO] [stderr]    Compiling cfg-if v1.0.0
[INFO] [stderr]    Compiling smallvec v1.13.2
[INFO] [stderr]    Compiling pin-utils v0.1.0
[INFO] [stderr]    Compiling futures-task v0.3.31
[INFO] [stderr]    Compiling fnv v1.0.7
[INFO] [stderr]    Compiling stable_deref_trait v1.2.0
[INFO] [stderr]    Compiling percent-encoding v2.3.1
[INFO] [stderr]    Compiling byteorder v1.5.0
[INFO] [stderr]    Compiling thiserror v1.0.69
[INFO] [stderr]    Compiling memchr v2.7.4
[INFO] [stderr]    Compiling equivalent v1.0.1
[INFO] [stderr]    Compiling hashbrown v0.15.2
[INFO] [stderr]    Compiling futures-channel v0.3.31
[INFO] [stderr]    Compiling writeable v0.5.5
[INFO] [stderr]    Compiling litemap v0.7.4
[INFO] [stderr]    Compiling tracing-core v0.1.33
[INFO] [stderr]    Compiling tower-service v0.3.3
[INFO] [stderr]    Compiling icu_locid_transform_data v1.5.0
[INFO] [stderr]    Compiling ryu v1.0.18
[INFO] [stderr]    Compiling httparse v1.9.5
[INFO] [stderr]    Compiling serde_json v1.0.137
[INFO] [stderr]    Compiling icu_properties_data v1.5.0
[INFO] [stderr]    Compiling atomic-waker v1.1.2
[INFO] [stderr]    Compiling tower-layer v0.3.3
[INFO] [stderr]    Compiling http v1.2.0
[INFO] [stderr]    Compiling rustversion v1.0.19
[INFO] [stderr]    Compiling try-lock v0.2.5
[INFO] [stderr]    Compiling anyhow v1.0.95
[INFO] [stderr]    Compiling slab v0.4.9
[INFO] [stderr]    Compiling lock_api v0.4.12
[INFO] [stderr]    Compiling want v0.3.1
[INFO] [stderr]    Compiling indexmap v1.9.3
[INFO] [stderr]    Compiling sync_wrapper v1.0.2
[INFO] [stderr]    Compiling either v1.13.0
[INFO] [stderr]    Compiling httpdate v1.0.3
[INFO] [stderr]    Compiling lazy_static v1.5.0
[INFO] [stderr]    Compiling glob v0.3.2
[INFO] [stderr]    Compiling shlex v1.3.0
[INFO] [stderr]    Compiling indexmap v2.7.1
[INFO] [stderr]    Compiling parking_lot_core v0.9.10
[INFO] [stderr]    Compiling utf16_iter v1.0.5
[INFO] [stderr]    Compiling write16 v1.0.0
[INFO] [stderr]    Compiling quote v1.0.38
[INFO] [stderr]    Compiling icu_normalizer_data v1.5.0
[INFO] [stderr]    Compiling utf8_iter v1.0.4
[INFO] [stderr]    Compiling cc v1.2.10
[INFO] [stderr]    Compiling itertools v0.13.0
[INFO] [stderr]    Compiling num-traits v0.2.19
[INFO] [stderr]    Compiling log v0.4.25
[INFO] [stderr]    Compiling pkg-config v0.3.31
[INFO] [stderr]    Compiling vcpkg v0.2.15
[INFO] [stderr]    Compiling syn v2.0.96
[INFO] [stderr]    Compiling socket2 v0.5.8
[INFO] [stderr]    Compiling mio v1.0.3
[INFO] [stderr]    Compiling getrandom v0.2.15
[INFO] [stderr]    Compiling scopeguard v1.2.0
[INFO] [stderr]    Compiling mime v0.3.17
[INFO] [stderr]    Compiling http-body v1.0.1
[INFO] [stderr]    Compiling hashbrown v0.12.3
[INFO] [stderr]    Compiling rand_core v0.6.4
[INFO] [stderr]    Compiling protobuf v2.28.0
[INFO] [stderr]    Compiling prometheus v0.13.4
[INFO] [stderr]    Compiling regex-syntax v0.8.5
[INFO] [stderr]    Compiling matchit v0.7.3
[INFO] [stderr]    Compiling powerfmt v0.2.0
[INFO] [stderr]    Compiling time-core v0.1.2
[INFO] [stderr]    Compiling num-conv v0.1.0
[INFO] [stderr]    Compiling regex-syntax v0.6.29
[INFO] [stderr]    Compiling parking_lot v0.12.3
[INFO] [stderr]    Compiling deranged v0.3.11
[INFO] [stderr]    Compiling form_urlencoded v1.2.1
[INFO] [stderr]    Compiling base64 v0.22.1
[INFO] [stderr]    Compiling overload v0.1.1
[INFO] [stderr]    Compiling time-macros v0.2.19
[INFO] [stderr]    Compiling tracing-log v0.2.0
[INFO] [stderr]    Compiling nu-ansi-term v0.46.0
[INFO] [stderr]    Compiling sharded-slab v0.1.7
[INFO] [stderr]    Compiling thread_local v1.1.8
[INFO] [stderr]    Compiling chunked_transfer v1.5.0
[INFO] [stderr]    Compiling ascii v1.1.0
[INFO] [stderr]    Compiling iana-time-zone v0.1.61
[INFO] [stderr]    Compiling foreign-types-shared v0.1.1
[INFO] [stderr]    Compiling openssl v0.10.68
[INFO] [stderr]    Compiling winnow v0.6.24
[INFO] [stderr]    Compiling foreign-types v0.3.2
[INFO] [stderr]    Compiling unsafe-libyaml v0.2.11
[INFO] [stderr]    Compiling bitflags v2.8.0
[INFO] [stderr]    Compiling hex v0.4.3
[INFO] [stderr]    Compiling ordered-float v4.6.0
[INFO] [stderr]    Compiling chrono v0.4.39
[INFO] [stderr]    Compiling openssl-sys v0.9.104
[INFO] [stderr]    Compiling regex-automata v0.4.9
[INFO] [stderr]    Compiling time v0.3.37
[INFO] [stderr]    Compiling regex-automata v0.1.10
[INFO] [stderr]    Compiling regex v1.11.1
[INFO] [stderr]    Compiling matchers v0.1.0
[INFO] [stderr]    Compiling synstructure v0.13.1
[INFO] [stderr]    Compiling serde_derive v1.0.217
[INFO] [stderr]    Compiling futures-macro v0.3.31
[INFO] [stderr]    Compiling tokio-macros v2.5.0
[INFO] [stderr]    Compiling zerofrom-derive v0.1.5
[INFO] [stderr]    Compiling yoke-derive v0.7.5
[INFO] [stderr]    Compiling zerovec-derive v0.10.3
[INFO] [stderr]    Compiling displaydoc v0.2.5
[INFO] [stderr]    Compiling zerocopy-derive v0.7.35
[INFO] [stderr]    Compiling tracing-attributes v0.1.28
[INFO] [stderr]    Compiling thiserror-impl v1.0.69
[INFO] [stderr]    Compiling async-trait v0.1.85
[INFO] [stderr]    Compiling icu_provider_macros v1.5.0
[INFO] [stderr]    Compiling pin-project-internal v1.1.8
[INFO] [stderr]    Compiling prost-derive v0.13.4
[INFO] [stderr]    Compiling async-stream-impl v0.3.6
[INFO] [stderr]    Compiling openssl-macros v0.1.1
[INFO] [stderr]    Compiling futures-util v0.3.31
[INFO] [stderr]    Compiling tokio v1.43.0
[INFO] [stderr]    Compiling zerocopy v0.7.35
[INFO] [stderr]    Compiling async-stream v0.3.6
[INFO] [stderr]    Compiling zerofrom v0.1.5
[INFO] [stderr]    Compiling opentelemetry v0.24.0
[INFO] [stderr]    Compiling pin-project v1.1.8
[INFO] [stderr]    Compiling yoke v0.7.5
[INFO] [stderr]    Compiling tracing v0.1.41
[INFO] [stderr]    Compiling zerovec v0.10.4
[INFO] [stderr]    Compiling tracing-subscriber v0.3.19
[INFO] [stderr]    Compiling prost v0.13.4
[INFO] [stderr]    Compiling ppv-lite86 v0.2.20
[INFO] [stderr]    Compiling rand_chacha v0.3.1
[INFO] [stderr]    Compiling tinystr v0.7.6
[INFO] [stderr]    Compiling icu_collections v1.5.0
[INFO] [stderr]    Compiling rand v0.8.5
[INFO] [stderr]    Compiling icu_locid v1.5.0
[INFO] [stderr]    Compiling icu_provider v1.5.0
[INFO] [stderr]    Compiling futures-executor v0.3.31
[INFO] [stderr]    Compiling http-body-util v0.1.2
[INFO] [stderr]    Compiling tower v0.5.2
[INFO] [stderr]    Compiling axum-core v0.4.5
[INFO] [stderr]    Compiling icu_locid_transform v1.5.0
[INFO] [stderr]    Compiling icu_properties v1.5.1
[INFO] [stderr]    Compiling serde_spanned v0.6.8
[INFO] [stderr]    Compiling toml_datetime v0.6.8
[INFO] [stderr]    Compiling serde_yaml v0.9.34+deprecated
[INFO] [stderr]    Compiling axum v0.7.9
[INFO] [stderr]    Compiling toml_edit v0.22.22
[INFO] [stderr]    Compiling tokio-util v0.7.13
[INFO] [stderr]    Compiling tokio-stream v0.1.17
[INFO] [stderr]    Compiling opentelemetry_sdk v0.24.1
[INFO] [stderr]    Compiling h2 v0.4.7
[INFO] [stderr]    Compiling tower v0.4.13
[INFO] [stderr]    Compiling icu_normalizer v1.5.0
[INFO] [stderr]    Compiling idna_adapter v1.2.0
[INFO] [stderr]    Compiling idna v1.0.3
[INFO] [stderr]    Compiling url v2.5.4
[INFO] [stderr]    Compiling toml v0.8.19
[INFO] [stderr]    Compiling opentelemetry-stdout v0.5.0
[INFO] [stderr]    Compiling tracing-opentelemetry v0.25.0
[INFO] [stderr]    Compiling opentelemetry-prometheus v0.17.0
[INFO] [stderr]    Compiling tiny_http v0.10.0
[INFO] [stderr]    Compiling prometheus_exporter v0.8.5
[INFO] [stderr]    Compiling hyper v1.5.2
[INFO] [stderr]    Compiling hyper-util v0.1.10
[INFO] [stderr]    Compiling hyper-timeout v0.5.2
[INFO] [stderr]    Compiling tonic v0.12.3
[INFO] [stderr]    Compiling opentelemetry-proto v0.7.0
[INFO] [stderr]    Compiling opentelemetry-otlp v0.17.0
[INFO] [stderr]    Compiling prosa-utils v0.1.2 (/opt/rustwide/workdir)
[INFO] [stderr]     Finished `dev` profile [unoptimized + debuginfo] target(s) in 36.63s
[INFO] running `Command { std: "docker" "inspect" "3e35dcdac96a6014b4eaee9c7ed3886bf765b423e1501d9905d9ced172e06bf3", kill_on_drop: false }`
[INFO] running `Command { std: "docker" "rm" "-f" "3e35dcdac96a6014b4eaee9c7ed3886bf765b423e1501d9905d9ced172e06bf3", kill_on_drop: false }`
[INFO] [stdout] 3e35dcdac96a6014b4eaee9c7ed3886bf765b423e1501d9905d9ced172e06bf3
[INFO] running `Command { std: "docker" "create" "-v" "/var/lib/crater-agent-workspace/builds/worker-5-tc2/target:/opt/rustwide/target:rw,Z" "-v" "/var/lib/crater-agent-workspace/builds/worker-5-tc2/source:/opt/rustwide/workdir:ro,Z" "-v" "/var/lib/crater-agent-workspace/cargo-home:/opt/rustwide/cargo-home:ro,Z" "-v" "/var/lib/crater-agent-workspace/rustup-home:/opt/rustwide/rustup-home:ro,Z" "-e" "SOURCE_DIR=/opt/rustwide/workdir" "-e" "CARGO_TARGET_DIR=/opt/rustwide/target" "-e" "CARGO_INCREMENTAL=0" "-e" "RUST_BACKTRACE=full" "-e" "RUSTFLAGS=--cap-lints=forbid -Zrandomize-layout" "-e" "RUSTDOCFLAGS=--cap-lints=forbid" "-e" "CARGO_HOME=/opt/rustwide/cargo-home" "-e" "RUSTUP_HOME=/opt/rustwide/rustup-home" "-w" "/opt/rustwide/workdir" "-m" "1610612736" "--user" "0:0" "--network" "none" "ghcr.io/rust-lang/crates-build-env/linux@sha256:819108c5571ea2e421544af4d832f968d213c87fbe3707a016657f43d2f853bc" "/opt/rustwide/cargo-home/bin/cargo" "+nightly-2025-01-18" "test" "--frozen" "--no-run" "--message-format=json", kill_on_drop: false }`
[INFO] [stdout] 8b068a1833ae8ffbf0a21f6b8ff58f6e5bc9254a10f088d8160adef4092c8411
[INFO] running `Command { std: "docker" "start" "-a" "8b068a1833ae8ffbf0a21f6b8ff58f6e5bc9254a10f088d8160adef4092c8411", kill_on_drop: false }`
[INFO] [stderr]    Compiling signal-hook-registry v1.4.2
[INFO] [stderr]    Compiling tokio-openssl v0.6.5
[INFO] [stderr]    Compiling tokio v1.43.0
[INFO] [stderr]    Compiling tokio-util v0.7.13
[INFO] [stderr]    Compiling tokio-stream v0.1.17
[INFO] [stderr]    Compiling opentelemetry_sdk v0.24.1
[INFO] [stderr]    Compiling h2 v0.4.7
[INFO] [stderr]    Compiling tower v0.4.13
[INFO] [stderr]    Compiling tracing-opentelemetry v0.25.0
[INFO] [stderr]    Compiling opentelemetry-stdout v0.5.0
[INFO] [stderr]    Compiling opentelemetry-prometheus v0.17.0
[INFO] [stderr]    Compiling hyper v1.5.2
[INFO] [stderr]    Compiling hyper-util v0.1.10
[INFO] [stderr]    Compiling hyper-timeout v0.5.2
[INFO] [stderr]    Compiling tonic v0.12.3
[INFO] [stderr]    Compiling opentelemetry-proto v0.7.0
[INFO] [stderr]    Compiling opentelemetry-otlp v0.17.0
[INFO] [stderr]    Compiling prosa-utils v0.1.2 (/opt/rustwide/workdir)
[INFO] [stderr]     Finished `test` profile [unoptimized + debuginfo] target(s) in 22.13s
[INFO] running `Command { std: "docker" "inspect" "8b068a1833ae8ffbf0a21f6b8ff58f6e5bc9254a10f088d8160adef4092c8411", kill_on_drop: false }`
[INFO] running `Command { std: "docker" "rm" "-f" "8b068a1833ae8ffbf0a21f6b8ff58f6e5bc9254a10f088d8160adef4092c8411", kill_on_drop: false }`
[INFO] [stdout] 8b068a1833ae8ffbf0a21f6b8ff58f6e5bc9254a10f088d8160adef4092c8411
[INFO] running `Command { std: "docker" "create" "-v" "/var/lib/crater-agent-workspace/builds/worker-5-tc2/target:/opt/rustwide/target:rw,Z" "-v" "/var/lib/crater-agent-workspace/builds/worker-5-tc2/source:/opt/rustwide/workdir:ro,Z" "-v" "/var/lib/crater-agent-workspace/cargo-home:/opt/rustwide/cargo-home:ro,Z" "-v" "/var/lib/crater-agent-workspace/rustup-home:/opt/rustwide/rustup-home:ro,Z" "-e" "SOURCE_DIR=/opt/rustwide/workdir" "-e" "CARGO_TARGET_DIR=/opt/rustwide/target" "-e" "CARGO_INCREMENTAL=0" "-e" "RUST_BACKTRACE=full" "-e" "RUSTFLAGS=--cap-lints=forbid -Zrandomize-layout" "-e" "RUSTDOCFLAGS=--cap-lints=forbid" "-e" "CARGO_HOME=/opt/rustwide/cargo-home" "-e" "RUSTUP_HOME=/opt/rustwide/rustup-home" "-w" "/opt/rustwide/workdir" "-m" "1610612736" "--user" "0:0" "--network" "none" "ghcr.io/rust-lang/crates-build-env/linux@sha256:819108c5571ea2e421544af4d832f968d213c87fbe3707a016657f43d2f853bc" "/opt/rustwide/cargo-home/bin/cargo" "+nightly-2025-01-18" "test" "--frozen", kill_on_drop: false }`
[INFO] [stdout] 96defb6fd6162372de5f51d530fd469a7701b618ab959d722b34b1004cfd36a8
[INFO] running `Command { std: "docker" "start" "-a" "96defb6fd6162372de5f51d530fd469a7701b618ab959d722b34b1004cfd36a8", kill_on_drop: false }`
[INFO] [stderr]     Finished `test` profile [unoptimized + debuginfo] target(s) in 0.13s
[INFO] [stderr]      Running unittests src/lib.rs (/opt/rustwide/target/debug/deps/prosa_utils-d7542006bd505f7c)
[INFO] [stdout] 
[INFO] [stdout] running 5 tests
[INFO] [stdout] test config::tests::test_os_country ... ok
[INFO] [stdout] test config::tracing::tests::telemetry_level ... ok
[INFO] [stdout] test msg::simple_string_tvf::tests::test_tvf_filter ... ok
[INFO] [stdout] test msg::simple_string_tvf::tests::test_simple_tvf ... ok
[INFO] [stdout] test config::ssl::tests::test_tls_server_context ... ok
[INFO] [stdout] 
[INFO] [stdout] test result: ok. 5 passed; 0 failed; 0 ignored; 0 measured; 0 filtered out; finished in 0.00s
[INFO] [stdout] 
[INFO] [stderr]    Doc-tests prosa_utils
[INFO] [stdout] 
[INFO] [stdout] running 14 tests
[INFO] [stdout] test src/msg/tvf.rs - msg::tvf::Tvf (line 39) ... ok
[INFO] [stdout] test src/config/ssl.rs - config::ssl::SslConfig (line 159) ... ok
[INFO] [stdout] test src/config/ssl.rs - config::ssl::SslConfig (line 188) ... ok
[INFO] [stdout] test src/config/ssl.rs - config::ssl::Store::get_certs (line 92) ... FAILED
[INFO] [stdout] test src/msg/tvf.rs - msg::tvf::TvfFilter (line 118) ... FAILED
[INFO] [stdout] test src/config/ssl.rs - config::ssl::SslConfig::init_tls_client_context (line 453) ... ok
[INFO] [stdout] test src/config/ssl.rs - config::ssl::SslConfig::init_tls_server_context (line 474) ... ok
[INFO] [stdout] test src/config/observability.rs - config::observability::Observability::build_tracer (line 381) ... ok
[INFO] [stdout] test src/config/ssl.rs - config::ssl::Store::get_store (line 68) ... ok
[INFO] [stdout] test src/msg/simple_string_tvf.rs - msg::simple_string_tvf::SimpleStringTvf::len (line 40) ... ok
[INFO] [stdout] test src/msg/simple_string_tvf.rs - msg::simple_string_tvf::SimpleStringTvf::is_empty (line 24) ... ok
[INFO] [stdout] test src/config/observability.rs - config::observability::Observability::build_tracer_provider (line 362) ... ok
[INFO] [stdout] test src/config/tracing.rs - config::tracing::TelemetryFilter (line 153) ... ok
[INFO] [stdout] test src/config/observability.rs - config::observability::Observability (line 287) ... ok
[INFO] [stdout] 
[INFO] [stdout] failures:
[INFO] [stdout] 
[INFO] [stdout] ---- src/config/ssl.rs - config::ssl::Store::get_certs (line 92) stdout ----
[INFO] [stdout] error: linking with `cc` failed: exit status: 1
[INFO] [stdout]   |
[INFO] [stdout]   = note: LC_ALL="C" PATH="/opt/rustwide/rustup-home/toolchains/nightly-2025-01-18-x86_64-unknown-linux-gnu/lib/rustlib/x86_64-unknown-linux-gnu/bin:/opt/rustwide/rustup-home/toolchains/nightly-2025-01-18-x86_64-unknown-linux-gnu/lib/rustlib/x86_64-unknown-linux-gnu/bin/self-contained:/opt/rustwide/cargo-home/bin:/usr/local/sbin:/usr/local/bin:/usr/sbin:/usr/bin:/sbin:/bin" VSLANG="1033" "cc" "-m64" "/tmp/rustcMYAOHM/symbols.o" "<2 object files omitted>" "-Wl,--as-needed" "-Wl,-Bstatic" "/opt/rustwide/target/debug/deps/{libprosa_utils-72d66e90a87d7ebd.rlib,libserde_yaml-d499f86441015bf4.rlib,libunsafe_libyaml-fe735b36306ea696.rlib,libtoml-785c6d5479627155.rlib,libtoml_edit-bebd69e7ec8d97cc.rlib,libserde_spanned-83370b03a45c2278.rlib,libwinnow-8f91660152e2c85c.rlib,libtoml_datetime-c66a3dcf26302404.rlib,libtracing_opentelemetry-951ce0e2770e1419.rlib,libopentelemetry_stdout-0d74484783822bc0.rlib,libserde_json-a40c00ffbc23db53.rlib,libryu-70ea9a7000b12dba.rlib,libordered_float-4c8085e86bd04dcf.rlib,libopentelemetry_prometheus-a669931b92a5d486.rlib,libprometheus_exporter-8564d549594e764b.rlib,libtiny_http-bc2c67c3148e0f45.rlib,libchunked_transfer-64e783c9e288bc67.rlib,libtime-b3cff0344f070879.rlib,libtime_core-7cf6db34ae72da69.rlib,libnum_conv-51cf1c860e9e4efd.rlib,libderanged-6f144865fdfb9539.rlib,libpowerfmt-b80bb40531d7bb45.rlib,libascii-3b5a078768b8db16.rlib,libprometheus-2f56ae5703df77f8.rlib,libmemchr-c622a5b4f6a961b3.rlib,libprotobuf-d80a290e686e28c8.rlib,libhex-0f0ef70c82c3740a.rlib,liburl-7312162a92285df9.rlib,libidna-ddb3e8c86ae3e4f1.rlib,libidna_adapter-9e954877faf4c9c6.rlib,libicu_normalizer-c0faa8d0254ce403.rlib,libicu_normalizer_data-50483c108e53719b.rlib,libwrite16-4943b21ccccee601.rlib,libutf8_iter-0969935a68d3114e.rlib,libutf16_iter-88ddb3416202a986.rlib,libicu_properties-a36d4f9cfafffa5a.rlib,libicu_properties_data-ee2d9cb10456d24d.rlib,libicu_locid_transform-65f3cc647329f608.rlib,libicu_locid_transform_data-8028f11c9402c91c.rlib,libicu_collections-f277f1e5d5537866.rlib,libicu_provider-2939b66c89ff9ac5.rlib,libicu_locid-1b0c32366c901b6a.rlib,liblitemap-51a036514cf7ca74.rlib,libtinystr-87b47df8eb7c7fe6.rlib,libzerovec-07822246558190f6.rlib,libwriteable-6860379f2b55b18c.rlib,libyoke-39d4c0773dd2e418.rlib,libzerofrom-72dba183c35c847b.rlib,libstable_deref_trait-b55f2c84d15beaea.rlib,libform_urlencoded-2ee4633f4ec47530.rlib,libtracing_subscriber-2270bfee6a540fc6.rlib,libsharded_slab-709bc67164c7f77f.rlib,liblazy_static-39176b38f763143b.rlib,libmatchers-cd5e21fc3a0c9efb.rlib,libregex_automata-cd60af1e1980d2db.rlib,libregex_syntax-beb2cc35ff2f4833.rlib,libregex-2b29eeed519f5096.rlib,libregex_automata-276ffc1d3192687d.rlib,libregex_syntax-50b15bf2d3ffac14.rlib,libnu_ansi_term-b131cab8bb6c9b49.rlib,liboverload-bdf4876d9a8e99d7.rlib,libthread_local-0b7fac2bc8260d3a.rlib,libtracing_log-821759423e5f7c3b.rlib,liblog-11e18f767a2606bc.rlib,libopentelemetry_otlp-c40d0f8605eb621c.rlib,libopentelemetry_proto-e06b7f042ad013d6.rlib,libopentelemetry_sdk-2a28989725819c94.rlib,libfutures_executor-fb1a199c5570c7d3.rlib,libtonic-dbd2a05b8969e50a.rlib,libhyper_timeout-3936cfe1ffae62e0.rlib,libasync_stream-09e99730b25f3237.rlib,libhyper_util-d0443b702a3ee172.rlib,libhyper-fba9e071d67dfb4d.rlib,libwant-9f221c42a061eee8.rlib,libtry_lock-50f0361f26ba6f84.rlib,libhttparse-b1a017b5fc640561.rlib,libh2-ffa0ef74290e8701.rlib,libindexmap-66a4d5d6fed4f75f.rlib,libequivalent-36fe78148bbac4ca.rlib,libhashbrown-49191a6fa1fcaf35.rlib,libatomic_waker-597b18cc61fef3c9.rlib,libhttpdate-708afd5953548344.rlib,libfutures_channel-0b42da5cffa8d2e6.rlib,libaxum-b478366df2c92253.rlib,libpercent_encoding-94c0844c6dae7341.rlib,libmatchit-38b0920e6781ae42.rlib,libaxum_core-8df17a86af0f39aa.rlib,libmime-1e82b40c2ddedb49.rlib,libtower-9ccf5dcf6f85b055.rlib,libsync_wrapper-bc0f86c685a7223b.rlib,libtower-346b2d1037747629.rlib,libindexmap-1c2a71bd79f9deb8.rlib,libhashbrown-130fc51a6367057b.rlib,libtokio_util-34e65dc42c058a23.rlib,librand-d8e78b51d6da9be1.rlib,librand_chacha-ec582e40d46cfa4c.rlib,libppv_lite86-c676014b974f9d89.rlib,libzerocopy-0e25adee0baf9463.rlib,libbyteorder-e0e38b58a133abc4.rlib,librand_core-aba17450734f263e.rlib,libgetrandom-418f0cd9aa958ece.rlib,libtower_layer-c565a34cdf9e1056.rlib,libbase64-c466fef6d1a28af7.rlib,libprost-fb644c3cab3e3f6f.rlib,libpin_project-1755318db7efc9f4.rlib,libtracing-6eaaf3a1134a4564.rlib,libtracing_core-3014b2807497dc93.rlib,libtower_service-de925df53d452054.rlib,libtokio_stream-c574cf5cddedb010.rlib,libtokio-3bc4b57f25dbe3df.rlib,libsignal_hook_registry-4c6b42223aabaf0b.rlib,libsocket2-b1b3b86ac2e67c9d.rlib,libmio-24a78cb9c79b2ea4.rlib,libparking_lot-8583575072bd55ae.rlib,libparking_lot_core-e80247d943c53965.rlib,libsmallvec-25e3efc79ea907ed.rlib,liblock_api-7ed532b3ba6db1a6.rlib,libscopeguard-54efe0630e598d2f.rlib,libhttp_body_util-a18329edcff784aa.rlib,libfutures_util-03fec763c0689cba.rlib,libslab-6a28740ccd11e32d.rlib,libfutures_task-5e796033a406db29.rlib,libpin_utils-1b4e05bc0098a6e0.rlib,libhttp_body-e3d17327a8a800e0.rlib,libhttp-62245a18e1d6facf.rlib,libitoa-5d32f20857b38e59.rlib,libfnv-a0e84274df5e929e.rlib,libopentelemetry-2e954406980c05e9.rlib,libpin_project_lite-cb7b061d56820a9f.rlib,libfutures_sink-4af9647151f6e3b3.rlib,libfutures_core-cd2ca45eece0031c.rlib,libopenssl-5dbf3d7becdf8560.rlib,libonce_cell-2bffb8f01566609a.rlib,libbitflags-eddf0ee6a6b655cd.rlib,libforeign_types-2eb64df2b92a61e5.rlib,libforeign_types_shared-bb1fe21866105dc2.rlib,libcfg_if-8f0231822091c729.rlib,libopenssl_sys-7bcce829543496fb.rlib,liblibc-bc7e97405f868017.rlib,libglob-df07ba62894c3537.rlib,libserde-a4c89050605d867a.rlib,libthiserror-cb3d2d6fd481a0cb.rlib,libchrono-466920b322a259d6.rlib,libnum_traits-1bb4a13c537999d7.rlib,libiana_time_zone-7b37c435906b3282.rlib,libbytes-42f3e5d4836e1a02.rlib}" "/opt/rustwide/rustup-home/toolchains/nightly-2025-01-18-x86_64-unknown-linux-gnu/lib/rustlib/x86_64-unknown-linux-gnu/lib/{libstd-006123e2ce67e99d.rlib,libpanic_unwind-e1447e1efa6f1e57.rlib,libobject-f6963a4916fcf097.rlib,libmemchr-49a2d9af912f4524.rlib,libaddr2line-04d19aad3936869d.rlib,libgimli-483c235edb789db0.rlib,librustc_demangle-294281af50b8f748.rlib,libstd_detect-3b08295250aabc2a.rlib,libhashbrown-4472d1e05ba0dfaf.rlib,librustc_std_workspace_alloc-2ef099fac590e457.rlib,libminiz_oxide-8a51f5e848546c29.rlib,libadler2-3d3fa22b868db521.rlib,libunwind-0ffda8b08e22dbea.rlib,libcfg_if-b08f62458fdd43b9.rlib,liblibc-559675126e63b890.rlib,liballoc-fcf21c8d1c9c7b75.rlib,librustc_std_workspace_core-e0b0460135bcf21d.rlib,libcore-d4097fdcbddd3bc7.rlib,libcompiler_builtins-fea484ac1eed7881.rlib}" "-Wl,-Bdynamic" "-lssl" "-lcrypto" "-lgcc_s" "-lutil" "-lrt" "-lpthread" "-lm" "-ldl" "-lc" "-B/opt/rustwide/rustup-home/toolchains/nightly-2025-01-18-x86_64-unknown-linux-gnu/lib/rustlib/x86_64-unknown-linux-gnu/bin/gcc-ld" "-fuse-ld=lld" "-Wl,--eh-frame-hdr" "-Wl,-z,noexecstack" "-L" "/opt/rustwide/rustup-home/toolchains/nightly-2025-01-18-x86_64-unknown-linux-gnu/lib/rustlib/x86_64-unknown-linux-gnu/lib" "-o" "/tmp/rustdoctestjwwpDJ/rust_out" "-Wl,--gc-sections" "-pie" "-Wl,-z,relro,-z,now" "-nodefaultlibs"
[INFO] [stdout]   = note: some arguments are omitted. use `--verbose` to show all linker arguments
[INFO] [stdout]   = note: collect2: fatal error: ld terminated with signal 9 [Killed]
[INFO] [stdout]           compilation terminated.
[INFO] [stdout]           
[INFO] [stdout] 
[INFO] [stdout] error: aborting due to 1 previous error
[INFO] [stdout] 
[INFO] [stdout] Couldn't compile the test.
[INFO] [stdout] ---- src/msg/tvf.rs - msg::tvf::TvfFilter (line 118) stdout ----
[INFO] [stdout] error: linking with `cc` failed: exit status: 1
[INFO] [stdout]   |
[INFO] [stdout]   = note: LC_ALL="C" PATH="/opt/rustwide/rustup-home/toolchains/nightly-2025-01-18-x86_64-unknown-linux-gnu/lib/rustlib/x86_64-unknown-linux-gnu/bin:/opt/rustwide/rustup-home/toolchains/nightly-2025-01-18-x86_64-unknown-linux-gnu/lib/rustlib/x86_64-unknown-linux-gnu/bin/self-contained:/opt/rustwide/cargo-home/bin:/usr/local/sbin:/usr/local/bin:/usr/sbin:/usr/bin:/sbin:/bin" VSLANG="1033" "cc" "-m64" "/tmp/rustcXvPvy8/symbols.o" "<2 object files omitted>" "-Wl,--as-needed" "-Wl,-Bstatic" "/opt/rustwide/target/debug/deps/{libprosa_utils-72d66e90a87d7ebd.rlib,libserde_yaml-d499f86441015bf4.rlib,libunsafe_libyaml-fe735b36306ea696.rlib,libtoml-785c6d5479627155.rlib,libtoml_edit-bebd69e7ec8d97cc.rlib,libserde_spanned-83370b03a45c2278.rlib,libwinnow-8f91660152e2c85c.rlib,libtoml_datetime-c66a3dcf26302404.rlib,libtracing_opentelemetry-951ce0e2770e1419.rlib,libopentelemetry_stdout-0d74484783822bc0.rlib,libserde_json-a40c00ffbc23db53.rlib,libryu-70ea9a7000b12dba.rlib,libordered_float-4c8085e86bd04dcf.rlib,libopentelemetry_prometheus-a669931b92a5d486.rlib,libprometheus_exporter-8564d549594e764b.rlib,libtiny_http-bc2c67c3148e0f45.rlib,libchunked_transfer-64e783c9e288bc67.rlib,libtime-b3cff0344f070879.rlib,libtime_core-7cf6db34ae72da69.rlib,libnum_conv-51cf1c860e9e4efd.rlib,libderanged-6f144865fdfb9539.rlib,libpowerfmt-b80bb40531d7bb45.rlib,libascii-3b5a078768b8db16.rlib,libprometheus-2f56ae5703df77f8.rlib,libmemchr-c622a5b4f6a961b3.rlib,libprotobuf-d80a290e686e28c8.rlib,libhex-0f0ef70c82c3740a.rlib,liburl-7312162a92285df9.rlib,libidna-ddb3e8c86ae3e4f1.rlib,libidna_adapter-9e954877faf4c9c6.rlib,libicu_normalizer-c0faa8d0254ce403.rlib,libicu_normalizer_data-50483c108e53719b.rlib,libwrite16-4943b21ccccee601.rlib,libutf8_iter-0969935a68d3114e.rlib,libutf16_iter-88ddb3416202a986.rlib,libicu_properties-a36d4f9cfafffa5a.rlib,libicu_properties_data-ee2d9cb10456d24d.rlib,libicu_locid_transform-65f3cc647329f608.rlib,libicu_locid_transform_data-8028f11c9402c91c.rlib,libicu_collections-f277f1e5d5537866.rlib,libicu_provider-2939b66c89ff9ac5.rlib,libicu_locid-1b0c32366c901b6a.rlib,liblitemap-51a036514cf7ca74.rlib,libtinystr-87b47df8eb7c7fe6.rlib,libzerovec-07822246558190f6.rlib,libwriteable-6860379f2b55b18c.rlib,libyoke-39d4c0773dd2e418.rlib,libzerofrom-72dba183c35c847b.rlib,libstable_deref_trait-b55f2c84d15beaea.rlib,libform_urlencoded-2ee4633f4ec47530.rlib,libtracing_subscriber-2270bfee6a540fc6.rlib,libsharded_slab-709bc67164c7f77f.rlib,liblazy_static-39176b38f763143b.rlib,libmatchers-cd5e21fc3a0c9efb.rlib,libregex_automata-cd60af1e1980d2db.rlib,libregex_syntax-beb2cc35ff2f4833.rlib,libregex-2b29eeed519f5096.rlib,libregex_automata-276ffc1d3192687d.rlib,libregex_syntax-50b15bf2d3ffac14.rlib,libnu_ansi_term-b131cab8bb6c9b49.rlib,liboverload-bdf4876d9a8e99d7.rlib,libthread_local-0b7fac2bc8260d3a.rlib,libtracing_log-821759423e5f7c3b.rlib,liblog-11e18f767a2606bc.rlib,libopentelemetry_otlp-c40d0f8605eb621c.rlib,libopentelemetry_proto-e06b7f042ad013d6.rlib,libopentelemetry_sdk-2a28989725819c94.rlib,libfutures_executor-fb1a199c5570c7d3.rlib,libtonic-dbd2a05b8969e50a.rlib,libhyper_timeout-3936cfe1ffae62e0.rlib,libasync_stream-09e99730b25f3237.rlib,libhyper_util-d0443b702a3ee172.rlib,libhyper-fba9e071d67dfb4d.rlib,libwant-9f221c42a061eee8.rlib,libtry_lock-50f0361f26ba6f84.rlib,libhttparse-b1a017b5fc640561.rlib,libh2-ffa0ef74290e8701.rlib,libindexmap-66a4d5d6fed4f75f.rlib,libequivalent-36fe78148bbac4ca.rlib,libhashbrown-49191a6fa1fcaf35.rlib,libatomic_waker-597b18cc61fef3c9.rlib,libhttpdate-708afd5953548344.rlib,libfutures_channel-0b42da5cffa8d2e6.rlib,libaxum-b478366df2c92253.rlib,libpercent_encoding-94c0844c6dae7341.rlib,libmatchit-38b0920e6781ae42.rlib,libaxum_core-8df17a86af0f39aa.rlib,libmime-1e82b40c2ddedb49.rlib,libtower-9ccf5dcf6f85b055.rlib,libsync_wrapper-bc0f86c685a7223b.rlib,libtower-346b2d1037747629.rlib,libindexmap-1c2a71bd79f9deb8.rlib,libhashbrown-130fc51a6367057b.rlib,libtokio_util-34e65dc42c058a23.rlib,librand-d8e78b51d6da9be1.rlib,librand_chacha-ec582e40d46cfa4c.rlib,libppv_lite86-c676014b974f9d89.rlib,libzerocopy-0e25adee0baf9463.rlib,libbyteorder-e0e38b58a133abc4.rlib,librand_core-aba17450734f263e.rlib,libgetrandom-418f0cd9aa958ece.rlib,libtower_layer-c565a34cdf9e1056.rlib,libbase64-c466fef6d1a28af7.rlib,libprost-fb644c3cab3e3f6f.rlib,libpin_project-1755318db7efc9f4.rlib,libtracing-6eaaf3a1134a4564.rlib,libtracing_core-3014b2807497dc93.rlib,libtower_service-de925df53d452054.rlib,libtokio_stream-c574cf5cddedb010.rlib,libtokio-3bc4b57f25dbe3df.rlib,libsignal_hook_registry-4c6b42223aabaf0b.rlib,libsocket2-b1b3b86ac2e67c9d.rlib,libmio-24a78cb9c79b2ea4.rlib,libparking_lot-8583575072bd55ae.rlib,libparking_lot_core-e80247d943c53965.rlib,libsmallvec-25e3efc79ea907ed.rlib,liblock_api-7ed532b3ba6db1a6.rlib,libscopeguard-54efe0630e598d2f.rlib,libhttp_body_util-a18329edcff784aa.rlib,libfutures_util-03fec763c0689cba.rlib,libslab-6a28740ccd11e32d.rlib,libfutures_task-5e796033a406db29.rlib,libpin_utils-1b4e05bc0098a6e0.rlib,libhttp_body-e3d17327a8a800e0.rlib,libhttp-62245a18e1d6facf.rlib,libitoa-5d32f20857b38e59.rlib,libfnv-a0e84274df5e929e.rlib,libopentelemetry-2e954406980c05e9.rlib,libpin_project_lite-cb7b061d56820a9f.rlib,libfutures_sink-4af9647151f6e3b3.rlib,libfutures_core-cd2ca45eece0031c.rlib,libopenssl-5dbf3d7becdf8560.rlib,libonce_cell-2bffb8f01566609a.rlib,libbitflags-eddf0ee6a6b655cd.rlib,libforeign_types-2eb64df2b92a61e5.rlib,libforeign_types_shared-bb1fe21866105dc2.rlib,libcfg_if-8f0231822091c729.rlib,libopenssl_sys-7bcce829543496fb.rlib,liblibc-bc7e97405f868017.rlib,libglob-df07ba62894c3537.rlib,libserde-a4c89050605d867a.rlib,libthiserror-cb3d2d6fd481a0cb.rlib,libchrono-466920b322a259d6.rlib,libnum_traits-1bb4a13c537999d7.rlib,libiana_time_zone-7b37c435906b3282.rlib,libbytes-42f3e5d4836e1a02.rlib}" "/opt/rustwide/rustup-home/toolchains/nightly-2025-01-18-x86_64-unknown-linux-gnu/lib/rustlib/x86_64-unknown-linux-gnu/lib/{libstd-006123e2ce67e99d.rlib,libpanic_unwind-e1447e1efa6f1e57.rlib,libobject-f6963a4916fcf097.rlib,libmemchr-49a2d9af912f4524.rlib,libaddr2line-04d19aad3936869d.rlib,libgimli-483c235edb789db0.rlib,librustc_demangle-294281af50b8f748.rlib,libstd_detect-3b08295250aabc2a.rlib,libhashbrown-4472d1e05ba0dfaf.rlib,librustc_std_workspace_alloc-2ef099fac590e457.rlib,libminiz_oxide-8a51f5e848546c29.rlib,libadler2-3d3fa22b868db521.rlib,libunwind-0ffda8b08e22dbea.rlib,libcfg_if-b08f62458fdd43b9.rlib,liblibc-559675126e63b890.rlib,liballoc-fcf21c8d1c9c7b75.rlib,librustc_std_workspace_core-e0b0460135bcf21d.rlib,libcore-d4097fdcbddd3bc7.rlib,libcompiler_builtins-fea484ac1eed7881.rlib}" "-Wl,-Bdynamic" "-lssl" "-lcrypto" "-lgcc_s" "-lutil" "-lrt" "-lpthread" "-lm" "-ldl" "-lc" "-B/opt/rustwide/rustup-home/toolchains/nightly-2025-01-18-x86_64-unknown-linux-gnu/lib/rustlib/x86_64-unknown-linux-gnu/bin/gcc-ld" "-fuse-ld=lld" "-Wl,--eh-frame-hdr" "-Wl,-z,noexecstack" "-L" "/opt/rustwide/rustup-home/toolchains/nightly-2025-01-18-x86_64-unknown-linux-gnu/lib/rustlib/x86_64-unknown-linux-gnu/lib" "-o" "/tmp/rustdoctest6WwgSW/rust_out" "-Wl,--gc-sections" "-pie" "-Wl,-z,relro,-z,now" "-nodefaultlibs"
[INFO] [stdout]   = note: some arguments are omitted. use `--verbose` to show all linker arguments
[INFO] [stdout]   = note: collect2: fatal error: ld terminated with signal 9 [Killed]
[INFO] [stdout]           compilation terminated.
[INFO] [stdout]           
[INFO] [stdout] 
[INFO] [stdout] error: aborting due to 1 previous error
[INFO] [stdout] 
[INFO] [stdout] Couldn't compile the test.
[INFO] [stdout] 
[INFO] [stdout] failures:
[INFO] [stdout]     src/config/ssl.rs - config::ssl::Store::get_certs (line 92)
[INFO] [stdout]     src/msg/tvf.rs - msg::tvf::TvfFilter (line 118)
[INFO] [stdout] 
[INFO] [stdout] test result: FAILED. 12 passed; 2 failed; 0 ignored; 0 measured; 0 filtered out; finished in 11.51s
[INFO] [stdout] 
[INFO] [stderr] error: doctest failed, to rerun pass `--doc`
[INFO] running `Command { std: "docker" "inspect" "96defb6fd6162372de5f51d530fd469a7701b618ab959d722b34b1004cfd36a8", kill_on_drop: false }`
[INFO] running `Command { std: "docker" "rm" "-f" "96defb6fd6162372de5f51d530fd469a7701b618ab959d722b34b1004cfd36a8", kill_on_drop: false }`
[INFO] [stdout] 96defb6fd6162372de5f51d530fd469a7701b618ab959d722b34b1004cfd36a8
