[INFO] fetching crate propfuzz 0.0.1...
[INFO] testing propfuzz-0.0.1 against nightly-2025-01-18+rustflags=-Zrandomize-layout for randomize-layout-2
[INFO] extracting crate propfuzz 0.0.1 into /workspace/builds/worker-1-tc2/source
[INFO] validating manifest of crates.io crate propfuzz 0.0.1 on toolchain nightly-2025-01-18
[INFO] running `Command { std: CARGO_HOME="/workspace/cargo-home" RUSTUP_HOME="/workspace/rustup-home" "/workspace/cargo-home/bin/cargo" "+nightly-2025-01-18" "metadata" "--manifest-path" "Cargo.toml" "--no-deps", kill_on_drop: false }`
[INFO] started tweaking crates.io crate propfuzz 0.0.1
[INFO] removed 0 missing tests
[INFO] finished tweaking crates.io crate propfuzz 0.0.1
[INFO] tweaked toml for crates.io crate propfuzz 0.0.1 written to /workspace/builds/worker-1-tc2/source/Cargo.toml
[INFO] running `Command { std: CARGO_HOME="/workspace/cargo-home" RUSTUP_HOME="/workspace/rustup-home" "/workspace/cargo-home/bin/cargo" "+nightly-2025-01-18" "generate-lockfile" "--manifest-path" "Cargo.toml", kill_on_drop: false }`
[INFO] [stderr]     Blocking waiting for file lock on package cache
[INFO] [stderr]     Updating crates.io index
[INFO] [stderr]     Blocking waiting for file lock on package cache
[INFO] [stderr]      Locking 77 packages to latest compatible versions
[INFO] [stderr]       Adding pretty_assertions v0.6.1 (available: v1.4.1)
[INFO] [stderr]       Adding proptest v0.10.1 (available: v1.6.0)
[INFO] running `Command { std: CARGO_HOME="/workspace/cargo-home" RUSTUP_HOME="/workspace/rustup-home" "/workspace/cargo-home/bin/cargo" "+nightly-2025-01-18" "fetch" "--manifest-path" "Cargo.toml", kill_on_drop: false }`
[INFO] [stderr]     Blocking waiting for file lock on package cache
[INFO] [stderr]     Blocking waiting for file lock on package cache
[INFO] running `Command { std: "docker" "create" "-v" "/var/lib/crater-agent-workspace/builds/worker-1-tc2/target:/opt/rustwide/target:rw,Z" "-v" "/var/lib/crater-agent-workspace/builds/worker-1-tc2/source:/opt/rustwide/workdir:ro,Z" "-v" "/var/lib/crater-agent-workspace/cargo-home:/opt/rustwide/cargo-home:ro,Z" "-v" "/var/lib/crater-agent-workspace/rustup-home:/opt/rustwide/rustup-home:ro,Z" "-e" "SOURCE_DIR=/opt/rustwide/workdir" "-e" "CARGO_TARGET_DIR=/opt/rustwide/target" "-e" "CARGO_HOME=/opt/rustwide/cargo-home" "-e" "RUSTUP_HOME=/opt/rustwide/rustup-home" "-w" "/opt/rustwide/workdir" "-m" "1610612736" "--user" "0:0" "--network" "none" "ghcr.io/rust-lang/crates-build-env/linux@sha256:819108c5571ea2e421544af4d832f968d213c87fbe3707a016657f43d2f853bc" "/opt/rustwide/cargo-home/bin/cargo" "+nightly-2025-01-18" "metadata" "--no-deps" "--format-version=1", kill_on_drop: false }`
[INFO] [stdout] 8c57c77c34081eacda58c14e68887b9c9338787416c86f32ef37ee0f98b10032
[INFO] running `Command { std: "docker" "start" "-a" "8c57c77c34081eacda58c14e68887b9c9338787416c86f32ef37ee0f98b10032", kill_on_drop: false }`
[INFO] running `Command { std: "docker" "inspect" "8c57c77c34081eacda58c14e68887b9c9338787416c86f32ef37ee0f98b10032", kill_on_drop: false }`
[INFO] running `Command { std: "docker" "rm" "-f" "8c57c77c34081eacda58c14e68887b9c9338787416c86f32ef37ee0f98b10032", kill_on_drop: false }`
[INFO] [stdout] 8c57c77c34081eacda58c14e68887b9c9338787416c86f32ef37ee0f98b10032
[INFO] running `Command { std: "docker" "create" "-v" "/var/lib/crater-agent-workspace/builds/worker-1-tc2/target:/opt/rustwide/target:rw,Z" "-v" "/var/lib/crater-agent-workspace/builds/worker-1-tc2/source:/opt/rustwide/workdir:ro,Z" "-v" "/var/lib/crater-agent-workspace/cargo-home:/opt/rustwide/cargo-home:ro,Z" "-v" "/var/lib/crater-agent-workspace/rustup-home:/opt/rustwide/rustup-home:ro,Z" "-e" "SOURCE_DIR=/opt/rustwide/workdir" "-e" "CARGO_TARGET_DIR=/opt/rustwide/target" "-e" "CARGO_INCREMENTAL=0" "-e" "RUST_BACKTRACE=full" "-e" "RUSTFLAGS=--cap-lints=forbid -Zrandomize-layout" "-e" "RUSTDOCFLAGS=--cap-lints=forbid" "-e" "CARGO_HOME=/opt/rustwide/cargo-home" "-e" "RUSTUP_HOME=/opt/rustwide/rustup-home" "-w" "/opt/rustwide/workdir" "-m" "1610612736" "--user" "0:0" "--network" "none" "ghcr.io/rust-lang/crates-build-env/linux@sha256:819108c5571ea2e421544af4d832f968d213c87fbe3707a016657f43d2f853bc" "/opt/rustwide/cargo-home/bin/cargo" "+nightly-2025-01-18" "build" "--frozen" "--message-format=json", kill_on_drop: false }`
[INFO] [stdout] a1540cc877c6bf7c27c593f68546da4e7b411e415deac2cc704dab89e1a35679
[INFO] running `Command { std: "docker" "start" "-a" "a1540cc877c6bf7c27c593f68546da4e7b411e415deac2cc704dab89e1a35679", kill_on_drop: false }`
[INFO] [stderr]    Compiling proc-macro2 v1.0.93
[INFO] [stderr]    Compiling libc v0.2.169
[INFO] [stderr]    Compiling unicode-ident v1.0.14
[INFO] [stderr]    Compiling getrandom v0.1.16
[INFO] [stderr]    Compiling rustix v0.38.43
[INFO] [stderr]    Compiling byteorder v1.5.0
[INFO] [stderr]    Compiling bitflags v2.8.0
[INFO] [stderr]    Compiling linux-raw-sys v0.4.15
[INFO] [stderr]    Compiling once_cell v1.20.2
[INFO] [stderr]    Compiling syn v1.0.109
[INFO] [stderr]    Compiling fastrand v2.3.0
[INFO] [stderr]    Compiling fnv v1.0.7
[INFO] [stderr]    Compiling bit-vec v0.6.3
[INFO] [stderr]    Compiling quick-error v1.2.3
[INFO] [stderr]    Compiling num-traits v0.2.19
[INFO] [stderr]    Compiling bitflags v1.3.2
[INFO] [stderr]    Compiling regex-syntax v0.6.29
[INFO] [stderr]    Compiling lazy_static v1.5.0
[INFO] [stderr]    Compiling bit-set v0.5.3
[INFO] [stderr]    Compiling quote v1.0.38
[INFO] [stderr]    Compiling syn v2.0.96
[INFO] [stderr]    Compiling getrandom v0.2.15
[INFO] [stderr]    Compiling wait-timeout v0.2.0
[INFO] [stderr]    Compiling rand_core v0.5.1
[INFO] [stderr]    Compiling rand_xorshift v0.2.0
[INFO] [stderr]    Compiling tempfile v3.15.0
[INFO] [stderr]    Compiling rusty-fork v0.3.0
[INFO] [stderr]    Compiling zerocopy-derive v0.7.35
[INFO] [stderr]    Compiling zerocopy v0.7.35
[INFO] [stderr]    Compiling ppv-lite86 v0.2.20
[INFO] [stderr]    Compiling propfuzz-macro v0.0.1
[INFO] [stderr]    Compiling rand_chacha v0.2.2
[INFO] [stderr]    Compiling rand v0.7.3
[INFO] [stderr]    Compiling proptest v0.10.1
[INFO] [stderr]    Compiling propfuzz v0.0.1 (/opt/rustwide/workdir)
[INFO] [stderr]     Finished `dev` profile [unoptimized + debuginfo] target(s) in 15.38s
[INFO] running `Command { std: "docker" "inspect" "a1540cc877c6bf7c27c593f68546da4e7b411e415deac2cc704dab89e1a35679", kill_on_drop: false }`
[INFO] running `Command { std: "docker" "rm" "-f" "a1540cc877c6bf7c27c593f68546da4e7b411e415deac2cc704dab89e1a35679", kill_on_drop: false }`
[INFO] [stdout] a1540cc877c6bf7c27c593f68546da4e7b411e415deac2cc704dab89e1a35679
[INFO] running `Command { std: "docker" "create" "-v" "/var/lib/crater-agent-workspace/builds/worker-1-tc2/target:/opt/rustwide/target:rw,Z" "-v" "/var/lib/crater-agent-workspace/builds/worker-1-tc2/source:/opt/rustwide/workdir:ro,Z" "-v" "/var/lib/crater-agent-workspace/cargo-home:/opt/rustwide/cargo-home:ro,Z" "-v" "/var/lib/crater-agent-workspace/rustup-home:/opt/rustwide/rustup-home:ro,Z" "-e" "SOURCE_DIR=/opt/rustwide/workdir" "-e" "CARGO_TARGET_DIR=/opt/rustwide/target" "-e" "CARGO_INCREMENTAL=0" "-e" "RUST_BACKTRACE=full" "-e" "RUSTFLAGS=--cap-lints=forbid -Zrandomize-layout" "-e" "RUSTDOCFLAGS=--cap-lints=forbid" "-e" "CARGO_HOME=/opt/rustwide/cargo-home" "-e" "RUSTUP_HOME=/opt/rustwide/rustup-home" "-w" "/opt/rustwide/workdir" "-m" "1610612736" "--user" "0:0" "--network" "none" "ghcr.io/rust-lang/crates-build-env/linux@sha256:819108c5571ea2e421544af4d832f968d213c87fbe3707a016657f43d2f853bc" "/opt/rustwide/cargo-home/bin/cargo" "+nightly-2025-01-18" "test" "--frozen" "--no-run" "--message-format=json", kill_on_drop: false }`
[INFO] [stdout] 15238c84e87a50ef80dc64001e2259044283b3e015617107fc2ce7f1179ada7c
[INFO] running `Command { std: "docker" "start" "-a" "15238c84e87a50ef80dc64001e2259044283b3e015617107fc2ce7f1179ada7c", kill_on_drop: false }`
[INFO] [stderr]    Compiling serde v1.0.217
[INFO] [stderr]    Compiling hashbrown v0.15.2
[INFO] [stderr]    Compiling equivalent v1.0.1
[INFO] [stderr]    Compiling winnow v0.6.24
[INFO] [stderr]    Compiling target-triple v0.1.3
[INFO] [stderr]    Compiling serde_json v1.0.137
[INFO] [stderr]    Compiling itoa v1.0.14
[INFO] [stderr]    Compiling ansi_term v0.11.0
[INFO] [stderr]    Compiling difference v2.0.0
[INFO] [stderr]    Compiling glob v0.3.2
[INFO] [stderr]    Compiling serde_derive v1.0.217
[INFO] [stderr]    Compiling termcolor v1.4.1
[INFO] [stderr]    Compiling pretty_assertions v0.6.1
[INFO] [stderr]    Compiling indexmap v2.7.1
[INFO] [stderr]    Compiling toml_datetime v0.6.8
[INFO] [stderr]    Compiling serde_spanned v0.6.8
[INFO] [stderr]    Compiling toml_edit v0.22.22
[INFO] [stderr]    Compiling toml v0.8.19
[INFO] [stderr]    Compiling trybuild v1.0.102
[INFO] [stderr]    Compiling propfuzz v0.0.1 (/opt/rustwide/workdir)
[INFO] [stderr]     Finished `test` profile [unoptimized + debuginfo] target(s) in 9.88s
[INFO] running `Command { std: "docker" "inspect" "15238c84e87a50ef80dc64001e2259044283b3e015617107fc2ce7f1179ada7c", kill_on_drop: false }`
[INFO] running `Command { std: "docker" "rm" "-f" "15238c84e87a50ef80dc64001e2259044283b3e015617107fc2ce7f1179ada7c", kill_on_drop: false }`
[INFO] [stdout] 15238c84e87a50ef80dc64001e2259044283b3e015617107fc2ce7f1179ada7c
[INFO] running `Command { std: "docker" "create" "-v" "/var/lib/crater-agent-workspace/builds/worker-1-tc2/target:/opt/rustwide/target:rw,Z" "-v" "/var/lib/crater-agent-workspace/builds/worker-1-tc2/source:/opt/rustwide/workdir:ro,Z" "-v" "/var/lib/crater-agent-workspace/cargo-home:/opt/rustwide/cargo-home:ro,Z" "-v" "/var/lib/crater-agent-workspace/rustup-home:/opt/rustwide/rustup-home:ro,Z" "-e" "SOURCE_DIR=/opt/rustwide/workdir" "-e" "CARGO_TARGET_DIR=/opt/rustwide/target" "-e" "CARGO_INCREMENTAL=0" "-e" "RUST_BACKTRACE=full" "-e" "RUSTFLAGS=--cap-lints=forbid -Zrandomize-layout" "-e" "RUSTDOCFLAGS=--cap-lints=forbid" "-e" "CARGO_HOME=/opt/rustwide/cargo-home" "-e" "RUSTUP_HOME=/opt/rustwide/rustup-home" "-w" "/opt/rustwide/workdir" "-m" "1610612736" "--user" "0:0" "--network" "none" "ghcr.io/rust-lang/crates-build-env/linux@sha256:819108c5571ea2e421544af4d832f968d213c87fbe3707a016657f43d2f853bc" "/opt/rustwide/cargo-home/bin/cargo" "+nightly-2025-01-18" "test" "--frozen", kill_on_drop: false }`
[INFO] [stdout] a7276a8f467c8977b6433b27be519b18c2158d8737bade1bf7c08967687ea2d2
[INFO] running `Command { std: "docker" "start" "-a" "a7276a8f467c8977b6433b27be519b18c2158d8737bade1bf7c08967687ea2d2", kill_on_drop: false }`
[INFO] [stderr]     Finished `test` profile [unoptimized + debuginfo] target(s) in 0.07s
[INFO] [stderr]      Running unittests src/lib.rs (/opt/rustwide/target/debug/deps/propfuzz-10bf76ba364ca8d1)
[INFO] [stdout] 
[INFO] [stdout] running 0 tests
[INFO] [stdout] 
[INFO] [stdout] test result: ok. 0 passed; 0 failed; 0 ignored; 0 measured; 0 filtered out; finished in 0.00s
[INFO] [stdout] 
[INFO] [stdout] 
[INFO] [stderr]      Running tests/basic.rs (/opt/rustwide/target/debug/deps/basic-c4c77609fbf623d0)
[INFO] [stdout] running 12 tests
[INFO] [stdout] test all_proptest_options ... ignored
[INFO] [stdout] test failing ... ignored
[INFO] [stdout] test propfuzz_add_pair ... ok
[INFO] [stdout] test propfuzz_add_two ... ok
[INFO] [stdout] test propfuzz_all_proptest_options ... ok
[INFO] [stdout] test propfuzz_failing ... ok
[INFO] [stdout] test propfuzz_reverse ... ok
[INFO] [stdout] test propfuzz_multi ... ok
[INFO] [stdout] test add_two ... ok
[INFO] [stdout] test add_pair ... ok
[INFO] [stdout] test reverse ... ok
[INFO] [stdout] test multi ... ok
[INFO] [stdout] 
[INFO] [stdout] test result: ok. 10 passed; 0 failed; 2 ignored; 0 measured; 0 filtered out; finished in 0.20s
[INFO] [stdout] 
[INFO] [stderr]      Running tests/trybuild.rs (/opt/rustwide/target/debug/deps/trybuild-972abcf24f1fbc9a)
[INFO] [stdout] 
[INFO] [stdout] running 1 test
[INFO] [stderr]    Compiling libc v0.2.169
[INFO] [stderr]    Compiling proc-macro2 v1.0.93
[INFO] [stderr]    Compiling unicode-ident v1.0.14
[INFO] [stderr]     Checking cfg-if v1.0.0
[INFO] [stderr]    Compiling getrandom v0.1.16
[INFO] [stderr]     Checking byteorder v1.5.0
[INFO] [stderr]    Compiling rustix v0.38.43
[INFO] [stderr]     Checking bitflags v2.8.0
[INFO] [stderr]     Checking linux-raw-sys v0.4.15
[INFO] [stderr]    Compiling autocfg v1.4.0
[INFO] [stderr]    Compiling syn v1.0.109
[INFO] [stderr]     Checking fastrand v2.3.0
[INFO] [stderr]     Checking once_cell v1.20.2
[INFO] [stderr]     Checking fnv v1.0.7
[INFO] [stderr]     Checking quick-error v1.2.3
[INFO] [stderr]     Checking bit-vec v0.6.3
[INFO] [stderr]     Checking lazy_static v1.5.0
[INFO] [stderr]     Checking regex-syntax v0.6.29
[INFO] [stderr]     Checking bitflags v1.3.2
[INFO] [stderr]     Checking difference v2.0.0
[INFO] [stderr]     Checking ansi_term v0.11.0
[INFO] [stderr]     Checking bit-set v0.5.3
[INFO] [stderr]     Checking pretty_assertions v0.6.1
[INFO] [stderr]    Compiling num-traits v0.2.19
[INFO] [stderr]    Compiling quote v1.0.38
[INFO] [stderr]    Compiling syn v2.0.96
[INFO] [stderr]     Checking getrandom v0.2.15
[INFO] [stderr]     Checking wait-timeout v0.2.0
[INFO] [stderr]     Checking rand_core v0.5.1
[INFO] [stderr]     Checking tempfile v3.15.0
[INFO] [stderr]     Checking rand_xorshift v0.2.0
[INFO] [stderr]     Checking rusty-fork v0.3.0
[INFO] [stderr]    Compiling zerocopy-derive v0.7.35
[INFO] [stderr]     Checking zerocopy v0.7.35
[INFO] [stderr]     Checking ppv-lite86 v0.2.20
[INFO] [stderr]     Checking rand_chacha v0.2.2
[INFO] [stderr]    Compiling propfuzz-macro v0.0.1
[INFO] [stderr]     Checking rand v0.7.3
[INFO] [stderr]     Checking proptest v0.10.1
[INFO] [stderr]     Checking propfuzz v0.0.1 (/opt/rustwide/workdir)
[INFO] [stderr]     Checking propfuzz-tests v0.0.0 (/opt/rustwide/target/tests/trybuild/propfuzz)
[INFO] [stderr]     Finished `dev` profile [unoptimized + debuginfo] target(s) in 14.70s
[INFO] [stderr] 
[INFO] [stderr] 
[INFO] [stderr] test tests/compile-fail/bad-args.rs ... mismatch
[INFO] [stderr] 
[INFO] [stderr] EXPECTED:
[INFO] [stderr] ┈┈┈┈┈┈┈┈┈┈┈┈┈┈┈┈┈┈┈┈┈┈┈┈┈┈┈┈┈┈┈┈┈┈┈┈┈┈┈┈┈┈┈┈┈┈┈┈┈┈┈┈┈┈┈┈┈┈┈┈
[INFO] [stderr] error: expected integer
[INFO] [stderr]  --> $DIR/bad-args.rs:9:20
[INFO] [stderr]   |
[INFO] [stderr] 9 | #[propfuzz(cases = true, fork = 1024)]
[INFO] [stderr]   |                    ^^^^
[INFO] [stderr] 
[INFO] [stderr] error: expected bool
[INFO] [stderr]  --> $DIR/bad-args.rs:9:33
[INFO] [stderr]   |
[INFO] [stderr] 9 | #[propfuzz(cases = true, fork = 1024)]
[INFO] [stderr]   |                                 ^^^^
[INFO] [stderr] 
[INFO] [stderr] error: key specified more than once
[INFO] [stderr]   --> $DIR/bad-args.rs:13:26
[INFO] [stderr]    |
[INFO] [stderr] 13 | #[propfuzz(cases = 1024, cases = 2048)]
[INFO] [stderr]    |                          ^^^^^
[INFO] [stderr] 
[INFO] [stderr] error: key specified more than once
[INFO] [stderr]   --> $DIR/bad-args.rs:17:12
[INFO] [stderr]    |
[INFO] [stderr] 17 | #[propfuzz(cases = 2048)]
[INFO] [stderr]    |            ^^^^^
[INFO] [stderr] 
[INFO] [stderr] error: argument not recognized
[INFO] [stderr]   --> $DIR/bad-args.rs:22:12
[INFO] [stderr]    |
[INFO] [stderr] 22 | #[propfuzz(wat)]
[INFO] [stderr]    |            ^^^
[INFO] [stderr] 
[INFO] [stderr] error: expected parentheses: #[propfuzz(...)]
[INFO] [stderr]   --> $DIR/bad-args.rs:23:12
[INFO] [stderr]    |
[INFO] [stderr] 23 | #[propfuzz = "wat"]
[INFO] [stderr]    |            ^
[INFO] [stderr] 
[INFO] [stderr] error: key specified more than once
[INFO] [stderr]   --> $DIR/bad-args.rs:28:12
[INFO] [stderr]    |
[INFO] [stderr] 28 | #[propfuzz(cases = 512)]
[INFO] [stderr]    |            ^^^^^
[INFO] [stderr] 
[INFO] [stderr] error: key specified more than once
[INFO] [stderr]   --> $DIR/bad-args.rs:31:16
[INFO] [stderr]    |
[INFO] [stderr] 31 |     #[propfuzz(strategy = "any::<u8>()")]
[INFO] [stderr]    |                ^^^^^^^^
[INFO] [stderr] ┈┈┈┈┈┈┈┈┈┈┈┈┈┈┈┈┈┈┈┈┈┈┈┈┈┈┈┈┈┈┈┈┈┈┈┈┈┈┈┈┈┈┈┈┈┈┈┈┈┈┈┈┈┈┈┈┈┈┈┈
[INFO] [stderr] 
[INFO] [stderr] ACTUAL OUTPUT:
[INFO] [stderr] ┈┈┈┈┈┈┈┈┈┈┈┈┈┈┈┈┈┈┈┈┈┈┈┈┈┈┈┈┈┈┈┈┈┈┈┈┈┈┈┈┈┈┈┈┈┈┈┈┈┈┈┈┈┈┈┈┈┈┈┈
[INFO] [stderr] error: expected integer
[INFO] [stderr]  --> tests/compile-fail/bad-args.rs:9:20
[INFO] [stderr]   |
[INFO] [stderr] 9 | #[propfuzz(cases = true, fork = 1024)]
[INFO] [stderr]   |                    ^^^^
[INFO] [stderr] 
[INFO] [stderr] error: expected bool
[INFO] [stderr]  --> tests/compile-fail/bad-args.rs:9:33
[INFO] [stderr]   |
[INFO] [stderr] 9 | #[propfuzz(cases = true, fork = 1024)]
[INFO] [stderr]   |                                 ^^^^
[INFO] [stderr] 
[INFO] [stderr] error: key specified more than once
[INFO] [stderr]   --> tests/compile-fail/bad-args.rs:13:26
[INFO] [stderr]    |
[INFO] [stderr] 13 | #[propfuzz(cases = 1024, cases = 2048)]
[INFO] [stderr]    |                          ^^^^^^^^^^^^
[INFO] [stderr] 
[INFO] [stderr] error: key specified more than once
[INFO] [stderr]   --> tests/compile-fail/bad-args.rs:17:12
[INFO] [stderr]    |
[INFO] [stderr] 17 | #[propfuzz(cases = 2048)]
[INFO] [stderr]    |            ^^^^^^^^^^^^
[INFO] [stderr] 
[INFO] [stderr] error: argument not recognized
[INFO] [stderr]   --> tests/compile-fail/bad-args.rs:22:12
[INFO] [stderr]    |
[INFO] [stderr] 22 | #[propfuzz(wat)]
[INFO] [stderr]    |            ^^^
[INFO] [stderr] 
[INFO] [stderr] error: expected parentheses: #[propfuzz(...)]
[INFO] [stderr]   --> tests/compile-fail/bad-args.rs:23:12
[INFO] [stderr]    |
[INFO] [stderr] 23 | #[propfuzz = "wat"]
[INFO] [stderr]    |            ^
[INFO] [stderr] 
[INFO] [stderr] error: key specified more than once
[INFO] [stderr]   --> tests/compile-fail/bad-args.rs:28:12
[INFO] [stderr]    |
[INFO] [stderr] 28 | #[propfuzz(cases = 512)]
[INFO] [stderr]    |            ^^^^^^^^^^^
[INFO] [stderr] 
[INFO] [stderr] error: key specified more than once
[INFO] [stderr]   --> tests/compile-fail/bad-args.rs:31:16
[INFO] [stderr]    |
[INFO] [stderr] 31 |     #[propfuzz(strategy = "any::<u8>()")]
[INFO] [stderr]    |                ^^^^^^^^^^^^^^^^^^^^^^^^
[INFO] [stderr] ┈┈┈┈┈┈┈┈┈┈┈┈┈┈┈┈┈┈┈┈┈┈┈┈┈┈┈┈┈┈┈┈┈┈┈┈┈┈┈┈┈┈┈┈┈┈┈┈┈┈┈┈┈┈┈┈┈┈┈┈
[INFO] [stderr] note: If the actual output is the correct output you can bless it by rerunning
[INFO] [stderr]       your test with the environment variable TRYBUILD=overwrite
[INFO] [stderr] 
[INFO] [stderr] test tests/compile-fail/bad_strategies.rs ... mismatch
[INFO] [stderr] 
[INFO] [stderr] EXPECTED:
[INFO] [stderr] ┈┈┈┈┈┈┈┈┈┈┈┈┈┈┈┈┈┈┈┈┈┈┈┈┈┈┈┈┈┈┈┈┈┈┈┈┈┈┈┈┈┈┈┈┈┈┈┈┈┈┈┈┈┈┈┈┈┈┈┈
[INFO] [stderr] error: expected key = value format
[INFO] [stderr]   --> $DIR/bad_strategies.rs:12:28
[INFO] [stderr]    |
[INFO] [stderr] 12 | fn wrong_format(#[propfuzz(strategy(foo))] _: u8) {}
[INFO] [stderr]    |                            ^^^^^^^^^^^^^
[INFO] [stderr] 
[INFO] [stderr] error: expected expression
[INFO] [stderr]   --> $DIR/bad_strategies.rs:16:39
[INFO] [stderr]    |
[INFO] [stderr] 16 | fn invalid_expr(#[propfuzz(strategy = "_")] _: u8) {}
[INFO] [stderr]    |                                       ^^^
[INFO] [stderr] 
[INFO] [stderr] error: non-#[propfuzz] attributes are not supported
[INFO] [stderr]   --> $DIR/bad_strategies.rs:24:17
[INFO] [stderr]    |
[INFO] [stderr] 24 | fn unknown_attr(#[foo] _: u8) {}
[INFO] [stderr]    |                 ^^^^^^
[INFO] [stderr] 
[INFO] [stderr] error[E0425]: cannot find function `xxxxxxx` in this scope
[INFO] [stderr]   --> $DIR/bad_strategies.rs:20:39
[INFO] [stderr]    |
[INFO] [stderr] 20 | fn unknown_name(#[propfuzz(strategy = "xxxxxxx(any::<u64>(), 0..8)")] _: HashSet<u64>) {}
[INFO] [stderr]    |                                       ^^^^^^^^^^^^^^^^^^^^^^^^^^^^^ not found in this scope
[INFO] [stderr] 
[INFO] [stderr] error[E0308]: mismatched types
[INFO] [stderr]   --> $DIR/bad_strategies.rs:27:1
[INFO] [stderr]    |
[INFO] [stderr] 27 | #[propfuzz]
[INFO] [stderr]    | ^^^^^^^^^^^
[INFO] [stderr]    | |
[INFO] [stderr]    | expected struct `std::collections::HashSet`, found struct `std::vec::Vec`
[INFO] [stderr]    | expected `std::result::Result<(), proptest::test_runner::errors::TestError<(std::collections::HashSet<u64>,)>>` because of return type
[INFO] [stderr]    |
[INFO] [stderr]    = note: expected enum `std::result::Result<_, proptest::test_runner::errors::TestError<(std::collections::HashSet<u64>,)>>`
[INFO] [stderr]               found enum `std::result::Result<_, proptest::test_runner::errors::TestError<(std::vec::Vec<u64>,)>>`
[INFO] [stderr]    = note: this error originates in an attribute macro (in Nightly builds, run with -Z macro-backtrace for more info)
[INFO] [stderr] ┈┈┈┈┈┈┈┈┈┈┈┈┈┈┈┈┈┈┈┈┈┈┈┈┈┈┈┈┈┈┈┈┈┈┈┈┈┈┈┈┈┈┈┈┈┈┈┈┈┈┈┈┈┈┈┈┈┈┈┈
[INFO] [stderr] 
[INFO] [stderr] ACTUAL OUTPUT:
[INFO] [stderr] ┈┈┈┈┈┈┈┈┈┈┈┈┈┈┈┈┈┈┈┈┈┈┈┈┈┈┈┈┈┈┈┈┈┈┈┈┈┈┈┈┈┈┈┈┈┈┈┈┈┈┈┈┈┈┈┈┈┈┈┈
[INFO] [stderr] error: expected key = value format
[INFO] [stderr]   --> tests/compile-fail/bad_strategies.rs:12:28
[INFO] [stderr]    |
[INFO] [stderr] 12 | fn wrong_format(#[propfuzz(strategy(foo))] _: u8) {}
[INFO] [stderr]    |                            ^^^^^^^^^^^^^
[INFO] [stderr] 
[INFO] [stderr] error: non-#[propfuzz] attributes are not supported
[INFO] [stderr]   --> tests/compile-fail/bad_strategies.rs:24:17
[INFO] [stderr]    |
[INFO] [stderr] 24 | fn unknown_attr(#[foo] _: u8) {}
[INFO] [stderr]    |                 ^^^^^^
[INFO] [stderr] 
[INFO] [stderr] error: in expressions, `_` can only be used on the left-hand side of an assignment
[INFO] [stderr]   --> tests/compile-fail/bad_strategies.rs:16:39
[INFO] [stderr]    |
[INFO] [stderr] 16 | fn invalid_expr(#[propfuzz(strategy = "_")] _: u8) {}
[INFO] [stderr]    |                                       ^^^ `_` not allowed here
[INFO] [stderr] 
[INFO] [stderr] error[E0425]: cannot find function `xxxxxxx` in this scope
[INFO] [stderr]   --> tests/compile-fail/bad_strategies.rs:20:39
[INFO] [stderr]    |
[INFO] [stderr] 20 | fn unknown_name(#[propfuzz(strategy = "xxxxxxx(any::<u64>(), 0..8)")] _: HashSet<u64>) {}
[INFO] [stderr]    |                                       ^^^^^^^^^^^^^^^^^^^^^^^^^^^^^ not found in this scope
[INFO] [stderr] 
[INFO] [stderr] error[E0308]: mismatched types
[INFO] [stderr]   --> tests/compile-fail/bad_strategies.rs:27:1
[INFO] [stderr]    |
[INFO] [stderr] 27 | #[propfuzz]
[INFO] [stderr]    | ^^^^^^^^^^^
[INFO] [stderr]    | |
[INFO] [stderr]    | expected `Result<(), TestError<(...,)>>`, found `Result<(), TestError<(Vec<u64>,)>>`
[INFO] [stderr]    | expected `Result<(), TestError<(HashSet<u64>,)>>` because of return type
[INFO] [stderr]    |
[INFO] [stderr]    = note: expected enum `Result<(), TestError<(HashSet<u64>,)>>`
[INFO] [stderr]               found enum `Result<(), TestError<(Vec<u64>,)>>`
[INFO] [stderr]    = note: this error originates in the attribute macro `propfuzz` (in Nightly builds, run with -Z macro-backtrace for more info)
[INFO] [stderr] ┈┈┈┈┈┈┈┈┈┈┈┈┈┈┈┈┈┈┈┈┈┈┈┈┈┈┈┈┈┈┈┈┈┈┈┈┈┈┈┈┈┈┈┈┈┈┈┈┈┈┈┈┈┈┈┈┈┈┈┈
[INFO] [stderr] note: If the actual output is the correct output you can bless it by rerunning
[INFO] [stderr]       your test with the environment variable TRYBUILD=overwrite
[INFO] [stderr] 
[INFO] [stderr] test tests/compile-fail/no-args.rs ... ok
[INFO] [stderr] test tests/compile-fail/non-top-level.rs ... mismatch
[INFO] [stderr] 
[INFO] [stderr] EXPECTED:
[INFO] [stderr] ┈┈┈┈┈┈┈┈┈┈┈┈┈┈┈┈┈┈┈┈┈┈┈┈┈┈┈┈┈┈┈┈┈┈┈┈┈┈┈┈┈┈┈┈┈┈┈┈┈┈┈┈┈┈┈┈┈┈┈┈
[INFO] [stderr] error: #[propfuzz] is only supported on top-level functions
[INFO] [stderr]   --> $DIR/non-top-level.rs:13:13
[INFO] [stderr]    |
[INFO] [stderr] 13 |     fn fuzz(&self, _: Vec<u8>) {}
[INFO] [stderr]    |             ^^^^^
[INFO] [stderr] 
[INFO] [stderr] error: #[propfuzz] is only supported on top-level functions
[INFO] [stderr]   --> $DIR/non-top-level.rs:17:17
[INFO] [stderr]    |
[INFO] [stderr] 17 |     fn fuzz_mut(&mut self, _: Vec<u8>) {}
[INFO] [stderr]    |                 ^^^^^^^^^
[INFO] [stderr] 
[INFO] [stderr] error: #[propfuzz] is only supported on top-level functions
[INFO] [stderr]   --> $DIR/non-top-level.rs:21:21
[INFO] [stderr]    |
[INFO] [stderr] 21 |     fn fuzz_consume(self, _: Vec<u8>) {}
[INFO] [stderr]    |                     ^^^^
[INFO] [stderr] 
[INFO] [stderr] error: struct is not supported in `trait`s or `impl`s
[INFO] [stderr]   --> $DIR/non-top-level.rs:24:5
[INFO] [stderr]    |
[INFO] [stderr] 24 |     #[propfuzz]
[INFO] [stderr]    |     ^^^^^^^^^^^
[INFO] [stderr]    |
[INFO] [stderr]    = help: consider moving the struct out to a nearby module scope
[INFO] [stderr]    = note: this error originates in an attribute macro (in Nightly builds, run with -Z macro-backtrace for more info)
[INFO] [stderr] 
[INFO] [stderr] error: implementation is not supported in `trait`s or `impl`s
[INFO] [stderr]   --> $DIR/non-top-level.rs:24:5
[INFO] [stderr]    |
[INFO] [stderr] 24 |     #[propfuzz]
[INFO] [stderr]    |     ^^^^^^^^^^^
[INFO] [stderr]    |
[INFO] [stderr]    = help: consider moving the implementation out to a nearby module scope
[INFO] [stderr]    = note: this error originates in an attribute macro (in Nightly builds, run with -Z macro-backtrace for more info)
[INFO] [stderr] ┈┈┈┈┈┈┈┈┈┈┈┈┈┈┈┈┈┈┈┈┈┈┈┈┈┈┈┈┈┈┈┈┈┈┈┈┈┈┈┈┈┈┈┈┈┈┈┈┈┈┈┈┈┈┈┈┈┈┈┈
[INFO] [stderr] 
[INFO] [stderr] ACTUAL OUTPUT:
[INFO] [stderr] ┈┈┈┈┈┈┈┈┈┈┈┈┈┈┈┈┈┈┈┈┈┈┈┈┈┈┈┈┈┈┈┈┈┈┈┈┈┈┈┈┈┈┈┈┈┈┈┈┈┈┈┈┈┈┈┈┈┈┈┈
[INFO] [stderr] error: #[propfuzz] is only supported on top-level functions
[INFO] [stderr]   --> tests/compile-fail/non-top-level.rs:13:13
[INFO] [stderr]    |
[INFO] [stderr] 13 |     fn fuzz(&self, _: Vec<u8>) {}
[INFO] [stderr]    |             ^^^^^
[INFO] [stderr] 
[INFO] [stderr] error: #[propfuzz] is only supported on top-level functions
[INFO] [stderr]   --> tests/compile-fail/non-top-level.rs:17:17
[INFO] [stderr]    |
[INFO] [stderr] 17 |     fn fuzz_mut(&mut self, _: Vec<u8>) {}
[INFO] [stderr]    |                 ^^^^^^^^^
[INFO] [stderr] 
[INFO] [stderr] error: #[propfuzz] is only supported on top-level functions
[INFO] [stderr]   --> tests/compile-fail/non-top-level.rs:21:21
[INFO] [stderr]    |
[INFO] [stderr] 21 |     fn fuzz_consume(self, _: Vec<u8>) {}
[INFO] [stderr]    |                     ^^^^
[INFO] [stderr] 
[INFO] [stderr] error: struct is not supported in `trait`s or `impl`s
[INFO] [stderr]   --> tests/compile-fail/non-top-level.rs:24:5
[INFO] [stderr]    |
[INFO] [stderr] 24 |     #[propfuzz]
[INFO] [stderr]    |     ^^^^^^^^^^^
[INFO] [stderr]    |
[INFO] [stderr]    = help: consider moving the struct out to a nearby module scope
[INFO] [stderr]    = note: this error originates in the attribute macro `propfuzz` (in Nightly builds, run with -Z macro-backtrace for more info)
[INFO] [stderr] 
[INFO] [stderr] error: implementation is not supported in `trait`s or `impl`s
[INFO] [stderr]   --> tests/compile-fail/non-top-level.rs:24:5
[INFO] [stderr]    |
[INFO] [stderr] 24 |     #[propfuzz]
[INFO] [stderr]    |     ^^^^^^^^^^^
[INFO] [stderr]    |
[INFO] [stderr]    = help: consider moving the implementation out to a nearby module scope
[INFO] [stderr]    = note: this error originates in the attribute macro `propfuzz` (in Nightly builds, run with -Z macro-backtrace for more info)
[INFO] [stderr] ┈┈┈┈┈┈┈┈┈┈┈┈┈┈┈┈┈┈┈┈┈┈┈┈┈┈┈┈┈┈┈┈┈┈┈┈┈┈┈┈┈┈┈┈┈┈┈┈┈┈┈┈┈┈┈┈┈┈┈┈
[INFO] [stderr] note: If the actual output is the correct output you can bless it by rerunning
[INFO] [stderr]       your test with the environment variable TRYBUILD=overwrite
[INFO] [stderr] 
[INFO] [stderr] 
[INFO] [stderr] 
[INFO] [stdout] test trybuild_tests ... FAILED
[INFO] [stdout] 
[INFO] [stdout] failures:
[INFO] [stdout] 
[INFO] [stdout] ---- trybuild_tests stdout ----
[INFO] [stdout] 
[INFO] [stdout] thread 'trybuild_tests' panicked at /opt/rustwide/cargo-home/registry/src/index.crates.io-1949cf8c6b5b557f/trybuild-1.0.102/src/run.rs:102:13:
[INFO] [stdout] 3 of 4 tests failed
[INFO] [stdout] stack backtrace:
[INFO] [stdout]    0:     0x603dd41a09ba - std::backtrace_rs::backtrace::libunwind::trace::hb059275cfc8d6126
[INFO] [stdout]                                at /rustc/6067b36314ab5eb2eb47cecc464545ba58e1ad24/library/std/src/../../backtrace/src/backtrace/libunwind.rs:116:5
[INFO] [stdout]    1:     0x603dd41a09ba - std::backtrace_rs::backtrace::trace_unsynchronized::h2da071e4327ce3ee
[INFO] [stdout]                                at /rustc/6067b36314ab5eb2eb47cecc464545ba58e1ad24/library/std/src/../../backtrace/src/backtrace/mod.rs:66:5
[INFO] [stdout]    2:     0x603dd41a09ba - std::sys::backtrace::_print_fmt::h842a1474e6f8d23f
[INFO] [stdout]                                at /rustc/6067b36314ab5eb2eb47cecc464545ba58e1ad24/library/std/src/sys/backtrace.rs:66:9
[INFO] [stdout]    3:     0x603dd41a09ba - <std::sys::backtrace::BacktraceLock::print::DisplayBacktrace as core::fmt::Display>::fmt::h71a62eb3b9696b12
[INFO] [stdout]                                at /rustc/6067b36314ab5eb2eb47cecc464545ba58e1ad24/library/std/src/sys/backtrace.rs:39:26
[INFO] [stdout]    4:     0x603dd41cc4e3 - core::fmt::rt::Argument::fmt::hdb6b616786b41dc1
[INFO] [stdout]                                at /rustc/6067b36314ab5eb2eb47cecc464545ba58e1ad24/library/core/src/fmt/rt.rs:177:76
[INFO] [stdout]    5:     0x603dd41cc4e3 - core::fmt::write::h2cc1698af7e2d686
[INFO] [stdout]                                at /rustc/6067b36314ab5eb2eb47cecc464545ba58e1ad24/library/core/src/fmt/mod.rs:1440:21
[INFO] [stdout]    6:     0x603dd419c8e3 - std::io::Write::write_fmt::hab1b4cd059a79022
[INFO] [stdout]                                at /rustc/6067b36314ab5eb2eb47cecc464545ba58e1ad24/library/std/src/io/mod.rs:1887:15
[INFO] [stdout]    7:     0x603dd41a0802 - std::sys::backtrace::BacktraceLock::print::h147fe35b4ea13b08
[INFO] [stdout]                                at /rustc/6067b36314ab5eb2eb47cecc464545ba58e1ad24/library/std/src/sys/backtrace.rs:42:9
[INFO] [stdout]    8:     0x603dd41a23df - std::panicking::default_hook::{{closure}}::hbd44223dbdc0d208
[INFO] [stdout]                                at /rustc/6067b36314ab5eb2eb47cecc464545ba58e1ad24/library/std/src/panicking.rs:298:22
[INFO] [stdout]    9:     0x603dd41a21f8 - std::panicking::default_hook::h20f81eb0576efcec
[INFO] [stdout]                                at /rustc/6067b36314ab5eb2eb47cecc464545ba58e1ad24/library/std/src/panicking.rs:322:9
[INFO] [stdout]   10:     0x603dd4167da3 - <alloc::boxed::Box<F,A> as core::ops::function::Fn<Args>>::call::hdb53814c496a4d34
[INFO] [stdout]                                at /rustc/6067b36314ab5eb2eb47cecc464545ba58e1ad24/library/alloc/src/boxed.rs:2027:9
[INFO] [stdout]   11:     0x603dd4167da3 - test::test_main::{{closure}}::hc0a4963c59427c24
[INFO] [stdout]                                at /rustc/6067b36314ab5eb2eb47cecc464545ba58e1ad24/library/test/src/lib.rs:134:21
[INFO] [stdout]   12:     0x603dd41a2ed3 - <alloc::boxed::Box<F,A> as core::ops::function::Fn<Args>>::call::h591b2225413a77e9
[INFO] [stdout]                                at /rustc/6067b36314ab5eb2eb47cecc464545ba58e1ad24/library/alloc/src/boxed.rs:2027:9
[INFO] [stdout]   13:     0x603dd41a2ed3 - std::panicking::rust_panic_with_hook::h625eea43051b2edc
[INFO] [stdout]                                at /rustc/6067b36314ab5eb2eb47cecc464545ba58e1ad24/library/std/src/panicking.rs:839:13
[INFO] [stdout]   14:     0x603dd41a2b8a - std::panicking::begin_panic_handler::{{closure}}::h4f9159cfbc3f6bd3
[INFO] [stdout]                                at /rustc/6067b36314ab5eb2eb47cecc464545ba58e1ad24/library/std/src/panicking.rs:704:13
[INFO] [stdout]   15:     0x603dd41a0eb9 - std::sys::backtrace::__rust_end_short_backtrace::h0390abce48353151
[INFO] [stdout]                                at /rustc/6067b36314ab5eb2eb47cecc464545ba58e1ad24/library/std/src/sys/backtrace.rs:168:18
[INFO] [stdout]   16:     0x603dd41a281d - rust_begin_unwind
[INFO] [stdout]                                at /rustc/6067b36314ab5eb2eb47cecc464545ba58e1ad24/library/std/src/panicking.rs:695:5
[INFO] [stdout]   17:     0x603dd41ca800 - core::panicking::panic_fmt::h9e7c637e9e5f29c9
[INFO] [stdout]                                at /rustc/6067b36314ab5eb2eb47cecc464545ba58e1ad24/library/core/src/panicking.rs:75:14
[INFO] [stdout]   18:     0x603dd3f7896a - trybuild::run::<impl trybuild::Runner>::run::hae56e736d94eceb3
[INFO] [stdout]                                at /opt/rustwide/cargo-home/registry/src/index.crates.io-1949cf8c6b5b557f/trybuild-1.0.102/src/run.rs:102:13
[INFO] [stdout]   19:     0x603dd3f7e118 - <trybuild::TestCases as core::ops::drop::Drop>::drop::hb725684d9a8cd314
[INFO] [stdout]                                at /opt/rustwide/cargo-home/registry/src/index.crates.io-1949cf8c6b5b557f/trybuild-1.0.102/src/lib.rs:340:13
[INFO] [stdout]   20:     0x603dd3e7d2e7 - core::ptr::drop_in_place<trybuild::TestCases>::h8ef0471e543bb0fe
[INFO] [stdout]                                at /rustc/6067b36314ab5eb2eb47cecc464545ba58e1ad24/library/core/src/ptr/mod.rs:523:1
[INFO] [stdout]   21:     0x603dd3e7d9f3 - trybuild::trybuild_tests::hdea6202beaf4dcee
[INFO] [stdout]                                at /opt/rustwide/workdir/tests/trybuild.rs:10:1
[INFO] [stdout]   22:     0x603dd3e7d987 - trybuild::trybuild_tests::{{closure}}::h0a9be08da7648d32
[INFO] [stdout]                                at /opt/rustwide/workdir/tests/trybuild.rs:7:20
[INFO] [stdout]   23:     0x603dd3e7d296 - core::ops::function::FnOnce::call_once::hc815d1c8d0f6c448
[INFO] [stdout]                                at /rustc/6067b36314ab5eb2eb47cecc464545ba58e1ad24/library/core/src/ops/function.rs:250:5
[INFO] [stdout]   24:     0x603dd416d4fb - core::ops::function::FnOnce::call_once::he27718dfdd183f43
[INFO] [stdout]                                at /rustc/6067b36314ab5eb2eb47cecc464545ba58e1ad24/library/core/src/ops/function.rs:250:5
[INFO] [stdout]   25:     0x603dd416d4fb - test::__rust_begin_short_backtrace::h4e84902998457a5d
[INFO] [stdout]                                at /rustc/6067b36314ab5eb2eb47cecc464545ba58e1ad24/library/test/src/lib.rs:632:18
[INFO] [stdout]   26:     0x603dd416c433 - test::run_test_in_process::{{closure}}::h7176fd18fc1feca0
[INFO] [stdout]                                at /rustc/6067b36314ab5eb2eb47cecc464545ba58e1ad24/library/test/src/lib.rs:655:60
[INFO] [stdout]   27:     0x603dd416c433 - <core::panic::unwind_safe::AssertUnwindSafe<F> as core::ops::function::FnOnce<()>>::call_once::hf79cff2a624d8cf7
[INFO] [stdout]                                at /rustc/6067b36314ab5eb2eb47cecc464545ba58e1ad24/library/core/src/panic/unwind_safe.rs:272:9
[INFO] [stdout]   28:     0x603dd416c433 - std::panicking::try::do_call::h3da0561d9ab99c25
[INFO] [stdout]                                at /rustc/6067b36314ab5eb2eb47cecc464545ba58e1ad24/library/std/src/panicking.rs:587:40
[INFO] [stdout]   29:     0x603dd416c433 - std::panicking::try::h41c9fa508bc61df6
[INFO] [stdout]                                at /rustc/6067b36314ab5eb2eb47cecc464545ba58e1ad24/library/std/src/panicking.rs:550:19
[INFO] [stdout]   30:     0x603dd416c433 - std::panic::catch_unwind::h6b3ff07bb5afad93
[INFO] [stdout]                                at /rustc/6067b36314ab5eb2eb47cecc464545ba58e1ad24/library/std/src/panic.rs:358:14
[INFO] [stdout]   31:     0x603dd416c433 - test::run_test_in_process::hc7253dd11b39b9f4
[INFO] [stdout]                                at /rustc/6067b36314ab5eb2eb47cecc464545ba58e1ad24/library/test/src/lib.rs:655:27
[INFO] [stdout]   32:     0x603dd416c433 - test::run_test::{{closure}}::hfb2007f8649c30bb
[INFO] [stdout]                                at /rustc/6067b36314ab5eb2eb47cecc464545ba58e1ad24/library/test/src/lib.rs:576:43
[INFO] [stdout]   33:     0x603dd412f515 - test::run_test::{{closure}}::h56a17aa7a282a9f4
[INFO] [stdout]                                at /rustc/6067b36314ab5eb2eb47cecc464545ba58e1ad24/library/test/src/lib.rs:606:41
[INFO] [stdout]   34:     0x603dd412f515 - std::sys::backtrace::__rust_begin_short_backtrace::hd2d2d2fb8e8c6aac
[INFO] [stdout]                                at /rustc/6067b36314ab5eb2eb47cecc464545ba58e1ad24/library/std/src/sys/backtrace.rs:152:18
[INFO] [stdout]   35:     0x603dd4132dfa - std::thread::Builder::spawn_unchecked_::{{closure}}::{{closure}}::h4faa3f9db6133423
[INFO] [stdout]                                at /rustc/6067b36314ab5eb2eb47cecc464545ba58e1ad24/library/std/src/thread/mod.rs:559:17
[INFO] [stdout]   36:     0x603dd4132dfa - <core::panic::unwind_safe::AssertUnwindSafe<F> as core::ops::function::FnOnce<()>>::call_once::hf2e855a36a4ea846
[INFO] [stdout]                                at /rustc/6067b36314ab5eb2eb47cecc464545ba58e1ad24/library/core/src/panic/unwind_safe.rs:272:9
[INFO] [stdout]   37:     0x603dd4132dfa - std::panicking::try::do_call::h2f73af3616c35465
[INFO] [stdout]                                at /rustc/6067b36314ab5eb2eb47cecc464545ba58e1ad24/library/std/src/panicking.rs:587:40
[INFO] [stdout]   38:     0x603dd4132dfa - std::panicking::try::hd1660ce9efadef5a
[INFO] [stdout]                                at /rustc/6067b36314ab5eb2eb47cecc464545ba58e1ad24/library/std/src/panicking.rs:550:19
[INFO] [stdout]   39:     0x603dd4132dfa - std::panic::catch_unwind::h5ee8d7823b8ca744
[INFO] [stdout]                                at /rustc/6067b36314ab5eb2eb47cecc464545ba58e1ad24/library/std/src/panic.rs:358:14
[INFO] [stdout]   40:     0x603dd4132dfa - std::thread::Builder::spawn_unchecked_::{{closure}}::h53c3a1894dce8407
[INFO] [stdout]                                at /rustc/6067b36314ab5eb2eb47cecc464545ba58e1ad24/library/std/src/thread/mod.rs:557:30
[INFO] [stdout]   41:     0x603dd4132dfa - core::ops::function::FnOnce::call_once{{vtable.shim}}::h048ce291ad4f62bf
[INFO] [stdout]                                at /rustc/6067b36314ab5eb2eb47cecc464545ba58e1ad24/library/core/src/ops/function.rs:250:5
[INFO] [stdout]   42:     0x603dd41a83db - <alloc::boxed::Box<F,A> as core::ops::function::FnOnce<Args>>::call_once::ha52bedf99a3b4981
[INFO] [stdout]                                at /rustc/6067b36314ab5eb2eb47cecc464545ba58e1ad24/library/alloc/src/boxed.rs:2013:9
[INFO] [stdout]   43:     0x603dd41a83db - <alloc::boxed::Box<F,A> as core::ops::function::FnOnce<Args>>::call_once::h567748934d80ccf8
[INFO] [stdout]                                at /rustc/6067b36314ab5eb2eb47cecc464545ba58e1ad24/library/alloc/src/boxed.rs:2013:9
[INFO] [stdout]   44:     0x603dd41a83db - std::sys::pal::unix::thread::Thread::new::thread_start::h2d970728ae887adc
[INFO] [stdout]                                at /rustc/6067b36314ab5eb2eb47cecc464545ba58e1ad24/library/std/src/sys/pal/unix/thread.rs:106:17
[INFO] [stdout]   45:     0x77610e5b2ac3 - <unknown>
[INFO] [stdout]   46:     0x77610e643a04 - clone
[INFO] [stdout]   47:                0x0 - <unknown>
[INFO] [stdout] 
[INFO] [stdout] 
[INFO] [stdout] failures:
[INFO] [stdout]     trybuild_tests
[INFO] [stdout] 
[INFO] [stdout] test result: FAILED. 0 passed; 1 failed; 0 ignored; 0 measured; 0 filtered out; finished in 15.21s
[INFO] [stdout] 
[INFO] [stderr] error: test failed, to rerun pass `--test trybuild`
[INFO] running `Command { std: "docker" "inspect" "a7276a8f467c8977b6433b27be519b18c2158d8737bade1bf7c08967687ea2d2", kill_on_drop: false }`
[INFO] running `Command { std: "docker" "rm" "-f" "a7276a8f467c8977b6433b27be519b18c2158d8737bade1bf7c08967687ea2d2", kill_on_drop: false }`
[INFO] [stdout] a7276a8f467c8977b6433b27be519b18c2158d8737bade1bf7c08967687ea2d2
