[INFO] fetching crate propfuzz-macro 0.0.1...
[INFO] testing propfuzz-macro-0.0.1 against nightly-2025-01-18 for randomize-layout-2
[INFO] extracting crate propfuzz-macro 0.0.1 into /workspace/builds/worker-0-tc1/source
[INFO] validating manifest of crates.io crate propfuzz-macro 0.0.1 on toolchain nightly-2025-01-18
[INFO] running `Command { std: CARGO_HOME="/workspace/cargo-home" RUSTUP_HOME="/workspace/rustup-home" "/workspace/cargo-home/bin/cargo" "+nightly-2025-01-18" "metadata" "--manifest-path" "Cargo.toml" "--no-deps", kill_on_drop: false }`
[INFO] started tweaking crates.io crate propfuzz-macro 0.0.1
[INFO] finished tweaking crates.io crate propfuzz-macro 0.0.1
[INFO] tweaked toml for crates.io crate propfuzz-macro 0.0.1 written to /workspace/builds/worker-0-tc1/source/Cargo.toml
[INFO] running `Command { std: CARGO_HOME="/workspace/cargo-home" RUSTUP_HOME="/workspace/rustup-home" "/workspace/cargo-home/bin/cargo" "+nightly-2025-01-18" "generate-lockfile" "--manifest-path" "Cargo.toml", kill_on_drop: false }`
[INFO] [stderr]     Updating crates.io index
[INFO] [stderr]      Locking 4 packages to latest compatible versions
[INFO] [stderr]       Adding syn v1.0.109 (available: v2.0.96)
[INFO] running `Command { std: CARGO_HOME="/workspace/cargo-home" RUSTUP_HOME="/workspace/rustup-home" "/workspace/cargo-home/bin/cargo" "+nightly-2025-01-18" "fetch" "--manifest-path" "Cargo.toml", kill_on_drop: false }`
[INFO] running `Command { std: "docker" "create" "-v" "/var/lib/crater-agent-workspace/builds/worker-0-tc1/target:/opt/rustwide/target:rw,Z" "-v" "/var/lib/crater-agent-workspace/builds/worker-0-tc1/source:/opt/rustwide/workdir:ro,Z" "-v" "/var/lib/crater-agent-workspace/cargo-home:/opt/rustwide/cargo-home:ro,Z" "-v" "/var/lib/crater-agent-workspace/rustup-home:/opt/rustwide/rustup-home:ro,Z" "-e" "SOURCE_DIR=/opt/rustwide/workdir" "-e" "CARGO_TARGET_DIR=/opt/rustwide/target" "-e" "CARGO_HOME=/opt/rustwide/cargo-home" "-e" "RUSTUP_HOME=/opt/rustwide/rustup-home" "-w" "/opt/rustwide/workdir" "-m" "1610612736" "--user" "0:0" "--network" "none" "ghcr.io/rust-lang/crates-build-env/linux@sha256:819108c5571ea2e421544af4d832f968d213c87fbe3707a016657f43d2f853bc" "/opt/rustwide/cargo-home/bin/cargo" "+nightly-2025-01-18" "metadata" "--no-deps" "--format-version=1", kill_on_drop: false }`
[INFO] [stdout] e13d41a137fb43862698c77b62ca23b84b57e532e3f3c5c82b5f720959b71d41
[INFO] running `Command { std: "docker" "start" "-a" "e13d41a137fb43862698c77b62ca23b84b57e532e3f3c5c82b5f720959b71d41", kill_on_drop: false }`
[INFO] running `Command { std: "docker" "inspect" "e13d41a137fb43862698c77b62ca23b84b57e532e3f3c5c82b5f720959b71d41", kill_on_drop: false }`
[INFO] running `Command { std: "docker" "rm" "-f" "e13d41a137fb43862698c77b62ca23b84b57e532e3f3c5c82b5f720959b71d41", kill_on_drop: false }`
[INFO] [stdout] e13d41a137fb43862698c77b62ca23b84b57e532e3f3c5c82b5f720959b71d41
[INFO] running `Command { std: "docker" "create" "-v" "/var/lib/crater-agent-workspace/builds/worker-0-tc1/target:/opt/rustwide/target:rw,Z" "-v" "/var/lib/crater-agent-workspace/builds/worker-0-tc1/source:/opt/rustwide/workdir:ro,Z" "-v" "/var/lib/crater-agent-workspace/cargo-home:/opt/rustwide/cargo-home:ro,Z" "-v" "/var/lib/crater-agent-workspace/rustup-home:/opt/rustwide/rustup-home:ro,Z" "-e" "SOURCE_DIR=/opt/rustwide/workdir" "-e" "CARGO_TARGET_DIR=/opt/rustwide/target" "-e" "CARGO_INCREMENTAL=0" "-e" "RUST_BACKTRACE=full" "-e" "RUSTFLAGS=--cap-lints=forbid" "-e" "RUSTDOCFLAGS=--cap-lints=forbid" "-e" "CARGO_HOME=/opt/rustwide/cargo-home" "-e" "RUSTUP_HOME=/opt/rustwide/rustup-home" "-w" "/opt/rustwide/workdir" "-m" "1610612736" "--user" "0:0" "--network" "none" "ghcr.io/rust-lang/crates-build-env/linux@sha256:819108c5571ea2e421544af4d832f968d213c87fbe3707a016657f43d2f853bc" "/opt/rustwide/cargo-home/bin/cargo" "+nightly-2025-01-18" "build" "--frozen" "--message-format=json", kill_on_drop: false }`
[INFO] [stdout] b3a6fd77a3c3a2552b04bce3991687b062145a07a6fef875c466be9758cdf17a
[INFO] running `Command { std: "docker" "start" "-a" "b3a6fd77a3c3a2552b04bce3991687b062145a07a6fef875c466be9758cdf17a", kill_on_drop: false }`
[INFO] [stderr]    Compiling propfuzz-macro v0.0.1 (/opt/rustwide/workdir)
[INFO] [stdout] warning: field `fuzz_default` is never read
[INFO] [stdout]    --> src/config.rs:153:5
[INFO] [stdout]     |
[INFO] [stdout] 151 | pub(crate) struct PropfuzzConfig {
[INFO] [stdout]     |                   -------------- field in this struct
[INFO] [stdout] 152 |     // fuzz_default is currently unused.
[INFO] [stdout] 153 |     fuzz_default: bool,
[INFO] [stdout]     |     ^^^^^^^^^^^^
[INFO] [stdout]     |
[INFO] [stdout]     = note: `PropfuzzConfig` has a derived impl for the trait `Debug`, but this is intentionally ignored during dead code analysis
[INFO] [stdout]     = note: `#[warn(dead_code)]` on by default
[INFO] [stdout] 
[INFO] [stdout] 
[INFO] [stderr]     Finished `dev` profile [unoptimized + debuginfo] target(s) in 0.76s
[INFO] running `Command { std: "docker" "inspect" "b3a6fd77a3c3a2552b04bce3991687b062145a07a6fef875c466be9758cdf17a", kill_on_drop: false }`
[INFO] running `Command { std: "docker" "rm" "-f" "b3a6fd77a3c3a2552b04bce3991687b062145a07a6fef875c466be9758cdf17a", kill_on_drop: false }`
[INFO] [stdout] b3a6fd77a3c3a2552b04bce3991687b062145a07a6fef875c466be9758cdf17a
[INFO] running `Command { std: "docker" "create" "-v" "/var/lib/crater-agent-workspace/builds/worker-0-tc1/target:/opt/rustwide/target:rw,Z" "-v" "/var/lib/crater-agent-workspace/builds/worker-0-tc1/source:/opt/rustwide/workdir:ro,Z" "-v" "/var/lib/crater-agent-workspace/cargo-home:/opt/rustwide/cargo-home:ro,Z" "-v" "/var/lib/crater-agent-workspace/rustup-home:/opt/rustwide/rustup-home:ro,Z" "-e" "SOURCE_DIR=/opt/rustwide/workdir" "-e" "CARGO_TARGET_DIR=/opt/rustwide/target" "-e" "CARGO_INCREMENTAL=0" "-e" "RUST_BACKTRACE=full" "-e" "RUSTFLAGS=--cap-lints=forbid" "-e" "RUSTDOCFLAGS=--cap-lints=forbid" "-e" "CARGO_HOME=/opt/rustwide/cargo-home" "-e" "RUSTUP_HOME=/opt/rustwide/rustup-home" "-w" "/opt/rustwide/workdir" "-m" "1610612736" "--user" "0:0" "--network" "none" "ghcr.io/rust-lang/crates-build-env/linux@sha256:819108c5571ea2e421544af4d832f968d213c87fbe3707a016657f43d2f853bc" "/opt/rustwide/cargo-home/bin/cargo" "+nightly-2025-01-18" "test" "--frozen" "--no-run" "--message-format=json", kill_on_drop: false }`
[INFO] [stdout] 9953759fd95417181faa2eef22c8b1b21b190ce84b82e930d7aa3c11d22de8d1
[INFO] running `Command { std: "docker" "start" "-a" "9953759fd95417181faa2eef22c8b1b21b190ce84b82e930d7aa3c11d22de8d1", kill_on_drop: false }`
[INFO] [stderr]    Compiling propfuzz-macro v0.0.1 (/opt/rustwide/workdir)
[INFO] [stdout] warning: field `fuzz_default` is never read
[INFO] [stdout]    --> src/config.rs:153:5
[INFO] [stdout]     |
[INFO] [stdout] 151 | pub(crate) struct PropfuzzConfig {
[INFO] [stdout]     |                   -------------- field in this struct
[INFO] [stdout] 152 |     // fuzz_default is currently unused.
[INFO] [stdout] 153 |     fuzz_default: bool,
[INFO] [stdout]     |     ^^^^^^^^^^^^
[INFO] [stdout]     |
[INFO] [stdout]     = note: `PropfuzzConfig` has a derived impl for the trait `Debug`, but this is intentionally ignored during dead code analysis
[INFO] [stdout]     = note: `#[warn(dead_code)]` on by default
[INFO] [stdout] 
[INFO] [stdout] 
[INFO] [stdout] warning: field `fuzz_default` is never read
[INFO] [stdout]    --> src/config.rs:153:5
[INFO] [stdout]     |
[INFO] [stdout] 151 | pub(crate) struct PropfuzzConfig {
[INFO] [stdout]     |                   -------------- field in this struct
[INFO] [stdout] 152 |     // fuzz_default is currently unused.
[INFO] [stdout] 153 |     fuzz_default: bool,
[INFO] [stdout]     |     ^^^^^^^^^^^^
[INFO] [stdout]     |
[INFO] [stdout]     = note: `PropfuzzConfig` has a derived impl for the trait `Debug`, but this is intentionally ignored during dead code analysis
[INFO] [stdout]     = note: `#[warn(dead_code)]` on by default
[INFO] [stdout] 
[INFO] [stdout] 
[INFO] [stderr]     Finished `test` profile [unoptimized + debuginfo] target(s) in 0.70s
[INFO] running `Command { std: "docker" "inspect" "9953759fd95417181faa2eef22c8b1b21b190ce84b82e930d7aa3c11d22de8d1", kill_on_drop: false }`
[INFO] running `Command { std: "docker" "rm" "-f" "9953759fd95417181faa2eef22c8b1b21b190ce84b82e930d7aa3c11d22de8d1", kill_on_drop: false }`
[INFO] [stdout] 9953759fd95417181faa2eef22c8b1b21b190ce84b82e930d7aa3c11d22de8d1
[INFO] running `Command { std: "docker" "create" "-v" "/var/lib/crater-agent-workspace/builds/worker-0-tc1/target:/opt/rustwide/target:rw,Z" "-v" "/var/lib/crater-agent-workspace/builds/worker-0-tc1/source:/opt/rustwide/workdir:ro,Z" "-v" "/var/lib/crater-agent-workspace/cargo-home:/opt/rustwide/cargo-home:ro,Z" "-v" "/var/lib/crater-agent-workspace/rustup-home:/opt/rustwide/rustup-home:ro,Z" "-e" "SOURCE_DIR=/opt/rustwide/workdir" "-e" "CARGO_TARGET_DIR=/opt/rustwide/target" "-e" "CARGO_INCREMENTAL=0" "-e" "RUST_BACKTRACE=full" "-e" "RUSTFLAGS=--cap-lints=forbid" "-e" "RUSTDOCFLAGS=--cap-lints=forbid" "-e" "CARGO_HOME=/opt/rustwide/cargo-home" "-e" "RUSTUP_HOME=/opt/rustwide/rustup-home" "-w" "/opt/rustwide/workdir" "-m" "1610612736" "--user" "0:0" "--network" "none" "ghcr.io/rust-lang/crates-build-env/linux@sha256:819108c5571ea2e421544af4d832f968d213c87fbe3707a016657f43d2f853bc" "/opt/rustwide/cargo-home/bin/cargo" "+nightly-2025-01-18" "test" "--frozen", kill_on_drop: false }`
[INFO] [stdout] a9db4448c9bbe7444979a3796f6cdb6007ccbd0e217138830e1ee49ab4b38316
[INFO] running `Command { std: "docker" "start" "-a" "a9db4448c9bbe7444979a3796f6cdb6007ccbd0e217138830e1ee49ab4b38316", kill_on_drop: false }`
[INFO] [stderr] warning: field `fuzz_default` is never read
[INFO] [stderr]    --> src/config.rs:153:5
[INFO] [stderr]     |
[INFO] [stderr] 151 | pub(crate) struct PropfuzzConfig {
[INFO] [stderr]     |                   -------------- field in this struct
[INFO] [stderr] 152 |     // fuzz_default is currently unused.
[INFO] [stderr] 153 |     fuzz_default: bool,
[INFO] [stderr]     |     ^^^^^^^^^^^^
[INFO] [stderr]     |
[INFO] [stderr]     = note: `PropfuzzConfig` has a derived impl for the trait `Debug`, but this is intentionally ignored during dead code analysis
[INFO] [stderr]     = note: `#[warn(dead_code)]` on by default
[INFO] [stderr] 
[INFO] [stderr] warning: `propfuzz-macro` (lib) generated 1 warning
[INFO] [stderr] warning: `propfuzz-macro` (lib test) generated 1 warning (1 duplicate)
[INFO] [stderr]     Finished `test` profile [unoptimized + debuginfo] target(s) in 0.03s
[INFO] [stderr]      Running unittests src/lib.rs (/opt/rustwide/target/debug/deps/propfuzz_macro-28ba2a686f8f4544)
[INFO] [stdout] 
[INFO] [stdout] running 0 tests
[INFO] [stdout] 
[INFO] [stdout] test result: ok. 0 passed; 0 failed; 0 ignored; 0 measured; 0 filtered out; finished in 0.00s
[INFO] [stdout] 
[INFO] [stderr]    Doc-tests propfuzz_macro
[INFO] [stdout] 
[INFO] [stdout] running 2 tests
[INFO] [stdout] test src/lib.rs - propfuzz (line 26) ... FAILED
[INFO] [stdout] test src/lib.rs - propfuzz (line 51) ... FAILED
[INFO] [stdout] 
[INFO] [stdout] failures:
[INFO] [stdout] 
[INFO] [stdout] ---- src/lib.rs - propfuzz (line 26) stdout ----
[INFO] [stdout] error[E0433]: failed to resolve: use of undeclared crate or module `propfuzz`
[INFO] [stdout]  --> src/lib.rs:29:5
[INFO] [stdout]   |
[INFO] [stdout] 5 | use propfuzz::prelude::*;
[INFO] [stdout]   |     ^^^^^^^^ use of undeclared crate or module `propfuzz`
[INFO] [stdout] 
[INFO] [stdout] error[E0433]: failed to resolve: use of undeclared crate or module `proptest`
[INFO] [stdout]  --> src/lib.rs:30:5
[INFO] [stdout]   |
[INFO] [stdout] 6 | use proptest::collection::vec;
[INFO] [stdout]   |     ^^^^^^^^ use of undeclared crate or module `proptest`
[INFO] [stdout] 
[INFO] [stdout] error[E0432]: unresolved import `proptest::collection::vec`
[INFO] [stdout]  --> src/lib.rs:30:5
[INFO] [stdout]   |
[INFO] [stdout] 6 | use proptest::collection::vec;
[INFO] [stdout]   |     ^^^^^^^^^^^^^^^^^^^^^^^^^
[INFO] [stdout] 
[INFO] [stdout] error: cannot find attribute `propfuzz` in this scope
[INFO] [stdout]  --> src/lib.rs:33:3
[INFO] [stdout]   |
[INFO] [stdout] 9 | #[propfuzz]
[INFO] [stdout]   |   ^^^^^^^^
[INFO] [stdout]   |
[INFO] [stdout] help: consider importing this attribute macro
[INFO] [stdout]   |
[INFO] [stdout] 4 + use propfuzz_macro::propfuzz;
[INFO] [stdout]   |
[INFO] [stdout] 
[INFO] [stdout] error: cannot find attribute `propfuzz` in this scope
[INFO] [stdout]   --> src/lib.rs:35:7
[INFO] [stdout]    |
[INFO] [stdout] 11 |     #[propfuzz(strategy = "vec(any::<u32>(), 0..64)")]
[INFO] [stdout]    |       ^^^^^^^^
[INFO] [stdout]    |
[INFO] [stdout] help: consider importing this attribute macro
[INFO] [stdout]    |
[INFO] [stdout] 4  + use propfuzz_macro::propfuzz;
[INFO] [stdout]    |
[INFO] [stdout] 
[INFO] [stdout] error: cannot find macro `prop_assert_eq` in this scope
[INFO] [stdout]   --> src/lib.rs:41:5
[INFO] [stdout]    |
[INFO] [stdout] 17 |     prop_assert_eq!(list, list2);
[INFO] [stdout]    |     ^^^^^^^^^^^^^^
[INFO] [stdout] 
[INFO] [stdout] error: aborting due to 6 previous errors
[INFO] [stdout] 
[INFO] [stdout] Some errors have detailed explanations: E0432, E0433.
[INFO] [stdout] For more information about an error, try `rustc --explain E0432`.
[INFO] [stdout] Couldn't compile the test.
[INFO] [stdout] ---- src/lib.rs - propfuzz (line 51) stdout ----
[INFO] [stdout] error[E0433]: failed to resolve: use of undeclared crate or module `propfuzz`
[INFO] [stdout]  --> src/lib.rs:52:5
[INFO] [stdout]   |
[INFO] [stdout] 3 | use propfuzz::prelude::*;
[INFO] [stdout]   |     ^^^^^^^^ use of undeclared crate or module `propfuzz`
[INFO] [stdout] 
[INFO] [stdout] error[E0433]: failed to resolve: use of undeclared crate or module `proptest`
[INFO] [stdout]  --> src/lib.rs:53:5
[INFO] [stdout]   |
[INFO] [stdout] 4 | use proptest::collection::vec;
[INFO] [stdout]   |     ^^^^^^^^ use of undeclared crate or module `proptest`
[INFO] [stdout] 
[INFO] [stdout] error[E0432]: unresolved import `proptest::collection::vec`
[INFO] [stdout]  --> src/lib.rs:53:5
[INFO] [stdout]   |
[INFO] [stdout] 4 | use proptest::collection::vec;
[INFO] [stdout]   |     ^^^^^^^^^^^^^^^^^^^^^^^^^
[INFO] [stdout] 
[INFO] [stdout] error: cannot find attribute `propfuzz` in this scope
[INFO] [stdout]  --> src/lib.rs:56:3
[INFO] [stdout]   |
[INFO] [stdout] 7 | #[propfuzz(cases = 1024, max_local_rejects = 10000)]
[INFO] [stdout]   |   ^^^^^^^^
[INFO] [stdout]   |
[INFO] [stdout] help: consider importing this attribute macro
[INFO] [stdout]   |
[INFO] [stdout] 2 + use propfuzz_macro::propfuzz;
[INFO] [stdout]   |
[INFO] [stdout] 
[INFO] [stdout] error: cannot find attribute `propfuzz` in this scope
[INFO] [stdout]  --> src/lib.rs:57:3
[INFO] [stdout]   |
[INFO] [stdout] 8 | #[propfuzz(fork = true)]
[INFO] [stdout]   |   ^^^^^^^^
[INFO] [stdout]   |
[INFO] [stdout] help: consider importing this attribute macro
[INFO] [stdout]   |
[INFO] [stdout] 2 + use propfuzz_macro::propfuzz;
[INFO] [stdout]   |
[INFO] [stdout] 
[INFO] [stdout] error: cannot find attribute `propfuzz` in this scope
[INFO] [stdout]   --> src/lib.rs:59:7
[INFO] [stdout]    |
[INFO] [stdout] 10 |     #[propfuzz(strategy = "vec(any::<u32>(), 0..64)")]
[INFO] [stdout]    |       ^^^^^^^^
[INFO] [stdout]    |
[INFO] [stdout] help: consider importing this attribute macro
[INFO] [stdout]    |
[INFO] [stdout] 2  + use propfuzz_macro::propfuzz;
[INFO] [stdout]    |
[INFO] [stdout] 
[INFO] [stdout] error: cannot find macro `prop_assert_eq` in this scope
[INFO] [stdout]   --> src/lib.rs:65:5
[INFO] [stdout]    |
[INFO] [stdout] 16 |     prop_assert_eq!(list, list2);
[INFO] [stdout]    |     ^^^^^^^^^^^^^^
[INFO] [stdout] 
[INFO] [stdout] error: aborting due to 7 previous errors
[INFO] [stdout] 
[INFO] [stdout] Some errors have detailed explanations: E0432, E0433.
[INFO] [stdout] For more information about an error, try `rustc --explain E0432`.
[INFO] [stdout] Couldn't compile the test.
[INFO] [stdout] 
[INFO] [stdout] failures:
[INFO] [stdout]     src/lib.rs - propfuzz (line 26)
[INFO] [stdout]     src/lib.rs - propfuzz (line 51)
[INFO] [stdout] 
[INFO] [stdout] test result: FAILED. 0 passed; 2 failed; 0 ignored; 0 measured; 0 filtered out; finished in 0.14s
[INFO] [stdout] 
[INFO] [stderr] error: doctest failed, to rerun pass `--doc`
[INFO] running `Command { std: "docker" "inspect" "a9db4448c9bbe7444979a3796f6cdb6007ccbd0e217138830e1ee49ab4b38316", kill_on_drop: false }`
[INFO] running `Command { std: "docker" "rm" "-f" "a9db4448c9bbe7444979a3796f6cdb6007ccbd0e217138830e1ee49ab4b38316", kill_on_drop: false }`
[INFO] [stdout] a9db4448c9bbe7444979a3796f6cdb6007ccbd0e217138830e1ee49ab4b38316
