[INFO] fetching crate promptis 0.5.1...
[INFO] testing promptis-0.5.1 against nightly-2025-01-18 for randomize-layout-2
[INFO] extracting crate promptis 0.5.1 into /workspace/builds/worker-3-tc1/source
[INFO] validating manifest of crates.io crate promptis 0.5.1 on toolchain nightly-2025-01-18
[INFO] running `Command { std: CARGO_HOME="/workspace/cargo-home" RUSTUP_HOME="/workspace/rustup-home" "/workspace/cargo-home/bin/cargo" "+nightly-2025-01-18" "metadata" "--manifest-path" "Cargo.toml" "--no-deps", kill_on_drop: false }`
[INFO] started tweaking crates.io crate promptis 0.5.1
[INFO] finished tweaking crates.io crate promptis 0.5.1
[INFO] tweaked toml for crates.io crate promptis 0.5.1 written to /workspace/builds/worker-3-tc1/source/Cargo.toml
[INFO] crate crates.io crate promptis 0.5.1 already has a lockfile, it will not be regenerated
[INFO] running `Command { std: CARGO_HOME="/workspace/cargo-home" RUSTUP_HOME="/workspace/rustup-home" "/workspace/cargo-home/bin/cargo" "+nightly-2025-01-18" "fetch" "--manifest-path" "Cargo.toml", kill_on_drop: false }`
[INFO] running `Command { std: "docker" "create" "-v" "/var/lib/crater-agent-workspace/builds/worker-3-tc1/target:/opt/rustwide/target:rw,Z" "-v" "/var/lib/crater-agent-workspace/builds/worker-3-tc1/source:/opt/rustwide/workdir:ro,Z" "-v" "/var/lib/crater-agent-workspace/cargo-home:/opt/rustwide/cargo-home:ro,Z" "-v" "/var/lib/crater-agent-workspace/rustup-home:/opt/rustwide/rustup-home:ro,Z" "-e" "SOURCE_DIR=/opt/rustwide/workdir" "-e" "CARGO_TARGET_DIR=/opt/rustwide/target" "-e" "CARGO_HOME=/opt/rustwide/cargo-home" "-e" "RUSTUP_HOME=/opt/rustwide/rustup-home" "-w" "/opt/rustwide/workdir" "-m" "1610612736" "--user" "0:0" "--network" "none" "ghcr.io/rust-lang/crates-build-env/linux@sha256:819108c5571ea2e421544af4d832f968d213c87fbe3707a016657f43d2f853bc" "/opt/rustwide/cargo-home/bin/cargo" "+nightly-2025-01-18" "metadata" "--no-deps" "--format-version=1", kill_on_drop: false }`
[INFO] [stdout] 20ff0a8ec9c606900b60ac8809dae0dbd7f9049acf68293d5a3620e71bb4454e
[INFO] running `Command { std: "docker" "start" "-a" "20ff0a8ec9c606900b60ac8809dae0dbd7f9049acf68293d5a3620e71bb4454e", kill_on_drop: false }`
[INFO] running `Command { std: "docker" "inspect" "20ff0a8ec9c606900b60ac8809dae0dbd7f9049acf68293d5a3620e71bb4454e", kill_on_drop: false }`
[INFO] running `Command { std: "docker" "rm" "-f" "20ff0a8ec9c606900b60ac8809dae0dbd7f9049acf68293d5a3620e71bb4454e", kill_on_drop: false }`
[INFO] [stdout] 20ff0a8ec9c606900b60ac8809dae0dbd7f9049acf68293d5a3620e71bb4454e
[INFO] running `Command { std: "docker" "create" "-v" "/var/lib/crater-agent-workspace/builds/worker-3-tc1/target:/opt/rustwide/target:rw,Z" "-v" "/var/lib/crater-agent-workspace/builds/worker-3-tc1/source:/opt/rustwide/workdir:ro,Z" "-v" "/var/lib/crater-agent-workspace/cargo-home:/opt/rustwide/cargo-home:ro,Z" "-v" "/var/lib/crater-agent-workspace/rustup-home:/opt/rustwide/rustup-home:ro,Z" "-e" "SOURCE_DIR=/opt/rustwide/workdir" "-e" "CARGO_TARGET_DIR=/opt/rustwide/target" "-e" "CARGO_INCREMENTAL=0" "-e" "RUST_BACKTRACE=full" "-e" "RUSTFLAGS=--cap-lints=forbid" "-e" "RUSTDOCFLAGS=--cap-lints=forbid" "-e" "CARGO_HOME=/opt/rustwide/cargo-home" "-e" "RUSTUP_HOME=/opt/rustwide/rustup-home" "-w" "/opt/rustwide/workdir" "-m" "1610612736" "--user" "0:0" "--network" "none" "ghcr.io/rust-lang/crates-build-env/linux@sha256:819108c5571ea2e421544af4d832f968d213c87fbe3707a016657f43d2f853bc" "/opt/rustwide/cargo-home/bin/cargo" "+nightly-2025-01-18" "build" "--frozen" "--message-format=json", kill_on_drop: false }`
[INFO] [stdout] 3b3b5d098568db0ee8d94c264dcbea2ceed0da1525baa1ebfcafb7fd1e5aca39
[INFO] running `Command { std: "docker" "start" "-a" "3b3b5d098568db0ee8d94c264dcbea2ceed0da1525baa1ebfcafb7fd1e5aca39", kill_on_drop: false }`
[INFO] [stderr]    Compiling promptis v0.5.1 (/opt/rustwide/workdir)
[INFO] [stderr]     Finished `dev` profile [unoptimized + debuginfo] target(s) in 0.36s
[INFO] running `Command { std: "docker" "inspect" "3b3b5d098568db0ee8d94c264dcbea2ceed0da1525baa1ebfcafb7fd1e5aca39", kill_on_drop: false }`
[INFO] running `Command { std: "docker" "rm" "-f" "3b3b5d098568db0ee8d94c264dcbea2ceed0da1525baa1ebfcafb7fd1e5aca39", kill_on_drop: false }`
[INFO] [stdout] 3b3b5d098568db0ee8d94c264dcbea2ceed0da1525baa1ebfcafb7fd1e5aca39
[INFO] running `Command { std: "docker" "create" "-v" "/var/lib/crater-agent-workspace/builds/worker-3-tc1/target:/opt/rustwide/target:rw,Z" "-v" "/var/lib/crater-agent-workspace/builds/worker-3-tc1/source:/opt/rustwide/workdir:ro,Z" "-v" "/var/lib/crater-agent-workspace/cargo-home:/opt/rustwide/cargo-home:ro,Z" "-v" "/var/lib/crater-agent-workspace/rustup-home:/opt/rustwide/rustup-home:ro,Z" "-e" "SOURCE_DIR=/opt/rustwide/workdir" "-e" "CARGO_TARGET_DIR=/opt/rustwide/target" "-e" "CARGO_INCREMENTAL=0" "-e" "RUST_BACKTRACE=full" "-e" "RUSTFLAGS=--cap-lints=forbid" "-e" "RUSTDOCFLAGS=--cap-lints=forbid" "-e" "CARGO_HOME=/opt/rustwide/cargo-home" "-e" "RUSTUP_HOME=/opt/rustwide/rustup-home" "-w" "/opt/rustwide/workdir" "-m" "1610612736" "--user" "0:0" "--network" "none" "ghcr.io/rust-lang/crates-build-env/linux@sha256:819108c5571ea2e421544af4d832f968d213c87fbe3707a016657f43d2f853bc" "/opt/rustwide/cargo-home/bin/cargo" "+nightly-2025-01-18" "test" "--frozen" "--no-run" "--message-format=json", kill_on_drop: false }`
[INFO] [stdout] e77a55104ee84644a2ecf996d2117358f8f23e92847b3ada935c223231ae8719
[INFO] running `Command { std: "docker" "start" "-a" "e77a55104ee84644a2ecf996d2117358f8f23e92847b3ada935c223231ae8719", kill_on_drop: false }`
[INFO] [stderr]    Compiling promptis v0.5.1 (/opt/rustwide/workdir)
[INFO] [stderr]     Finished `test` profile [unoptimized + debuginfo] target(s) in 1.27s
[INFO] running `Command { std: "docker" "inspect" "e77a55104ee84644a2ecf996d2117358f8f23e92847b3ada935c223231ae8719", kill_on_drop: false }`
[INFO] running `Command { std: "docker" "rm" "-f" "e77a55104ee84644a2ecf996d2117358f8f23e92847b3ada935c223231ae8719", kill_on_drop: false }`
[INFO] [stdout] e77a55104ee84644a2ecf996d2117358f8f23e92847b3ada935c223231ae8719
[INFO] running `Command { std: "docker" "create" "-v" "/var/lib/crater-agent-workspace/builds/worker-3-tc1/target:/opt/rustwide/target:rw,Z" "-v" "/var/lib/crater-agent-workspace/builds/worker-3-tc1/source:/opt/rustwide/workdir:ro,Z" "-v" "/var/lib/crater-agent-workspace/cargo-home:/opt/rustwide/cargo-home:ro,Z" "-v" "/var/lib/crater-agent-workspace/rustup-home:/opt/rustwide/rustup-home:ro,Z" "-e" "SOURCE_DIR=/opt/rustwide/workdir" "-e" "CARGO_TARGET_DIR=/opt/rustwide/target" "-e" "CARGO_INCREMENTAL=0" "-e" "RUST_BACKTRACE=full" "-e" "RUSTFLAGS=--cap-lints=forbid" "-e" "RUSTDOCFLAGS=--cap-lints=forbid" "-e" "CARGO_HOME=/opt/rustwide/cargo-home" "-e" "RUSTUP_HOME=/opt/rustwide/rustup-home" "-w" "/opt/rustwide/workdir" "-m" "1610612736" "--user" "0:0" "--network" "none" "ghcr.io/rust-lang/crates-build-env/linux@sha256:819108c5571ea2e421544af4d832f968d213c87fbe3707a016657f43d2f853bc" "/opt/rustwide/cargo-home/bin/cargo" "+nightly-2025-01-18" "test" "--frozen", kill_on_drop: false }`
[INFO] [stdout] 3d7fe10ad6c863ad69401c71e754ac15b87e45034fcfa746346f67635763c2f8
[INFO] running `Command { std: "docker" "start" "-a" "3d7fe10ad6c863ad69401c71e754ac15b87e45034fcfa746346f67635763c2f8", kill_on_drop: false }`
[INFO] [stderr]     Finished `test` profile [unoptimized + debuginfo] target(s) in 0.02s
[INFO] [stdout] 
[INFO] [stderr]      Running unittests src/lib.rs (/opt/rustwide/target/debug/deps/promptis-ccb234aafe2e80b1)
[INFO] [stdout] running 0 tests
[INFO] [stderr]    Doc-tests promptis
[INFO] [stdout] 
[INFO] [stdout] test result: ok. 0 passed; 0 failed; 0 ignored; 0 measured; 0 filtered out; finished in 0.00s
[INFO] [stdout] 
[INFO] [stdout] 
[INFO] [stdout] running 9 tests
[INFO] [stdout] test src/lib.rs - Input::read (line 256) ... FAILED
[INFO] [stdout] test src/lib.rs - (line 9) ... FAILED
[INFO] [stdout] test src/lib.rs - Input::wait (line 101) ... FAILED
[INFO] [stdout] test src/lib.rs - (line 40) ... FAILED
[INFO] [stdout] test src/lib.rs - (line 50) ... FAILED
[INFO] [stdout] test src/lib.rs - (line 18) ... FAILED
[INFO] [stdout] test src/lib.rs - Input::choose (line 227) ... FAILED
[INFO] [stdout] test src/lib.rs - (line 28) ... FAILED
[INFO] [stdout] test src/lib.rs - Input::wait_opts (line 173) ... FAILED
[INFO] [stdout] 
[INFO] [stdout] failures:
[INFO] [stdout] 
[INFO] [stdout] ---- src/lib.rs - Input::read (line 256) stdout ----
[INFO] [stdout] error[E0433]: failed to resolve: use of undeclared type `Input`
[INFO] [stdout]  --> src/lib.rs:257:25
[INFO] [stdout]   |
[INFO] [stdout] 3 | let data: Option<i32> = Input::new()
[INFO] [stdout]   |                         ^^^^^ use of undeclared type `Input`
[INFO] [stdout]   |
[INFO] [stdout] help: consider importing this struct
[INFO] [stdout]   |
[INFO] [stdout] 2 + use promptis::Input;
[INFO] [stdout]   |
[INFO] [stdout] 
[INFO] [stdout] error: aborting due to 1 previous error
[INFO] [stdout] 
[INFO] [stdout] For more information about this error, try `rustc --explain E0433`.
[INFO] [stdout] Couldn't compile the test.
[INFO] [stdout] ---- src/lib.rs - (line 9) stdout ----
[INFO] [stdout] error[E0433]: failed to resolve: use of undeclared type `Input`
[INFO] [stdout]  --> src/lib.rs:10:20
[INFO] [stdout]   |
[INFO] [stdout] 3 | let name: String = Input::new()
[INFO] [stdout]   |                    ^^^^^ use of undeclared type `Input`
[INFO] [stdout]   |
[INFO] [stdout] help: consider importing this struct
[INFO] [stdout]   |
[INFO] [stdout] 2 + use promptis::Input;
[INFO] [stdout]   |
[INFO] [stdout] 
[INFO] [stdout] error: aborting due to 1 previous error
[INFO] [stdout] 
[INFO] [stdout] For more information about this error, try `rustc --explain E0433`.
[INFO] [stdout] Couldn't compile the test.
[INFO] [stdout] ---- src/lib.rs - Input::wait (line 101) stdout ----
[INFO] [stdout] error[E0433]: failed to resolve: use of undeclared type `Input`
[INFO] [stdout]  --> src/lib.rs:102:17
[INFO] [stdout]   |
[INFO] [stdout] 3 | let data: i32 = Input::new()
[INFO] [stdout]   |                 ^^^^^ use of undeclared type `Input`
[INFO] [stdout]   |
[INFO] [stdout] help: consider importing this struct
[INFO] [stdout]   |
[INFO] [stdout] 2 + use promptis::Input;
[INFO] [stdout]   |
[INFO] [stdout] 
[INFO] [stdout] error: aborting due to 1 previous error
[INFO] [stdout] 
[INFO] [stdout] For more information about this error, try `rustc --explain E0433`.
[INFO] [stdout] Couldn't compile the test.
[INFO] [stdout] ---- src/lib.rs - (line 40) stdout ----
[INFO] [stdout] error[E0433]: failed to resolve: use of undeclared type `Input`
[INFO] [stdout]  --> src/lib.rs:41:19
[INFO] [stdout]   |
[INFO] [stdout] 3 | let number: i32 = Input::new()
[INFO] [stdout]   |                   ^^^^^ use of undeclared type `Input`
[INFO] [stdout]   |
[INFO] [stdout] help: consider importing this struct
[INFO] [stdout]   |
[INFO] [stdout] 2 + use promptis::Input;
[INFO] [stdout]   |
[INFO] [stdout] 
[INFO] [stdout] error: aborting due to 1 previous error
[INFO] [stdout] 
[INFO] [stdout] For more information about this error, try `rustc --explain E0433`.
[INFO] [stdout] Couldn't compile the test.
[INFO] [stdout] ---- src/lib.rs - (line 50) stdout ----
[INFO] [stdout] error[E0433]: failed to resolve: use of undeclared type `Input`
[INFO] [stdout]  --> src/lib.rs:51:17
[INFO] [stdout]   |
[INFO] [stdout] 3 | let mut input = Input::new()
[INFO] [stdout]   |                 ^^^^^ use of undeclared type `Input`
[INFO] [stdout]   |
[INFO] [stdout] help: consider importing this struct
[INFO] [stdout]   |
[INFO] [stdout] 2 + use promptis::Input;
[INFO] [stdout]   |
[INFO] [stdout] 
[INFO] [stdout] error: aborting due to 1 previous error
[INFO] [stdout] 
[INFO] [stdout] For more information about this error, try `rustc --explain E0433`.
[INFO] [stdout] Couldn't compile the test.
[INFO] [stdout] ---- src/lib.rs - (line 18) stdout ----
[INFO] [stdout] error[E0433]: failed to resolve: use of undeclared type `Input`
[INFO] [stdout]  --> src/lib.rs:19:19
[INFO] [stdout]   |
[INFO] [stdout] 3 | let number: i32 = Input::new()
[INFO] [stdout]   |                   ^^^^^ use of undeclared type `Input`
[INFO] [stdout]   |
[INFO] [stdout] help: consider importing this struct
[INFO] [stdout]   |
[INFO] [stdout] 2 + use promptis::Input;
[INFO] [stdout]   |
[INFO] [stdout] 
[INFO] [stdout] error: aborting due to 1 previous error
[INFO] [stdout] 
[INFO] [stdout] For more information about this error, try `rustc --explain E0433`.
[INFO] [stdout] Couldn't compile the test.
[INFO] [stdout] ---- src/lib.rs - Input::choose (line 227) stdout ----
[INFO] [stdout] error[E0433]: failed to resolve: use of undeclared type `Input`
[INFO] [stdout]  --> src/lib.rs:228:4
[INFO] [stdout]   |
[INFO] [stdout] 3 | if Input::new().choose("Continue?") {
[INFO] [stdout]   |    ^^^^^ use of undeclared type `Input`
[INFO] [stdout]   |
[INFO] [stdout] help: consider importing this struct
[INFO] [stdout]   |
[INFO] [stdout] 2 + use promptis::Input;
[INFO] [stdout]   |
[INFO] [stdout] 
[INFO] [stdout] error: aborting due to 1 previous error
[INFO] [stdout] 
[INFO] [stdout] For more information about this error, try `rustc --explain E0433`.
[INFO] [stdout] Couldn't compile the test.
[INFO] [stdout] ---- src/lib.rs - (line 28) stdout ----
[INFO] [stdout] error: 1 positional argument in format string, but no arguments were given
[INFO] [stdout]  --> src/lib.rs:34:42
[INFO] [stdout]   |
[INFO] [stdout] 8 |     Some(n) => println!("Your number is: {}"),
[INFO] [stdout]   |                                          ^^
[INFO] [stdout] 
[INFO] [stdout] error[E0433]: failed to resolve: use of undeclared type `Input`
[INFO] [stdout]  --> src/lib.rs:29:27
[INFO] [stdout]   |
[INFO] [stdout] 3 | let number: Option<i32> = Input::new()
[INFO] [stdout]   |                           ^^^^^ use of undeclared type `Input`
[INFO] [stdout]   |
[INFO] [stdout] help: consider importing this struct
[INFO] [stdout]   |
[INFO] [stdout] 2 + use promptis::Input;
[INFO] [stdout]   |
[INFO] [stdout] 
[INFO] [stdout] error: aborting due to 2 previous errors
[INFO] [stdout] 
[INFO] [stdout] For more information about this error, try `rustc --explain E0433`.
[INFO] [stdout] Couldn't compile the test.
[INFO] [stdout] ---- src/lib.rs - Input::wait_opts (line 173) stdout ----
[INFO] [stdout] error[E0433]: failed to resolve: use of undeclared type `Input`
[INFO] [stdout]  --> src/lib.rs:174:22
[INFO] [stdout]   |
[INFO] [stdout] 3 | let choice: String = Input::new()
[INFO] [stdout]   |                      ^^^^^ use of undeclared type `Input`
[INFO] [stdout]   |
[INFO] [stdout] help: consider importing this struct
[INFO] [stdout]   |
[INFO] [stdout] 2 + use promptis::Input;
[INFO] [stdout]   |
[INFO] [stdout] 
[INFO] [stdout] error: aborting due to 1 previous error
[INFO] [stdout] 
[INFO] [stdout] For more information about this error, try `rustc --explain E0433`.
[INFO] [stdout] Couldn't compile the test.
[INFO] [stdout] 
[INFO] [stdout] failures:
[INFO] [stdout]     src/lib.rs - (line 18)
[INFO] [stdout]     src/lib.rs - (line 28)
[INFO] [stdout]     src/lib.rs - (line 40)
[INFO] [stdout]     src/lib.rs - (line 50)
[INFO] [stdout]     src/lib.rs - (line 9)
[INFO] [stdout]     src/lib.rs - Input::choose (line 227)
[INFO] [stdout]     src/lib.rs - Input::read (line 256)
[INFO] [stdout]     src/lib.rs - Input::wait (line 101)
[INFO] [stdout]     src/lib.rs - Input::wait_opts (line 173)
[INFO] [stdout] 
[INFO] [stdout] test result: FAILED. 0 passed; 9 failed; 0 ignored; 0 measured; 0 filtered out; finished in 0.52s
[INFO] [stdout] 
[INFO] [stderr] error: doctest failed, to rerun pass `--doc`
[INFO] running `Command { std: "docker" "inspect" "3d7fe10ad6c863ad69401c71e754ac15b87e45034fcfa746346f67635763c2f8", kill_on_drop: false }`
[INFO] running `Command { std: "docker" "rm" "-f" "3d7fe10ad6c863ad69401c71e754ac15b87e45034fcfa746346f67635763c2f8", kill_on_drop: false }`
[INFO] [stdout] 3d7fe10ad6c863ad69401c71e754ac15b87e45034fcfa746346f67635763c2f8
