[INFO] fetching crate prometrics_sb 0.1.2...
[INFO] testing prometrics_sb-0.1.2 against nightly-2025-01-18 for randomize-layout-2
[INFO] extracting crate prometrics_sb 0.1.2 into /workspace/builds/worker-0-tc1/source
[INFO] validating manifest of crates.io crate prometrics_sb 0.1.2 on toolchain nightly-2025-01-18
[INFO] running `Command { std: CARGO_HOME="/workspace/cargo-home" RUSTUP_HOME="/workspace/rustup-home" "/workspace/cargo-home/bin/cargo" "+nightly-2025-01-18" "metadata" "--manifest-path" "Cargo.toml" "--no-deps", kill_on_drop: false }`
[INFO] started tweaking crates.io crate prometrics_sb 0.1.2
[INFO] finished tweaking crates.io crate prometrics_sb 0.1.2
[INFO] tweaked toml for crates.io crate prometrics_sb 0.1.2 written to /workspace/builds/worker-0-tc1/source/Cargo.toml
[INFO] running `Command { std: CARGO_HOME="/workspace/cargo-home" RUSTUP_HOME="/workspace/rustup-home" "/workspace/cargo-home/bin/cargo" "+nightly-2025-01-18" "generate-lockfile" "--manifest-path" "Cargo.toml", kill_on_drop: false }`
[INFO] [stderr]     Updating crates.io index
[INFO] [stderr]      Locking 176 packages to latest compatible versions
[INFO] [stderr]       Adding axum v0.7.9 (available: v0.8.1)
[INFO] running `Command { std: CARGO_HOME="/workspace/cargo-home" RUSTUP_HOME="/workspace/rustup-home" "/workspace/cargo-home/bin/cargo" "+nightly-2025-01-18" "fetch" "--manifest-path" "Cargo.toml", kill_on_drop: false }`
[INFO] [stderr]  Downloading crates ...
[INFO] [stderr]   Downloaded memory-stats v1.2.0
[INFO] running `Command { std: "docker" "create" "-v" "/var/lib/crater-agent-workspace/builds/worker-0-tc1/target:/opt/rustwide/target:rw,Z" "-v" "/var/lib/crater-agent-workspace/builds/worker-0-tc1/source:/opt/rustwide/workdir:ro,Z" "-v" "/var/lib/crater-agent-workspace/cargo-home:/opt/rustwide/cargo-home:ro,Z" "-v" "/var/lib/crater-agent-workspace/rustup-home:/opt/rustwide/rustup-home:ro,Z" "-e" "SOURCE_DIR=/opt/rustwide/workdir" "-e" "CARGO_TARGET_DIR=/opt/rustwide/target" "-e" "CARGO_HOME=/opt/rustwide/cargo-home" "-e" "RUSTUP_HOME=/opt/rustwide/rustup-home" "-w" "/opt/rustwide/workdir" "-m" "1610612736" "--user" "0:0" "--network" "none" "ghcr.io/rust-lang/crates-build-env/linux@sha256:819108c5571ea2e421544af4d832f968d213c87fbe3707a016657f43d2f853bc" "/opt/rustwide/cargo-home/bin/cargo" "+nightly-2025-01-18" "metadata" "--no-deps" "--format-version=1", kill_on_drop: false }`
[INFO] [stdout] b91d168b3009b12c9090a4d59561093c7b13534df457c2bb9ed1bc26bf0514e3
[INFO] running `Command { std: "docker" "start" "-a" "b91d168b3009b12c9090a4d59561093c7b13534df457c2bb9ed1bc26bf0514e3", kill_on_drop: false }`
[INFO] running `Command { std: "docker" "inspect" "b91d168b3009b12c9090a4d59561093c7b13534df457c2bb9ed1bc26bf0514e3", kill_on_drop: false }`
[INFO] running `Command { std: "docker" "rm" "-f" "b91d168b3009b12c9090a4d59561093c7b13534df457c2bb9ed1bc26bf0514e3", kill_on_drop: false }`
[INFO] [stdout] b91d168b3009b12c9090a4d59561093c7b13534df457c2bb9ed1bc26bf0514e3
[INFO] running `Command { std: "docker" "create" "-v" "/var/lib/crater-agent-workspace/builds/worker-0-tc1/target:/opt/rustwide/target:rw,Z" "-v" "/var/lib/crater-agent-workspace/builds/worker-0-tc1/source:/opt/rustwide/workdir:ro,Z" "-v" "/var/lib/crater-agent-workspace/cargo-home:/opt/rustwide/cargo-home:ro,Z" "-v" "/var/lib/crater-agent-workspace/rustup-home:/opt/rustwide/rustup-home:ro,Z" "-e" "SOURCE_DIR=/opt/rustwide/workdir" "-e" "CARGO_TARGET_DIR=/opt/rustwide/target" "-e" "CARGO_INCREMENTAL=0" "-e" "RUST_BACKTRACE=full" "-e" "RUSTFLAGS=--cap-lints=forbid" "-e" "RUSTDOCFLAGS=--cap-lints=forbid" "-e" "CARGO_HOME=/opt/rustwide/cargo-home" "-e" "RUSTUP_HOME=/opt/rustwide/rustup-home" "-w" "/opt/rustwide/workdir" "-m" "1610612736" "--user" "0:0" "--network" "none" "ghcr.io/rust-lang/crates-build-env/linux@sha256:819108c5571ea2e421544af4d832f968d213c87fbe3707a016657f43d2f853bc" "/opt/rustwide/cargo-home/bin/cargo" "+nightly-2025-01-18" "build" "--frozen" "--message-format=json", kill_on_drop: false }`
[INFO] [stdout] d8cec6e355288b06f6944bdc54b451b3eb88dd2a27994fcde79eeb21198ac8e4
[INFO] running `Command { std: "docker" "start" "-a" "d8cec6e355288b06f6944bdc54b451b3eb88dd2a27994fcde79eeb21198ac8e4", kill_on_drop: false }`
[INFO] [stderr]    Compiling syn v2.0.96
[INFO] [stderr]    Compiling smallvec v1.13.2
[INFO] [stderr]    Compiling futures-core v0.3.31
[INFO] [stderr]    Compiling stable_deref_trait v1.2.0
[INFO] [stderr]    Compiling parking_lot_core v0.9.10
[INFO] [stderr]    Compiling futures-sink v0.3.31
[INFO] [stderr]    Compiling scopeguard v1.2.0
[INFO] [stderr]    Compiling lock_api v0.4.12
[INFO] [stderr]    Compiling pkg-config v0.3.31
[INFO] [stderr]    Compiling vcpkg v0.2.15
[INFO] [stderr]    Compiling mio v1.0.3
[INFO] [stderr]    Compiling signal-hook-registry v1.4.2
[INFO] [stderr]    Compiling socket2 v0.5.8
[INFO] [stderr]    Compiling writeable v0.5.5
[INFO] [stderr]    Compiling litemap v0.7.4
[INFO] [stderr]    Compiling tracing v0.1.41
[INFO] [stderr]    Compiling http-body v1.0.1
[INFO] [stderr]    Compiling hashbrown v0.15.2
[INFO] [stderr]    Compiling equivalent v1.0.1
[INFO] [stderr]    Compiling httparse v1.9.5
[INFO] [stderr]    Compiling futures-util v0.3.31
[INFO] [stderr]    Compiling icu_locid_transform_data v1.5.0
[INFO] [stderr]    Compiling openssl v0.10.68
[INFO] [stderr]    Compiling try-lock v0.2.5
[INFO] [stderr]    Compiling tower-service v0.3.3
[INFO] [stderr]    Compiling atomic-waker v1.1.2
[INFO] [stderr]    Compiling icu_properties_data v1.5.0
[INFO] [stderr]    Compiling want v0.3.1
[INFO] [stderr]    Compiling futures-channel v0.3.31
[INFO] [stderr]    Compiling bitflags v2.8.0
[INFO] [stderr]    Compiling icu_normalizer_data v1.5.0
[INFO] [stderr]    Compiling utf16_iter v1.0.5
[INFO] [stderr]    Compiling parking_lot v0.12.3
[INFO] [stderr]    Compiling httpdate v1.0.3
[INFO] [stderr]    Compiling write16 v1.0.0
[INFO] [stderr]    Compiling native-tls v0.2.12
[INFO] [stderr]    Compiling utf8_iter v1.0.4
[INFO] [stderr]    Compiling sync_wrapper v1.0.2
[INFO] [stderr]    Compiling tower-layer v0.3.3
[INFO] [stderr]    Compiling openssl-probe v0.1.5
[INFO] [stderr]    Compiling mime v0.3.17
[INFO] [stderr]    Compiling rustversion v1.0.19
[INFO] [stderr]    Compiling serde_urlencoded v0.7.1
[INFO] [stderr]    Compiling protobuf v2.28.0
[INFO] [stderr]    Compiling serde_json v1.0.137
[INFO] [stderr]    Compiling rustls-pki-types v1.10.1
[INFO] [stderr]    Compiling encoding_rs v0.8.35
[INFO] [stderr]    Compiling prometheus v0.13.4
[INFO] [stderr]    Compiling ipnet v2.11.0
[INFO] [stderr]    Compiling indexmap v2.7.1
[INFO] [stderr]    Compiling serde_path_to_error v0.1.16
[INFO] [stderr]    Compiling matchit v0.7.3
[INFO] [stderr]    Compiling memory-stats v1.2.0
[INFO] [stderr]    Compiling dotenvy v0.15.7
[INFO] [stderr]    Compiling openssl-sys v0.9.104
[INFO] [stderr]    Compiling rustls-pemfile v2.2.0
[INFO] [stderr]    Compiling http-body-util v0.1.2
[INFO] [stderr]    Compiling synstructure v0.13.1
[INFO] [stderr]    Compiling zerofrom-derive v0.1.5
[INFO] [stderr]    Compiling yoke-derive v0.7.5
[INFO] [stderr]    Compiling zerovec-derive v0.10.3
[INFO] [stderr]    Compiling displaydoc v0.2.5
[INFO] [stderr]    Compiling tokio-macros v2.5.0
[INFO] [stderr]    Compiling icu_provider_macros v1.5.0
[INFO] [stderr]    Compiling openssl-macros v0.1.1
[INFO] [stderr]    Compiling async-trait v0.1.85
[INFO] [stderr]    Compiling thiserror-impl v1.0.69
[INFO] [stderr]    Compiling tokio v1.43.0
[INFO] [stderr]    Compiling axum-core v0.4.5
[INFO] [stderr]    Compiling zerofrom v0.1.5
[INFO] [stderr]    Compiling yoke v0.7.5
[INFO] [stderr]    Compiling thiserror v1.0.69
[INFO] [stderr]    Compiling zerovec v0.10.4
[INFO] [stderr]    Compiling tinystr v0.7.6
[INFO] [stderr]    Compiling icu_collections v1.5.0
[INFO] [stderr]    Compiling icu_locid v1.5.0
[INFO] [stderr]    Compiling icu_provider v1.5.0
[INFO] [stderr]    Compiling icu_locid_transform v1.5.0
[INFO] [stderr]    Compiling icu_properties v1.5.1
[INFO] [stderr]    Compiling tokio-util v0.7.13
[INFO] [stderr]    Compiling tokio-native-tls v0.3.1
[INFO] [stderr]    Compiling tower v0.5.2
[INFO] [stderr]    Compiling icu_normalizer v1.5.0
[INFO] [stderr]    Compiling h2 v0.4.7
[INFO] [stderr]    Compiling idna_adapter v1.2.0
[INFO] [stderr]    Compiling idna v1.0.3
[INFO] [stderr]    Compiling url v2.5.4
[INFO] [stderr]    Compiling hyper v1.5.2
[INFO] [stderr]    Compiling hyper-util v0.1.10
[INFO] [stderr]    Compiling hyper-tls v0.6.0
[INFO] [stderr]    Compiling axum v0.7.9
[INFO] [stderr]    Compiling reqwest v0.12.12
[INFO] [stderr]    Compiling prometrics_sb v0.1.2 (/opt/rustwide/workdir)
[INFO] [stderr]     Finished `dev` profile [unoptimized + debuginfo] target(s) in 54.64s
[INFO] running `Command { std: "docker" "inspect" "d8cec6e355288b06f6944bdc54b451b3eb88dd2a27994fcde79eeb21198ac8e4", kill_on_drop: false }`
[INFO] running `Command { std: "docker" "rm" "-f" "d8cec6e355288b06f6944bdc54b451b3eb88dd2a27994fcde79eeb21198ac8e4", kill_on_drop: false }`
[INFO] [stdout] d8cec6e355288b06f6944bdc54b451b3eb88dd2a27994fcde79eeb21198ac8e4
[INFO] running `Command { std: "docker" "create" "-v" "/var/lib/crater-agent-workspace/builds/worker-0-tc1/target:/opt/rustwide/target:rw,Z" "-v" "/var/lib/crater-agent-workspace/builds/worker-0-tc1/source:/opt/rustwide/workdir:ro,Z" "-v" "/var/lib/crater-agent-workspace/cargo-home:/opt/rustwide/cargo-home:ro,Z" "-v" "/var/lib/crater-agent-workspace/rustup-home:/opt/rustwide/rustup-home:ro,Z" "-e" "SOURCE_DIR=/opt/rustwide/workdir" "-e" "CARGO_TARGET_DIR=/opt/rustwide/target" "-e" "CARGO_INCREMENTAL=0" "-e" "RUST_BACKTRACE=full" "-e" "RUSTFLAGS=--cap-lints=forbid" "-e" "RUSTDOCFLAGS=--cap-lints=forbid" "-e" "CARGO_HOME=/opt/rustwide/cargo-home" "-e" "RUSTUP_HOME=/opt/rustwide/rustup-home" "-w" "/opt/rustwide/workdir" "-m" "1610612736" "--user" "0:0" "--network" "none" "ghcr.io/rust-lang/crates-build-env/linux@sha256:819108c5571ea2e421544af4d832f968d213c87fbe3707a016657f43d2f853bc" "/opt/rustwide/cargo-home/bin/cargo" "+nightly-2025-01-18" "test" "--frozen" "--no-run" "--message-format=json", kill_on_drop: false }`
[INFO] [stdout] 5bc432c97e48fd9b883f16d3c5a72a989c93c5963e31fe84630215a0971cee77
[INFO] running `Command { std: "docker" "start" "-a" "5bc432c97e48fd9b883f16d3c5a72a989c93c5963e31fe84630215a0971cee77", kill_on_drop: false }`
[INFO] [stderr]    Compiling prometrics_sb v0.1.2 (/opt/rustwide/workdir)
[INFO] [stderr]     Finished `test` profile [unoptimized + debuginfo] target(s) in 1.50s
[INFO] running `Command { std: "docker" "inspect" "5bc432c97e48fd9b883f16d3c5a72a989c93c5963e31fe84630215a0971cee77", kill_on_drop: false }`
[INFO] running `Command { std: "docker" "rm" "-f" "5bc432c97e48fd9b883f16d3c5a72a989c93c5963e31fe84630215a0971cee77", kill_on_drop: false }`
[INFO] [stdout] 5bc432c97e48fd9b883f16d3c5a72a989c93c5963e31fe84630215a0971cee77
[INFO] running `Command { std: "docker" "create" "-v" "/var/lib/crater-agent-workspace/builds/worker-0-tc1/target:/opt/rustwide/target:rw,Z" "-v" "/var/lib/crater-agent-workspace/builds/worker-0-tc1/source:/opt/rustwide/workdir:ro,Z" "-v" "/var/lib/crater-agent-workspace/cargo-home:/opt/rustwide/cargo-home:ro,Z" "-v" "/var/lib/crater-agent-workspace/rustup-home:/opt/rustwide/rustup-home:ro,Z" "-e" "SOURCE_DIR=/opt/rustwide/workdir" "-e" "CARGO_TARGET_DIR=/opt/rustwide/target" "-e" "CARGO_INCREMENTAL=0" "-e" "RUST_BACKTRACE=full" "-e" "RUSTFLAGS=--cap-lints=forbid" "-e" "RUSTDOCFLAGS=--cap-lints=forbid" "-e" "CARGO_HOME=/opt/rustwide/cargo-home" "-e" "RUSTUP_HOME=/opt/rustwide/rustup-home" "-w" "/opt/rustwide/workdir" "-m" "1610612736" "--user" "0:0" "--network" "none" "ghcr.io/rust-lang/crates-build-env/linux@sha256:819108c5571ea2e421544af4d832f968d213c87fbe3707a016657f43d2f853bc" "/opt/rustwide/cargo-home/bin/cargo" "+nightly-2025-01-18" "test" "--frozen", kill_on_drop: false }`
[INFO] [stdout] c58e9c8679d6f0668b0be6066c6a7405a07c7b015b2565597cba8c4c9a610aec
[INFO] running `Command { std: "docker" "start" "-a" "c58e9c8679d6f0668b0be6066c6a7405a07c7b015b2565597cba8c4c9a610aec", kill_on_drop: false }`
[INFO] [stderr]     Finished `test` profile [unoptimized + debuginfo] target(s) in 0.19s
[INFO] [stderr]      Running unittests src/lib.rs (/opt/rustwide/target/debug/deps/prometrics_sb-e9fa6acd4cbe988e)
[INFO] [stdout] 
[INFO] [stdout] running 2 tests
[INFO] [stdout] test tests::test_counter ... ok
[INFO] [stdout] test tests::test_gauge ... ok
[INFO] [stdout] 
[INFO] [stdout] test result: ok. 2 passed; 0 failed; 0 ignored; 0 measured; 0 filtered out; finished in 0.01s
[INFO] [stdout] 
[INFO] [stderr]    Doc-tests prometrics_sb
[INFO] [stdout] 
[INFO] [stdout] running 8 tests
[INFO] [stdout] test src/axpromlib.rs - axpromlib::run_prom (line 130) ... FAILED
[INFO] [stdout] test src/axpromlib.rs - axpromlib::run_metrics (line 34) ... FAILED
[INFO] [stdout] test src/axpromlib.rs - axpromlib::auth (line 58) ... FAILED
[INFO] [stdout] test src/lib.rs - (line 62) ... FAILED
[INFO] [stdout] test src/lib.rs - (line 5) ... FAILED
[INFO] [stdout] test src/axpromlib.rs - axpromlib::start_sender (line 89) ... FAILED
[INFO] [stdout] test src/axpromlib.rs - axpromlib::load_env (line 145) ... ok
[INFO] [stdout] test src/axpromlib.rs - axpromlib::get_str_var (line 80) ... FAILED
[INFO] [stdout] 
[INFO] [stdout] failures:
[INFO] [stdout] 
[INFO] [stdout] ---- src/axpromlib.rs - axpromlib::run_prom (line 130) stdout ----
[INFO] [stdout] error[E0425]: cannot find function `run_prom` in this scope
[INFO] [stdout]  --> src/axpromlib.rs:131:1
[INFO] [stdout]   |
[INFO] [stdout] 3 | run_prom("0.0.0.0:8081");
[INFO] [stdout]   | ^^^^^^^^ not found in this scope
[INFO] [stdout]   |
[INFO] [stdout] help: consider importing this function
[INFO] [stdout]   |
[INFO] [stdout] 2 + use prometrics_sb::axpromlib::run_prom;
[INFO] [stdout]   |
[INFO] [stdout] 
[INFO] [stdout] error: aborting due to 1 previous error
[INFO] [stdout] 
[INFO] [stdout] For more information about this error, try `rustc --explain E0425`.
[INFO] [stdout] Couldn't compile the test.
[INFO] [stdout] ---- src/axpromlib.rs - axpromlib::run_metrics (line 34) stdout ----
[INFO] [stdout] error[E0433]: failed to resolve: use of undeclared type `Router`
[INFO] [stdout]  --> src/axpromlib.rs:35:11
[INFO] [stdout]   |
[INFO] [stdout] 3 | let app = Router::new()
[INFO] [stdout]   |           ^^^^^^ use of undeclared type `Router`
[INFO] [stdout]   |
[INFO] [stdout] help: consider importing this struct
[INFO] [stdout]   |
[INFO] [stdout] 2 + use axum::Router;
[INFO] [stdout]   |
[INFO] [stdout] 
[INFO] [stdout] error[E0425]: cannot find function `get` in this scope
[INFO] [stdout]  --> src/axpromlib.rs:36:27
[INFO] [stdout]   |
[INFO] [stdout] 4 |        .route("/metrics", get(run_metrics));
[INFO] [stdout]   |                           ^^^ not found in this scope
[INFO] [stdout]   |
[INFO] [stdout] help: consider importing this function
[INFO] [stdout]   |
[INFO] [stdout] 2 + use axum::routing::get;
[INFO] [stdout]   |
[INFO] [stdout] 
[INFO] [stdout] error[E0425]: cannot find value `run_metrics` in this scope
[INFO] [stdout]  --> src/axpromlib.rs:36:31
[INFO] [stdout]   |
[INFO] [stdout] 4 |        .route("/metrics", get(run_metrics));
[INFO] [stdout]   |                               ^^^^^^^^^^^ not found in this scope
[INFO] [stdout]   |
[INFO] [stdout] help: consider importing this function
[INFO] [stdout]   |
[INFO] [stdout] 2 + use prometrics_sb::axpromlib::run_metrics;
[INFO] [stdout]   |
[INFO] [stdout] 
[INFO] [stdout] error: aborting due to 3 previous errors
[INFO] [stdout] 
[INFO] [stdout] Some errors have detailed explanations: E0425, E0433.
[INFO] [stdout] For more information about an error, try `rustc --explain E0425`.
[INFO] [stdout] Couldn't compile the test.
[INFO] [stdout] ---- src/axpromlib.rs - axpromlib::auth (line 58) stdout ----
[INFO] [stdout] error[E0425]: cannot find function `auth` in this scope
[INFO] [stdout]  --> src/axpromlib.rs:59:7
[INFO] [stdout]   |
[INFO] [stdout] 3 | match auth(req) {
[INFO] [stdout]   |       ^^^^ not found in this scope
[INFO] [stdout]   |
[INFO] [stdout] help: consider importing this function
[INFO] [stdout]   |
[INFO] [stdout] 2 + use prometrics_sb::axpromlib::auth;
[INFO] [stdout]   |
[INFO] [stdout] 
[INFO] [stdout] error[E0425]: cannot find value `req` in this scope
[INFO] [stdout]  --> src/axpromlib.rs:59:12
[INFO] [stdout]   |
[INFO] [stdout] 3 | match auth(req) {
[INFO] [stdout]   |            ^^^ not found in this scope
[INFO] [stdout] 
[INFO] [stdout] error[E0433]: failed to resolve: use of undeclared type `StatusCode`
[INFO] [stdout]  --> src/axpromlib.rs:61:33
[INFO] [stdout]   |
[INFO] [stdout] 5 |         Err(_err) => return Err(StatusCode::UNAUTHORIZED),
[INFO] [stdout]   |                                 ^^^^^^^^^^ use of undeclared type `StatusCode`
[INFO] [stdout] 
[INFO] [stdout] error: aborting due to 3 previous errors
[INFO] [stdout] 
[INFO] [stdout] Some errors have detailed explanations: E0425, E0433.
[INFO] [stdout] For more information about an error, try `rustc --explain E0425`.
[INFO] [stdout] Couldn't compile the test.
[INFO] [stdout] ---- src/lib.rs - (line 62) stdout ----
[INFO] [stdout] error: expected `;`, found `axum`
[INFO] [stdout]  --> src/lib.rs:64:15
[INFO] [stdout]   |
[INFO] [stdout] 5 | [dependencies]
[INFO] [stdout]   |               ^ help: add `;` here
[INFO] [stdout] 6 | axum = "0.7.7"
[INFO] [stdout]   | ---- unexpected token
[INFO] [stdout] 
[INFO] [stdout] error: expected `;`, found `tokio`
[INFO] [stdout]  --> src/lib.rs:65:15
[INFO] [stdout]   |
[INFO] [stdout] 6 | axum = "0.7.7"
[INFO] [stdout]   |               ^ help: add `;` here
[INFO] [stdout] 7 | tokio = { version = "1.40.0", features = ["full"] }
[INFO] [stdout]   | ----- unexpected token
[INFO] [stdout] 
[INFO] [stdout] error: expected one of `.`, `;`, `?`, `}`, or an operator, found `,`
[INFO] [stdout]  --> src/lib.rs:66:29
[INFO] [stdout]   |
[INFO] [stdout] 7 | tokio = { version = "1.40.0", features = ["full"] }
[INFO] [stdout]   |                             ^ expected one of `.`, `;`, `?`, `}`, or an operator
[INFO] [stdout] 
[INFO] [stdout] error: expected `;`, found `lazy_static`
[INFO] [stdout]  --> src/lib.rs:66:52
[INFO] [stdout]   |
[INFO] [stdout] 7 | tokio = { version = "1.40.0", features = ["full"] }
[INFO] [stdout]   |                                                    ^ help: add `;` here
[INFO] [stdout] 8 | lazy_static = "^1.4"
[INFO] [stdout]   | ----------- unexpected token
[INFO] [stdout] 
[INFO] [stdout] error: expected `;`, found `serde_json`
[INFO] [stdout]  --> src/lib.rs:67:21
[INFO] [stdout]   |
[INFO] [stdout] 8 | lazy_static = "^1.4"
[INFO] [stdout]   |                     ^ help: add `;` here
[INFO] [stdout] 9 | serde_json = { version = "1.0.128", default-features = false, features = ["alloc"] }
[INFO] [stdout]   | ---------- unexpected token
[INFO] [stdout] 
[INFO] [stdout] error: expected one of `.`, `;`, `?`, `}`, or an operator, found `,`
[INFO] [stdout]  --> src/lib.rs:68:35
[INFO] [stdout]   |
[INFO] [stdout] 9 | serde_json = { version = "1.0.128", default-features = false, features = ["alloc"] }
[INFO] [stdout]   |                                   ^ expected one of `.`, `;`, `?`, `}`, or an operator
[INFO] [stdout] 
[INFO] [stdout] error: expected `;`, found `prometrics_sb`
[INFO] [stdout]   --> src/lib.rs:68:85
[INFO] [stdout]    |
[INFO] [stdout] 9  | serde_json = { version = "1.0.128", default-features = false, features = ["alloc"] }
[INFO] [stdout]    |                                                                                     ^ help: add `;` here
[INFO] [stdout] 10 | prometrics_sb = "0.1.2"
[INFO] [stdout]    | ------------- unexpected token
[INFO] [stdout] 
[INFO] [stdout] error: expected `;`, found `tower`
[INFO] [stdout]   --> src/lib.rs:69:24
[INFO] [stdout]    |
[INFO] [stdout] 10 | prometrics_sb = "0.1.2"
[INFO] [stdout]    |                        ^ help: add `;` here
[INFO] [stdout] 11 | tower = "0.5.1"
[INFO] [stdout]    | ----- unexpected token
[INFO] [stdout] 
[INFO] [stdout] error[E0425]: cannot find value `tower` in this scope
[INFO] [stdout]   --> src/lib.rs:70:1
[INFO] [stdout]    |
[INFO] [stdout] 11 | tower = "0.5.1"
[INFO] [stdout]    | ^^^^^
[INFO] [stdout]    |
[INFO] [stdout] help: you might have meant to introduce a new binding
[INFO] [stdout]    |
[INFO] [stdout] 11 | let tower = "0.5.1"
[INFO] [stdout]    | +++
[INFO] [stdout] 
[INFO] [stdout] error: aborting due to 9 previous errors
[INFO] [stdout] 
[INFO] [stdout] For more information about this error, try `rustc --explain E0425`.
[INFO] [stdout] Couldn't compile the test.
[INFO] [stdout] ---- src/lib.rs - (line 5) stdout ----
[INFO] [stdout] error[E0432]: unresolved import `serde_json`
[INFO] [stdout]   --> src/lib.rs:15:5
[INFO] [stdout]    |
[INFO] [stdout] 12 | use serde_json::Value;
[INFO] [stdout]    |     ^^^^^^^^^^ use of undeclared crate or module `serde_json`
[INFO] [stdout] 
[INFO] [stdout] error[E0433]: failed to resolve: use of undeclared crate or module `serde_json`
[INFO] [stdout]   --> src/lib.rs:41:16
[INFO] [stdout]    |
[INFO] [stdout] 38 |        Ok(Json(serde_json::from_str(data).unwrap()))
[INFO] [stdout]    |                ^^^^^^^^^^ use of undeclared crate or module `serde_json`
[INFO] [stdout] 
[INFO] [stdout] error: aborting due to 2 previous errors
[INFO] [stdout] 
[INFO] [stdout] Some errors have detailed explanations: E0432, E0433.
[INFO] [stdout] For more information about an error, try `rustc --explain E0432`.
[INFO] [stdout] Couldn't compile the test.
[INFO] [stdout] ---- src/axpromlib.rs - axpromlib::start_sender (line 89) stdout ----
[INFO] [stdout] error[E0425]: cannot find function `start_sender` in this scope
[INFO] [stdout]  --> src/axpromlib.rs:90:1
[INFO] [stdout]   |
[INFO] [stdout] 3 | start_sender(5, "job", "name", "value", "127.0.0.1:9090", "username", "pass");
[INFO] [stdout]   | ^^^^^^^^^^^^ not found in this scope
[INFO] [stdout]   |
[INFO] [stdout] help: consider importing this function
[INFO] [stdout]   |
[INFO] [stdout] 2 + use prometrics_sb::axpromlib::start_sender;
[INFO] [stdout]   |
[INFO] [stdout] 
[INFO] [stdout] error: aborting due to 1 previous error
[INFO] [stdout] 
[INFO] [stdout] For more information about this error, try `rustc --explain E0425`.
[INFO] [stdout] Couldn't compile the test.
[INFO] [stdout] ---- src/axpromlib.rs - axpromlib::get_str_var (line 80) stdout ----
[INFO] [stdout] Test executable failed (exit status: 101).
[INFO] [stdout] 
[INFO] [stdout] stderr:
[INFO] [stdout] 
[INFO] [stdout] thread 'main' panicked at src/axpromlib.rs:85:41:
[INFO] [stdout] No value for value
[INFO] [stdout] stack backtrace:
[INFO] [stdout]    0:     0x5fb55556e79a - std::backtrace_rs::backtrace::libunwind::trace::hb059275cfc8d6126
[INFO] [stdout]                                at /rustc/6067b36314ab5eb2eb47cecc464545ba58e1ad24/library/std/src/../../backtrace/src/backtrace/libunwind.rs:116:5
[INFO] [stdout]    1:     0x5fb55556e79a - std::backtrace_rs::backtrace::trace_unsynchronized::h2da071e4327ce3ee
[INFO] [stdout]                                at /rustc/6067b36314ab5eb2eb47cecc464545ba58e1ad24/library/std/src/../../backtrace/src/backtrace/mod.rs:66:5
[INFO] [stdout]    2:     0x5fb55556e79a - std::sys::backtrace::_print_fmt::h842a1474e6f8d23f
[INFO] [stdout]                                at /rustc/6067b36314ab5eb2eb47cecc464545ba58e1ad24/library/std/src/sys/backtrace.rs:66:9
[INFO] [stdout]    3:     0x5fb55556e79a - <std::sys::backtrace::BacktraceLock::print::DisplayBacktrace as core::fmt::Display>::fmt::h71a62eb3b9696b12
[INFO] [stdout]                                at /rustc/6067b36314ab5eb2eb47cecc464545ba58e1ad24/library/std/src/sys/backtrace.rs:39:26
[INFO] [stdout]    4:     0x5fb55558b713 - core::fmt::rt::Argument::fmt::hdb6b616786b41dc1
[INFO] [stdout]                                at /rustc/6067b36314ab5eb2eb47cecc464545ba58e1ad24/library/core/src/fmt/rt.rs:177:76
[INFO] [stdout]    5:     0x5fb55558b713 - core::fmt::write::h2cc1698af7e2d686
[INFO] [stdout]                                at /rustc/6067b36314ab5eb2eb47cecc464545ba58e1ad24/library/core/src/fmt/mod.rs:1440:21
[INFO] [stdout]    6:     0x5fb55556be03 - std::io::Write::write_fmt::h00c8700df393f328
[INFO] [stdout]                                at /rustc/6067b36314ab5eb2eb47cecc464545ba58e1ad24/library/std/src/io/mod.rs:1887:15
[INFO] [stdout]    7:     0x5fb55556e5e2 - std::sys::backtrace::BacktraceLock::print::h147fe35b4ea13b08
[INFO] [stdout]                                at /rustc/6067b36314ab5eb2eb47cecc464545ba58e1ad24/library/std/src/sys/backtrace.rs:42:9
[INFO] [stdout]    8:     0x5fb55556f52f - std::panicking::default_hook::{{closure}}::hbd44223dbdc0d208
[INFO] [stdout]                                at /rustc/6067b36314ab5eb2eb47cecc464545ba58e1ad24/library/std/src/panicking.rs:298:22
[INFO] [stdout]    9:     0x5fb55556f39a - std::panicking::default_hook::h20f81eb0576efcec
[INFO] [stdout]                                at /rustc/6067b36314ab5eb2eb47cecc464545ba58e1ad24/library/std/src/panicking.rs:325:9
[INFO] [stdout]   10:     0x5fb55556fe02 - std::panicking::rust_panic_with_hook::h625eea43051b2edc
[INFO] [stdout]                                at /rustc/6067b36314ab5eb2eb47cecc464545ba58e1ad24/library/std/src/panicking.rs:831:13
[INFO] [stdout]   11:     0x5fb55556fc9a - std::panicking::begin_panic_handler::{{closure}}::h4f9159cfbc3f6bd3
[INFO] [stdout]                                at /rustc/6067b36314ab5eb2eb47cecc464545ba58e1ad24/library/std/src/panicking.rs:704:13
[INFO] [stdout]   12:     0x5fb55556ec99 - std::sys::backtrace::__rust_end_short_backtrace::h0390abce48353151
[INFO] [stdout]                                at /rustc/6067b36314ab5eb2eb47cecc464545ba58e1ad24/library/std/src/sys/backtrace.rs:168:18
[INFO] [stdout]   13:     0x5fb55556f92d - rust_begin_unwind
[INFO] [stdout]                                at /rustc/6067b36314ab5eb2eb47cecc464545ba58e1ad24/library/std/src/panicking.rs:695:5
[INFO] [stdout]   14:     0x5fb55558ab80 - core::panicking::panic_fmt::h9e7c637e9e5f29c9
[INFO] [stdout]                                at /rustc/6067b36314ab5eb2eb47cecc464545ba58e1ad24/library/core/src/panicking.rs:75:14
[INFO] [stdout]   15:     0x5fb55554ec1c - prometrics_sb::axpromlib::get_str_var::{{closure}}::h3d00cd670ca42b7b
[INFO] [stdout]                                at /opt/rustwide/workdir/src/axpromlib.rs:85:41
[INFO] [stdout]   16:     0x5fb55554ecf6 - core::result::Result<T,E>::unwrap_or_else::h39d3dc65801811aa
[INFO] [stdout]                                at /rustc/6067b36314ab5eb2eb47cecc464545ba58e1ad24/library/core/src/result.rs:1463:23
[INFO] [stdout]   17:     0x5fb55554eb89 - prometrics_sb::axpromlib::get_str_var::h4de7f5f9575caaa2
[INFO] [stdout]                                at /opt/rustwide/workdir/src/axpromlib.rs:85:5
[INFO] [stdout]   18:     0x5fb55554eab9 - rust_out::main::_doctest_main_src_axpromlib_rs_80_0::h493aecdab9d74fc3
[INFO] [stdout]   19:     0x5fb55554ea96 - rust_out::main::he88f0b9b281d54e0
[INFO] [stdout]   20:     0x5fb55554ea33 - core::ops::function::FnOnce::call_once::hcf3829d8b58d0254
[INFO] [stdout]   21:     0x5fb55554ea16 - std::sys::backtrace::__rust_begin_short_backtrace::h5e1527399e8d5bd4
[INFO] [stdout]   22:     0x5fb55554e9f9 - std::rt::lang_start::{{closure}}::h2c234101ed7b1b74
[INFO] [stdout]   23:     0x5fb555569de0 - core::ops::function::impls::<impl core::ops::function::FnOnce<A> for &F>::call_once::h1b085b6c1d2518b2
[INFO] [stdout]                                at /rustc/6067b36314ab5eb2eb47cecc464545ba58e1ad24/library/core/src/ops/function.rs:284:13
[INFO] [stdout]   24:     0x5fb555569de0 - std::panicking::try::do_call::h382f964a5a23b565
[INFO] [stdout]                                at /rustc/6067b36314ab5eb2eb47cecc464545ba58e1ad24/library/std/src/panicking.rs:587:40
[INFO] [stdout]   25:     0x5fb555569de0 - std::panicking::try::h57f991055eb622f9
[INFO] [stdout]                                at /rustc/6067b36314ab5eb2eb47cecc464545ba58e1ad24/library/std/src/panicking.rs:550:19
[INFO] [stdout]   26:     0x5fb555569de0 - std::panic::catch_unwind::h4d9a74ef04456343
[INFO] [stdout]                                at /rustc/6067b36314ab5eb2eb47cecc464545ba58e1ad24/library/std/src/panic.rs:358:14
[INFO] [stdout]   27:     0x5fb555569de0 - std::rt::lang_start_internal::{{closure}}::h2faa8ae84a93f314
[INFO] [stdout]                                at /rustc/6067b36314ab5eb2eb47cecc464545ba58e1ad24/library/std/src/rt.rs:163:24
[INFO] [stdout]   28:     0x5fb555569de0 - std::panicking::try::do_call::h0f8932bf638a9bf5
[INFO] [stdout]                                at /rustc/6067b36314ab5eb2eb47cecc464545ba58e1ad24/library/std/src/panicking.rs:587:40
[INFO] [stdout]   29:     0x5fb555569de0 - std::panicking::try::h683416ea756b175d
[INFO] [stdout]                                at /rustc/6067b36314ab5eb2eb47cecc464545ba58e1ad24/library/std/src/panicking.rs:550:19
[INFO] [stdout]   30:     0x5fb555569de0 - std::panic::catch_unwind::h56189fac8994979f
[INFO] [stdout]                                at /rustc/6067b36314ab5eb2eb47cecc464545ba58e1ad24/library/std/src/panic.rs:358:14
[INFO] [stdout]   31:     0x5fb555569de0 - std::rt::lang_start_internal::h8bbc1061691274fe
[INFO] [stdout]                                at /rustc/6067b36314ab5eb2eb47cecc464545ba58e1ad24/library/std/src/rt.rs:159:5
[INFO] [stdout]   32:     0x5fb55554e9e1 - std::rt::lang_start::h601b10a269c70ef7
[INFO] [stdout]   33:     0x5fb55554eae5 - main
[INFO] [stdout]   34:     0x771b204a8d90 - <unknown>
[INFO] [stdout]   35:     0x771b204a8e40 - __libc_start_main
[INFO] [stdout]   36:     0x5fb55554e8f5 - _start
[INFO] [stdout]   37:                0x0 - <unknown>
[INFO] [stdout] 
[INFO] [stdout] 
[INFO] [stdout] 
[INFO] [stdout] failures:
[INFO] [stdout]     src/axpromlib.rs - axpromlib::auth (line 58)
[INFO] [stdout]     src/axpromlib.rs - axpromlib::get_str_var (line 80)
[INFO] [stdout]     src/axpromlib.rs - axpromlib::run_metrics (line 34)
[INFO] [stdout]     src/axpromlib.rs - axpromlib::run_prom (line 130)
[INFO] [stdout]     src/axpromlib.rs - axpromlib::start_sender (line 89)
[INFO] [stdout]     src/lib.rs - (line 5)
[INFO] [stdout]     src/lib.rs - (line 62)
[INFO] [stdout] 
[INFO] [stdout] test result: FAILED. 1 passed; 7 failed; 0 ignored; 0 measured; 0 filtered out; finished in 1.99s
[INFO] [stdout] 
[INFO] [stderr] error: doctest failed, to rerun pass `--doc`
[INFO] running `Command { std: "docker" "inspect" "c58e9c8679d6f0668b0be6066c6a7405a07c7b015b2565597cba8c4c9a610aec", kill_on_drop: false }`
[INFO] running `Command { std: "docker" "rm" "-f" "c58e9c8679d6f0668b0be6066c6a7405a07c7b015b2565597cba8c4c9a610aec", kill_on_drop: false }`
[INFO] [stdout] c58e9c8679d6f0668b0be6066c6a7405a07c7b015b2565597cba8c4c9a610aec
