[INFO] fetching crate processing_code 0.1.0...
[INFO] testing processing_code-0.1.0 against nightly-2025-01-18+rustflags=-Zrandomize-layout for randomize-layout-2
[INFO] extracting crate processing_code 0.1.0 into /workspace/builds/worker-4-tc2/source
[INFO] validating manifest of crates.io crate processing_code 0.1.0 on toolchain nightly-2025-01-18
[INFO] running `Command { std: CARGO_HOME="/workspace/cargo-home" RUSTUP_HOME="/workspace/rustup-home" "/workspace/cargo-home/bin/cargo" "+nightly-2025-01-18" "metadata" "--manifest-path" "Cargo.toml" "--no-deps", kill_on_drop: false }`
[INFO] started tweaking crates.io crate processing_code 0.1.0
[INFO] finished tweaking crates.io crate processing_code 0.1.0
[INFO] tweaked toml for crates.io crate processing_code 0.1.0 written to /workspace/builds/worker-4-tc2/source/Cargo.toml
[INFO] running `Command { std: CARGO_HOME="/workspace/cargo-home" RUSTUP_HOME="/workspace/rustup-home" "/workspace/cargo-home/bin/cargo" "+nightly-2025-01-18" "generate-lockfile" "--manifest-path" "Cargo.toml", kill_on_drop: false }`
[INFO] running `Command { std: CARGO_HOME="/workspace/cargo-home" RUSTUP_HOME="/workspace/rustup-home" "/workspace/cargo-home/bin/cargo" "+nightly-2025-01-18" "fetch" "--manifest-path" "Cargo.toml", kill_on_drop: false }`
[INFO] running `Command { std: "docker" "create" "-v" "/var/lib/crater-agent-workspace/builds/worker-4-tc2/target:/opt/rustwide/target:rw,Z" "-v" "/var/lib/crater-agent-workspace/builds/worker-4-tc2/source:/opt/rustwide/workdir:ro,Z" "-v" "/var/lib/crater-agent-workspace/cargo-home:/opt/rustwide/cargo-home:ro,Z" "-v" "/var/lib/crater-agent-workspace/rustup-home:/opt/rustwide/rustup-home:ro,Z" "-e" "SOURCE_DIR=/opt/rustwide/workdir" "-e" "CARGO_TARGET_DIR=/opt/rustwide/target" "-e" "CARGO_HOME=/opt/rustwide/cargo-home" "-e" "RUSTUP_HOME=/opt/rustwide/rustup-home" "-w" "/opt/rustwide/workdir" "-m" "1610612736" "--user" "0:0" "--network" "none" "ghcr.io/rust-lang/crates-build-env/linux@sha256:819108c5571ea2e421544af4d832f968d213c87fbe3707a016657f43d2f853bc" "/opt/rustwide/cargo-home/bin/cargo" "+nightly-2025-01-18" "metadata" "--no-deps" "--format-version=1", kill_on_drop: false }`
[INFO] [stdout] 7ef3b030892846c8af00427ca67844f15c6aaba69a312202b0efd6d788cdd542
[INFO] running `Command { std: "docker" "start" "-a" "7ef3b030892846c8af00427ca67844f15c6aaba69a312202b0efd6d788cdd542", kill_on_drop: false }`
[INFO] running `Command { std: "docker" "inspect" "7ef3b030892846c8af00427ca67844f15c6aaba69a312202b0efd6d788cdd542", kill_on_drop: false }`
[INFO] running `Command { std: "docker" "rm" "-f" "7ef3b030892846c8af00427ca67844f15c6aaba69a312202b0efd6d788cdd542", kill_on_drop: false }`
[INFO] [stdout] 7ef3b030892846c8af00427ca67844f15c6aaba69a312202b0efd6d788cdd542
[INFO] running `Command { std: "docker" "create" "-v" "/var/lib/crater-agent-workspace/builds/worker-4-tc2/target:/opt/rustwide/target:rw,Z" "-v" "/var/lib/crater-agent-workspace/builds/worker-4-tc2/source:/opt/rustwide/workdir:ro,Z" "-v" "/var/lib/crater-agent-workspace/cargo-home:/opt/rustwide/cargo-home:ro,Z" "-v" "/var/lib/crater-agent-workspace/rustup-home:/opt/rustwide/rustup-home:ro,Z" "-e" "SOURCE_DIR=/opt/rustwide/workdir" "-e" "CARGO_TARGET_DIR=/opt/rustwide/target" "-e" "CARGO_INCREMENTAL=0" "-e" "RUST_BACKTRACE=full" "-e" "RUSTFLAGS=--cap-lints=forbid -Zrandomize-layout" "-e" "RUSTDOCFLAGS=--cap-lints=forbid" "-e" "CARGO_HOME=/opt/rustwide/cargo-home" "-e" "RUSTUP_HOME=/opt/rustwide/rustup-home" "-w" "/opt/rustwide/workdir" "-m" "1610612736" "--user" "0:0" "--network" "none" "ghcr.io/rust-lang/crates-build-env/linux@sha256:819108c5571ea2e421544af4d832f968d213c87fbe3707a016657f43d2f853bc" "/opt/rustwide/cargo-home/bin/cargo" "+nightly-2025-01-18" "build" "--frozen" "--message-format=json", kill_on_drop: false }`
[INFO] [stdout] 7d8e322aa674d06623fbed8698374ea2a0ca19a93e7dbcd8788ad601f23cfa78
[INFO] running `Command { std: "docker" "start" "-a" "7d8e322aa674d06623fbed8698374ea2a0ca19a93e7dbcd8788ad601f23cfa78", kill_on_drop: false }`
[INFO] [stderr]    Compiling processing_code v0.1.0 (/opt/rustwide/workdir)
[INFO] [stderr]     Finished `dev` profile [unoptimized + debuginfo] target(s) in 0.33s
[INFO] running `Command { std: "docker" "inspect" "7d8e322aa674d06623fbed8698374ea2a0ca19a93e7dbcd8788ad601f23cfa78", kill_on_drop: false }`
[INFO] running `Command { std: "docker" "rm" "-f" "7d8e322aa674d06623fbed8698374ea2a0ca19a93e7dbcd8788ad601f23cfa78", kill_on_drop: false }`
[INFO] [stdout] 7d8e322aa674d06623fbed8698374ea2a0ca19a93e7dbcd8788ad601f23cfa78
[INFO] running `Command { std: "docker" "create" "-v" "/var/lib/crater-agent-workspace/builds/worker-4-tc2/target:/opt/rustwide/target:rw,Z" "-v" "/var/lib/crater-agent-workspace/builds/worker-4-tc2/source:/opt/rustwide/workdir:ro,Z" "-v" "/var/lib/crater-agent-workspace/cargo-home:/opt/rustwide/cargo-home:ro,Z" "-v" "/var/lib/crater-agent-workspace/rustup-home:/opt/rustwide/rustup-home:ro,Z" "-e" "SOURCE_DIR=/opt/rustwide/workdir" "-e" "CARGO_TARGET_DIR=/opt/rustwide/target" "-e" "CARGO_INCREMENTAL=0" "-e" "RUST_BACKTRACE=full" "-e" "RUSTFLAGS=--cap-lints=forbid -Zrandomize-layout" "-e" "RUSTDOCFLAGS=--cap-lints=forbid" "-e" "CARGO_HOME=/opt/rustwide/cargo-home" "-e" "RUSTUP_HOME=/opt/rustwide/rustup-home" "-w" "/opt/rustwide/workdir" "-m" "1610612736" "--user" "0:0" "--network" "none" "ghcr.io/rust-lang/crates-build-env/linux@sha256:819108c5571ea2e421544af4d832f968d213c87fbe3707a016657f43d2f853bc" "/opt/rustwide/cargo-home/bin/cargo" "+nightly-2025-01-18" "test" "--frozen" "--no-run" "--message-format=json", kill_on_drop: false }`
[INFO] [stdout] 9e87617909dc66fb33dd3c43f71a232258996654496c3c71028ab9e2de55f742
[INFO] running `Command { std: "docker" "start" "-a" "9e87617909dc66fb33dd3c43f71a232258996654496c3c71028ab9e2de55f742", kill_on_drop: false }`
[INFO] [stderr]    Compiling processing_code v0.1.0 (/opt/rustwide/workdir)
[INFO] [stderr]     Finished `test` profile [unoptimized + debuginfo] target(s) in 0.31s
[INFO] running `Command { std: "docker" "inspect" "9e87617909dc66fb33dd3c43f71a232258996654496c3c71028ab9e2de55f742", kill_on_drop: false }`
[INFO] running `Command { std: "docker" "rm" "-f" "9e87617909dc66fb33dd3c43f71a232258996654496c3c71028ab9e2de55f742", kill_on_drop: false }`
[INFO] [stdout] 9e87617909dc66fb33dd3c43f71a232258996654496c3c71028ab9e2de55f742
[INFO] running `Command { std: "docker" "create" "-v" "/var/lib/crater-agent-workspace/builds/worker-4-tc2/target:/opt/rustwide/target:rw,Z" "-v" "/var/lib/crater-agent-workspace/builds/worker-4-tc2/source:/opt/rustwide/workdir:ro,Z" "-v" "/var/lib/crater-agent-workspace/cargo-home:/opt/rustwide/cargo-home:ro,Z" "-v" "/var/lib/crater-agent-workspace/rustup-home:/opt/rustwide/rustup-home:ro,Z" "-e" "SOURCE_DIR=/opt/rustwide/workdir" "-e" "CARGO_TARGET_DIR=/opt/rustwide/target" "-e" "CARGO_INCREMENTAL=0" "-e" "RUST_BACKTRACE=full" "-e" "RUSTFLAGS=--cap-lints=forbid -Zrandomize-layout" "-e" "RUSTDOCFLAGS=--cap-lints=forbid" "-e" "CARGO_HOME=/opt/rustwide/cargo-home" "-e" "RUSTUP_HOME=/opt/rustwide/rustup-home" "-w" "/opt/rustwide/workdir" "-m" "1610612736" "--user" "0:0" "--network" "none" "ghcr.io/rust-lang/crates-build-env/linux@sha256:819108c5571ea2e421544af4d832f968d213c87fbe3707a016657f43d2f853bc" "/opt/rustwide/cargo-home/bin/cargo" "+nightly-2025-01-18" "test" "--frozen", kill_on_drop: false }`
[INFO] [stdout] 55dda0fd0ab44601c77dd9904bb54b403e787763c59cbb62ee29dbef443c9742
[INFO] running `Command { std: "docker" "start" "-a" "55dda0fd0ab44601c77dd9904bb54b403e787763c59cbb62ee29dbef443c9742", kill_on_drop: false }`
[INFO] [stderr]     Finished `test` profile [unoptimized + debuginfo] target(s) in 0.02s
[INFO] [stderr]      Running unittests src/lib.rs (/opt/rustwide/target/debug/deps/processing_code-3d62661eca008fab)
[INFO] [stdout] 
[INFO] [stdout] running 0 tests
[INFO] [stdout] 
[INFO] [stdout] test result: ok. 0 passed; 0 failed; 0 ignored; 0 measured; 0 filtered out; finished in 0.00s
[INFO] [stdout] 
[INFO] [stderr]    Doc-tests processing_code
[INFO] [stdout] 
[INFO] [stdout] running 1 test
[INFO] [stdout] test src/lib.rs - processing_code (line 9) ... FAILED
[INFO] [stdout] 
[INFO] [stdout] failures:
[INFO] [stdout] 
[INFO] [stdout] ---- src/lib.rs - processing_code (line 9) stdout ----
[INFO] [stdout] error[E0423]: expected function, found crate `processing_code`
[INFO] [stdout]  --> src/lib.rs:14:14
[INFO] [stdout]   |
[INFO] [stdout] 8 | let encode = processing_code(password, content);
[INFO] [stdout]   |              ^^^^^^^^^^^^^^^ not a function
[INFO] [stdout]   |
[INFO] [stdout] help: consider importing this function instead
[INFO] [stdout]   |
[INFO] [stdout] 2 + use processing_code::processing_code;
[INFO] [stdout]   |
[INFO] [stdout] 
[INFO] [stdout] error[E0423]: expected function, found crate `processing_code`
[INFO] [stdout]   --> src/lib.rs:17:14
[INFO] [stdout]    |
[INFO] [stdout] 11 | let decode = processing_code(password, &encode);
[INFO] [stdout]    |              ^^^^^^^^^^^^^^^ not a function
[INFO] [stdout]    |
[INFO] [stdout] help: consider importing this function instead
[INFO] [stdout]    |
[INFO] [stdout] 2  + use processing_code::processing_code;
[INFO] [stdout]    |
[INFO] [stdout] 
[INFO] [stdout] error: aborting due to 2 previous errors
[INFO] [stdout] 
[INFO] [stdout] For more information about this error, try `rustc --explain E0423`.
[INFO] [stdout] Couldn't compile the test.
[INFO] [stdout] 
[INFO] [stdout] failures:
[INFO] [stdout]     src/lib.rs - processing_code (line 9)
[INFO] [stdout] 
[INFO] [stdout] test result: FAILED. 0 passed; 1 failed; 0 ignored; 0 measured; 0 filtered out; finished in 0.13s
[INFO] [stdout] 
[INFO] [stderr] error: doctest failed, to rerun pass `--doc`
[INFO] running `Command { std: "docker" "inspect" "55dda0fd0ab44601c77dd9904bb54b403e787763c59cbb62ee29dbef443c9742", kill_on_drop: false }`
[INFO] running `Command { std: "docker" "rm" "-f" "55dda0fd0ab44601c77dd9904bb54b403e787763c59cbb62ee29dbef443c9742", kill_on_drop: false }`
[INFO] [stdout] 55dda0fd0ab44601c77dd9904bb54b403e787763c59cbb62ee29dbef443c9742
