[INFO] fetching crate proc_pidinfo 0.1.2...
[INFO] testing proc_pidinfo-0.1.2 against nightly-2025-01-18 for randomize-layout-2
[INFO] extracting crate proc_pidinfo 0.1.2 into /workspace/builds/worker-1-tc1/source
[INFO] validating manifest of crates.io crate proc_pidinfo 0.1.2 on toolchain nightly-2025-01-18
[INFO] running `Command { std: CARGO_HOME="/workspace/cargo-home" RUSTUP_HOME="/workspace/rustup-home" "/workspace/cargo-home/bin/cargo" "+nightly-2025-01-18" "metadata" "--manifest-path" "Cargo.toml" "--no-deps", kill_on_drop: false }`
[INFO] started tweaking crates.io crate proc_pidinfo 0.1.2
[INFO] finished tweaking crates.io crate proc_pidinfo 0.1.2
[INFO] tweaked toml for crates.io crate proc_pidinfo 0.1.2 written to /workspace/builds/worker-1-tc1/source/Cargo.toml
[INFO] running `Command { std: CARGO_HOME="/workspace/cargo-home" RUSTUP_HOME="/workspace/rustup-home" "/workspace/cargo-home/bin/cargo" "+nightly-2025-01-18" "generate-lockfile" "--manifest-path" "Cargo.toml", kill_on_drop: false }`
[INFO] [stderr]     Updating crates.io index
[INFO] [stderr]      Locking 1 package to latest compatible version
[INFO] running `Command { std: CARGO_HOME="/workspace/cargo-home" RUSTUP_HOME="/workspace/rustup-home" "/workspace/cargo-home/bin/cargo" "+nightly-2025-01-18" "fetch" "--manifest-path" "Cargo.toml", kill_on_drop: false }`
[INFO] running `Command { std: "docker" "create" "-v" "/var/lib/crater-agent-workspace/builds/worker-1-tc1/target:/opt/rustwide/target:rw,Z" "-v" "/var/lib/crater-agent-workspace/builds/worker-1-tc1/source:/opt/rustwide/workdir:ro,Z" "-v" "/var/lib/crater-agent-workspace/cargo-home:/opt/rustwide/cargo-home:ro,Z" "-v" "/var/lib/crater-agent-workspace/rustup-home:/opt/rustwide/rustup-home:ro,Z" "-e" "SOURCE_DIR=/opt/rustwide/workdir" "-e" "CARGO_TARGET_DIR=/opt/rustwide/target" "-e" "CARGO_HOME=/opt/rustwide/cargo-home" "-e" "RUSTUP_HOME=/opt/rustwide/rustup-home" "-w" "/opt/rustwide/workdir" "-m" "1610612736" "--user" "0:0" "--network" "none" "ghcr.io/rust-lang/crates-build-env/linux@sha256:819108c5571ea2e421544af4d832f968d213c87fbe3707a016657f43d2f853bc" "/opt/rustwide/cargo-home/bin/cargo" "+nightly-2025-01-18" "metadata" "--no-deps" "--format-version=1", kill_on_drop: false }`
[INFO] [stdout] e2c159dfc9334f4717c7a1cff64caf25a9c6a11c9df3a01623ec9271c70508f2
[INFO] running `Command { std: "docker" "start" "-a" "e2c159dfc9334f4717c7a1cff64caf25a9c6a11c9df3a01623ec9271c70508f2", kill_on_drop: false }`
[INFO] running `Command { std: "docker" "inspect" "e2c159dfc9334f4717c7a1cff64caf25a9c6a11c9df3a01623ec9271c70508f2", kill_on_drop: false }`
[INFO] running `Command { std: "docker" "rm" "-f" "e2c159dfc9334f4717c7a1cff64caf25a9c6a11c9df3a01623ec9271c70508f2", kill_on_drop: false }`
[INFO] [stdout] e2c159dfc9334f4717c7a1cff64caf25a9c6a11c9df3a01623ec9271c70508f2
[INFO] running `Command { std: "docker" "create" "-v" "/var/lib/crater-agent-workspace/builds/worker-1-tc1/target:/opt/rustwide/target:rw,Z" "-v" "/var/lib/crater-agent-workspace/builds/worker-1-tc1/source:/opt/rustwide/workdir:ro,Z" "-v" "/var/lib/crater-agent-workspace/cargo-home:/opt/rustwide/cargo-home:ro,Z" "-v" "/var/lib/crater-agent-workspace/rustup-home:/opt/rustwide/rustup-home:ro,Z" "-e" "SOURCE_DIR=/opt/rustwide/workdir" "-e" "CARGO_TARGET_DIR=/opt/rustwide/target" "-e" "CARGO_INCREMENTAL=0" "-e" "RUST_BACKTRACE=full" "-e" "RUSTFLAGS=--cap-lints=forbid" "-e" "RUSTDOCFLAGS=--cap-lints=forbid" "-e" "CARGO_HOME=/opt/rustwide/cargo-home" "-e" "RUSTUP_HOME=/opt/rustwide/rustup-home" "-w" "/opt/rustwide/workdir" "-m" "1610612736" "--user" "0:0" "--network" "none" "ghcr.io/rust-lang/crates-build-env/linux@sha256:819108c5571ea2e421544af4d832f968d213c87fbe3707a016657f43d2f853bc" "/opt/rustwide/cargo-home/bin/cargo" "+nightly-2025-01-18" "build" "--frozen" "--message-format=json", kill_on_drop: false }`
[INFO] [stdout] 8f9fe8b20fffba66714a754dc9f0090ef61b6792fd94e489002a6b94774f688f
[INFO] running `Command { std: "docker" "start" "-a" "8f9fe8b20fffba66714a754dc9f0090ef61b6792fd94e489002a6b94774f688f", kill_on_drop: false }`
[INFO] [stderr]    Compiling proc_pidinfo v0.1.2 (/opt/rustwide/workdir)
[INFO] [stderr]     Finished `dev` profile [unoptimized + debuginfo] target(s) in 0.17s
[INFO] running `Command { std: "docker" "inspect" "8f9fe8b20fffba66714a754dc9f0090ef61b6792fd94e489002a6b94774f688f", kill_on_drop: false }`
[INFO] running `Command { std: "docker" "rm" "-f" "8f9fe8b20fffba66714a754dc9f0090ef61b6792fd94e489002a6b94774f688f", kill_on_drop: false }`
[INFO] [stdout] 8f9fe8b20fffba66714a754dc9f0090ef61b6792fd94e489002a6b94774f688f
[INFO] running `Command { std: "docker" "create" "-v" "/var/lib/crater-agent-workspace/builds/worker-1-tc1/target:/opt/rustwide/target:rw,Z" "-v" "/var/lib/crater-agent-workspace/builds/worker-1-tc1/source:/opt/rustwide/workdir:ro,Z" "-v" "/var/lib/crater-agent-workspace/cargo-home:/opt/rustwide/cargo-home:ro,Z" "-v" "/var/lib/crater-agent-workspace/rustup-home:/opt/rustwide/rustup-home:ro,Z" "-e" "SOURCE_DIR=/opt/rustwide/workdir" "-e" "CARGO_TARGET_DIR=/opt/rustwide/target" "-e" "CARGO_INCREMENTAL=0" "-e" "RUST_BACKTRACE=full" "-e" "RUSTFLAGS=--cap-lints=forbid" "-e" "RUSTDOCFLAGS=--cap-lints=forbid" "-e" "CARGO_HOME=/opt/rustwide/cargo-home" "-e" "RUSTUP_HOME=/opt/rustwide/rustup-home" "-w" "/opt/rustwide/workdir" "-m" "1610612736" "--user" "0:0" "--network" "none" "ghcr.io/rust-lang/crates-build-env/linux@sha256:819108c5571ea2e421544af4d832f968d213c87fbe3707a016657f43d2f853bc" "/opt/rustwide/cargo-home/bin/cargo" "+nightly-2025-01-18" "test" "--frozen" "--no-run" "--message-format=json", kill_on_drop: false }`
[INFO] [stdout] 337cf52a3d9321f4c021a644a53f32c24c667d3ddd5cc037ac6018229724ff20
[INFO] running `Command { std: "docker" "start" "-a" "337cf52a3d9321f4c021a644a53f32c24c667d3ddd5cc037ac6018229724ff20", kill_on_drop: false }`
[INFO] [stderr]    Compiling proc_pidinfo v0.1.2 (/opt/rustwide/workdir)
[INFO] [stderr]     Finished `test` profile [unoptimized + debuginfo] target(s) in 0.20s
[INFO] running `Command { std: "docker" "inspect" "337cf52a3d9321f4c021a644a53f32c24c667d3ddd5cc037ac6018229724ff20", kill_on_drop: false }`
[INFO] running `Command { std: "docker" "rm" "-f" "337cf52a3d9321f4c021a644a53f32c24c667d3ddd5cc037ac6018229724ff20", kill_on_drop: false }`
[INFO] [stdout] 337cf52a3d9321f4c021a644a53f32c24c667d3ddd5cc037ac6018229724ff20
[INFO] running `Command { std: "docker" "create" "-v" "/var/lib/crater-agent-workspace/builds/worker-1-tc1/target:/opt/rustwide/target:rw,Z" "-v" "/var/lib/crater-agent-workspace/builds/worker-1-tc1/source:/opt/rustwide/workdir:ro,Z" "-v" "/var/lib/crater-agent-workspace/cargo-home:/opt/rustwide/cargo-home:ro,Z" "-v" "/var/lib/crater-agent-workspace/rustup-home:/opt/rustwide/rustup-home:ro,Z" "-e" "SOURCE_DIR=/opt/rustwide/workdir" "-e" "CARGO_TARGET_DIR=/opt/rustwide/target" "-e" "CARGO_INCREMENTAL=0" "-e" "RUST_BACKTRACE=full" "-e" "RUSTFLAGS=--cap-lints=forbid" "-e" "RUSTDOCFLAGS=--cap-lints=forbid" "-e" "CARGO_HOME=/opt/rustwide/cargo-home" "-e" "RUSTUP_HOME=/opt/rustwide/rustup-home" "-w" "/opt/rustwide/workdir" "-m" "1610612736" "--user" "0:0" "--network" "none" "ghcr.io/rust-lang/crates-build-env/linux@sha256:819108c5571ea2e421544af4d832f968d213c87fbe3707a016657f43d2f853bc" "/opt/rustwide/cargo-home/bin/cargo" "+nightly-2025-01-18" "test" "--frozen", kill_on_drop: false }`
[INFO] [stdout] 26b4e774d37d538fbc360fb6c50544d30a5b08215dfe852d86ce62d54e91c1b8
[INFO] running `Command { std: "docker" "start" "-a" "26b4e774d37d538fbc360fb6c50544d30a5b08215dfe852d86ce62d54e91c1b8", kill_on_drop: false }`
[INFO] [stderr]     Finished `test` profile [unoptimized + debuginfo] target(s) in 0.02s
[INFO] [stderr]      Running unittests src/lib.rs (/opt/rustwide/target/debug/deps/proc_pidinfo-37513f484d336dd6)
[INFO] [stdout] 
[INFO] [stdout] running 0 tests
[INFO] [stdout] 
[INFO] [stdout] test result: ok. 0 passed; 0 failed; 0 ignored; 0 measured; 0 filtered out; finished in 0.00s
[INFO] [stdout] 
[INFO] [stderr]    Doc-tests proc_pidinfo
[INFO] [stdout] 
[INFO] [stdout] running 1 test
[INFO] [stdout] test src/lib.rs - (line 16) ... FAILED
[INFO] [stdout] 
[INFO] [stdout] failures:
[INFO] [stdout] 
[INFO] [stdout] ---- src/lib.rs - (line 16) stdout ----
[INFO] [stdout] error[E0412]: cannot find type `ProcFDInfo` in this scope
[INFO] [stdout]  --> src/lib.rs:20:36
[INFO] [stdout]   |
[INFO] [stdout] 7 | for fd in proc_pidinfo_list_self::<ProcFDInfo>().unwrap() {
[INFO] [stdout]   |                                    ^^^^^^^^^^ not found in this scope
[INFO] [stdout]   |
[INFO] [stdout] help: you might be missing a type parameter
[INFO] [stdout]   |
[INFO] [stdout] 4 | fn main() { #[allow(non_snake_case)] fn _doctest_main_src_lib_rs_16_0<ProcFDInfo>() {
[INFO] [stdout]   |                                                                      ++++++++++++
[INFO] [stdout] 
[INFO] [stdout] error[E0425]: cannot find function `proc_pidinfo_list_self` in this scope
[INFO] [stdout]  --> src/lib.rs:20:11
[INFO] [stdout]   |
[INFO] [stdout] 7 | for fd in proc_pidinfo_list_self::<ProcFDInfo>().unwrap() {
[INFO] [stdout]   |           ^^^^^^^^^^^^^^^^^^^^^^ not found in this scope
[INFO] [stdout] 
[INFO] [stdout] error: aborting due to 2 previous errors
[INFO] [stdout] 
[INFO] [stdout] Some errors have detailed explanations: E0412, E0425.
[INFO] [stdout] For more information about an error, try `rustc --explain E0412`.
[INFO] [stdout] Couldn't compile the test.
[INFO] [stdout] 
[INFO] [stdout] failures:
[INFO] [stdout]     src/lib.rs - (line 16)
[INFO] [stdout] 
[INFO] [stdout] test result: FAILED. 0 passed; 1 failed; 0 ignored; 0 measured; 0 filtered out; finished in 0.10s
[INFO] [stdout] 
[INFO] [stderr] error: doctest failed, to rerun pass `--doc`
[INFO] running `Command { std: "docker" "inspect" "26b4e774d37d538fbc360fb6c50544d30a5b08215dfe852d86ce62d54e91c1b8", kill_on_drop: false }`
[INFO] running `Command { std: "docker" "rm" "-f" "26b4e774d37d538fbc360fb6c50544d30a5b08215dfe852d86ce62d54e91c1b8", kill_on_drop: false }`
[INFO] [stdout] 26b4e774d37d538fbc360fb6c50544d30a5b08215dfe852d86ce62d54e91c1b8
