[INFO] fetching crate proc-macro-warning 1.0.2...
[INFO] testing proc-macro-warning-1.0.2 against nightly-2025-01-18 for randomize-layout-2
[INFO] extracting crate proc-macro-warning 1.0.2 into /workspace/builds/worker-4-tc1/source
[INFO] validating manifest of crates.io crate proc-macro-warning 1.0.2 on toolchain nightly-2025-01-18
[INFO] running `Command { std: CARGO_HOME="/workspace/cargo-home" RUSTUP_HOME="/workspace/rustup-home" "/workspace/cargo-home/bin/cargo" "+nightly-2025-01-18" "metadata" "--manifest-path" "Cargo.toml" "--no-deps", kill_on_drop: false }`
[INFO] started tweaking crates.io crate proc-macro-warning 1.0.2
[INFO] finished tweaking crates.io crate proc-macro-warning 1.0.2
[INFO] tweaked toml for crates.io crate proc-macro-warning 1.0.2 written to /workspace/builds/worker-4-tc1/source/Cargo.toml
[INFO] running `Command { std: CARGO_HOME="/workspace/cargo-home" RUSTUP_HOME="/workspace/rustup-home" "/workspace/cargo-home/bin/cargo" "+nightly-2025-01-18" "generate-lockfile" "--manifest-path" "Cargo.toml", kill_on_drop: false }`
[INFO] [stderr]     Blocking waiting for file lock on package cache
[INFO] [stderr]     Updating crates.io index
[INFO] [stderr]      Locking 4 packages to latest compatible versions
[INFO] running `Command { std: CARGO_HOME="/workspace/cargo-home" RUSTUP_HOME="/workspace/rustup-home" "/workspace/cargo-home/bin/cargo" "+nightly-2025-01-18" "fetch" "--manifest-path" "Cargo.toml", kill_on_drop: false }`
[INFO] [stderr]     Blocking waiting for file lock on package cache
[INFO] running `Command { std: "docker" "create" "-v" "/var/lib/crater-agent-workspace/builds/worker-4-tc1/target:/opt/rustwide/target:rw,Z" "-v" "/var/lib/crater-agent-workspace/builds/worker-4-tc1/source:/opt/rustwide/workdir:ro,Z" "-v" "/var/lib/crater-agent-workspace/cargo-home:/opt/rustwide/cargo-home:ro,Z" "-v" "/var/lib/crater-agent-workspace/rustup-home:/opt/rustwide/rustup-home:ro,Z" "-e" "SOURCE_DIR=/opt/rustwide/workdir" "-e" "CARGO_TARGET_DIR=/opt/rustwide/target" "-e" "CARGO_HOME=/opt/rustwide/cargo-home" "-e" "RUSTUP_HOME=/opt/rustwide/rustup-home" "-w" "/opt/rustwide/workdir" "-m" "1610612736" "--user" "0:0" "--network" "none" "ghcr.io/rust-lang/crates-build-env/linux@sha256:819108c5571ea2e421544af4d832f968d213c87fbe3707a016657f43d2f853bc" "/opt/rustwide/cargo-home/bin/cargo" "+nightly-2025-01-18" "metadata" "--no-deps" "--format-version=1", kill_on_drop: false }`
[INFO] [stdout] ee4751bf307911f507b2c708f6fb4724a99ca9f9ea128dc888362ef631e679c0
[INFO] running `Command { std: "docker" "start" "-a" "ee4751bf307911f507b2c708f6fb4724a99ca9f9ea128dc888362ef631e679c0", kill_on_drop: false }`
[INFO] running `Command { std: "docker" "inspect" "ee4751bf307911f507b2c708f6fb4724a99ca9f9ea128dc888362ef631e679c0", kill_on_drop: false }`
[INFO] running `Command { std: "docker" "rm" "-f" "ee4751bf307911f507b2c708f6fb4724a99ca9f9ea128dc888362ef631e679c0", kill_on_drop: false }`
[INFO] [stdout] ee4751bf307911f507b2c708f6fb4724a99ca9f9ea128dc888362ef631e679c0
[INFO] running `Command { std: "docker" "create" "-v" "/var/lib/crater-agent-workspace/builds/worker-4-tc1/target:/opt/rustwide/target:rw,Z" "-v" "/var/lib/crater-agent-workspace/builds/worker-4-tc1/source:/opt/rustwide/workdir:ro,Z" "-v" "/var/lib/crater-agent-workspace/cargo-home:/opt/rustwide/cargo-home:ro,Z" "-v" "/var/lib/crater-agent-workspace/rustup-home:/opt/rustwide/rustup-home:ro,Z" "-e" "SOURCE_DIR=/opt/rustwide/workdir" "-e" "CARGO_TARGET_DIR=/opt/rustwide/target" "-e" "CARGO_INCREMENTAL=0" "-e" "RUST_BACKTRACE=full" "-e" "RUSTFLAGS=--cap-lints=forbid" "-e" "RUSTDOCFLAGS=--cap-lints=forbid" "-e" "CARGO_HOME=/opt/rustwide/cargo-home" "-e" "RUSTUP_HOME=/opt/rustwide/rustup-home" "-w" "/opt/rustwide/workdir" "-m" "1610612736" "--user" "0:0" "--network" "none" "ghcr.io/rust-lang/crates-build-env/linux@sha256:819108c5571ea2e421544af4d832f968d213c87fbe3707a016657f43d2f853bc" "/opt/rustwide/cargo-home/bin/cargo" "+nightly-2025-01-18" "build" "--frozen" "--message-format=json", kill_on_drop: false }`
[INFO] [stdout] fcd7cc6fd0c70b56c51a85f42f87dab33a8f089eb10203d7ffe67692dfc2b9ba
[INFO] running `Command { std: "docker" "start" "-a" "fcd7cc6fd0c70b56c51a85f42f87dab33a8f089eb10203d7ffe67692dfc2b9ba", kill_on_drop: false }`
[INFO] [stderr]    Compiling proc-macro2 v1.0.93
[INFO] [stderr]    Compiling quote v1.0.38
[INFO] [stderr]    Compiling syn v2.0.96
[INFO] [stderr]    Compiling proc-macro-warning v1.0.2 (/opt/rustwide/workdir)
[INFO] [stderr]     Finished `dev` profile [unoptimized + debuginfo] target(s) in 1.63s
[INFO] running `Command { std: "docker" "inspect" "fcd7cc6fd0c70b56c51a85f42f87dab33a8f089eb10203d7ffe67692dfc2b9ba", kill_on_drop: false }`
[INFO] running `Command { std: "docker" "rm" "-f" "fcd7cc6fd0c70b56c51a85f42f87dab33a8f089eb10203d7ffe67692dfc2b9ba", kill_on_drop: false }`
[INFO] [stdout] fcd7cc6fd0c70b56c51a85f42f87dab33a8f089eb10203d7ffe67692dfc2b9ba
[INFO] running `Command { std: "docker" "create" "-v" "/var/lib/crater-agent-workspace/builds/worker-4-tc1/target:/opt/rustwide/target:rw,Z" "-v" "/var/lib/crater-agent-workspace/builds/worker-4-tc1/source:/opt/rustwide/workdir:ro,Z" "-v" "/var/lib/crater-agent-workspace/cargo-home:/opt/rustwide/cargo-home:ro,Z" "-v" "/var/lib/crater-agent-workspace/rustup-home:/opt/rustwide/rustup-home:ro,Z" "-e" "SOURCE_DIR=/opt/rustwide/workdir" "-e" "CARGO_TARGET_DIR=/opt/rustwide/target" "-e" "CARGO_INCREMENTAL=0" "-e" "RUST_BACKTRACE=full" "-e" "RUSTFLAGS=--cap-lints=forbid" "-e" "RUSTDOCFLAGS=--cap-lints=forbid" "-e" "CARGO_HOME=/opt/rustwide/cargo-home" "-e" "RUSTUP_HOME=/opt/rustwide/rustup-home" "-w" "/opt/rustwide/workdir" "-m" "1610612736" "--user" "0:0" "--network" "none" "ghcr.io/rust-lang/crates-build-env/linux@sha256:819108c5571ea2e421544af4d832f968d213c87fbe3707a016657f43d2f853bc" "/opt/rustwide/cargo-home/bin/cargo" "+nightly-2025-01-18" "test" "--frozen" "--no-run" "--message-format=json", kill_on_drop: false }`
[INFO] [stdout] 1a0e4a20ff2b24d014af68bed69982374e02418f1720f36de053f5ded4d2224a
[INFO] running `Command { std: "docker" "start" "-a" "1a0e4a20ff2b24d014af68bed69982374e02418f1720f36de053f5ded4d2224a", kill_on_drop: false }`
[INFO] [stderr]    Compiling proc-macro-warning v1.0.2 (/opt/rustwide/workdir)
[INFO] [stderr]     Finished `test` profile [unoptimized + debuginfo] target(s) in 0.53s
[INFO] running `Command { std: "docker" "inspect" "1a0e4a20ff2b24d014af68bed69982374e02418f1720f36de053f5ded4d2224a", kill_on_drop: false }`
[INFO] running `Command { std: "docker" "rm" "-f" "1a0e4a20ff2b24d014af68bed69982374e02418f1720f36de053f5ded4d2224a", kill_on_drop: false }`
[INFO] [stdout] 1a0e4a20ff2b24d014af68bed69982374e02418f1720f36de053f5ded4d2224a
[INFO] running `Command { std: "docker" "create" "-v" "/var/lib/crater-agent-workspace/builds/worker-4-tc1/target:/opt/rustwide/target:rw,Z" "-v" "/var/lib/crater-agent-workspace/builds/worker-4-tc1/source:/opt/rustwide/workdir:ro,Z" "-v" "/var/lib/crater-agent-workspace/cargo-home:/opt/rustwide/cargo-home:ro,Z" "-v" "/var/lib/crater-agent-workspace/rustup-home:/opt/rustwide/rustup-home:ro,Z" "-e" "SOURCE_DIR=/opt/rustwide/workdir" "-e" "CARGO_TARGET_DIR=/opt/rustwide/target" "-e" "CARGO_INCREMENTAL=0" "-e" "RUST_BACKTRACE=full" "-e" "RUSTFLAGS=--cap-lints=forbid" "-e" "RUSTDOCFLAGS=--cap-lints=forbid" "-e" "CARGO_HOME=/opt/rustwide/cargo-home" "-e" "RUSTUP_HOME=/opt/rustwide/rustup-home" "-w" "/opt/rustwide/workdir" "-m" "1610612736" "--user" "0:0" "--network" "none" "ghcr.io/rust-lang/crates-build-env/linux@sha256:819108c5571ea2e421544af4d832f968d213c87fbe3707a016657f43d2f853bc" "/opt/rustwide/cargo-home/bin/cargo" "+nightly-2025-01-18" "test" "--frozen", kill_on_drop: false }`
[INFO] [stdout] d4f8d7f434e34895ced35c5185730f65375a24d9ae7b186a70aee219b118bb6d
[INFO] running `Command { std: "docker" "start" "-a" "d4f8d7f434e34895ced35c5185730f65375a24d9ae7b186a70aee219b118bb6d", kill_on_drop: false }`
[INFO] [stderr]     Finished `test` profile [unoptimized + debuginfo] target(s) in 0.01s
[INFO] [stderr]      Running unittests src/lib.rs (/opt/rustwide/target/debug/deps/proc_macro_warning-83f7247261df074b)
[INFO] [stdout] 
[INFO] [stdout] running 5 tests
[INFO] [stdout] test test::formatted_warning_debug_works ... ok
[INFO] [stdout] test test::deprecated_warning_builder_debug_works ... ok
[INFO] [stdout] test test::warning_debug_works ... ok
[INFO] [stdout] test test::type_inferring_into_string_works ... ok
[INFO] [stdout] test test::example_works ... ok
[INFO] [stdout] 
[INFO] [stdout] test result: ok. 5 passed; 0 failed; 0 ignored; 0 measured; 0 filtered out; finished in 0.01s
[INFO] [stdout] 
[INFO] [stderr]    Doc-tests proc_macro_warning
[INFO] [stdout] 
[INFO] [stdout] running 4 tests
[INFO] [stdout] test src/lib.rs - (line 48) ... FAILED
[INFO] [stdout] test src/lib.rs - (line 63) ... ok
[INFO] [stdout] test src/lib.rs - DeprecatedWarningBuilder (line 77) ... ok
[INFO] [stdout] test src/lib.rs - (line 30) ... ok
[INFO] [stdout] 
[INFO] [stdout] failures:
[INFO] [stdout] 
[INFO] [stdout] ---- src/lib.rs - (line 48) stdout ----
[INFO] [stdout] error[E0433]: failed to resolve: use of undeclared crate or module `derive`
[INFO] [stdout]  --> src/lib.rs:49:10
[INFO] [stdout]   |
[INFO] [stdout] 2 | #[derive(derive::Deprecated)]
[INFO] [stdout]   |          ^^^^^^ use of undeclared crate or module `derive`
[INFO] [stdout] 
[INFO] [stdout] error: aborting due to 1 previous error
[INFO] [stdout] 
[INFO] [stdout] For more information about this error, try `rustc --explain E0433`.
[INFO] [stdout] Couldn't compile the test.
[INFO] [stdout] 
[INFO] [stdout] failures:
[INFO] [stdout]     src/lib.rs - (line 48)
[INFO] [stdout] 
[INFO] [stdout] test result: FAILED. 3 passed; 1 failed; 0 ignored; 0 measured; 0 filtered out; finished in 0.39s
[INFO] [stdout] 
[INFO] [stderr] error: doctest failed, to rerun pass `--doc`
[INFO] running `Command { std: "docker" "inspect" "d4f8d7f434e34895ced35c5185730f65375a24d9ae7b186a70aee219b118bb6d", kill_on_drop: false }`
[INFO] running `Command { std: "docker" "rm" "-f" "d4f8d7f434e34895ced35c5185730f65375a24d9ae7b186a70aee219b118bb6d", kill_on_drop: false }`
[INFO] [stdout] d4f8d7f434e34895ced35c5185730f65375a24d9ae7b186a70aee219b118bb6d
