[INFO] fetching crate proc-contra 5.0.2...
[INFO] testing proc-contra-5.0.2 against nightly-2025-01-18 for randomize-layout-2
[INFO] extracting crate proc-contra 5.0.2 into /workspace/builds/worker-2-tc1/source
[INFO] validating manifest of crates.io crate proc-contra 5.0.2 on toolchain nightly-2025-01-18
[INFO] running `Command { std: CARGO_HOME="/workspace/cargo-home" RUSTUP_HOME="/workspace/rustup-home" "/workspace/cargo-home/bin/cargo" "+nightly-2025-01-18" "metadata" "--manifest-path" "Cargo.toml" "--no-deps", kill_on_drop: false }`
[INFO] started tweaking crates.io crate proc-contra 5.0.2
[INFO] finished tweaking crates.io crate proc-contra 5.0.2
[INFO] tweaked toml for crates.io crate proc-contra 5.0.2 written to /workspace/builds/worker-2-tc1/source/Cargo.toml
[INFO] running `Command { std: CARGO_HOME="/workspace/cargo-home" RUSTUP_HOME="/workspace/rustup-home" "/workspace/cargo-home/bin/cargo" "+nightly-2025-01-18" "generate-lockfile" "--manifest-path" "Cargo.toml", kill_on_drop: false }`
[INFO] [stderr]     Blocking waiting for file lock on package cache
[INFO] [stderr]     Updating crates.io index
[INFO] [stderr]     Blocking waiting for file lock on package cache
[INFO] [stderr]      Locking 4 packages to latest compatible versions
[INFO] [stderr]       Adding syn v1.0.109 (available: v2.0.96)
[INFO] running `Command { std: CARGO_HOME="/workspace/cargo-home" RUSTUP_HOME="/workspace/rustup-home" "/workspace/cargo-home/bin/cargo" "+nightly-2025-01-18" "fetch" "--manifest-path" "Cargo.toml", kill_on_drop: false }`
[INFO] [stderr]     Blocking waiting for file lock on package cache
[INFO] [stderr]     Blocking waiting for file lock on package cache
[INFO] running `Command { std: "docker" "create" "-v" "/var/lib/crater-agent-workspace/builds/worker-2-tc1/target:/opt/rustwide/target:rw,Z" "-v" "/var/lib/crater-agent-workspace/builds/worker-2-tc1/source:/opt/rustwide/workdir:ro,Z" "-v" "/var/lib/crater-agent-workspace/cargo-home:/opt/rustwide/cargo-home:ro,Z" "-v" "/var/lib/crater-agent-workspace/rustup-home:/opt/rustwide/rustup-home:ro,Z" "-e" "SOURCE_DIR=/opt/rustwide/workdir" "-e" "CARGO_TARGET_DIR=/opt/rustwide/target" "-e" "CARGO_HOME=/opt/rustwide/cargo-home" "-e" "RUSTUP_HOME=/opt/rustwide/rustup-home" "-w" "/opt/rustwide/workdir" "-m" "1610612736" "--user" "0:0" "--network" "none" "ghcr.io/rust-lang/crates-build-env/linux@sha256:819108c5571ea2e421544af4d832f968d213c87fbe3707a016657f43d2f853bc" "/opt/rustwide/cargo-home/bin/cargo" "+nightly-2025-01-18" "metadata" "--no-deps" "--format-version=1", kill_on_drop: false }`
[INFO] [stdout] 97524f23888f8844efb2feb3e0ce98c1361576538f58aaf2aa905897a8a93ebe
[INFO] running `Command { std: "docker" "start" "-a" "97524f23888f8844efb2feb3e0ce98c1361576538f58aaf2aa905897a8a93ebe", kill_on_drop: false }`
[INFO] running `Command { std: "docker" "inspect" "97524f23888f8844efb2feb3e0ce98c1361576538f58aaf2aa905897a8a93ebe", kill_on_drop: false }`
[INFO] running `Command { std: "docker" "rm" "-f" "97524f23888f8844efb2feb3e0ce98c1361576538f58aaf2aa905897a8a93ebe", kill_on_drop: false }`
[INFO] [stdout] 97524f23888f8844efb2feb3e0ce98c1361576538f58aaf2aa905897a8a93ebe
[INFO] running `Command { std: "docker" "create" "-v" "/var/lib/crater-agent-workspace/builds/worker-2-tc1/target:/opt/rustwide/target:rw,Z" "-v" "/var/lib/crater-agent-workspace/builds/worker-2-tc1/source:/opt/rustwide/workdir:ro,Z" "-v" "/var/lib/crater-agent-workspace/cargo-home:/opt/rustwide/cargo-home:ro,Z" "-v" "/var/lib/crater-agent-workspace/rustup-home:/opt/rustwide/rustup-home:ro,Z" "-e" "SOURCE_DIR=/opt/rustwide/workdir" "-e" "CARGO_TARGET_DIR=/opt/rustwide/target" "-e" "CARGO_INCREMENTAL=0" "-e" "RUST_BACKTRACE=full" "-e" "RUSTFLAGS=--cap-lints=forbid" "-e" "RUSTDOCFLAGS=--cap-lints=forbid" "-e" "CARGO_HOME=/opt/rustwide/cargo-home" "-e" "RUSTUP_HOME=/opt/rustwide/rustup-home" "-w" "/opt/rustwide/workdir" "-m" "1610612736" "--user" "0:0" "--network" "none" "ghcr.io/rust-lang/crates-build-env/linux@sha256:819108c5571ea2e421544af4d832f968d213c87fbe3707a016657f43d2f853bc" "/opt/rustwide/cargo-home/bin/cargo" "+nightly-2025-01-18" "build" "--frozen" "--message-format=json", kill_on_drop: false }`
[INFO] [stdout] 25e40e4a2250a7d2a931f41e29008a332400f7463cfaa2bca542a88607e8b435
[INFO] running `Command { std: "docker" "start" "-a" "25e40e4a2250a7d2a931f41e29008a332400f7463cfaa2bca542a88607e8b435", kill_on_drop: false }`
[INFO] [stderr]    Compiling proc-macro2 v1.0.93
[INFO] [stderr]    Compiling unicode-ident v1.0.14
[INFO] [stderr]    Compiling syn v1.0.109
[INFO] [stderr]    Compiling quote v1.0.38
[INFO] [stderr]    Compiling proc-contra v5.0.2 (/opt/rustwide/workdir)
[INFO] [stderr]     Finished `dev` profile [unoptimized + debuginfo] target(s) in 4.69s
[INFO] running `Command { std: "docker" "inspect" "25e40e4a2250a7d2a931f41e29008a332400f7463cfaa2bca542a88607e8b435", kill_on_drop: false }`
[INFO] running `Command { std: "docker" "rm" "-f" "25e40e4a2250a7d2a931f41e29008a332400f7463cfaa2bca542a88607e8b435", kill_on_drop: false }`
[INFO] [stdout] 25e40e4a2250a7d2a931f41e29008a332400f7463cfaa2bca542a88607e8b435
[INFO] running `Command { std: "docker" "create" "-v" "/var/lib/crater-agent-workspace/builds/worker-2-tc1/target:/opt/rustwide/target:rw,Z" "-v" "/var/lib/crater-agent-workspace/builds/worker-2-tc1/source:/opt/rustwide/workdir:ro,Z" "-v" "/var/lib/crater-agent-workspace/cargo-home:/opt/rustwide/cargo-home:ro,Z" "-v" "/var/lib/crater-agent-workspace/rustup-home:/opt/rustwide/rustup-home:ro,Z" "-e" "SOURCE_DIR=/opt/rustwide/workdir" "-e" "CARGO_TARGET_DIR=/opt/rustwide/target" "-e" "CARGO_INCREMENTAL=0" "-e" "RUST_BACKTRACE=full" "-e" "RUSTFLAGS=--cap-lints=forbid" "-e" "RUSTDOCFLAGS=--cap-lints=forbid" "-e" "CARGO_HOME=/opt/rustwide/cargo-home" "-e" "RUSTUP_HOME=/opt/rustwide/rustup-home" "-w" "/opt/rustwide/workdir" "-m" "1610612736" "--user" "0:0" "--network" "none" "ghcr.io/rust-lang/crates-build-env/linux@sha256:819108c5571ea2e421544af4d832f968d213c87fbe3707a016657f43d2f853bc" "/opt/rustwide/cargo-home/bin/cargo" "+nightly-2025-01-18" "test" "--frozen" "--no-run" "--message-format=json", kill_on_drop: false }`
[INFO] [stdout] d947ff73deef39cb02ea2fc63ee9d680e7d52d1e9598ec0ab37502e0fc6cb7ce
[INFO] running `Command { std: "docker" "start" "-a" "d947ff73deef39cb02ea2fc63ee9d680e7d52d1e9598ec0ab37502e0fc6cb7ce", kill_on_drop: false }`
[INFO] [stderr]    Compiling proc-contra v5.0.2 (/opt/rustwide/workdir)
[INFO] [stderr]     Finished `test` profile [unoptimized + debuginfo] target(s) in 0.84s
[INFO] running `Command { std: "docker" "inspect" "d947ff73deef39cb02ea2fc63ee9d680e7d52d1e9598ec0ab37502e0fc6cb7ce", kill_on_drop: false }`
[INFO] running `Command { std: "docker" "rm" "-f" "d947ff73deef39cb02ea2fc63ee9d680e7d52d1e9598ec0ab37502e0fc6cb7ce", kill_on_drop: false }`
[INFO] [stdout] d947ff73deef39cb02ea2fc63ee9d680e7d52d1e9598ec0ab37502e0fc6cb7ce
[INFO] running `Command { std: "docker" "create" "-v" "/var/lib/crater-agent-workspace/builds/worker-2-tc1/target:/opt/rustwide/target:rw,Z" "-v" "/var/lib/crater-agent-workspace/builds/worker-2-tc1/source:/opt/rustwide/workdir:ro,Z" "-v" "/var/lib/crater-agent-workspace/cargo-home:/opt/rustwide/cargo-home:ro,Z" "-v" "/var/lib/crater-agent-workspace/rustup-home:/opt/rustwide/rustup-home:ro,Z" "-e" "SOURCE_DIR=/opt/rustwide/workdir" "-e" "CARGO_TARGET_DIR=/opt/rustwide/target" "-e" "CARGO_INCREMENTAL=0" "-e" "RUST_BACKTRACE=full" "-e" "RUSTFLAGS=--cap-lints=forbid" "-e" "RUSTDOCFLAGS=--cap-lints=forbid" "-e" "CARGO_HOME=/opt/rustwide/cargo-home" "-e" "RUSTUP_HOME=/opt/rustwide/rustup-home" "-w" "/opt/rustwide/workdir" "-m" "1610612736" "--user" "0:0" "--network" "none" "ghcr.io/rust-lang/crates-build-env/linux@sha256:819108c5571ea2e421544af4d832f968d213c87fbe3707a016657f43d2f853bc" "/opt/rustwide/cargo-home/bin/cargo" "+nightly-2025-01-18" "test" "--frozen", kill_on_drop: false }`
[INFO] [stdout] ce98246288ffc5fe0b69299fe27686a8535c8b45a290e1cab9f4faff004fd423
[INFO] running `Command { std: "docker" "start" "-a" "ce98246288ffc5fe0b69299fe27686a8535c8b45a290e1cab9f4faff004fd423", kill_on_drop: false }`
[INFO] [stderr]     Finished `test` profile [unoptimized + debuginfo] target(s) in 0.02s
[INFO] [stderr]      Running unittests src/lib.rs (/opt/rustwide/target/debug/deps/proc_contra-fa52e025fe6d0706)
[INFO] [stderr]    Doc-tests proc_contra
[INFO] [stdout] 
[INFO] [stdout] running 0 tests
[INFO] [stdout] 
[INFO] [stdout] test result: ok. 0 passed; 0 failed; 0 ignored; 0 measured; 0 filtered out; finished in 0.00s
[INFO] [stdout] 
[INFO] [stdout] 
[INFO] [stdout] running 4 tests
[INFO] [stdout] test src/lib.rs - impl_deserialize (line 62) ... ignored
[INFO] [stdout] test src/lib.rs - impl_serialize (line 12) ... ignored
[INFO] [stdout] test src/lib.rs - impl_serialize (line 24) ... FAILED
[INFO] [stdout] test src/lib.rs - impl_deserialize (line 74) ... FAILED
[INFO] [stdout] 
[INFO] [stdout] failures:
[INFO] [stdout] 
[INFO] [stdout] ---- src/lib.rs - impl_serialize (line 24) stdout ----
[INFO] [stdout] error[E0433]: failed to resolve: use of undeclared crate or module `lib_contra`
[INFO] [stdout]  --> src/lib.rs:25:5
[INFO] [stdout]   |
[INFO] [stdout] 3 | use lib_contra::{serialize::Serialize, serialize::Serializer, position::Position, error::SuccessResult};
[INFO] [stdout]   |     ^^^^^^^^^^ use of undeclared crate or module `lib_contra`
[INFO] [stdout] 
[INFO] [stdout] error: aborting due to 1 previous error
[INFO] [stdout] 
[INFO] [stdout] For more information about this error, try `rustc --explain E0433`.
[INFO] [stdout] Couldn't compile the test.
[INFO] [stdout] ---- src/lib.rs - impl_deserialize (line 74) stdout ----
[INFO] [stdout] error[E0433]: failed to resolve: use of undeclared crate or module `lib_contra`
[INFO] [stdout]  --> src/lib.rs:75:5
[INFO] [stdout]   |
[INFO] [stdout] 3 | use lib_contra::{deserialize::{MapAccess, Visitor, Deserialize}, position::Position, deserialize::Deserializer, error::AnyError};
[INFO] [stdout]   |     ^^^^^^^^^^ use of undeclared crate or module `lib_contra`
[INFO] [stdout] 
[INFO] [stdout] warning: variant `x` should have an upper camel case name
[INFO] [stdout]   --> src/lib.rs:86:13
[INFO] [stdout]    |
[INFO] [stdout] 14 |             x, y, z
[INFO] [stdout]    |             ^ help: convert the identifier to upper camel case (notice the capitalization): `X`
[INFO] [stdout]    |
[INFO] [stdout]    = note: `#[warn(non_camel_case_types)]` on by default
[INFO] [stdout] 
[INFO] [stdout] warning: variant `y` should have an upper camel case name
[INFO] [stdout]   --> src/lib.rs:86:16
[INFO] [stdout]    |
[INFO] [stdout] 14 |             x, y, z
[INFO] [stdout]    |                ^ help: convert the identifier to upper camel case (notice the capitalization): `Y`
[INFO] [stdout] 
[INFO] [stdout] warning: variant `z` should have an upper camel case name
[INFO] [stdout]   --> src/lib.rs:86:19
[INFO] [stdout]    |
[INFO] [stdout] 14 |             x, y, z
[INFO] [stdout]    |                   ^ help: convert the identifier to upper camel case (notice the capitalization): `Z`
[INFO] [stdout] 
[INFO] [stdout] error: aborting due to 1 previous error; 3 warnings emitted
[INFO] [stdout] 
[INFO] [stdout] For more information about this error, try `rustc --explain E0433`.
[INFO] [stdout] Couldn't compile the test.
[INFO] [stdout] 
[INFO] [stdout] failures:
[INFO] [stdout]     src/lib.rs - impl_deserialize (line 74)
[INFO] [stdout]     src/lib.rs - impl_serialize (line 24)
[INFO] [stdout] 
[INFO] [stdout] test result: FAILED. 0 passed; 2 failed; 2 ignored; 0 measured; 0 filtered out; finished in 0.06s
[INFO] [stdout] 
[INFO] [stderr] error: doctest failed, to rerun pass `--doc`
[INFO] running `Command { std: "docker" "inspect" "ce98246288ffc5fe0b69299fe27686a8535c8b45a290e1cab9f4faff004fd423", kill_on_drop: false }`
[INFO] running `Command { std: "docker" "rm" "-f" "ce98246288ffc5fe0b69299fe27686a8535c8b45a290e1cab9f4faff004fd423", kill_on_drop: false }`
[INFO] [stdout] ce98246288ffc5fe0b69299fe27686a8535c8b45a290e1cab9f4faff004fd423
