[INFO] fetching crate printk 0.3.2...
[INFO] testing printk-0.3.2 against nightly-2025-01-18+rustflags=-Zrandomize-layout for randomize-layout-2
[INFO] extracting crate printk 0.3.2 into /workspace/builds/worker-2-tc2/source
[INFO] validating manifest of crates.io crate printk 0.3.2 on toolchain nightly-2025-01-18
[INFO] running `Command { std: CARGO_HOME="/workspace/cargo-home" RUSTUP_HOME="/workspace/rustup-home" "/workspace/cargo-home/bin/cargo" "+nightly-2025-01-18" "metadata" "--manifest-path" "Cargo.toml" "--no-deps", kill_on_drop: false }`
[INFO] started tweaking crates.io crate printk 0.3.2
[INFO] finished tweaking crates.io crate printk 0.3.2
[INFO] tweaked toml for crates.io crate printk 0.3.2 written to /workspace/builds/worker-2-tc2/source/Cargo.toml
[INFO] running `Command { std: CARGO_HOME="/workspace/cargo-home" RUSTUP_HOME="/workspace/rustup-home" "/workspace/cargo-home/bin/cargo" "+nightly-2025-01-18" "generate-lockfile" "--manifest-path" "Cargo.toml", kill_on_drop: false }`
[INFO] [stderr]     Updating crates.io index
[INFO] [stderr]      Locking 14 packages to latest compatible versions
[INFO] [stderr]       Adding conquer-once v0.3.2 (available: v0.4.0)
[INFO] [stderr]       Adding noto-sans-mono-bitmap v0.2.0 (available: v0.3.1)
[INFO] [stderr]       Adding spinning_top v0.2.5 (available: v0.3.0)
[INFO] [stderr]       Adding x86_64 v0.14.13 (available: v0.15.2)
[INFO] running `Command { std: CARGO_HOME="/workspace/cargo-home" RUSTUP_HOME="/workspace/rustup-home" "/workspace/cargo-home/bin/cargo" "+nightly-2025-01-18" "fetch" "--manifest-path" "Cargo.toml", kill_on_drop: false }`
[INFO] running `Command { std: "docker" "create" "-v" "/var/lib/crater-agent-workspace/builds/worker-2-tc2/target:/opt/rustwide/target:rw,Z" "-v" "/var/lib/crater-agent-workspace/builds/worker-2-tc2/source:/opt/rustwide/workdir:ro,Z" "-v" "/var/lib/crater-agent-workspace/cargo-home:/opt/rustwide/cargo-home:ro,Z" "-v" "/var/lib/crater-agent-workspace/rustup-home:/opt/rustwide/rustup-home:ro,Z" "-e" "SOURCE_DIR=/opt/rustwide/workdir" "-e" "CARGO_TARGET_DIR=/opt/rustwide/target" "-e" "CARGO_HOME=/opt/rustwide/cargo-home" "-e" "RUSTUP_HOME=/opt/rustwide/rustup-home" "-w" "/opt/rustwide/workdir" "-m" "1610612736" "--user" "0:0" "--network" "none" "ghcr.io/rust-lang/crates-build-env/linux@sha256:819108c5571ea2e421544af4d832f968d213c87fbe3707a016657f43d2f853bc" "/opt/rustwide/cargo-home/bin/cargo" "+nightly-2025-01-18" "metadata" "--no-deps" "--format-version=1", kill_on_drop: false }`
[INFO] [stdout] c470ddddd37a817a2163c73eb4ffe6210cf4dd1d98efec8acdc617b264c1e2be
[INFO] running `Command { std: "docker" "start" "-a" "c470ddddd37a817a2163c73eb4ffe6210cf4dd1d98efec8acdc617b264c1e2be", kill_on_drop: false }`
[INFO] running `Command { std: "docker" "inspect" "c470ddddd37a817a2163c73eb4ffe6210cf4dd1d98efec8acdc617b264c1e2be", kill_on_drop: false }`
[INFO] running `Command { std: "docker" "rm" "-f" "c470ddddd37a817a2163c73eb4ffe6210cf4dd1d98efec8acdc617b264c1e2be", kill_on_drop: false }`
[INFO] [stdout] c470ddddd37a817a2163c73eb4ffe6210cf4dd1d98efec8acdc617b264c1e2be
[INFO] running `Command { std: "docker" "create" "-v" "/var/lib/crater-agent-workspace/builds/worker-2-tc2/target:/opt/rustwide/target:rw,Z" "-v" "/var/lib/crater-agent-workspace/builds/worker-2-tc2/source:/opt/rustwide/workdir:ro,Z" "-v" "/var/lib/crater-agent-workspace/cargo-home:/opt/rustwide/cargo-home:ro,Z" "-v" "/var/lib/crater-agent-workspace/rustup-home:/opt/rustwide/rustup-home:ro,Z" "-e" "SOURCE_DIR=/opt/rustwide/workdir" "-e" "CARGO_TARGET_DIR=/opt/rustwide/target" "-e" "CARGO_INCREMENTAL=0" "-e" "RUST_BACKTRACE=full" "-e" "RUSTFLAGS=--cap-lints=forbid -Zrandomize-layout" "-e" "RUSTDOCFLAGS=--cap-lints=forbid" "-e" "CARGO_HOME=/opt/rustwide/cargo-home" "-e" "RUSTUP_HOME=/opt/rustwide/rustup-home" "-w" "/opt/rustwide/workdir" "-m" "1610612736" "--user" "0:0" "--network" "none" "ghcr.io/rust-lang/crates-build-env/linux@sha256:819108c5571ea2e421544af4d832f968d213c87fbe3707a016657f43d2f853bc" "/opt/rustwide/cargo-home/bin/cargo" "+nightly-2025-01-18" "build" "--frozen" "--message-format=json", kill_on_drop: false }`
[INFO] [stdout] 99f7bd3c22d2b56283bc434624a072c9ff1e6e519f62c2fc4d66fd5fa6589027
[INFO] running `Command { std: "docker" "start" "-a" "99f7bd3c22d2b56283bc434624a072c9ff1e6e519f62c2fc4d66fd5fa6589027", kill_on_drop: false }`
[INFO] [stderr]    Compiling lock_api v0.4.12
[INFO] [stderr]    Compiling bootloader_api v0.11.9
[INFO] [stderr]    Compiling volatile v0.4.6
[INFO] [stderr]    Compiling conquer-util v0.3.0
[INFO] [stderr]    Compiling bit_field v0.10.2
[INFO] [stderr]    Compiling noto-sans-mono-bitmap v0.2.0
[INFO] [stderr]    Compiling log v0.4.25
[INFO] [stderr]    Compiling conquer-once v0.3.2
[INFO] [stderr]    Compiling x86_64 v0.14.13
[INFO] [stderr]    Compiling spinning_top v0.2.5
[INFO] [stderr]    Compiling printk v0.3.2 (/opt/rustwide/workdir)
[INFO] [stderr]     Finished `dev` profile [unoptimized + debuginfo] target(s) in 2.51s
[INFO] running `Command { std: "docker" "inspect" "99f7bd3c22d2b56283bc434624a072c9ff1e6e519f62c2fc4d66fd5fa6589027", kill_on_drop: false }`
[INFO] running `Command { std: "docker" "rm" "-f" "99f7bd3c22d2b56283bc434624a072c9ff1e6e519f62c2fc4d66fd5fa6589027", kill_on_drop: false }`
[INFO] [stdout] 99f7bd3c22d2b56283bc434624a072c9ff1e6e519f62c2fc4d66fd5fa6589027
[INFO] running `Command { std: "docker" "create" "-v" "/var/lib/crater-agent-workspace/builds/worker-2-tc2/target:/opt/rustwide/target:rw,Z" "-v" "/var/lib/crater-agent-workspace/builds/worker-2-tc2/source:/opt/rustwide/workdir:ro,Z" "-v" "/var/lib/crater-agent-workspace/cargo-home:/opt/rustwide/cargo-home:ro,Z" "-v" "/var/lib/crater-agent-workspace/rustup-home:/opt/rustwide/rustup-home:ro,Z" "-e" "SOURCE_DIR=/opt/rustwide/workdir" "-e" "CARGO_TARGET_DIR=/opt/rustwide/target" "-e" "CARGO_INCREMENTAL=0" "-e" "RUST_BACKTRACE=full" "-e" "RUSTFLAGS=--cap-lints=forbid -Zrandomize-layout" "-e" "RUSTDOCFLAGS=--cap-lints=forbid" "-e" "CARGO_HOME=/opt/rustwide/cargo-home" "-e" "RUSTUP_HOME=/opt/rustwide/rustup-home" "-w" "/opt/rustwide/workdir" "-m" "1610612736" "--user" "0:0" "--network" "none" "ghcr.io/rust-lang/crates-build-env/linux@sha256:819108c5571ea2e421544af4d832f968d213c87fbe3707a016657f43d2f853bc" "/opt/rustwide/cargo-home/bin/cargo" "+nightly-2025-01-18" "test" "--frozen" "--no-run" "--message-format=json", kill_on_drop: false }`
[INFO] [stdout] f9170265c781bd8b486bf734d956a540d9ef926ec8f35b5cbcbc80c9c8879dd0
[INFO] running `Command { std: "docker" "start" "-a" "f9170265c781bd8b486bf734d956a540d9ef926ec8f35b5cbcbc80c9c8879dd0", kill_on_drop: false }`
[INFO] [stderr]    Compiling printk v0.3.2 (/opt/rustwide/workdir)
[INFO] [stderr]     Finished `test` profile [unoptimized + debuginfo] target(s) in 0.24s
[INFO] running `Command { std: "docker" "inspect" "f9170265c781bd8b486bf734d956a540d9ef926ec8f35b5cbcbc80c9c8879dd0", kill_on_drop: false }`
[INFO] running `Command { std: "docker" "rm" "-f" "f9170265c781bd8b486bf734d956a540d9ef926ec8f35b5cbcbc80c9c8879dd0", kill_on_drop: false }`
[INFO] [stdout] f9170265c781bd8b486bf734d956a540d9ef926ec8f35b5cbcbc80c9c8879dd0
[INFO] running `Command { std: "docker" "create" "-v" "/var/lib/crater-agent-workspace/builds/worker-2-tc2/target:/opt/rustwide/target:rw,Z" "-v" "/var/lib/crater-agent-workspace/builds/worker-2-tc2/source:/opt/rustwide/workdir:ro,Z" "-v" "/var/lib/crater-agent-workspace/cargo-home:/opt/rustwide/cargo-home:ro,Z" "-v" "/var/lib/crater-agent-workspace/rustup-home:/opt/rustwide/rustup-home:ro,Z" "-e" "SOURCE_DIR=/opt/rustwide/workdir" "-e" "CARGO_TARGET_DIR=/opt/rustwide/target" "-e" "CARGO_INCREMENTAL=0" "-e" "RUST_BACKTRACE=full" "-e" "RUSTFLAGS=--cap-lints=forbid -Zrandomize-layout" "-e" "RUSTDOCFLAGS=--cap-lints=forbid" "-e" "CARGO_HOME=/opt/rustwide/cargo-home" "-e" "RUSTUP_HOME=/opt/rustwide/rustup-home" "-w" "/opt/rustwide/workdir" "-m" "1610612736" "--user" "0:0" "--network" "none" "ghcr.io/rust-lang/crates-build-env/linux@sha256:819108c5571ea2e421544af4d832f968d213c87fbe3707a016657f43d2f853bc" "/opt/rustwide/cargo-home/bin/cargo" "+nightly-2025-01-18" "test" "--frozen", kill_on_drop: false }`
[INFO] [stdout] 65149d191aada0685cbca220f724f13b7a5c0b1b5b76336fd51dc61ee38a0e52
[INFO] running `Command { std: "docker" "start" "-a" "65149d191aada0685cbca220f724f13b7a5c0b1b5b76336fd51dc61ee38a0e52", kill_on_drop: false }`
[INFO] [stderr]     Finished `test` profile [unoptimized + debuginfo] target(s) in 0.02s
[INFO] [stderr]      Running unittests src/lib.rs (/opt/rustwide/target/debug/deps/printk-d7edf72b1371b928)
[INFO] [stdout] 
[INFO] [stderr]    Doc-tests printk
[INFO] [stdout] running 0 tests
[INFO] [stdout] 
[INFO] [stdout] test result: ok. 0 passed; 0 failed; 0 ignored; 0 measured; 0 filtered out; finished in 0.00s
[INFO] [stdout] 
[INFO] [stdout] 
[INFO] [stdout] running 2 tests
[INFO] [stdout] test src/lib.rs - (line 18) ... FAILED
[INFO] [stdout] test src/lib.rs - (line 8) ... FAILED
[INFO] [stdout] 
[INFO] [stdout] failures:
[INFO] [stdout] 
[INFO] [stdout] ---- src/lib.rs - (line 18) stdout ----
[INFO] [stdout] error[E0412]: cannot find type `FrameBufferInfo` in this scope
[INFO] [stdout]  --> src/lib.rs:20:53
[INFO] [stdout]   |
[INFO] [stdout] 5 | pub fn printk_init(buffer: &'static mut [u8], info: FrameBufferInfo) {
[INFO] [stdout]   |                                                     ^^^^^^^^^^^^^^^ not found in this scope
[INFO] [stdout]   |
[INFO] [stdout] help: consider importing this struct
[INFO] [stdout]   |
[INFO] [stdout] 2 + use bootloader_api::info::FrameBufferInfo;
[INFO] [stdout]   |
[INFO] [stdout] 
[INFO] [stdout] error[E0425]: cannot find value `PRINTK` in crate `printk`
[INFO] [stdout]  --> src/lib.rs:21:33
[INFO] [stdout]   |
[INFO] [stdout] 6 |     let kernel_logger = printk::PRINTK.get_or_init(move || printk::LockedPrintk::new(buffer, info));
[INFO] [stdout]   |                                 ^^^^^^ not found in `printk`
[INFO] [stdout] 
[INFO] [stdout] error: aborting due to 2 previous errors
[INFO] [stdout] 
[INFO] [stdout] Some errors have detailed explanations: E0412, E0425.
[INFO] [stdout] For more information about an error, try `rustc --explain E0412`.
[INFO] [stdout] Couldn't compile the test.
[INFO] [stdout] ---- src/lib.rs - (line 8) stdout ----
[INFO] [stdout] error[E0412]: cannot find type `OnceCell` in this scope
[INFO] [stdout]  --> src/lib.rs:9:20
[INFO] [stdout]   |
[INFO] [stdout] 3 | pub static PRINTK: OnceCell<LockedPrintk> = OnceCell::uninit();
[INFO] [stdout]   |                    ^^^^^^^^ not found in this scope
[INFO] [stdout]   |
[INFO] [stdout] help: consider importing one of these items
[INFO] [stdout]   |
[INFO] [stdout] 2 + use std::cell::OnceCell;
[INFO] [stdout]   |
[INFO] [stdout] 2 + use conquer_once::doc::OnceCell;
[INFO] [stdout]   |
[INFO] [stdout] 2 + use conquer_once::noblock::OnceCell;
[INFO] [stdout]   |
[INFO] [stdout] 2 + use conquer_once::spin::OnceCell;
[INFO] [stdout]   |
[INFO] [stdout] 
[INFO] [stdout] error[E0412]: cannot find type `LockedPrintk` in this scope
[INFO] [stdout]  --> src/lib.rs:9:29
[INFO] [stdout]   |
[INFO] [stdout] 3 | pub static PRINTK: OnceCell<LockedPrintk> = OnceCell::uninit();
[INFO] [stdout]   |                             ^^^^^^^^^^^^ not found in this scope
[INFO] [stdout]   |
[INFO] [stdout] help: consider importing this struct
[INFO] [stdout]   |
[INFO] [stdout] 2 + use printk::LockedPrintk;
[INFO] [stdout]   |
[INFO] [stdout] 
[INFO] [stdout] error[E0433]: failed to resolve: use of undeclared type `OnceCell`
[INFO] [stdout]  --> src/lib.rs:9:45
[INFO] [stdout]   |
[INFO] [stdout] 3 | pub static PRINTK: OnceCell<LockedPrintk> = OnceCell::uninit();
[INFO] [stdout]   |                                             ^^^^^^^^ use of undeclared type `OnceCell`
[INFO] [stdout]   |
[INFO] [stdout] help: consider importing one of these items
[INFO] [stdout]   |
[INFO] [stdout] 2 + use std::cell::OnceCell;
[INFO] [stdout]   |
[INFO] [stdout] 2 + use conquer_once::doc::OnceCell;
[INFO] [stdout]   |
[INFO] [stdout] 2 + use conquer_once::noblock::OnceCell;
[INFO] [stdout]   |
[INFO] [stdout] 2 + use conquer_once::spin::OnceCell;
[INFO] [stdout]   |
[INFO] [stdout] 
[INFO] [stdout] error: aborting due to 3 previous errors
[INFO] [stdout] 
[INFO] [stdout] Some errors have detailed explanations: E0412, E0433.
[INFO] [stdout] For more information about an error, try `rustc --explain E0412`.
[INFO] [stdout] Couldn't compile the test.
[INFO] [stdout] 
[INFO] [stdout] failures:
[INFO] [stdout]     src/lib.rs - (line 18)
[INFO] [stdout]     src/lib.rs - (line 8)
[INFO] [stdout] 
[INFO] [stdout] test result: FAILED. 0 passed; 2 failed; 0 ignored; 0 measured; 0 filtered out; finished in 0.13s
[INFO] [stdout] 
[INFO] [stderr] error: doctest failed, to rerun pass `--doc`
[INFO] running `Command { std: "docker" "inspect" "65149d191aada0685cbca220f724f13b7a5c0b1b5b76336fd51dc61ee38a0e52", kill_on_drop: false }`
[INFO] running `Command { std: "docker" "rm" "-f" "65149d191aada0685cbca220f724f13b7a5c0b1b5b76336fd51dc61ee38a0e52", kill_on_drop: false }`
[INFO] [stdout] 65149d191aada0685cbca220f724f13b7a5c0b1b5b76336fd51dc61ee38a0e52
