[INFO] fetching crate primecount 0.2.1...
[INFO] testing primecount-0.2.1 against nightly-2025-01-18+rustflags=-Zrandomize-layout for randomize-layout-2
[INFO] extracting crate primecount 0.2.1 into /workspace/builds/worker-3-tc2/source
[INFO] validating manifest of crates.io crate primecount 0.2.1 on toolchain nightly-2025-01-18
[INFO] running `Command { std: CARGO_HOME="/workspace/cargo-home" RUSTUP_HOME="/workspace/rustup-home" "/workspace/cargo-home/bin/cargo" "+nightly-2025-01-18" "metadata" "--manifest-path" "Cargo.toml" "--no-deps", kill_on_drop: false }`
[INFO] started tweaking crates.io crate primecount 0.2.1
[INFO] finished tweaking crates.io crate primecount 0.2.1
[INFO] tweaked toml for crates.io crate primecount 0.2.1 written to /workspace/builds/worker-3-tc2/source/Cargo.toml
[INFO] running `Command { std: CARGO_HOME="/workspace/cargo-home" RUSTUP_HOME="/workspace/rustup-home" "/workspace/cargo-home/bin/cargo" "+nightly-2025-01-18" "generate-lockfile" "--manifest-path" "Cargo.toml", kill_on_drop: false }`
[INFO] [stderr]     Updating crates.io index
[INFO] [stderr]      Locking 3 packages to latest compatible versions
[INFO] running `Command { std: CARGO_HOME="/workspace/cargo-home" RUSTUP_HOME="/workspace/rustup-home" "/workspace/cargo-home/bin/cargo" "+nightly-2025-01-18" "fetch" "--manifest-path" "Cargo.toml", kill_on_drop: false }`
[INFO] running `Command { std: "docker" "create" "-v" "/var/lib/crater-agent-workspace/builds/worker-3-tc2/target:/opt/rustwide/target:rw,Z" "-v" "/var/lib/crater-agent-workspace/builds/worker-3-tc2/source:/opt/rustwide/workdir:ro,Z" "-v" "/var/lib/crater-agent-workspace/cargo-home:/opt/rustwide/cargo-home:ro,Z" "-v" "/var/lib/crater-agent-workspace/rustup-home:/opt/rustwide/rustup-home:ro,Z" "-e" "SOURCE_DIR=/opt/rustwide/workdir" "-e" "CARGO_TARGET_DIR=/opt/rustwide/target" "-e" "CARGO_HOME=/opt/rustwide/cargo-home" "-e" "RUSTUP_HOME=/opt/rustwide/rustup-home" "-w" "/opt/rustwide/workdir" "-m" "1610612736" "--user" "0:0" "--network" "none" "ghcr.io/rust-lang/crates-build-env/linux@sha256:819108c5571ea2e421544af4d832f968d213c87fbe3707a016657f43d2f853bc" "/opt/rustwide/cargo-home/bin/cargo" "+nightly-2025-01-18" "metadata" "--no-deps" "--format-version=1", kill_on_drop: false }`
[INFO] [stdout] 3fe29df893740fac98af91b24746649189ab9aec218bd9c471e6313cb7f0cc35
[INFO] running `Command { std: "docker" "start" "-a" "3fe29df893740fac98af91b24746649189ab9aec218bd9c471e6313cb7f0cc35", kill_on_drop: false }`
[INFO] running `Command { std: "docker" "inspect" "3fe29df893740fac98af91b24746649189ab9aec218bd9c471e6313cb7f0cc35", kill_on_drop: false }`
[INFO] running `Command { std: "docker" "rm" "-f" "3fe29df893740fac98af91b24746649189ab9aec218bd9c471e6313cb7f0cc35", kill_on_drop: false }`
[INFO] [stdout] 3fe29df893740fac98af91b24746649189ab9aec218bd9c471e6313cb7f0cc35
[INFO] running `Command { std: "docker" "create" "-v" "/var/lib/crater-agent-workspace/builds/worker-3-tc2/target:/opt/rustwide/target:rw,Z" "-v" "/var/lib/crater-agent-workspace/builds/worker-3-tc2/source:/opt/rustwide/workdir:ro,Z" "-v" "/var/lib/crater-agent-workspace/cargo-home:/opt/rustwide/cargo-home:ro,Z" "-v" "/var/lib/crater-agent-workspace/rustup-home:/opt/rustwide/rustup-home:ro,Z" "-e" "SOURCE_DIR=/opt/rustwide/workdir" "-e" "CARGO_TARGET_DIR=/opt/rustwide/target" "-e" "CARGO_INCREMENTAL=0" "-e" "RUST_BACKTRACE=full" "-e" "RUSTFLAGS=--cap-lints=forbid -Zrandomize-layout" "-e" "RUSTDOCFLAGS=--cap-lints=forbid" "-e" "CARGO_HOME=/opt/rustwide/cargo-home" "-e" "RUSTUP_HOME=/opt/rustwide/rustup-home" "-w" "/opt/rustwide/workdir" "-m" "1610612736" "--user" "0:0" "--network" "none" "ghcr.io/rust-lang/crates-build-env/linux@sha256:819108c5571ea2e421544af4d832f968d213c87fbe3707a016657f43d2f853bc" "/opt/rustwide/cargo-home/bin/cargo" "+nightly-2025-01-18" "build" "--frozen" "--message-format=json", kill_on_drop: false }`
[INFO] [stdout] 25f42ef9c89ea9bc88b741c4b570dd364ac3360312a02b360ec0e3358232a34d
[INFO] running `Command { std: "docker" "start" "-a" "25f42ef9c89ea9bc88b741c4b570dd364ac3360312a02b360ec0e3358232a34d", kill_on_drop: false }`
[INFO] [stderr]    Compiling shlex v1.3.0
[INFO] [stderr]    Compiling cc v1.2.10
[INFO] [stderr]    Compiling cmake v0.1.52
[INFO] [stderr]    Compiling primecount v0.2.1 (/opt/rustwide/workdir)
[INFO] [stderr]     Finished `dev` profile [unoptimized + debuginfo] target(s) in 51.76s
[INFO] running `Command { std: "docker" "inspect" "25f42ef9c89ea9bc88b741c4b570dd364ac3360312a02b360ec0e3358232a34d", kill_on_drop: false }`
[INFO] running `Command { std: "docker" "rm" "-f" "25f42ef9c89ea9bc88b741c4b570dd364ac3360312a02b360ec0e3358232a34d", kill_on_drop: false }`
[INFO] [stdout] 25f42ef9c89ea9bc88b741c4b570dd364ac3360312a02b360ec0e3358232a34d
[INFO] running `Command { std: "docker" "create" "-v" "/var/lib/crater-agent-workspace/builds/worker-3-tc2/target:/opt/rustwide/target:rw,Z" "-v" "/var/lib/crater-agent-workspace/builds/worker-3-tc2/source:/opt/rustwide/workdir:ro,Z" "-v" "/var/lib/crater-agent-workspace/cargo-home:/opt/rustwide/cargo-home:ro,Z" "-v" "/var/lib/crater-agent-workspace/rustup-home:/opt/rustwide/rustup-home:ro,Z" "-e" "SOURCE_DIR=/opt/rustwide/workdir" "-e" "CARGO_TARGET_DIR=/opt/rustwide/target" "-e" "CARGO_INCREMENTAL=0" "-e" "RUST_BACKTRACE=full" "-e" "RUSTFLAGS=--cap-lints=forbid -Zrandomize-layout" "-e" "RUSTDOCFLAGS=--cap-lints=forbid" "-e" "CARGO_HOME=/opt/rustwide/cargo-home" "-e" "RUSTUP_HOME=/opt/rustwide/rustup-home" "-w" "/opt/rustwide/workdir" "-m" "1610612736" "--user" "0:0" "--network" "none" "ghcr.io/rust-lang/crates-build-env/linux@sha256:819108c5571ea2e421544af4d832f968d213c87fbe3707a016657f43d2f853bc" "/opt/rustwide/cargo-home/bin/cargo" "+nightly-2025-01-18" "test" "--frozen" "--no-run" "--message-format=json", kill_on_drop: false }`
[INFO] [stdout] c6fc48d423089d4bb380f24fb086c2601feb3f17336695dc8b193092e791d8fc
[INFO] running `Command { std: "docker" "start" "-a" "c6fc48d423089d4bb380f24fb086c2601feb3f17336695dc8b193092e791d8fc", kill_on_drop: false }`
[INFO] [stderr]    Compiling primecount v0.2.1 (/opt/rustwide/workdir)
[INFO] [stderr]     Finished `test` profile [unoptimized + debuginfo] target(s) in 0.19s
[INFO] running `Command { std: "docker" "inspect" "c6fc48d423089d4bb380f24fb086c2601feb3f17336695dc8b193092e791d8fc", kill_on_drop: false }`
[INFO] running `Command { std: "docker" "rm" "-f" "c6fc48d423089d4bb380f24fb086c2601feb3f17336695dc8b193092e791d8fc", kill_on_drop: false }`
[INFO] [stdout] c6fc48d423089d4bb380f24fb086c2601feb3f17336695dc8b193092e791d8fc
[INFO] running `Command { std: "docker" "create" "-v" "/var/lib/crater-agent-workspace/builds/worker-3-tc2/target:/opt/rustwide/target:rw,Z" "-v" "/var/lib/crater-agent-workspace/builds/worker-3-tc2/source:/opt/rustwide/workdir:ro,Z" "-v" "/var/lib/crater-agent-workspace/cargo-home:/opt/rustwide/cargo-home:ro,Z" "-v" "/var/lib/crater-agent-workspace/rustup-home:/opt/rustwide/rustup-home:ro,Z" "-e" "SOURCE_DIR=/opt/rustwide/workdir" "-e" "CARGO_TARGET_DIR=/opt/rustwide/target" "-e" "CARGO_INCREMENTAL=0" "-e" "RUST_BACKTRACE=full" "-e" "RUSTFLAGS=--cap-lints=forbid -Zrandomize-layout" "-e" "RUSTDOCFLAGS=--cap-lints=forbid" "-e" "CARGO_HOME=/opt/rustwide/cargo-home" "-e" "RUSTUP_HOME=/opt/rustwide/rustup-home" "-w" "/opt/rustwide/workdir" "-m" "1610612736" "--user" "0:0" "--network" "none" "ghcr.io/rust-lang/crates-build-env/linux@sha256:819108c5571ea2e421544af4d832f968d213c87fbe3707a016657f43d2f853bc" "/opt/rustwide/cargo-home/bin/cargo" "+nightly-2025-01-18" "test" "--frozen", kill_on_drop: false }`
[INFO] [stdout] e722e2a6366f821da19694a03b43565f52534e179540f210b3419cf04e27265c
[INFO] running `Command { std: "docker" "start" "-a" "e722e2a6366f821da19694a03b43565f52534e179540f210b3419cf04e27265c", kill_on_drop: false }`
[INFO] [stderr]     Finished `test` profile [unoptimized + debuginfo] target(s) in 0.03s
[INFO] [stdout] 
[INFO] [stderr]      Running unittests src/lib.rs (/opt/rustwide/target/debug/deps/primecount-1e7931e4d56d1e9f)
[INFO] [stdout] running 0 tests
[INFO] [stdout] 
[INFO] [stderr]    Doc-tests primecount
[INFO] [stdout] test result: ok. 0 passed; 0 failed; 0 ignored; 0 measured; 0 filtered out; finished in 0.00s
[INFO] [stdout] 
[INFO] [stdout] 
[INFO] [stdout] running 3 tests
[INFO] [stdout] test src/lib.rs - pi (line 15) ... FAILED
[INFO] [stdout] test src/lib.rs - phi (line 40) ... FAILED
[INFO] [stdout] test src/lib.rs - nth_prime (line 62) ... FAILED
[INFO] [stdout] 
[INFO] [stdout] failures:
[INFO] [stdout] 
[INFO] [stdout] ---- src/lib.rs - pi (line 15) stdout ----
[INFO] [stdout] error: linking with `cc` failed: exit status: 1
[INFO] [stdout]   |
[INFO] [stdout]   = note: LC_ALL="C" PATH="/opt/rustwide/rustup-home/toolchains/nightly-2025-01-18-x86_64-unknown-linux-gnu/lib/rustlib/x86_64-unknown-linux-gnu/bin:/opt/rustwide/rustup-home/toolchains/nightly-2025-01-18-x86_64-unknown-linux-gnu/lib/rustlib/x86_64-unknown-linux-gnu/bin/self-contained:/opt/rustwide/cargo-home/bin:/usr/local/sbin:/usr/local/bin:/usr/sbin:/usr/bin:/sbin:/bin" VSLANG="1033" "cc" "-m64" "/tmp/rustcjpMVRi/symbols.o" "<2 object files omitted>" "-Wl,--as-needed" "-Wl,-Bstatic" "/opt/rustwide/target/debug/deps/{libprimecount-c0fcacd378fd2fbd.rlib}" "/opt/rustwide/rustup-home/toolchains/nightly-2025-01-18-x86_64-unknown-linux-gnu/lib/rustlib/x86_64-unknown-linux-gnu/lib/{libstd-006123e2ce67e99d.rlib,libpanic_unwind-e1447e1efa6f1e57.rlib,libobject-f6963a4916fcf097.rlib,libmemchr-49a2d9af912f4524.rlib,libaddr2line-04d19aad3936869d.rlib,libgimli-483c235edb789db0.rlib,librustc_demangle-294281af50b8f748.rlib,libstd_detect-3b08295250aabc2a.rlib,libhashbrown-4472d1e05ba0dfaf.rlib,librustc_std_workspace_alloc-2ef099fac590e457.rlib,libminiz_oxide-8a51f5e848546c29.rlib,libadler2-3d3fa22b868db521.rlib,libunwind-0ffda8b08e22dbea.rlib,libcfg_if-b08f62458fdd43b9.rlib,liblibc-559675126e63b890.rlib,liballoc-fcf21c8d1c9c7b75.rlib,librustc_std_workspace_core-e0b0460135bcf21d.rlib,libcore-d4097fdcbddd3bc7.rlib,libcompiler_builtins-fea484ac1eed7881.rlib}" "-Wl,-Bdynamic" "-lstdc++" "-lgcc_s" "-lutil" "-lrt" "-lpthread" "-lm" "-ldl" "-lc" "-B/opt/rustwide/rustup-home/toolchains/nightly-2025-01-18-x86_64-unknown-linux-gnu/lib/rustlib/x86_64-unknown-linux-gnu/bin/gcc-ld" "-fuse-ld=lld" "-Wl,--eh-frame-hdr" "-Wl,-z,noexecstack" "-L" "/opt/rustwide/target/debug/build/primecount-67aa02db92316e1d/out/lib" "-L" "/opt/rustwide/rustup-home/toolchains/nightly-2025-01-18-x86_64-unknown-linux-gnu/lib/rustlib/x86_64-unknown-linux-gnu/lib" "-o" "/tmp/rustdoctestUMIzgu/rust_out" "-Wl,--gc-sections" "-pie" "-Wl,-z,relro,-z,now" "-nodefaultlibs"
[INFO] [stdout]   = note: some arguments are omitted. use `--verbose` to show all linker arguments
[INFO] [stdout]   = note: rust-lld: error: undefined symbol: omp_get_max_threads
[INFO] [stdout]           >>> referenced by api.cpp:200 (/opt/rustwide/workdir/libprimecount/src/api.cpp:200)
[INFO] [stdout]           >>>               api.cpp.o:(primecount::get_num_threads()) in archive /opt/rustwide/target/debug/deps/libprimecount-c0fcacd378fd2fbd.rlib
[INFO] [stdout]           
[INFO] [stdout]           rust-lld: error: undefined symbol: GOMP_parallel
[INFO] [stdout]           >>> referenced by PiTable.cpp:103 (/opt/rustwide/workdir/libprimecount/src/PiTable.cpp:103)
[INFO] [stdout]           >>>               PiTable.cpp.o:(primecount::PiTable::init(unsigned long, unsigned long, int)) in archive /opt/rustwide/target/debug/deps/libprimecount-c0fcacd378fd2fbd.rlib
[INFO] [stdout]           >>> referenced by phi.cpp:359 (/opt/rustwide/workdir/libprimecount/src/phi.cpp:359)
[INFO] [stdout]           >>>               phi.cpp.o:((anonymous namespace)::phi_noprint(long, long, int)) in archive /opt/rustwide/target/debug/deps/libprimecount-c0fcacd378fd2fbd.rlib
[INFO] [stdout]           >>> referenced by P2.cpp:112 (/opt/rustwide/workdir/libprimecount/src/P2.cpp:112)
[INFO] [stdout]           >>>               P2.cpp.o:(long (anonymous namespace)::P2_OpenMP<long>(long, long, int, bool)) in archive /opt/rustwide/target/debug/deps/libprimecount-c0fcacd378fd2fbd.rlib
[INFO] [stdout]           >>> referenced 5 more times
[INFO] [stdout]           
[INFO] [stdout]           rust-lld: error: undefined symbol: omp_get_num_threads
[INFO] [stdout]           >>> referenced by PiTable.cpp:105 (/opt/rustwide/workdir/libprimecount/src/PiTable.cpp:105)
[INFO] [stdout]           >>>               PiTable.cpp.o:(primecount::PiTable::init(unsigned long, unsigned long, int) (._omp_fn.0)) in archive /opt/rustwide/target/debug/deps/libprimecount-c0fcacd378fd2fbd.rlib
[INFO] [stdout]           >>> referenced by PiTable.cpp:116 (/opt/rustwide/workdir/libprimecount/src/PiTable.cpp:116)
[INFO] [stdout]           >>>               PiTable.cpp.o:(primecount::PiTable::init(unsigned long, unsigned long, int) (._omp_fn.0)) in archive /opt/rustwide/target/debug/deps/libprimecount-c0fcacd378fd2fbd.rlib
[INFO] [stdout]           >>> referenced by Phi0.cpp:85 (/opt/rustwide/workdir/libprimecount/src/gourdon/Phi0.cpp:85)
[INFO] [stdout]           >>>               Phi0.cpp.o:(long (anonymous namespace)::Phi0_OpenMP<long, long>(long, long, long, long, int) (._omp_fn.0)) in archive /opt/rustwide/target/debug/deps/libprimecount-c0fcacd378fd2fbd.rlib
[INFO] [stdout]           >>> referenced 1 more times
[INFO] [stdout]           
[INFO] [stdout]           rust-lld: error: undefined symbol: omp_get_thread_num
[INFO] [stdout]           >>> referenced by PiTable.cpp:105 (/opt/rustwide/workdir/libprimecount/src/PiTable.cpp:105)
[INFO] [stdout]           >>>               PiTable.cpp.o:(primecount::PiTable::init(unsigned long, unsigned long, int) (._omp_fn.0)) in archive /opt/rustwide/target/debug/deps/libprimecount-c0fcacd378fd2fbd.rlib
[INFO] [stdout]           >>> referenced by PiTable.cpp:116 (/opt/rustwide/workdir/libprimecount/src/PiTable.cpp:116)
[INFO] [stdout]           >>>               PiTable.cpp.o:(primecount::PiTable::init(unsigned long, unsigned long, int) (._omp_fn.0)) in archive /opt/rustwide/target/debug/deps/libprimecount-c0fcacd378fd2fbd.rlib
[INFO] [stdout]           >>> referenced by Phi0.cpp:85 (/opt/rustwide/workdir/libprimecount/src/gourdon/Phi0.cpp:85)
[INFO] [stdout]           >>>               Phi0.cpp.o:(long (anonymous namespace)::Phi0_OpenMP<long, long>(long, long, long, long, int) (._omp_fn.0)) in archive /opt/rustwide/target/debug/deps/libprimecount-c0fcacd378fd2fbd.rlib
[INFO] [stdout]           >>> referenced 1 more times
[INFO] [stdout]           
[INFO] [stdout]           rust-lld: error: undefined symbol: GOMP_barrier
[INFO] [stdout]           >>> referenced by PiTable.cpp:113 (/opt/rustwide/workdir/libprimecount/src/PiTable.cpp:113)
[INFO] [stdout]           >>>               PiTable.cpp.o:(primecount::PiTable::init(unsigned long, unsigned long, int) (._omp_fn.0)) in archive /opt/rustwide/target/debug/deps/libprimecount-c0fcacd378fd2fbd.rlib
[INFO] [stdout]           
[INFO] [stdout]           rust-lld: error: undefined symbol: GOMP_loop_nonmonotonic_dynamic_start
[INFO] [stdout]           >>> referenced by phi.cpp:365 (/opt/rustwide/workdir/libprimecount/src/phi.cpp:365)
[INFO] [stdout]           >>>               phi.cpp.o:((anonymous namespace)::phi_noprint(long, long, int) (._omp_fn.0)) in archive /opt/rustwide/target/debug/deps/libprimecount-c0fcacd378fd2fbd.rlib
[INFO] [stdout]           
[INFO] [stdout]           rust-lld: error: undefined symbol: GOMP_loop_nonmonotonic_dynamic_next
[INFO] [stdout]           >>> referenced by phi.cpp:367 (/opt/rustwide/workdir/libprimecount/src/phi.cpp:367)
[INFO] [stdout]           >>>               phi.cpp.o:((anonymous namespace)::phi_noprint(long, long, int) (._omp_fn.0)) in archive /opt/rustwide/target/debug/deps/libprimecount-c0fcacd378fd2fbd.rlib
[INFO] [stdout]           
[INFO] [stdout]           rust-lld: error: undefined symbol: GOMP_loop_end_nowait
[INFO] [stdout]           >>> referenced by phi.cpp:367 (/opt/rustwide/workdir/libprimecount/src/phi.cpp:367)
[INFO] [stdout]           >>>               phi.cpp.o:((anonymous namespace)::phi_noprint(long, long, int) (._omp_fn.0)) in archive /opt/rustwide/target/debug/deps/libprimecount-c0fcacd378fd2fbd.rlib
[INFO] [stdout]           
[INFO] [stdout]           rust-lld: error: undefined symbol: omp_destroy_lock
[INFO] [stdout]           >>> referenced by OmpLock.hpp:50 (/opt/rustwide/workdir/libprimecount/include/OmpLock.hpp:50)
[INFO] [stdout]           >>>               P2.cpp.o:(primecount::OmpLock::~OmpLock()) in archive /opt/rustwide/target/debug/deps/libprimecount-c0fcacd378fd2fbd.rlib
[INFO] [stdout]           
[INFO] [stdout]           rust-lld: error: undefined symbol: omp_init_lock
[INFO] [stdout]           >>> referenced by OmpLock.hpp:46 (/opt/rustwide/workdir/libprimecount/include/OmpLock.hpp:46)
[INFO] [stdout]           >>>               LoadBalancerP2.cpp.o:(primecount::OmpLock::OmpLock()) in archive /opt/rustwide/target/debug/deps/libprimecount-c0fcacd378fd2fbd.rlib
[INFO] [stdout]           
[INFO] [stdout]           rust-lld: error: undefined symbol: omp_set_lock
[INFO] [stdout]           >>> referenced by OmpLock.hpp:65 (/opt/rustwide/workdir/libprimecount/include/OmpLock.hpp:65)
[INFO] [stdout]           >>>               LoadBalancerP2.cpp.o:(primecount::LockGuard::LockGuard(primecount::OmpLock&)) in archive /opt/rustwide/target/debug/deps/libprimecount-c0fcacd378fd2fbd.rlib
[INFO] [stdout]           
[INFO] [stdout]           rust-lld: error: undefined symbol: omp_unset_lock
[INFO] [stdout]           >>> referenced by OmpLock.hpp:69 (/opt/rustwide/workdir/libprimecount/include/OmpLock.hpp:69)
[INFO] [stdout]           >>>               LoadBalancerP2.cpp.o:(primecount::LockGuard::~LockGuard()) in archive /opt/rustwide/target/debug/deps/libprimecount-c0fcacd378fd2fbd.rlib
[INFO] [stdout]           collect2: error: ld returned 1 exit status
[INFO] [stdout]           
[INFO] [stdout] 
[INFO] [stdout] error: aborting due to 1 previous error
[INFO] [stdout] 
[INFO] [stdout] Couldn't compile the test.
[INFO] [stdout] ---- src/lib.rs - phi (line 40) stdout ----
[INFO] [stdout] error: linking with `cc` failed: exit status: 1
[INFO] [stdout]   |
[INFO] [stdout]   = note: LC_ALL="C" PATH="/opt/rustwide/rustup-home/toolchains/nightly-2025-01-18-x86_64-unknown-linux-gnu/lib/rustlib/x86_64-unknown-linux-gnu/bin:/opt/rustwide/rustup-home/toolchains/nightly-2025-01-18-x86_64-unknown-linux-gnu/lib/rustlib/x86_64-unknown-linux-gnu/bin/self-contained:/opt/rustwide/cargo-home/bin:/usr/local/sbin:/usr/local/bin:/usr/sbin:/usr/bin:/sbin:/bin" VSLANG="1033" "cc" "-m64" "/tmp/rustc89gRxf/symbols.o" "<2 object files omitted>" "-Wl,--as-needed" "-Wl,-Bstatic" "/opt/rustwide/target/debug/deps/{libprimecount-c0fcacd378fd2fbd.rlib}" "/opt/rustwide/rustup-home/toolchains/nightly-2025-01-18-x86_64-unknown-linux-gnu/lib/rustlib/x86_64-unknown-linux-gnu/lib/{libstd-006123e2ce67e99d.rlib,libpanic_unwind-e1447e1efa6f1e57.rlib,libobject-f6963a4916fcf097.rlib,libmemchr-49a2d9af912f4524.rlib,libaddr2line-04d19aad3936869d.rlib,libgimli-483c235edb789db0.rlib,librustc_demangle-294281af50b8f748.rlib,libstd_detect-3b08295250aabc2a.rlib,libhashbrown-4472d1e05ba0dfaf.rlib,librustc_std_workspace_alloc-2ef099fac590e457.rlib,libminiz_oxide-8a51f5e848546c29.rlib,libadler2-3d3fa22b868db521.rlib,libunwind-0ffda8b08e22dbea.rlib,libcfg_if-b08f62458fdd43b9.rlib,liblibc-559675126e63b890.rlib,liballoc-fcf21c8d1c9c7b75.rlib,librustc_std_workspace_core-e0b0460135bcf21d.rlib,libcore-d4097fdcbddd3bc7.rlib,libcompiler_builtins-fea484ac1eed7881.rlib}" "-Wl,-Bdynamic" "-lstdc++" "-lgcc_s" "-lutil" "-lrt" "-lpthread" "-lm" "-ldl" "-lc" "-B/opt/rustwide/rustup-home/toolchains/nightly-2025-01-18-x86_64-unknown-linux-gnu/lib/rustlib/x86_64-unknown-linux-gnu/bin/gcc-ld" "-fuse-ld=lld" "-Wl,--eh-frame-hdr" "-Wl,-z,noexecstack" "-L" "/opt/rustwide/target/debug/build/primecount-67aa02db92316e1d/out/lib" "-L" "/opt/rustwide/rustup-home/toolchains/nightly-2025-01-18-x86_64-unknown-linux-gnu/lib/rustlib/x86_64-unknown-linux-gnu/lib" "-o" "/tmp/rustdoctestLeuW6u/rust_out" "-Wl,--gc-sections" "-pie" "-Wl,-z,relro,-z,now" "-nodefaultlibs"
[INFO] [stdout]   = note: some arguments are omitted. use `--verbose` to show all linker arguments
[INFO] [stdout]   = note: rust-lld: error: undefined symbol: omp_get_max_threads
[INFO] [stdout]           >>> referenced by api.cpp:200 (/opt/rustwide/workdir/libprimecount/src/api.cpp:200)
[INFO] [stdout]           >>>               api.cpp.o:(primecount::get_num_threads()) in archive /opt/rustwide/target/debug/deps/libprimecount-c0fcacd378fd2fbd.rlib
[INFO] [stdout]           
[INFO] [stdout]           rust-lld: error: undefined symbol: GOMP_parallel
[INFO] [stdout]           >>> referenced by PiTable.cpp:103 (/opt/rustwide/workdir/libprimecount/src/PiTable.cpp:103)
[INFO] [stdout]           >>>               PiTable.cpp.o:(primecount::PiTable::init(unsigned long, unsigned long, int)) in archive /opt/rustwide/target/debug/deps/libprimecount-c0fcacd378fd2fbd.rlib
[INFO] [stdout]           >>> referenced by phi.cpp:359 (/opt/rustwide/workdir/libprimecount/src/phi.cpp:359)
[INFO] [stdout]           >>>               phi.cpp.o:((anonymous namespace)::phi_noprint(long, long, int)) in archive /opt/rustwide/target/debug/deps/libprimecount-c0fcacd378fd2fbd.rlib
[INFO] [stdout]           >>> referenced by P2.cpp:112 (/opt/rustwide/workdir/libprimecount/src/P2.cpp:112)
[INFO] [stdout]           >>>               P2.cpp.o:(long (anonymous namespace)::P2_OpenMP<long>(long, long, int, bool)) in archive /opt/rustwide/target/debug/deps/libprimecount-c0fcacd378fd2fbd.rlib
[INFO] [stdout]           >>> referenced 5 more times
[INFO] [stdout]           
[INFO] [stdout]           rust-lld: error: undefined symbol: omp_get_num_threads
[INFO] [stdout]           >>> referenced by PiTable.cpp:105 (/opt/rustwide/workdir/libprimecount/src/PiTable.cpp:105)
[INFO] [stdout]           >>>               PiTable.cpp.o:(primecount::PiTable::init(unsigned long, unsigned long, int) (._omp_fn.0)) in archive /opt/rustwide/target/debug/deps/libprimecount-c0fcacd378fd2fbd.rlib
[INFO] [stdout]           >>> referenced by PiTable.cpp:116 (/opt/rustwide/workdir/libprimecount/src/PiTable.cpp:116)
[INFO] [stdout]           >>>               PiTable.cpp.o:(primecount::PiTable::init(unsigned long, unsigned long, int) (._omp_fn.0)) in archive /opt/rustwide/target/debug/deps/libprimecount-c0fcacd378fd2fbd.rlib
[INFO] [stdout]           >>> referenced by Phi0.cpp:85 (/opt/rustwide/workdir/libprimecount/src/gourdon/Phi0.cpp:85)
[INFO] [stdout]           >>>               Phi0.cpp.o:(long (anonymous namespace)::Phi0_OpenMP<long, long>(long, long, long, long, int) (._omp_fn.0)) in archive /opt/rustwide/target/debug/deps/libprimecount-c0fcacd378fd2fbd.rlib
[INFO] [stdout]           >>> referenced 1 more times
[INFO] [stdout]           
[INFO] [stdout]           rust-lld: error: undefined symbol: omp_get_thread_num
[INFO] [stdout]           >>> referenced by PiTable.cpp:105 (/opt/rustwide/workdir/libprimecount/src/PiTable.cpp:105)
[INFO] [stdout]           >>>               PiTable.cpp.o:(primecount::PiTable::init(unsigned long, unsigned long, int) (._omp_fn.0)) in archive /opt/rustwide/target/debug/deps/libprimecount-c0fcacd378fd2fbd.rlib
[INFO] [stdout]           >>> referenced by PiTable.cpp:116 (/opt/rustwide/workdir/libprimecount/src/PiTable.cpp:116)
[INFO] [stdout]           >>>               PiTable.cpp.o:(primecount::PiTable::init(unsigned long, unsigned long, int) (._omp_fn.0)) in archive /opt/rustwide/target/debug/deps/libprimecount-c0fcacd378fd2fbd.rlib
[INFO] [stdout]           >>> referenced by Phi0.cpp:85 (/opt/rustwide/workdir/libprimecount/src/gourdon/Phi0.cpp:85)
[INFO] [stdout]           >>>               Phi0.cpp.o:(long (anonymous namespace)::Phi0_OpenMP<long, long>(long, long, long, long, int) (._omp_fn.0)) in archive /opt/rustwide/target/debug/deps/libprimecount-c0fcacd378fd2fbd.rlib
[INFO] [stdout]           >>> referenced 1 more times
[INFO] [stdout]           
[INFO] [stdout]           rust-lld: error: undefined symbol: GOMP_barrier
[INFO] [stdout]           >>> referenced by PiTable.cpp:113 (/opt/rustwide/workdir/libprimecount/src/PiTable.cpp:113)
[INFO] [stdout]           >>>               PiTable.cpp.o:(primecount::PiTable::init(unsigned long, unsigned long, int) (._omp_fn.0)) in archive /opt/rustwide/target/debug/deps/libprimecount-c0fcacd378fd2fbd.rlib
[INFO] [stdout]           
[INFO] [stdout]           rust-lld: error: undefined symbol: GOMP_loop_nonmonotonic_dynamic_start
[INFO] [stdout]           >>> referenced by phi.cpp:365 (/opt/rustwide/workdir/libprimecount/src/phi.cpp:365)
[INFO] [stdout]           >>>               phi.cpp.o:((anonymous namespace)::phi_noprint(long, long, int) (._omp_fn.0)) in archive /opt/rustwide/target/debug/deps/libprimecount-c0fcacd378fd2fbd.rlib
[INFO] [stdout]           
[INFO] [stdout]           rust-lld: error: undefined symbol: GOMP_loop_nonmonotonic_dynamic_next
[INFO] [stdout]           >>> referenced by phi.cpp:367 (/opt/rustwide/workdir/libprimecount/src/phi.cpp:367)
[INFO] [stdout]           >>>               phi.cpp.o:((anonymous namespace)::phi_noprint(long, long, int) (._omp_fn.0)) in archive /opt/rustwide/target/debug/deps/libprimecount-c0fcacd378fd2fbd.rlib
[INFO] [stdout]           
[INFO] [stdout]           rust-lld: error: undefined symbol: GOMP_loop_end_nowait
[INFO] [stdout]           >>> referenced by phi.cpp:367 (/opt/rustwide/workdir/libprimecount/src/phi.cpp:367)
[INFO] [stdout]           >>>               phi.cpp.o:((anonymous namespace)::phi_noprint(long, long, int) (._omp_fn.0)) in archive /opt/rustwide/target/debug/deps/libprimecount-c0fcacd378fd2fbd.rlib
[INFO] [stdout]           
[INFO] [stdout]           rust-lld: error: undefined symbol: omp_destroy_lock
[INFO] [stdout]           >>> referenced by OmpLock.hpp:50 (/opt/rustwide/workdir/libprimecount/include/OmpLock.hpp:50)
[INFO] [stdout]           >>>               P2.cpp.o:(primecount::OmpLock::~OmpLock()) in archive /opt/rustwide/target/debug/deps/libprimecount-c0fcacd378fd2fbd.rlib
[INFO] [stdout]           
[INFO] [stdout]           rust-lld: error: undefined symbol: omp_init_lock
[INFO] [stdout]           >>> referenced by OmpLock.hpp:46 (/opt/rustwide/workdir/libprimecount/include/OmpLock.hpp:46)
[INFO] [stdout]           >>>               LoadBalancerP2.cpp.o:(primecount::OmpLock::OmpLock()) in archive /opt/rustwide/target/debug/deps/libprimecount-c0fcacd378fd2fbd.rlib
[INFO] [stdout]           
[INFO] [stdout]           rust-lld: error: undefined symbol: omp_set_lock
[INFO] [stdout]           >>> referenced by OmpLock.hpp:65 (/opt/rustwide/workdir/libprimecount/include/OmpLock.hpp:65)
[INFO] [stdout]           >>>               LoadBalancerP2.cpp.o:(primecount::LockGuard::LockGuard(primecount::OmpLock&)) in archive /opt/rustwide/target/debug/deps/libprimecount-c0fcacd378fd2fbd.rlib
[INFO] [stdout]           
[INFO] [stdout]           rust-lld: error: undefined symbol: omp_unset_lock
[INFO] [stdout]           >>> referenced by OmpLock.hpp:69 (/opt/rustwide/workdir/libprimecount/include/OmpLock.hpp:69)
[INFO] [stdout]           >>>               LoadBalancerP2.cpp.o:(primecount::LockGuard::~LockGuard()) in archive /opt/rustwide/target/debug/deps/libprimecount-c0fcacd378fd2fbd.rlib
[INFO] [stdout]           collect2: error: ld returned 1 exit status
[INFO] [stdout]           
[INFO] [stdout] 
[INFO] [stdout] error: aborting due to 1 previous error
[INFO] [stdout] 
[INFO] [stdout] Couldn't compile the test.
[INFO] [stdout] ---- src/lib.rs - nth_prime (line 62) stdout ----
[INFO] [stdout] error: linking with `cc` failed: exit status: 1
[INFO] [stdout]   |
[INFO] [stdout]   = note: LC_ALL="C" PATH="/opt/rustwide/rustup-home/toolchains/nightly-2025-01-18-x86_64-unknown-linux-gnu/lib/rustlib/x86_64-unknown-linux-gnu/bin:/opt/rustwide/rustup-home/toolchains/nightly-2025-01-18-x86_64-unknown-linux-gnu/lib/rustlib/x86_64-unknown-linux-gnu/bin/self-contained:/opt/rustwide/cargo-home/bin:/usr/local/sbin:/usr/local/bin:/usr/sbin:/usr/bin:/sbin:/bin" VSLANG="1033" "cc" "-m64" "/tmp/rustcewwsOP/symbols.o" "<2 object files omitted>" "-Wl,--as-needed" "-Wl,-Bstatic" "/opt/rustwide/target/debug/deps/{libprimecount-c0fcacd378fd2fbd.rlib}" "/opt/rustwide/rustup-home/toolchains/nightly-2025-01-18-x86_64-unknown-linux-gnu/lib/rustlib/x86_64-unknown-linux-gnu/lib/{libstd-006123e2ce67e99d.rlib,libpanic_unwind-e1447e1efa6f1e57.rlib,libobject-f6963a4916fcf097.rlib,libmemchr-49a2d9af912f4524.rlib,libaddr2line-04d19aad3936869d.rlib,libgimli-483c235edb789db0.rlib,librustc_demangle-294281af50b8f748.rlib,libstd_detect-3b08295250aabc2a.rlib,libhashbrown-4472d1e05ba0dfaf.rlib,librustc_std_workspace_alloc-2ef099fac590e457.rlib,libminiz_oxide-8a51f5e848546c29.rlib,libadler2-3d3fa22b868db521.rlib,libunwind-0ffda8b08e22dbea.rlib,libcfg_if-b08f62458fdd43b9.rlib,liblibc-559675126e63b890.rlib,liballoc-fcf21c8d1c9c7b75.rlib,librustc_std_workspace_core-e0b0460135bcf21d.rlib,libcore-d4097fdcbddd3bc7.rlib,libcompiler_builtins-fea484ac1eed7881.rlib}" "-Wl,-Bdynamic" "-lstdc++" "-lgcc_s" "-lutil" "-lrt" "-lpthread" "-lm" "-ldl" "-lc" "-B/opt/rustwide/rustup-home/toolchains/nightly-2025-01-18-x86_64-unknown-linux-gnu/lib/rustlib/x86_64-unknown-linux-gnu/bin/gcc-ld" "-fuse-ld=lld" "-Wl,--eh-frame-hdr" "-Wl,-z,noexecstack" "-L" "/opt/rustwide/target/debug/build/primecount-67aa02db92316e1d/out/lib" "-L" "/opt/rustwide/rustup-home/toolchains/nightly-2025-01-18-x86_64-unknown-linux-gnu/lib/rustlib/x86_64-unknown-linux-gnu/lib" "-o" "/tmp/rustdoctest7j3W3e/rust_out" "-Wl,--gc-sections" "-pie" "-Wl,-z,relro,-z,now" "-nodefaultlibs"
[INFO] [stdout]   = note: some arguments are omitted. use `--verbose` to show all linker arguments
[INFO] [stdout]   = note: rust-lld: error: undefined symbol: omp_get_max_threads
[INFO] [stdout]           >>> referenced by api.cpp:200 (/opt/rustwide/workdir/libprimecount/src/api.cpp:200)
[INFO] [stdout]           >>>               api.cpp.o:(primecount::get_num_threads()) in archive /opt/rustwide/target/debug/deps/libprimecount-c0fcacd378fd2fbd.rlib
[INFO] [stdout]           
[INFO] [stdout]           rust-lld: error: undefined symbol: GOMP_parallel
[INFO] [stdout]           >>> referenced by PiTable.cpp:103 (/opt/rustwide/workdir/libprimecount/src/PiTable.cpp:103)
[INFO] [stdout]           >>>               PiTable.cpp.o:(primecount::PiTable::init(unsigned long, unsigned long, int)) in archive /opt/rustwide/target/debug/deps/libprimecount-c0fcacd378fd2fbd.rlib
[INFO] [stdout]           >>> referenced by phi.cpp:359 (/opt/rustwide/workdir/libprimecount/src/phi.cpp:359)
[INFO] [stdout]           >>>               phi.cpp.o:((anonymous namespace)::phi_noprint(long, long, int)) in archive /opt/rustwide/target/debug/deps/libprimecount-c0fcacd378fd2fbd.rlib
[INFO] [stdout]           >>> referenced by P2.cpp:112 (/opt/rustwide/workdir/libprimecount/src/P2.cpp:112)
[INFO] [stdout]           >>>               P2.cpp.o:(long (anonymous namespace)::P2_OpenMP<long>(long, long, int, bool)) in archive /opt/rustwide/target/debug/deps/libprimecount-c0fcacd378fd2fbd.rlib
[INFO] [stdout]           >>> referenced 5 more times
[INFO] [stdout]           
[INFO] [stdout]           rust-lld: error: undefined symbol: omp_get_num_threads
[INFO] [stdout]           >>> referenced by PiTable.cpp:105 (/opt/rustwide/workdir/libprimecount/src/PiTable.cpp:105)
[INFO] [stdout]           >>>               PiTable.cpp.o:(primecount::PiTable::init(unsigned long, unsigned long, int) (._omp_fn.0)) in archive /opt/rustwide/target/debug/deps/libprimecount-c0fcacd378fd2fbd.rlib
[INFO] [stdout]           >>> referenced by PiTable.cpp:116 (/opt/rustwide/workdir/libprimecount/src/PiTable.cpp:116)
[INFO] [stdout]           >>>               PiTable.cpp.o:(primecount::PiTable::init(unsigned long, unsigned long, int) (._omp_fn.0)) in archive /opt/rustwide/target/debug/deps/libprimecount-c0fcacd378fd2fbd.rlib
[INFO] [stdout]           >>> referenced by Phi0.cpp:85 (/opt/rustwide/workdir/libprimecount/src/gourdon/Phi0.cpp:85)
[INFO] [stdout]           >>>               Phi0.cpp.o:(long (anonymous namespace)::Phi0_OpenMP<long, long>(long, long, long, long, int) (._omp_fn.0)) in archive /opt/rustwide/target/debug/deps/libprimecount-c0fcacd378fd2fbd.rlib
[INFO] [stdout]           >>> referenced 1 more times
[INFO] [stdout]           
[INFO] [stdout]           rust-lld: error: undefined symbol: omp_get_thread_num
[INFO] [stdout]           >>> referenced by PiTable.cpp:105 (/opt/rustwide/workdir/libprimecount/src/PiTable.cpp:105)
[INFO] [stdout]           >>>               PiTable.cpp.o:(primecount::PiTable::init(unsigned long, unsigned long, int) (._omp_fn.0)) in archive /opt/rustwide/target/debug/deps/libprimecount-c0fcacd378fd2fbd.rlib
[INFO] [stdout]           >>> referenced by PiTable.cpp:116 (/opt/rustwide/workdir/libprimecount/src/PiTable.cpp:116)
[INFO] [stdout]           >>>               PiTable.cpp.o:(primecount::PiTable::init(unsigned long, unsigned long, int) (._omp_fn.0)) in archive /opt/rustwide/target/debug/deps/libprimecount-c0fcacd378fd2fbd.rlib
[INFO] [stdout]           >>> referenced by Phi0.cpp:85 (/opt/rustwide/workdir/libprimecount/src/gourdon/Phi0.cpp:85)
[INFO] [stdout]           >>>               Phi0.cpp.o:(long (anonymous namespace)::Phi0_OpenMP<long, long>(long, long, long, long, int) (._omp_fn.0)) in archive /opt/rustwide/target/debug/deps/libprimecount-c0fcacd378fd2fbd.rlib
[INFO] [stdout]           >>> referenced 1 more times
[INFO] [stdout]           
[INFO] [stdout]           rust-lld: error: undefined symbol: GOMP_barrier
[INFO] [stdout]           >>> referenced by PiTable.cpp:113 (/opt/rustwide/workdir/libprimecount/src/PiTable.cpp:113)
[INFO] [stdout]           >>>               PiTable.cpp.o:(primecount::PiTable::init(unsigned long, unsigned long, int) (._omp_fn.0)) in archive /opt/rustwide/target/debug/deps/libprimecount-c0fcacd378fd2fbd.rlib
[INFO] [stdout]           
[INFO] [stdout]           rust-lld: error: undefined symbol: GOMP_loop_nonmonotonic_dynamic_start
[INFO] [stdout]           >>> referenced by phi.cpp:365 (/opt/rustwide/workdir/libprimecount/src/phi.cpp:365)
[INFO] [stdout]           >>>               phi.cpp.o:((anonymous namespace)::phi_noprint(long, long, int) (._omp_fn.0)) in archive /opt/rustwide/target/debug/deps/libprimecount-c0fcacd378fd2fbd.rlib
[INFO] [stdout]           
[INFO] [stdout]           rust-lld: error: undefined symbol: GOMP_loop_nonmonotonic_dynamic_next
[INFO] [stdout]           >>> referenced by phi.cpp:367 (/opt/rustwide/workdir/libprimecount/src/phi.cpp:367)
[INFO] [stdout]           >>>               phi.cpp.o:((anonymous namespace)::phi_noprint(long, long, int) (._omp_fn.0)) in archive /opt/rustwide/target/debug/deps/libprimecount-c0fcacd378fd2fbd.rlib
[INFO] [stdout]           
[INFO] [stdout]           rust-lld: error: undefined symbol: GOMP_loop_end_nowait
[INFO] [stdout]           >>> referenced by phi.cpp:367 (/opt/rustwide/workdir/libprimecount/src/phi.cpp:367)
[INFO] [stdout]           >>>               phi.cpp.o:((anonymous namespace)::phi_noprint(long, long, int) (._omp_fn.0)) in archive /opt/rustwide/target/debug/deps/libprimecount-c0fcacd378fd2fbd.rlib
[INFO] [stdout]           
[INFO] [stdout]           rust-lld: error: undefined symbol: omp_destroy_lock
[INFO] [stdout]           >>> referenced by OmpLock.hpp:50 (/opt/rustwide/workdir/libprimecount/include/OmpLock.hpp:50)
[INFO] [stdout]           >>>               P2.cpp.o:(primecount::OmpLock::~OmpLock()) in archive /opt/rustwide/target/debug/deps/libprimecount-c0fcacd378fd2fbd.rlib
[INFO] [stdout]           
[INFO] [stdout]           rust-lld: error: undefined symbol: omp_init_lock
[INFO] [stdout]           >>> referenced by OmpLock.hpp:46 (/opt/rustwide/workdir/libprimecount/include/OmpLock.hpp:46)
[INFO] [stdout]           >>>               LoadBalancerP2.cpp.o:(primecount::OmpLock::OmpLock()) in archive /opt/rustwide/target/debug/deps/libprimecount-c0fcacd378fd2fbd.rlib
[INFO] [stdout]           
[INFO] [stdout]           rust-lld: error: undefined symbol: omp_set_lock
[INFO] [stdout]           >>> referenced by OmpLock.hpp:65 (/opt/rustwide/workdir/libprimecount/include/OmpLock.hpp:65)
[INFO] [stdout]           >>>               LoadBalancerP2.cpp.o:(primecount::LockGuard::LockGuard(primecount::OmpLock&)) in archive /opt/rustwide/target/debug/deps/libprimecount-c0fcacd378fd2fbd.rlib
[INFO] [stdout]           
[INFO] [stdout]           rust-lld: error: undefined symbol: omp_unset_lock
[INFO] [stdout]           >>> referenced by OmpLock.hpp:69 (/opt/rustwide/workdir/libprimecount/include/OmpLock.hpp:69)
[INFO] [stdout]           >>>               LoadBalancerP2.cpp.o:(primecount::LockGuard::~LockGuard()) in archive /opt/rustwide/target/debug/deps/libprimecount-c0fcacd378fd2fbd.rlib
[INFO] [stdout]           collect2: error: ld returned 1 exit status
[INFO] [stdout]           
[INFO] [stdout] 
[INFO] [stdout] error: aborting due to 1 previous error
[INFO] [stdout] 
[INFO] [stdout] Couldn't compile the test.
[INFO] [stdout] 
[INFO] [stdout] failures:
[INFO] [stdout]     src/lib.rs - nth_prime (line 62)
[INFO] [stdout]     src/lib.rs - phi (line 40)
[INFO] [stdout]     src/lib.rs - pi (line 15)
[INFO] [stdout] 
[INFO] [stdout] test result: FAILED. 0 passed; 3 failed; 0 ignored; 0 measured; 0 filtered out; finished in 0.68s
[INFO] [stdout] 
[INFO] [stderr] error: doctest failed, to rerun pass `--doc`
[INFO] running `Command { std: "docker" "inspect" "e722e2a6366f821da19694a03b43565f52534e179540f210b3419cf04e27265c", kill_on_drop: false }`
[INFO] running `Command { std: "docker" "rm" "-f" "e722e2a6366f821da19694a03b43565f52534e179540f210b3419cf04e27265c", kill_on_drop: false }`
[INFO] [stdout] e722e2a6366f821da19694a03b43565f52534e179540f210b3419cf04e27265c
