[INFO] fetching crate pretty_derive 0.1.0...
[INFO] testing pretty_derive-0.1.0 against nightly-2025-01-18 for randomize-layout-2
[INFO] extracting crate pretty_derive 0.1.0 into /workspace/builds/worker-6-tc1/source
[INFO] validating manifest of crates.io crate pretty_derive 0.1.0 on toolchain nightly-2025-01-18
[INFO] running `Command { std: CARGO_HOME="/workspace/cargo-home" RUSTUP_HOME="/workspace/rustup-home" "/workspace/cargo-home/bin/cargo" "+nightly-2025-01-18" "metadata" "--manifest-path" "Cargo.toml" "--no-deps", kill_on_drop: false }`
[INFO] started tweaking crates.io crate pretty_derive 0.1.0
[INFO] finished tweaking crates.io crate pretty_derive 0.1.0
[INFO] tweaked toml for crates.io crate pretty_derive 0.1.0 written to /workspace/builds/worker-6-tc1/source/Cargo.toml
[INFO] running `Command { std: CARGO_HOME="/workspace/cargo-home" RUSTUP_HOME="/workspace/rustup-home" "/workspace/cargo-home/bin/cargo" "+nightly-2025-01-18" "generate-lockfile" "--manifest-path" "Cargo.toml", kill_on_drop: false }`
[INFO] [stderr]     Updating crates.io index
[INFO] [stderr]      Locking 4 packages to latest compatible versions
[INFO] [stderr]       Adding syn v1.0.109 (available: v2.0.96)
[INFO] running `Command { std: CARGO_HOME="/workspace/cargo-home" RUSTUP_HOME="/workspace/rustup-home" "/workspace/cargo-home/bin/cargo" "+nightly-2025-01-18" "fetch" "--manifest-path" "Cargo.toml", kill_on_drop: false }`
[INFO] running `Command { std: "docker" "create" "-v" "/var/lib/crater-agent-workspace/builds/worker-6-tc1/target:/opt/rustwide/target:rw,Z" "-v" "/var/lib/crater-agent-workspace/builds/worker-6-tc1/source:/opt/rustwide/workdir:ro,Z" "-v" "/var/lib/crater-agent-workspace/cargo-home:/opt/rustwide/cargo-home:ro,Z" "-v" "/var/lib/crater-agent-workspace/rustup-home:/opt/rustwide/rustup-home:ro,Z" "-e" "SOURCE_DIR=/opt/rustwide/workdir" "-e" "CARGO_TARGET_DIR=/opt/rustwide/target" "-e" "CARGO_HOME=/opt/rustwide/cargo-home" "-e" "RUSTUP_HOME=/opt/rustwide/rustup-home" "-w" "/opt/rustwide/workdir" "-m" "1610612736" "--user" "0:0" "--network" "none" "ghcr.io/rust-lang/crates-build-env/linux@sha256:819108c5571ea2e421544af4d832f968d213c87fbe3707a016657f43d2f853bc" "/opt/rustwide/cargo-home/bin/cargo" "+nightly-2025-01-18" "metadata" "--no-deps" "--format-version=1", kill_on_drop: false }`
[INFO] [stdout] 07b70f431ef4dd1319a844031f525c138e1afd16bae85cd288a0735bf937ba1c
[INFO] running `Command { std: "docker" "start" "-a" "07b70f431ef4dd1319a844031f525c138e1afd16bae85cd288a0735bf937ba1c", kill_on_drop: false }`
[INFO] running `Command { std: "docker" "inspect" "07b70f431ef4dd1319a844031f525c138e1afd16bae85cd288a0735bf937ba1c", kill_on_drop: false }`
[INFO] running `Command { std: "docker" "rm" "-f" "07b70f431ef4dd1319a844031f525c138e1afd16bae85cd288a0735bf937ba1c", kill_on_drop: false }`
[INFO] [stdout] 07b70f431ef4dd1319a844031f525c138e1afd16bae85cd288a0735bf937ba1c
[INFO] running `Command { std: "docker" "create" "-v" "/var/lib/crater-agent-workspace/builds/worker-6-tc1/target:/opt/rustwide/target:rw,Z" "-v" "/var/lib/crater-agent-workspace/builds/worker-6-tc1/source:/opt/rustwide/workdir:ro,Z" "-v" "/var/lib/crater-agent-workspace/cargo-home:/opt/rustwide/cargo-home:ro,Z" "-v" "/var/lib/crater-agent-workspace/rustup-home:/opt/rustwide/rustup-home:ro,Z" "-e" "SOURCE_DIR=/opt/rustwide/workdir" "-e" "CARGO_TARGET_DIR=/opt/rustwide/target" "-e" "CARGO_INCREMENTAL=0" "-e" "RUST_BACKTRACE=full" "-e" "RUSTFLAGS=--cap-lints=forbid" "-e" "RUSTDOCFLAGS=--cap-lints=forbid" "-e" "CARGO_HOME=/opt/rustwide/cargo-home" "-e" "RUSTUP_HOME=/opt/rustwide/rustup-home" "-w" "/opt/rustwide/workdir" "-m" "1610612736" "--user" "0:0" "--network" "none" "ghcr.io/rust-lang/crates-build-env/linux@sha256:819108c5571ea2e421544af4d832f968d213c87fbe3707a016657f43d2f853bc" "/opt/rustwide/cargo-home/bin/cargo" "+nightly-2025-01-18" "build" "--frozen" "--message-format=json", kill_on_drop: false }`
[INFO] [stdout] 34093529fd0f07b3446d25dc4852563563b22170ec505944f0147476706b84fd
[INFO] running `Command { std: "docker" "start" "-a" "34093529fd0f07b3446d25dc4852563563b22170ec505944f0147476706b84fd", kill_on_drop: false }`
[INFO] [stderr]    Compiling proc-macro2 v1.0.93
[INFO] [stderr]    Compiling unicode-ident v1.0.14
[INFO] [stderr]    Compiling syn v1.0.109
[INFO] [stderr]    Compiling quote v1.0.38
[INFO] [stderr]    Compiling pretty_derive v0.1.0 (/opt/rustwide/workdir)
[INFO] [stderr]     Finished `dev` profile [unoptimized + debuginfo] target(s) in 4.03s
[INFO] running `Command { std: "docker" "inspect" "34093529fd0f07b3446d25dc4852563563b22170ec505944f0147476706b84fd", kill_on_drop: false }`
[INFO] running `Command { std: "docker" "rm" "-f" "34093529fd0f07b3446d25dc4852563563b22170ec505944f0147476706b84fd", kill_on_drop: false }`
[INFO] [stdout] 34093529fd0f07b3446d25dc4852563563b22170ec505944f0147476706b84fd
[INFO] running `Command { std: "docker" "create" "-v" "/var/lib/crater-agent-workspace/builds/worker-6-tc1/target:/opt/rustwide/target:rw,Z" "-v" "/var/lib/crater-agent-workspace/builds/worker-6-tc1/source:/opt/rustwide/workdir:ro,Z" "-v" "/var/lib/crater-agent-workspace/cargo-home:/opt/rustwide/cargo-home:ro,Z" "-v" "/var/lib/crater-agent-workspace/rustup-home:/opt/rustwide/rustup-home:ro,Z" "-e" "SOURCE_DIR=/opt/rustwide/workdir" "-e" "CARGO_TARGET_DIR=/opt/rustwide/target" "-e" "CARGO_INCREMENTAL=0" "-e" "RUST_BACKTRACE=full" "-e" "RUSTFLAGS=--cap-lints=forbid" "-e" "RUSTDOCFLAGS=--cap-lints=forbid" "-e" "CARGO_HOME=/opt/rustwide/cargo-home" "-e" "RUSTUP_HOME=/opt/rustwide/rustup-home" "-w" "/opt/rustwide/workdir" "-m" "1610612736" "--user" "0:0" "--network" "none" "ghcr.io/rust-lang/crates-build-env/linux@sha256:819108c5571ea2e421544af4d832f968d213c87fbe3707a016657f43d2f853bc" "/opt/rustwide/cargo-home/bin/cargo" "+nightly-2025-01-18" "test" "--frozen" "--no-run" "--message-format=json", kill_on_drop: false }`
[INFO] [stdout] 471edca21224f46e924d5d90659c7a3329b831761b9181ef8569c0de70a5c25a
[INFO] running `Command { std: "docker" "start" "-a" "471edca21224f46e924d5d90659c7a3329b831761b9181ef8569c0de70a5c25a", kill_on_drop: false }`
[INFO] [stderr]    Compiling pretty_derive v0.1.0 (/opt/rustwide/workdir)
[INFO] [stderr]     Finished `test` profile [unoptimized + debuginfo] target(s) in 0.53s
[INFO] running `Command { std: "docker" "inspect" "471edca21224f46e924d5d90659c7a3329b831761b9181ef8569c0de70a5c25a", kill_on_drop: false }`
[INFO] running `Command { std: "docker" "rm" "-f" "471edca21224f46e924d5d90659c7a3329b831761b9181ef8569c0de70a5c25a", kill_on_drop: false }`
[INFO] [stdout] 471edca21224f46e924d5d90659c7a3329b831761b9181ef8569c0de70a5c25a
[INFO] running `Command { std: "docker" "create" "-v" "/var/lib/crater-agent-workspace/builds/worker-6-tc1/target:/opt/rustwide/target:rw,Z" "-v" "/var/lib/crater-agent-workspace/builds/worker-6-tc1/source:/opt/rustwide/workdir:ro,Z" "-v" "/var/lib/crater-agent-workspace/cargo-home:/opt/rustwide/cargo-home:ro,Z" "-v" "/var/lib/crater-agent-workspace/rustup-home:/opt/rustwide/rustup-home:ro,Z" "-e" "SOURCE_DIR=/opt/rustwide/workdir" "-e" "CARGO_TARGET_DIR=/opt/rustwide/target" "-e" "CARGO_INCREMENTAL=0" "-e" "RUST_BACKTRACE=full" "-e" "RUSTFLAGS=--cap-lints=forbid" "-e" "RUSTDOCFLAGS=--cap-lints=forbid" "-e" "CARGO_HOME=/opt/rustwide/cargo-home" "-e" "RUSTUP_HOME=/opt/rustwide/rustup-home" "-w" "/opt/rustwide/workdir" "-m" "1610612736" "--user" "0:0" "--network" "none" "ghcr.io/rust-lang/crates-build-env/linux@sha256:819108c5571ea2e421544af4d832f968d213c87fbe3707a016657f43d2f853bc" "/opt/rustwide/cargo-home/bin/cargo" "+nightly-2025-01-18" "test" "--frozen", kill_on_drop: false }`
[INFO] [stdout] 1e1e4801c4273c323bb01e96fbbcbcee6a5b438f532b9c96acd1af2423f8a96c
[INFO] running `Command { std: "docker" "start" "-a" "1e1e4801c4273c323bb01e96fbbcbcee6a5b438f532b9c96acd1af2423f8a96c", kill_on_drop: false }`
[INFO] [stderr]     Finished `test` profile [unoptimized + debuginfo] target(s) in 0.04s
[INFO] [stderr]      Running unittests lib.rs (/opt/rustwide/target/debug/deps/pretty_derive-f05e178291298214)
[INFO] [stdout] 
[INFO] [stdout] running 0 tests
[INFO] [stdout] 
[INFO] [stdout] test result: ok. 0 passed; 0 failed; 0 ignored; 0 measured; 0 filtered out; finished in 0.00s
[INFO] [stdout] 
[INFO] [stderr]    Doc-tests pretty_derive
[INFO] [stdout] 
[INFO] [stdout] running 1 test
[INFO] [stdout] test lib.rs - pretty_derive (line 85) ... FAILED
[INFO] [stdout] 
[INFO] [stdout] failures:
[INFO] [stdout] 
[INFO] [stdout] ---- lib.rs - pretty_derive (line 85) stdout ----
[INFO] [stdout] error[E0432]: unresolved import `pretty`
[INFO] [stdout]  --> lib.rs:87:5
[INFO] [stdout]   |
[INFO] [stdout] 5 | use pretty::Doc;
[INFO] [stdout]   |     ^^^^^^ use of undeclared crate or module `pretty`
[INFO] [stdout] 
[INFO] [stdout] error[E0432]: unresolved import `pretty`
[INFO] [stdout]  --> lib.rs:89:10
[INFO] [stdout]   |
[INFO] [stdout] 7 | #[derive(Pretty)]
[INFO] [stdout]   |          ^^^^^^ use of undeclared crate or module `pretty`
[INFO] [stdout]   |
[INFO] [stdout]   = note: this error originates in the derive macro `Pretty` (in Nightly builds, run with -Z macro-backtrace for more info)
[INFO] [stdout] 
[INFO] [stdout] error[E0261]: use of undeclared lifetime name `'a`
[INFO] [stdout]  --> lib.rs:89:10
[INFO] [stdout]   |
[INFO] [stdout] 7 | #[derive(Pretty)]
[INFO] [stdout]   |          ^^^^^^ undeclared lifetime
[INFO] [stdout]   |
[INFO] [stdout]   = note: this error originates in the derive macro `Pretty` (in Nightly builds, run with -Z macro-backtrace for more info)
[INFO] [stdout] 
[INFO] [stdout] error[E0433]: failed to resolve: use of undeclared crate or module `pretty`
[INFO] [stdout]  --> lib.rs:89:10
[INFO] [stdout]   |
[INFO] [stdout] 7 | #[derive(Pretty)]
[INFO] [stdout]   |          ^^^^^^ use of undeclared crate or module `pretty`
[INFO] [stdout]   |
[INFO] [stdout]   = note: this error originates in the derive macro `Pretty` (in Nightly builds, run with -Z macro-backtrace for more info)
[INFO] [stdout] 
[INFO] [stdout] error: aborting due to 4 previous errors
[INFO] [stdout] 
[INFO] [stdout] Some errors have detailed explanations: E0261, E0432, E0433.
[INFO] [stdout] For more information about an error, try `rustc --explain E0261`.
[INFO] [stdout] Couldn't compile the test.
[INFO] [stdout] 
[INFO] [stdout] failures:
[INFO] [stdout]     lib.rs - pretty_derive (line 85)
[INFO] [stdout] 
[INFO] [stdout] test result: FAILED. 0 passed; 1 failed; 0 ignored; 0 measured; 0 filtered out; finished in 0.09s
[INFO] [stdout] 
[INFO] [stderr] error: doctest failed, to rerun pass `--doc`
[INFO] running `Command { std: "docker" "inspect" "1e1e4801c4273c323bb01e96fbbcbcee6a5b438f532b9c96acd1af2423f8a96c", kill_on_drop: false }`
[INFO] running `Command { std: "docker" "rm" "-f" "1e1e4801c4273c323bb01e96fbbcbcee6a5b438f532b9c96acd1af2423f8a96c", kill_on_drop: false }`
[INFO] [stdout] 1e1e4801c4273c323bb01e96fbbcbcee6a5b438f532b9c96acd1af2423f8a96c
