[INFO] fetching crate prest-serde-derive-fork 1.0.216...
[INFO] testing prest-serde-derive-fork-1.0.216 against nightly-2025-01-18 for randomize-layout-2
[INFO] extracting crate prest-serde-derive-fork 1.0.216 into /workspace/builds/worker-3-tc1/source
[INFO] validating manifest of crates.io crate prest-serde-derive-fork 1.0.216 on toolchain nightly-2025-01-18
[INFO] running `Command { std: CARGO_HOME="/workspace/cargo-home" RUSTUP_HOME="/workspace/rustup-home" "/workspace/cargo-home/bin/cargo" "+nightly-2025-01-18" "metadata" "--manifest-path" "Cargo.toml" "--no-deps", kill_on_drop: false }`
[INFO] started tweaking crates.io crate prest-serde-derive-fork 1.0.216
[INFO] finished tweaking crates.io crate prest-serde-derive-fork 1.0.216
[INFO] tweaked toml for crates.io crate prest-serde-derive-fork 1.0.216 written to /workspace/builds/worker-3-tc1/source/Cargo.toml
[INFO] running `Command { std: CARGO_HOME="/workspace/cargo-home" RUSTUP_HOME="/workspace/rustup-home" "/workspace/cargo-home/bin/cargo" "+nightly-2025-01-18" "generate-lockfile" "--manifest-path" "Cargo.toml", kill_on_drop: false }`
[INFO] [stderr]     Updating crates.io index
[INFO] [stderr]      Locking 4 packages to latest compatible versions
[INFO] running `Command { std: CARGO_HOME="/workspace/cargo-home" RUSTUP_HOME="/workspace/rustup-home" "/workspace/cargo-home/bin/cargo" "+nightly-2025-01-18" "fetch" "--manifest-path" "Cargo.toml", kill_on_drop: false }`
[INFO] running `Command { std: "docker" "create" "-v" "/var/lib/crater-agent-workspace/builds/worker-3-tc1/target:/opt/rustwide/target:rw,Z" "-v" "/var/lib/crater-agent-workspace/builds/worker-3-tc1/source:/opt/rustwide/workdir:ro,Z" "-v" "/var/lib/crater-agent-workspace/cargo-home:/opt/rustwide/cargo-home:ro,Z" "-v" "/var/lib/crater-agent-workspace/rustup-home:/opt/rustwide/rustup-home:ro,Z" "-e" "SOURCE_DIR=/opt/rustwide/workdir" "-e" "CARGO_TARGET_DIR=/opt/rustwide/target" "-e" "CARGO_HOME=/opt/rustwide/cargo-home" "-e" "RUSTUP_HOME=/opt/rustwide/rustup-home" "-w" "/opt/rustwide/workdir" "-m" "1610612736" "--user" "0:0" "--network" "none" "ghcr.io/rust-lang/crates-build-env/linux@sha256:819108c5571ea2e421544af4d832f968d213c87fbe3707a016657f43d2f853bc" "/opt/rustwide/cargo-home/bin/cargo" "+nightly-2025-01-18" "metadata" "--no-deps" "--format-version=1", kill_on_drop: false }`
[INFO] [stdout] 4e6b7b99a24e8fa306a0e13c57e8e41f7abd03abdbc0f8907bec4145356cdc45
[INFO] running `Command { std: "docker" "start" "-a" "4e6b7b99a24e8fa306a0e13c57e8e41f7abd03abdbc0f8907bec4145356cdc45", kill_on_drop: false }`
[INFO] running `Command { std: "docker" "inspect" "4e6b7b99a24e8fa306a0e13c57e8e41f7abd03abdbc0f8907bec4145356cdc45", kill_on_drop: false }`
[INFO] running `Command { std: "docker" "rm" "-f" "4e6b7b99a24e8fa306a0e13c57e8e41f7abd03abdbc0f8907bec4145356cdc45", kill_on_drop: false }`
[INFO] [stdout] 4e6b7b99a24e8fa306a0e13c57e8e41f7abd03abdbc0f8907bec4145356cdc45
[INFO] running `Command { std: "docker" "create" "-v" "/var/lib/crater-agent-workspace/builds/worker-3-tc1/target:/opt/rustwide/target:rw,Z" "-v" "/var/lib/crater-agent-workspace/builds/worker-3-tc1/source:/opt/rustwide/workdir:ro,Z" "-v" "/var/lib/crater-agent-workspace/cargo-home:/opt/rustwide/cargo-home:ro,Z" "-v" "/var/lib/crater-agent-workspace/rustup-home:/opt/rustwide/rustup-home:ro,Z" "-e" "SOURCE_DIR=/opt/rustwide/workdir" "-e" "CARGO_TARGET_DIR=/opt/rustwide/target" "-e" "CARGO_INCREMENTAL=0" "-e" "RUST_BACKTRACE=full" "-e" "RUSTFLAGS=--cap-lints=forbid" "-e" "RUSTDOCFLAGS=--cap-lints=forbid" "-e" "CARGO_HOME=/opt/rustwide/cargo-home" "-e" "RUSTUP_HOME=/opt/rustwide/rustup-home" "-w" "/opt/rustwide/workdir" "-m" "1610612736" "--user" "0:0" "--network" "none" "ghcr.io/rust-lang/crates-build-env/linux@sha256:819108c5571ea2e421544af4d832f968d213c87fbe3707a016657f43d2f853bc" "/opt/rustwide/cargo-home/bin/cargo" "+nightly-2025-01-18" "build" "--frozen" "--message-format=json", kill_on_drop: false }`
[INFO] [stdout] eae28cd2aeb2d230148307c2b629cbad35ca3756c1250aeb216d47e6e6059f29
[INFO] running `Command { std: "docker" "start" "-a" "eae28cd2aeb2d230148307c2b629cbad35ca3756c1250aeb216d47e6e6059f29", kill_on_drop: false }`
[INFO] [stderr]    Compiling proc-macro2 v1.0.93
[INFO] [stderr]    Compiling unicode-ident v1.0.14
[INFO] [stderr]    Compiling quote v1.0.38
[INFO] [stderr]    Compiling syn v2.0.96
[INFO] [stderr]    Compiling prest-serde-derive-fork v1.0.216 (/opt/rustwide/workdir)
[INFO] [stderr]     Finished `dev` profile [unoptimized + debuginfo] target(s) in 7.23s
[INFO] running `Command { std: "docker" "inspect" "eae28cd2aeb2d230148307c2b629cbad35ca3756c1250aeb216d47e6e6059f29", kill_on_drop: false }`
[INFO] running `Command { std: "docker" "rm" "-f" "eae28cd2aeb2d230148307c2b629cbad35ca3756c1250aeb216d47e6e6059f29", kill_on_drop: false }`
[INFO] [stdout] eae28cd2aeb2d230148307c2b629cbad35ca3756c1250aeb216d47e6e6059f29
[INFO] running `Command { std: "docker" "create" "-v" "/var/lib/crater-agent-workspace/builds/worker-3-tc1/target:/opt/rustwide/target:rw,Z" "-v" "/var/lib/crater-agent-workspace/builds/worker-3-tc1/source:/opt/rustwide/workdir:ro,Z" "-v" "/var/lib/crater-agent-workspace/cargo-home:/opt/rustwide/cargo-home:ro,Z" "-v" "/var/lib/crater-agent-workspace/rustup-home:/opt/rustwide/rustup-home:ro,Z" "-e" "SOURCE_DIR=/opt/rustwide/workdir" "-e" "CARGO_TARGET_DIR=/opt/rustwide/target" "-e" "CARGO_INCREMENTAL=0" "-e" "RUST_BACKTRACE=full" "-e" "RUSTFLAGS=--cap-lints=forbid" "-e" "RUSTDOCFLAGS=--cap-lints=forbid" "-e" "CARGO_HOME=/opt/rustwide/cargo-home" "-e" "RUSTUP_HOME=/opt/rustwide/rustup-home" "-w" "/opt/rustwide/workdir" "-m" "1610612736" "--user" "0:0" "--network" "none" "ghcr.io/rust-lang/crates-build-env/linux@sha256:819108c5571ea2e421544af4d832f968d213c87fbe3707a016657f43d2f853bc" "/opt/rustwide/cargo-home/bin/cargo" "+nightly-2025-01-18" "test" "--frozen" "--no-run" "--message-format=json", kill_on_drop: false }`
[INFO] [stdout] 31d973bd4c91fb1db2aacc9d9311c2effb571f1d88977463723ed46e09f33a36
[INFO] running `Command { std: "docker" "start" "-a" "31d973bd4c91fb1db2aacc9d9311c2effb571f1d88977463723ed46e09f33a36", kill_on_drop: false }`
[INFO] [stderr]    Compiling prest-serde-derive-fork v1.0.216 (/opt/rustwide/workdir)
[INFO] [stderr]     Finished `test` profile [unoptimized + debuginfo] target(s) in 3.45s
[INFO] running `Command { std: "docker" "inspect" "31d973bd4c91fb1db2aacc9d9311c2effb571f1d88977463723ed46e09f33a36", kill_on_drop: false }`
[INFO] running `Command { std: "docker" "rm" "-f" "31d973bd4c91fb1db2aacc9d9311c2effb571f1d88977463723ed46e09f33a36", kill_on_drop: false }`
[INFO] [stdout] 31d973bd4c91fb1db2aacc9d9311c2effb571f1d88977463723ed46e09f33a36
[INFO] running `Command { std: "docker" "create" "-v" "/var/lib/crater-agent-workspace/builds/worker-3-tc1/target:/opt/rustwide/target:rw,Z" "-v" "/var/lib/crater-agent-workspace/builds/worker-3-tc1/source:/opt/rustwide/workdir:ro,Z" "-v" "/var/lib/crater-agent-workspace/cargo-home:/opt/rustwide/cargo-home:ro,Z" "-v" "/var/lib/crater-agent-workspace/rustup-home:/opt/rustwide/rustup-home:ro,Z" "-e" "SOURCE_DIR=/opt/rustwide/workdir" "-e" "CARGO_TARGET_DIR=/opt/rustwide/target" "-e" "CARGO_INCREMENTAL=0" "-e" "RUST_BACKTRACE=full" "-e" "RUSTFLAGS=--cap-lints=forbid" "-e" "RUSTDOCFLAGS=--cap-lints=forbid" "-e" "CARGO_HOME=/opt/rustwide/cargo-home" "-e" "RUSTUP_HOME=/opt/rustwide/rustup-home" "-w" "/opt/rustwide/workdir" "-m" "1610612736" "--user" "0:0" "--network" "none" "ghcr.io/rust-lang/crates-build-env/linux@sha256:819108c5571ea2e421544af4d832f968d213c87fbe3707a016657f43d2f853bc" "/opt/rustwide/cargo-home/bin/cargo" "+nightly-2025-01-18" "test" "--frozen", kill_on_drop: false }`
[INFO] [stdout] 123012f66180032a5acafbaa2ac21a2e6445eb4af483a123fcd48753bf3ebbad
[INFO] running `Command { std: "docker" "start" "-a" "123012f66180032a5acafbaa2ac21a2e6445eb4af483a123fcd48753bf3ebbad", kill_on_drop: false }`
[INFO] [stderr]     Finished `test` profile [unoptimized + debuginfo] target(s) in 0.02s
[INFO] [stderr]      Running unittests src/lib.rs (/opt/rustwide/target/debug/deps/serde_derive-fac0be3f7ff605ef)
[INFO] [stdout] 
[INFO] [stdout] running 2 tests
[INFO] [stdout] test internals::case::rename_variants ... ok
[INFO] [stdout] test internals::case::rename_fields ... ok
[INFO] [stderr]    Doc-tests serde_derive
[INFO] [stdout] 
[INFO] [stdout] test result: ok. 2 passed; 0 failed; 0 ignored; 0 measured; 0 filtered out; finished in 0.01s
[INFO] [stdout] 
[INFO] [stdout] 
[INFO] [stdout] running 1 test
[INFO] [stdout] test src/lib.rs - (line 3) ... FAILED
[INFO] [stdout] 
[INFO] [stdout] failures:
[INFO] [stdout] 
[INFO] [stdout] ---- src/lib.rs - (line 3) stdout ----
[INFO] [stdout] error[E0432]: unresolved import `prest`
[INFO] [stdout]  --> src/lib.rs:7:10
[INFO] [stdout]   |
[INFO] [stdout] 6 | #[derive(Serialize, Deserialize)]
[INFO] [stdout]   |          ^^^^^^^^^ could not find `prest` in the list of imported crates
[INFO] [stdout]   |
[INFO] [stdout]   = note: this error originates in the derive macro `Serialize` (in Nightly builds, run with -Z macro-backtrace for more info)
[INFO] [stdout] 
[INFO] [stdout] error[E0432]: unresolved import `prest`
[INFO] [stdout]  --> src/lib.rs:7:21
[INFO] [stdout]   |
[INFO] [stdout] 6 | #[derive(Serialize, Deserialize)]
[INFO] [stdout]   |                     ^^^^^^^^^^^ could not find `prest` in the list of imported crates
[INFO] [stdout]   |
[INFO] [stdout]   = note: this error originates in the derive macro `Deserialize` (in Nightly builds, run with -Z macro-backtrace for more info)
[INFO] [stdout] 
[INFO] [stdout] error[E0433]: failed to resolve: could not find `prest` in the list of imported crates
[INFO] [stdout]  --> src/lib.rs:7:10
[INFO] [stdout]   |
[INFO] [stdout] 6 | #[derive(Serialize, Deserialize)]
[INFO] [stdout]   |          ^^^^^^^^^ could not find `prest` in the list of imported crates
[INFO] [stdout]   |
[INFO] [stdout]   = note: this error originates in the derive macro `Serialize` (in Nightly builds, run with -Z macro-backtrace for more info)
[INFO] [stdout] 
[INFO] [stdout] error[E0433]: failed to resolve: could not find `prest` in the list of imported crates
[INFO] [stdout]  --> src/lib.rs:7:21
[INFO] [stdout]   |
[INFO] [stdout] 6 | #[derive(Serialize, Deserialize)]
[INFO] [stdout]   |                     ^^^^^^^^^^^ could not find `prest` in the list of imported crates
[INFO] [stdout]   |
[INFO] [stdout]   = note: this error originates in the derive macro `Deserialize` (in Nightly builds, run with -Z macro-backtrace for more info)
[INFO] [stdout] 
[INFO] [stdout] error: aborting due to 4 previous errors
[INFO] [stdout] 
[INFO] [stdout] Some errors have detailed explanations: E0432, E0433.
[INFO] [stdout] For more information about an error, try `rustc --explain E0432`.
[INFO] [stdout] Couldn't compile the test.
[INFO] [stdout] 
[INFO] [stdout] failures:
[INFO] [stdout]     src/lib.rs - (line 3)
[INFO] [stdout] 
[INFO] [stdout] test result: FAILED. 0 passed; 1 failed; 0 ignored; 0 measured; 0 filtered out; finished in 0.13s
[INFO] [stdout] 
[INFO] [stderr] error: doctest failed, to rerun pass `--doc`
[INFO] running `Command { std: "docker" "inspect" "123012f66180032a5acafbaa2ac21a2e6445eb4af483a123fcd48753bf3ebbad", kill_on_drop: false }`
[INFO] running `Command { std: "docker" "rm" "-f" "123012f66180032a5acafbaa2ac21a2e6445eb4af483a123fcd48753bf3ebbad", kill_on_drop: false }`
[INFO] [stdout] 123012f66180032a5acafbaa2ac21a2e6445eb4af483a123fcd48753bf3ebbad
