[INFO] fetching crate prefixmap 0.1.53...
[INFO] testing prefixmap-0.1.53 against nightly-2025-01-18 for randomize-layout-2
[INFO] extracting crate prefixmap 0.1.53 into /workspace/builds/worker-5-tc1/source
[INFO] validating manifest of crates.io crate prefixmap 0.1.53 on toolchain nightly-2025-01-18
[INFO] running `Command { std: CARGO_HOME="/workspace/cargo-home" RUSTUP_HOME="/workspace/rustup-home" "/workspace/cargo-home/bin/cargo" "+nightly-2025-01-18" "metadata" "--manifest-path" "Cargo.toml" "--no-deps", kill_on_drop: false }`
[INFO] started tweaking crates.io crate prefixmap 0.1.53
[INFO] finished tweaking crates.io crate prefixmap 0.1.53
[INFO] tweaked toml for crates.io crate prefixmap 0.1.53 written to /workspace/builds/worker-5-tc1/source/Cargo.toml
[INFO] running `Command { std: CARGO_HOME="/workspace/cargo-home" RUSTUP_HOME="/workspace/rustup-home" "/workspace/cargo-home/bin/cargo" "+nightly-2025-01-18" "generate-lockfile" "--manifest-path" "Cargo.toml", kill_on_drop: false }`
[INFO] [stderr]     Updating crates.io index
[INFO] [stderr]     Blocking waiting for file lock on package cache
[INFO] [stderr]      Locking 174 packages to latest compatible versions
[INFO] [stderr]       Adding colored v2.2.0 (available: v3.0.0)
[INFO] [stderr]       Adding thiserror v1.0.69 (available: v2.0.11)
[INFO] running `Command { std: CARGO_HOME="/workspace/cargo-home" RUSTUP_HOME="/workspace/rustup-home" "/workspace/cargo-home/bin/cargo" "+nightly-2025-01-18" "fetch" "--manifest-path" "Cargo.toml", kill_on_drop: false }`
[INFO] [stderr]     Blocking waiting for file lock on package cache
[INFO] [stderr]  Downloading crates ...
[INFO] [stderr]   Downloaded iri_s v0.1.58
[INFO] [stderr]   Downloaded oxiri v0.2.11
[INFO] [stderr]   Downloaded oxrdf v0.2.4
[INFO] running `Command { std: "docker" "create" "-v" "/var/lib/crater-agent-workspace/builds/worker-5-tc1/target:/opt/rustwide/target:rw,Z" "-v" "/var/lib/crater-agent-workspace/builds/worker-5-tc1/source:/opt/rustwide/workdir:ro,Z" "-v" "/var/lib/crater-agent-workspace/cargo-home:/opt/rustwide/cargo-home:ro,Z" "-v" "/var/lib/crater-agent-workspace/rustup-home:/opt/rustwide/rustup-home:ro,Z" "-e" "SOURCE_DIR=/opt/rustwide/workdir" "-e" "CARGO_TARGET_DIR=/opt/rustwide/target" "-e" "CARGO_HOME=/opt/rustwide/cargo-home" "-e" "RUSTUP_HOME=/opt/rustwide/rustup-home" "-w" "/opt/rustwide/workdir" "-m" "1610612736" "--user" "0:0" "--network" "none" "ghcr.io/rust-lang/crates-build-env/linux@sha256:819108c5571ea2e421544af4d832f968d213c87fbe3707a016657f43d2f853bc" "/opt/rustwide/cargo-home/bin/cargo" "+nightly-2025-01-18" "metadata" "--no-deps" "--format-version=1", kill_on_drop: false }`
[INFO] [stdout] c266abe61c39b639c79dfc835ebace43d1f182059950995d848dd8419c2503c6
[INFO] running `Command { std: "docker" "start" "-a" "c266abe61c39b639c79dfc835ebace43d1f182059950995d848dd8419c2503c6", kill_on_drop: false }`
[INFO] running `Command { std: "docker" "inspect" "c266abe61c39b639c79dfc835ebace43d1f182059950995d848dd8419c2503c6", kill_on_drop: false }`
[INFO] running `Command { std: "docker" "rm" "-f" "c266abe61c39b639c79dfc835ebace43d1f182059950995d848dd8419c2503c6", kill_on_drop: false }`
[INFO] [stdout] c266abe61c39b639c79dfc835ebace43d1f182059950995d848dd8419c2503c6
[INFO] running `Command { std: "docker" "create" "-v" "/var/lib/crater-agent-workspace/builds/worker-5-tc1/target:/opt/rustwide/target:rw,Z" "-v" "/var/lib/crater-agent-workspace/builds/worker-5-tc1/source:/opt/rustwide/workdir:ro,Z" "-v" "/var/lib/crater-agent-workspace/cargo-home:/opt/rustwide/cargo-home:ro,Z" "-v" "/var/lib/crater-agent-workspace/rustup-home:/opt/rustwide/rustup-home:ro,Z" "-e" "SOURCE_DIR=/opt/rustwide/workdir" "-e" "CARGO_TARGET_DIR=/opt/rustwide/target" "-e" "CARGO_INCREMENTAL=0" "-e" "RUST_BACKTRACE=full" "-e" "RUSTFLAGS=--cap-lints=forbid" "-e" "RUSTDOCFLAGS=--cap-lints=forbid" "-e" "CARGO_HOME=/opt/rustwide/cargo-home" "-e" "RUSTUP_HOME=/opt/rustwide/rustup-home" "-w" "/opt/rustwide/workdir" "-m" "1610612736" "--user" "0:0" "--network" "none" "ghcr.io/rust-lang/crates-build-env/linux@sha256:819108c5571ea2e421544af4d832f968d213c87fbe3707a016657f43d2f853bc" "/opt/rustwide/cargo-home/bin/cargo" "+nightly-2025-01-18" "build" "--frozen" "--message-format=json", kill_on_drop: false }`
[INFO] [stdout] d583a760c62c455f6c800c771b28f67a312472c24669ef88ebb4b02985e995f5
[INFO] running `Command { std: "docker" "start" "-a" "d583a760c62c455f6c800c771b28f67a312472c24669ef88ebb4b02985e995f5", kill_on_drop: false }`
[INFO] [stderr]    Compiling proc-macro2 v1.0.93
[INFO] [stderr]    Compiling unicode-ident v1.0.14
[INFO] [stderr]    Compiling libc v0.2.169
[INFO] [stderr]    Compiling stable_deref_trait v1.2.0
[INFO] [stderr]    Compiling bytes v1.9.0
[INFO] [stderr]    Compiling pin-project-lite v0.2.16
[INFO] [stderr]    Compiling futures-core v0.3.31
[INFO] [stderr]    Compiling cfg-if v1.0.0
[INFO] [stderr]    Compiling autocfg v1.4.0
[INFO] [stderr]    Compiling shlex v1.3.0
[INFO] [stderr]    Compiling pkg-config v0.3.31
[INFO] [stderr]    Compiling vcpkg v0.2.15
[INFO] [stderr]    Compiling serde v1.0.217
[INFO] [stderr]    Compiling futures-sink v0.3.31
[INFO] [stderr]    Compiling itoa v1.0.14
[INFO] [stderr]    Compiling once_cell v1.20.2
[INFO] [stderr]    Compiling litemap v0.7.4
[INFO] [stderr]    Compiling writeable v0.5.5
[INFO] [stderr]    Compiling smallvec v1.13.2
[INFO] [stderr]    Compiling memchr v2.7.4
[INFO] [stderr]    Compiling fnv v1.0.7
[INFO] [stderr]    Compiling pin-utils v0.1.0
[INFO] [stderr]    Compiling icu_locid_transform_data v1.5.0
[INFO] [stderr]    Compiling futures-io v0.3.31
[INFO] [stderr]    Compiling futures-task v0.3.31
[INFO] [stderr]    Compiling cc v1.2.10
[INFO] [stderr]    Compiling tracing-core v0.1.33
[INFO] [stderr]    Compiling openssl v0.10.68
[INFO] [stderr]    Compiling equivalent v1.0.1
[INFO] [stderr]    Compiling foreign-types-shared v0.1.1
[INFO] [stderr]    Compiling hashbrown v0.15.2
[INFO] [stderr]    Compiling httparse v1.9.5
[INFO] [stderr]    Compiling icu_properties_data v1.5.0
[INFO] [stderr]    Compiling foreign-types v0.3.2
[INFO] [stderr]    Compiling atomic-waker v1.1.2
[INFO] [stderr]    Compiling byteorder v1.5.0
[INFO] [stderr]    Compiling utf8_iter v1.0.4
[INFO] [stderr]    Compiling try-lock v0.2.5
[INFO] [stderr]    Compiling bitflags v2.8.0
[INFO] [stderr]    Compiling slab v0.4.9
[INFO] [stderr]    Compiling write16 v1.0.0
[INFO] [stderr]    Compiling icu_normalizer_data v1.5.0
[INFO] [stderr]    Compiling native-tls v0.2.12
[INFO] [stderr]    Compiling utf16_iter v1.0.5
[INFO] [stderr]    Compiling want v0.3.1
[INFO] [stderr]    Compiling futures-channel v0.3.31
[INFO] [stderr]    Compiling log v0.4.25
[INFO] [stderr]    Compiling http v1.2.0
[INFO] [stderr]    Compiling tower-service v0.3.3
[INFO] [stderr]    Compiling openssl-probe v0.1.5
[INFO] [stderr]    Compiling percent-encoding v2.3.1
[INFO] [stderr]    Compiling tracing v0.1.41
[INFO] [stderr]    Compiling serde_json v1.0.137
[INFO] [stderr]    Compiling futures-util v0.3.31
[INFO] [stderr]    Compiling ryu v1.0.18
[INFO] [stderr]    Compiling thiserror v2.0.11
[INFO] [stderr]    Compiling quote v1.0.38
[INFO] [stderr]    Compiling form_urlencoded v1.2.1
[INFO] [stderr]    Compiling sync_wrapper v1.0.2
[INFO] [stderr]    Compiling rustls-pki-types v1.10.1
[INFO] [stderr]    Compiling thiserror v1.0.69
[INFO] [stderr]    Compiling socket2 v0.5.8
[INFO] [stderr]    Compiling mio v1.0.3
[INFO] [stderr]    Compiling getrandom v0.2.15
[INFO] [stderr]    Compiling tower-layer v0.3.3
[INFO] [stderr]    Compiling syn v2.0.96
[INFO] [stderr]    Compiling encoding_rs v0.8.35
[INFO] [stderr]    Compiling rustls-pemfile v2.2.0
[INFO] [stderr]    Compiling base64 v0.22.1
[INFO] [stderr]    Compiling mime v0.3.17
[INFO] [stderr]    Compiling rand_core v0.6.4
[INFO] [stderr]    Compiling oxilangtag v0.1.5
[INFO] [stderr]    Compiling oxiri v0.2.11
[INFO] [stderr]    Compiling ipnet v2.11.0
[INFO] [stderr]    Compiling lazy_static v1.5.0
[INFO] [stderr]    Compiling maplit v1.0.2
[INFO] [stderr]    Compiling colored v2.2.0
[INFO] [stderr]    Compiling http-body v1.0.1
[INFO] [stderr]    Compiling tokio v1.43.0
[INFO] [stderr]    Compiling openssl-sys v0.9.104
[INFO] [stderr]    Compiling indexmap v2.7.1
[INFO] [stderr]    Compiling serde_urlencoded v0.7.1
[INFO] [stderr]    Compiling http-body-util v0.1.2
[INFO] [stderr]    Compiling synstructure v0.13.1
[INFO] [stderr]    Compiling tokio-util v0.7.13
[INFO] [stderr]    Compiling tower v0.5.2
[INFO] [stderr]    Compiling zerofrom-derive v0.1.5
[INFO] [stderr]    Compiling yoke-derive v0.7.5
[INFO] [stderr]    Compiling zerovec-derive v0.10.3
[INFO] [stderr]    Compiling displaydoc v0.2.5
[INFO] [stderr]    Compiling icu_provider_macros v1.5.0
[INFO] [stderr]    Compiling zerocopy-derive v0.7.35
[INFO] [stderr]    Compiling openssl-macros v0.1.1
[INFO] [stderr]    Compiling thiserror-impl v2.0.11
[INFO] [stderr]    Compiling thiserror-impl v1.0.69
[INFO] [stderr]    Compiling serde_derive v1.0.217
[INFO] [stderr]    Compiling h2 v0.4.7
[INFO] [stderr]    Compiling zerocopy v0.7.35
[INFO] [stderr]    Compiling ppv-lite86 v0.2.20
[INFO] [stderr]    Compiling rand_chacha v0.3.1
[INFO] [stderr]    Compiling zerofrom v0.1.5
[INFO] [stderr]    Compiling rand v0.8.5
[INFO] [stderr]    Compiling yoke v0.7.5
[INFO] [stderr]    Compiling zerovec v0.10.4
[INFO] [stderr]    Compiling oxrdf v0.2.4
[INFO] [stderr]    Compiling tinystr v0.7.6
[INFO] [stderr]    Compiling icu_collections v1.5.0
[INFO] [stderr]    Compiling icu_locid v1.5.0
[INFO] [stderr]    Compiling hyper v1.5.2
[INFO] [stderr]    Compiling tokio-native-tls v0.3.1
[INFO] [stderr]    Compiling icu_provider v1.5.0
[INFO] [stderr]    Compiling hyper-util v0.1.10
[INFO] [stderr]    Compiling icu_locid_transform v1.5.0
[INFO] [stderr]    Compiling icu_properties v1.5.1
[INFO] [stderr]    Compiling hyper-tls v0.6.0
[INFO] [stderr]    Compiling icu_normalizer v1.5.0
[INFO] [stderr]    Compiling idna_adapter v1.2.0
[INFO] [stderr]    Compiling idna v1.0.3
[INFO] [stderr]    Compiling url v2.5.4
[INFO] [stderr]    Compiling reqwest v0.12.12
[INFO] [stderr]    Compiling iri_s v0.1.58
[INFO] [stderr]    Compiling prefixmap v0.1.53 (/opt/rustwide/workdir)
[INFO] [stderr]     Finished `dev` profile [unoptimized + debuginfo] target(s) in 34.76s
[INFO] running `Command { std: "docker" "inspect" "d583a760c62c455f6c800c771b28f67a312472c24669ef88ebb4b02985e995f5", kill_on_drop: false }`
[INFO] running `Command { std: "docker" "rm" "-f" "d583a760c62c455f6c800c771b28f67a312472c24669ef88ebb4b02985e995f5", kill_on_drop: false }`
[INFO] [stdout] d583a760c62c455f6c800c771b28f67a312472c24669ef88ebb4b02985e995f5
[INFO] running `Command { std: "docker" "create" "-v" "/var/lib/crater-agent-workspace/builds/worker-5-tc1/target:/opt/rustwide/target:rw,Z" "-v" "/var/lib/crater-agent-workspace/builds/worker-5-tc1/source:/opt/rustwide/workdir:ro,Z" "-v" "/var/lib/crater-agent-workspace/cargo-home:/opt/rustwide/cargo-home:ro,Z" "-v" "/var/lib/crater-agent-workspace/rustup-home:/opt/rustwide/rustup-home:ro,Z" "-e" "SOURCE_DIR=/opt/rustwide/workdir" "-e" "CARGO_TARGET_DIR=/opt/rustwide/target" "-e" "CARGO_INCREMENTAL=0" "-e" "RUST_BACKTRACE=full" "-e" "RUSTFLAGS=--cap-lints=forbid" "-e" "RUSTDOCFLAGS=--cap-lints=forbid" "-e" "CARGO_HOME=/opt/rustwide/cargo-home" "-e" "RUSTUP_HOME=/opt/rustwide/rustup-home" "-w" "/opt/rustwide/workdir" "-m" "1610612736" "--user" "0:0" "--network" "none" "ghcr.io/rust-lang/crates-build-env/linux@sha256:819108c5571ea2e421544af4d832f968d213c87fbe3707a016657f43d2f853bc" "/opt/rustwide/cargo-home/bin/cargo" "+nightly-2025-01-18" "test" "--frozen" "--no-run" "--message-format=json", kill_on_drop: false }`
[INFO] [stdout] c1d9db097a22be7cafeeaa75ed31ee32e80cfcf640b930076e38085962d903b1
[INFO] running `Command { std: "docker" "start" "-a" "c1d9db097a22be7cafeeaa75ed31ee32e80cfcf640b930076e38085962d903b1", kill_on_drop: false }`
[INFO] [stderr]    Compiling prefixmap v0.1.53 (/opt/rustwide/workdir)
[INFO] [stderr]     Finished `test` profile [unoptimized + debuginfo] target(s) in 1.14s
[INFO] running `Command { std: "docker" "inspect" "c1d9db097a22be7cafeeaa75ed31ee32e80cfcf640b930076e38085962d903b1", kill_on_drop: false }`
[INFO] running `Command { std: "docker" "rm" "-f" "c1d9db097a22be7cafeeaa75ed31ee32e80cfcf640b930076e38085962d903b1", kill_on_drop: false }`
[INFO] [stdout] c1d9db097a22be7cafeeaa75ed31ee32e80cfcf640b930076e38085962d903b1
[INFO] running `Command { std: "docker" "create" "-v" "/var/lib/crater-agent-workspace/builds/worker-5-tc1/target:/opt/rustwide/target:rw,Z" "-v" "/var/lib/crater-agent-workspace/builds/worker-5-tc1/source:/opt/rustwide/workdir:ro,Z" "-v" "/var/lib/crater-agent-workspace/cargo-home:/opt/rustwide/cargo-home:ro,Z" "-v" "/var/lib/crater-agent-workspace/rustup-home:/opt/rustwide/rustup-home:ro,Z" "-e" "SOURCE_DIR=/opt/rustwide/workdir" "-e" "CARGO_TARGET_DIR=/opt/rustwide/target" "-e" "CARGO_INCREMENTAL=0" "-e" "RUST_BACKTRACE=full" "-e" "RUSTFLAGS=--cap-lints=forbid" "-e" "RUSTDOCFLAGS=--cap-lints=forbid" "-e" "CARGO_HOME=/opt/rustwide/cargo-home" "-e" "RUSTUP_HOME=/opt/rustwide/rustup-home" "-w" "/opt/rustwide/workdir" "-m" "1610612736" "--user" "0:0" "--network" "none" "ghcr.io/rust-lang/crates-build-env/linux@sha256:819108c5571ea2e421544af4d832f968d213c87fbe3707a016657f43d2f853bc" "/opt/rustwide/cargo-home/bin/cargo" "+nightly-2025-01-18" "test" "--frozen", kill_on_drop: false }`
[INFO] [stdout] 7fadf65b64e776f54db3e2936293e557bc69d6fc2830b0d986bfe5ca04c898df
[INFO] running `Command { std: "docker" "start" "-a" "7fadf65b64e776f54db3e2936293e557bc69d6fc2830b0d986bfe5ca04c898df", kill_on_drop: false }`
[INFO] [stderr]     Finished `test` profile [unoptimized + debuginfo] target(s) in 0.17s
[INFO] [stderr]      Running unittests src/lib.rs (/opt/rustwide/target/debug/deps/prefixmap-830a38f6f28f9ddb)
[INFO] [stdout] 
[INFO] [stdout] running 7 tests
[INFO] [stdout] test prefixmap::tests::prefix_map1 ... ok
[INFO] [stdout] test prefixmap::tests::prefixmap_resolve_xsd ... ok
[INFO] [stdout] test prefixmap::tests::qualify ... ok
[INFO] [stdout] test prefixmap::tests::prefixmap_display ... ok
[INFO] [stdout] test prefixmap::tests::split_ex_name ... ok
[INFO] [stdout] test tests::it_works ... ok
[INFO] [stdout] test prefixmap::tests::prefixmap_resolve ... ok
[INFO] [stdout] 
[INFO] [stdout] test result: ok. 7 passed; 0 failed; 0 ignored; 0 measured; 0 filtered out; finished in 0.00s
[INFO] [stdout] 
[INFO] [stderr]    Doc-tests prefixmap
[INFO] [stdout] 
[INFO] [stdout] running 7 tests
[INFO] [stdout] test src/prefixmap.rs - prefixmap::PrefixMap::qualify_optional (line 230) ... FAILED
[INFO] [stdout] test src/lib.rs - (line 14) ... ok
[INFO] [stdout] test src/prefixmap.rs - prefixmap::PrefixMap::resolve (line 105) ... ok
[INFO] [stdout] test src/prefixmap.rs - prefixmap::PrefixMap::qualify (line 197) ... ok
[INFO] [stdout] test src/prefixmap.rs - prefixmap::PrefixMap::resolve_prefix_local (line 153) ... ok
[INFO] [stdout] test src/prefixmap.rs - prefixmap::PrefixMap::qualify_and_length (line 290) ... ok
[INFO] [stdout] test src/prefixmap.rs - prefixmap::PrefixMap::qualify_local (line 359) ... ok
[INFO] [stdout] 
[INFO] [stdout] failures:
[INFO] [stdout] 
[INFO] [stdout] ---- src/prefixmap.rs - prefixmap::PrefixMap::qualify_optional (line 230) stdout ----
[INFO] [stdout] error[E0277]: can't compare `String` with `Option<&str>`
[INFO] [stdout]   --> src/prefixmap.rs:243:1
[INFO] [stdout]    |
[INFO] [stdout] 16 | assert_eq!(pm.qualify(&a), Some(":a"));
[INFO] [stdout]    | ^^^^^^^^^^^^^^^^^^^^^^^^^^^^^^^^^^^^^^ no implementation for `String == Option<&str>`
[INFO] [stdout]    |
[INFO] [stdout]    = help: the trait `PartialEq<Option<&str>>` is not implemented for `String`
[INFO] [stdout]    = help: the following other types implement trait `PartialEq<Rhs>`:
[INFO] [stdout]              `String` implements `PartialEq<&str>`
[INFO] [stdout]              `String` implements `PartialEq<Cow<'_, str>>`
[INFO] [stdout]              `String` implements `PartialEq<bytes::bytes::Bytes>`
[INFO] [stdout]              `String` implements `PartialEq<bytes::bytes_mut::BytesMut>`
[INFO] [stdout]              `String` implements `PartialEq<http::header::value::HeaderValue>`
[INFO] [stdout]              `String` implements `PartialEq<http::uri::authority::Authority>`
[INFO] [stdout]              `String` implements `PartialEq<http::uri::path::PathAndQuery>`
[INFO] [stdout]              `String` implements `PartialEq<oxilangtag::LanguageTag<T>>`
[INFO] [stdout]            and 6 others
[INFO] [stdout]    = note: this error originates in the macro `assert_eq` (in Nightly builds, run with -Z macro-backtrace for more info)
[INFO] [stdout] 
[INFO] [stdout] error[E0277]: can't compare `String` with `Option<&str>`
[INFO] [stdout]   --> src/prefixmap.rs:246:1
[INFO] [stdout]    |
[INFO] [stdout] 19 | assert_eq!(pm.qualify(&knows), Some("schema:knows"));
[INFO] [stdout]    | ^^^^^^^^^^^^^^^^^^^^^^^^^^^^^^^^^^^^^^^^^^^^^^^^^^^^ no implementation for `String == Option<&str>`
[INFO] [stdout]    |
[INFO] [stdout]    = help: the trait `PartialEq<Option<&str>>` is not implemented for `String`
[INFO] [stdout]    = help: the following other types implement trait `PartialEq<Rhs>`:
[INFO] [stdout]              `String` implements `PartialEq<&str>`
[INFO] [stdout]              `String` implements `PartialEq<Cow<'_, str>>`
[INFO] [stdout]              `String` implements `PartialEq<bytes::bytes::Bytes>`
[INFO] [stdout]              `String` implements `PartialEq<bytes::bytes_mut::BytesMut>`
[INFO] [stdout]              `String` implements `PartialEq<http::header::value::HeaderValue>`
[INFO] [stdout]              `String` implements `PartialEq<http::uri::authority::Authority>`
[INFO] [stdout]              `String` implements `PartialEq<http::uri::path::PathAndQuery>`
[INFO] [stdout]              `String` implements `PartialEq<oxilangtag::LanguageTag<T>>`
[INFO] [stdout]            and 6 others
[INFO] [stdout]    = note: this error originates in the macro `assert_eq` (in Nightly builds, run with -Z macro-backtrace for more info)
[INFO] [stdout] 
[INFO] [stdout] error[E0277]: can't compare `String` with `Option<_>`
[INFO] [stdout]   --> src/prefixmap.rs:249:1
[INFO] [stdout]    |
[INFO] [stdout] 22 | assert_eq!(pm.qualify(&other), None);
[INFO] [stdout]    | ^^^^^^^^^^^^^^^^^^^^^^^^^^^^^^^^^^^^ no implementation for `String == Option<_>`
[INFO] [stdout]    |
[INFO] [stdout]    = help: the trait `PartialEq<Option<_>>` is not implemented for `String`
[INFO] [stdout]    = help: the following other types implement trait `PartialEq<Rhs>`:
[INFO] [stdout]              `String` implements `PartialEq<&str>`
[INFO] [stdout]              `String` implements `PartialEq<Cow<'_, str>>`
[INFO] [stdout]              `String` implements `PartialEq<bytes::bytes::Bytes>`
[INFO] [stdout]              `String` implements `PartialEq<bytes::bytes_mut::BytesMut>`
[INFO] [stdout]              `String` implements `PartialEq<http::header::value::HeaderValue>`
[INFO] [stdout]              `String` implements `PartialEq<http::uri::authority::Authority>`
[INFO] [stdout]              `String` implements `PartialEq<http::uri::path::PathAndQuery>`
[INFO] [stdout]              `String` implements `PartialEq<oxilangtag::LanguageTag<T>>`
[INFO] [stdout]            and 6 others
[INFO] [stdout]    = note: this error originates in the macro `assert_eq` (in Nightly builds, run with -Z macro-backtrace for more info)
[INFO] [stdout] 
[INFO] [stdout] error: aborting due to 3 previous errors
[INFO] [stdout] 
[INFO] [stdout] For more information about this error, try `rustc --explain E0277`.
[INFO] [stdout] Couldn't compile the test.
[INFO] [stdout] 
[INFO] [stdout] failures:
[INFO] [stdout]     src/prefixmap.rs - prefixmap::PrefixMap::qualify_optional (line 230)
[INFO] [stdout] 
[INFO] [stdout] test result: FAILED. 6 passed; 1 failed; 0 ignored; 0 measured; 0 filtered out; finished in 1.54s
[INFO] [stdout] 
[INFO] [stderr] error: doctest failed, to rerun pass `--doc`
[INFO] running `Command { std: "docker" "inspect" "7fadf65b64e776f54db3e2936293e557bc69d6fc2830b0d986bfe5ca04c898df", kill_on_drop: false }`
[INFO] running `Command { std: "docker" "rm" "-f" "7fadf65b64e776f54db3e2936293e557bc69d6fc2830b0d986bfe5ca04c898df", kill_on_drop: false }`
[INFO] [stdout] 7fadf65b64e776f54db3e2936293e557bc69d6fc2830b0d986bfe5ca04c898df
