[INFO] fetching crate preexplorer 0.5.2...
[INFO] testing preexplorer-0.5.2 against nightly-2025-01-18+rustflags=-Zrandomize-layout for randomize-layout-2
[INFO] extracting crate preexplorer 0.5.2 into /workspace/builds/worker-6-tc2/source
[INFO] validating manifest of crates.io crate preexplorer 0.5.2 on toolchain nightly-2025-01-18
[INFO] running `Command { std: CARGO_HOME="/workspace/cargo-home" RUSTUP_HOME="/workspace/rustup-home" "/workspace/cargo-home/bin/cargo" "+nightly-2025-01-18" "metadata" "--manifest-path" "Cargo.toml" "--no-deps", kill_on_drop: false }`
[INFO] started tweaking crates.io crate preexplorer 0.5.2
[INFO] finished tweaking crates.io crate preexplorer 0.5.2
[INFO] tweaked toml for crates.io crate preexplorer 0.5.2 written to /workspace/builds/worker-6-tc2/source/Cargo.toml
[INFO] crate crates.io crate preexplorer 0.5.2 already has a lockfile, it will not be regenerated
[INFO] running `Command { std: CARGO_HOME="/workspace/cargo-home" RUSTUP_HOME="/workspace/rustup-home" "/workspace/cargo-home/bin/cargo" "+nightly-2025-01-18" "fetch" "--manifest-path" "Cargo.toml", kill_on_drop: false }`
[INFO] running `Command { std: "docker" "create" "-v" "/var/lib/crater-agent-workspace/builds/worker-6-tc2/target:/opt/rustwide/target:rw,Z" "-v" "/var/lib/crater-agent-workspace/builds/worker-6-tc2/source:/opt/rustwide/workdir:ro,Z" "-v" "/var/lib/crater-agent-workspace/cargo-home:/opt/rustwide/cargo-home:ro,Z" "-v" "/var/lib/crater-agent-workspace/rustup-home:/opt/rustwide/rustup-home:ro,Z" "-e" "SOURCE_DIR=/opt/rustwide/workdir" "-e" "CARGO_TARGET_DIR=/opt/rustwide/target" "-e" "CARGO_HOME=/opt/rustwide/cargo-home" "-e" "RUSTUP_HOME=/opt/rustwide/rustup-home" "-w" "/opt/rustwide/workdir" "-m" "1610612736" "--user" "0:0" "--network" "none" "ghcr.io/rust-lang/crates-build-env/linux@sha256:819108c5571ea2e421544af4d832f968d213c87fbe3707a016657f43d2f853bc" "/opt/rustwide/cargo-home/bin/cargo" "+nightly-2025-01-18" "metadata" "--no-deps" "--format-version=1", kill_on_drop: false }`
[INFO] [stdout] d96408bc393420b05294246a1fd5a6d732634f8a88f9b721d5f7cef0910698f1
[INFO] running `Command { std: "docker" "start" "-a" "d96408bc393420b05294246a1fd5a6d732634f8a88f9b721d5f7cef0910698f1", kill_on_drop: false }`
[INFO] running `Command { std: "docker" "inspect" "d96408bc393420b05294246a1fd5a6d732634f8a88f9b721d5f7cef0910698f1", kill_on_drop: false }`
[INFO] running `Command { std: "docker" "rm" "-f" "d96408bc393420b05294246a1fd5a6d732634f8a88f9b721d5f7cef0910698f1", kill_on_drop: false }`
[INFO] [stdout] d96408bc393420b05294246a1fd5a6d732634f8a88f9b721d5f7cef0910698f1
[INFO] running `Command { std: "docker" "create" "-v" "/var/lib/crater-agent-workspace/builds/worker-6-tc2/target:/opt/rustwide/target:rw,Z" "-v" "/var/lib/crater-agent-workspace/builds/worker-6-tc2/source:/opt/rustwide/workdir:ro,Z" "-v" "/var/lib/crater-agent-workspace/cargo-home:/opt/rustwide/cargo-home:ro,Z" "-v" "/var/lib/crater-agent-workspace/rustup-home:/opt/rustwide/rustup-home:ro,Z" "-e" "SOURCE_DIR=/opt/rustwide/workdir" "-e" "CARGO_TARGET_DIR=/opt/rustwide/target" "-e" "CARGO_INCREMENTAL=0" "-e" "RUST_BACKTRACE=full" "-e" "RUSTFLAGS=--cap-lints=forbid -Zrandomize-layout" "-e" "RUSTDOCFLAGS=--cap-lints=forbid" "-e" "CARGO_HOME=/opt/rustwide/cargo-home" "-e" "RUSTUP_HOME=/opt/rustwide/rustup-home" "-w" "/opt/rustwide/workdir" "-m" "1610612736" "--user" "0:0" "--network" "none" "ghcr.io/rust-lang/crates-build-env/linux@sha256:819108c5571ea2e421544af4d832f968d213c87fbe3707a016657f43d2f853bc" "/opt/rustwide/cargo-home/bin/cargo" "+nightly-2025-01-18" "build" "--frozen" "--message-format=json", kill_on_drop: false }`
[INFO] [stdout] 0a9eab0ab29399bf4991610ca033731a3b7d0ed410ad97bf5874522e2cfcaf5e
[INFO] running `Command { std: "docker" "start" "-a" "0a9eab0ab29399bf4991610ca033731a3b7d0ed410ad97bf5874522e2cfcaf5e", kill_on_drop: false }`
[INFO] [stderr]    Compiling proc-macro2 v1.0.78
[INFO] [stderr]    Compiling unicode-ident v1.0.12
[INFO] [stderr]    Compiling autocfg v1.1.0
[INFO] [stderr]    Compiling version_check v0.9.4
[INFO] [stderr]    Compiling syn v1.0.109
[INFO] [stderr]    Compiling unicode-segmentation v1.11.0
[INFO] [stderr]    Compiling custom_derive v0.1.7
[INFO] [stderr]    Compiling rawpointer v0.2.1
[INFO] [stderr]    Compiling thiserror v1.0.57
[INFO] [stderr]    Compiling ndarray v0.13.1
[INFO] [stderr]    Compiling iana-time-zone v0.1.60
[INFO] [stderr]    Compiling float-ord v0.2.0
[INFO] [stderr]    Compiling conv v0.3.3
[INFO] [stderr]    Compiling matrixmultiply v0.2.4
[INFO] [stderr]    Compiling num-traits v0.2.18
[INFO] [stderr]    Compiling num-complex v0.2.4
[INFO] [stderr]    Compiling proc-macro-error-attr v1.0.4
[INFO] [stderr]    Compiling proc-macro-error v1.0.4
[INFO] [stderr]    Compiling heck v0.3.3
[INFO] [stderr]    Compiling quote v1.0.35
[INFO] [stderr]    Compiling syn v2.0.52
[INFO] [stderr]    Compiling num-integer v0.1.46
[INFO] [stderr]    Compiling chrono v0.4.35
[INFO] [stderr]    Compiling average v0.10.6
[INFO] [stderr]    Compiling strum_macros v0.21.1
[INFO] [stderr]    Compiling getset v0.1.2
[INFO] [stderr]    Compiling strum v0.21.0
[INFO] [stderr]    Compiling thiserror-impl v1.0.57
[INFO] [stderr]    Compiling preexplorer v0.5.2 (/opt/rustwide/workdir)
[INFO] [stderr]     Finished `dev` profile [unoptimized + debuginfo] target(s) in 10.57s
[INFO] running `Command { std: "docker" "inspect" "0a9eab0ab29399bf4991610ca033731a3b7d0ed410ad97bf5874522e2cfcaf5e", kill_on_drop: false }`
[INFO] running `Command { std: "docker" "rm" "-f" "0a9eab0ab29399bf4991610ca033731a3b7d0ed410ad97bf5874522e2cfcaf5e", kill_on_drop: false }`
[INFO] [stdout] 0a9eab0ab29399bf4991610ca033731a3b7d0ed410ad97bf5874522e2cfcaf5e
[INFO] running `Command { std: "docker" "create" "-v" "/var/lib/crater-agent-workspace/builds/worker-6-tc2/target:/opt/rustwide/target:rw,Z" "-v" "/var/lib/crater-agent-workspace/builds/worker-6-tc2/source:/opt/rustwide/workdir:ro,Z" "-v" "/var/lib/crater-agent-workspace/cargo-home:/opt/rustwide/cargo-home:ro,Z" "-v" "/var/lib/crater-agent-workspace/rustup-home:/opt/rustwide/rustup-home:ro,Z" "-e" "SOURCE_DIR=/opt/rustwide/workdir" "-e" "CARGO_TARGET_DIR=/opt/rustwide/target" "-e" "CARGO_INCREMENTAL=0" "-e" "RUST_BACKTRACE=full" "-e" "RUSTFLAGS=--cap-lints=forbid -Zrandomize-layout" "-e" "RUSTDOCFLAGS=--cap-lints=forbid" "-e" "CARGO_HOME=/opt/rustwide/cargo-home" "-e" "RUSTUP_HOME=/opt/rustwide/rustup-home" "-w" "/opt/rustwide/workdir" "-m" "1610612736" "--user" "0:0" "--network" "none" "ghcr.io/rust-lang/crates-build-env/linux@sha256:819108c5571ea2e421544af4d832f968d213c87fbe3707a016657f43d2f853bc" "/opt/rustwide/cargo-home/bin/cargo" "+nightly-2025-01-18" "test" "--frozen" "--no-run" "--message-format=json", kill_on_drop: false }`
[INFO] [stdout] 420bd215d00bb75413584ab107d38c2e5221b02084d34698c66addd094eb35bf
[INFO] running `Command { std: "docker" "start" "-a" "420bd215d00bb75413584ab107d38c2e5221b02084d34698c66addd094eb35bf", kill_on_drop: false }`
[INFO] [stderr]    Compiling libc v0.2.153
[INFO] [stderr]    Compiling getrandom v0.1.16
[INFO] [stderr]    Compiling cfg-if v1.0.0
[INFO] [stderr]    Compiling ppv-lite86 v0.2.17
[INFO] [stderr]    Compiling serde v1.0.197
[INFO] [stderr]    Compiling serde_derive v1.0.197
[INFO] [stderr]    Compiling anyhow v1.0.80
[INFO] [stderr]    Compiling base64 v0.13.1
[INFO] [stderr]    Compiling either v1.10.0
[INFO] [stderr]    Compiling bitflags v1.3.2
[INFO] [stderr]    Compiling itertools v0.9.0
[INFO] [stderr]    Compiling rand_core v0.5.1
[INFO] [stderr]    Compiling rand_chacha v0.2.2
[INFO] [stderr]    Compiling rand v0.7.3
[INFO] [stderr]    Compiling rand_distr v0.2.2
[INFO] [stderr]    Compiling ron v0.6.6
[INFO] [stderr]    Compiling preexplorer v0.5.2 (/opt/rustwide/workdir)
[INFO] [stderr]     Finished `test` profile [unoptimized + debuginfo] target(s) in 14.67s
[INFO] running `Command { std: "docker" "inspect" "420bd215d00bb75413584ab107d38c2e5221b02084d34698c66addd094eb35bf", kill_on_drop: false }`
[INFO] running `Command { std: "docker" "rm" "-f" "420bd215d00bb75413584ab107d38c2e5221b02084d34698c66addd094eb35bf", kill_on_drop: false }`
[INFO] [stdout] 420bd215d00bb75413584ab107d38c2e5221b02084d34698c66addd094eb35bf
[INFO] running `Command { std: "docker" "create" "-v" "/var/lib/crater-agent-workspace/builds/worker-6-tc2/target:/opt/rustwide/target:rw,Z" "-v" "/var/lib/crater-agent-workspace/builds/worker-6-tc2/source:/opt/rustwide/workdir:ro,Z" "-v" "/var/lib/crater-agent-workspace/cargo-home:/opt/rustwide/cargo-home:ro,Z" "-v" "/var/lib/crater-agent-workspace/rustup-home:/opt/rustwide/rustup-home:ro,Z" "-e" "SOURCE_DIR=/opt/rustwide/workdir" "-e" "CARGO_TARGET_DIR=/opt/rustwide/target" "-e" "CARGO_INCREMENTAL=0" "-e" "RUST_BACKTRACE=full" "-e" "RUSTFLAGS=--cap-lints=forbid -Zrandomize-layout" "-e" "RUSTDOCFLAGS=--cap-lints=forbid" "-e" "CARGO_HOME=/opt/rustwide/cargo-home" "-e" "RUSTUP_HOME=/opt/rustwide/rustup-home" "-w" "/opt/rustwide/workdir" "-m" "1610612736" "--user" "0:0" "--network" "none" "ghcr.io/rust-lang/crates-build-env/linux@sha256:819108c5571ea2e421544af4d832f968d213c87fbe3707a016657f43d2f853bc" "/opt/rustwide/cargo-home/bin/cargo" "+nightly-2025-01-18" "test" "--frozen", kill_on_drop: false }`
[INFO] [stdout] 44e20230a9461040b40ad7df78573e346c0393056cf3817206fd6c4045c2f6a8
[INFO] running `Command { std: "docker" "start" "-a" "44e20230a9461040b40ad7df78573e346c0393056cf3817206fd6c4045c2f6a8", kill_on_drop: false }`
[INFO] [stderr]     Finished `test` profile [unoptimized + debuginfo] target(s) in 0.09s
[INFO] [stderr]      Running unittests src/lib.rs (/opt/rustwide/target/debug/deps/preexplorer-a1bd0de2acff0eca)
[INFO] [stdout] 
[INFO] [stdout] running 26 tests
[INFO] [stdout] test configuration::plot::style::tests::default ... ok
[INFO] [stdout] test configuration::plot::tests::pause ... ok
[INFO] [stdout] test configuration::tests::dashtype ... ok
[INFO] [stdout] test configuration::tests::labels ... ok
[INFO] [stdout] test configuration::tests::id ... ok
[INFO] [stdout] test configuration::tests::custom ... ok
[INFO] [stdout] test configuration::tests::extensions ... ok
[INFO] [stdout] test configuration::plot::style::tests::from_str ... ok
[INFO] [stdout] test configuration::tests::log_axis ... ok
[INFO] [stdout] test configuration::tests::paths ... ok
[INFO] [stdout] test configuration::tests::pause ... ok
[INFO] [stdout] test configuration::tests::ranges ... ok
[INFO] [stdout] test configuration::tests::style ... ok
[INFO] [stdout] test configuration::tests::date ... ok
[INFO] [stdout] test configuration::tests::tics ... ok
[INFO] [stdout] test configuration::tests::title ... ok
[INFO] [stdout] test data::tests::new ... ok
[INFO] [stdout] test process::bin::tests::set_style ... ok
[INFO] [stdout] test process::violin::tests::set_style ... ok
[INFO] [stdout] test sequence::bin::tests::set_style ... ok
[INFO] [stdout] test sequence::error::tests::set_style ... ok
[INFO] [stdout] test sequence::tests::set_style ... ok
[INFO] [stdout] test sequence::violin::tests::from_densitites ... ok
[INFO] [stdout] test sequence::violin::tests::set_style ... ok
[INFO] [stdout] test sequence::error::tests::from_densitites ... ok
[INFO] [stdout] test configuration::tests::header ... ok
[INFO] [stdout] 
[INFO] [stdout] test result: ok. 26 passed; 0 failed; 0 ignored; 0 measured; 0 filtered out; finished in 0.02s
[INFO] [stdout] 
[INFO] [stderr]    Doc-tests preexplorer
[INFO] [stdout] 
[INFO] [stdout] running 77 tests
[INFO] [stdout] test src/data.rs - data::Data (line 18) - compile ... ok
[INFO] [stdout] test src/density/comparison.rs - density::comparison::Densities (line 14) - compile ... ok
[INFO] [stdout] test src/lib.rs - (line 38) - compile ... ok
[INFO] [stdout] test src/density.rs - density::Density (line 16) - compile ... ok
[INFO] [stdout] test src/density.rs - density::Density<T>::new (line 51) - compile ... ok
[INFO] [stdout] test src/lib.rs - (line 51) - compile ... ok
[INFO] [stdout] test src/lib.rs - (line 27) - compile ... ok
[INFO] [stdout] test src/density.rs - density::Density (line 22) - compile ... ok
[INFO] [stdout] test src/lib.rs - prelude (line 106) - compile ... ok
[INFO] [stdout] test src/contour.rs - contour::Contour (line 13) - compile ... ok
[INFO] [stdout] test src/lib.rs - prelude (line 115) - compile ... ok
[INFO] [stdout] test src/process.rs - process::Process (line 27) - compile ... ok
[INFO] [stdout] test src/matrix/comparison.rs - matrix::comparison::Heatmaps (line 14) - compile ... ok
[INFO] [stdout] test src/process.rs - process::Process (line 33) - compile ... ok
[INFO] [stdout] test src/lib.rs - traits (line 110) ... ok
[INFO] [stdout] test src/contour.rs - contour::Contour<T,S,U>::new (line 51) ... ok
[INFO] [stdout] test src/process/bin.rs - process::bin::ProcessBin (line 15) - compile ... ok
[INFO] [stdout] test src/lib.rs - traits (line 130) ... ok
[INFO] [stdout] test src/lib.rs - traits (line 161) ... ok
[INFO] [stdout] test src/lib.rs - (line 62) - compile ... ok
[INFO] [stdout] test src/matrix.rs - matrix::Heatmap (line 28) - compile ... ok
[INFO] [stdout] test src/process/comparison.rs - process::comparison::Processes (line 14) - compile ... ok
[INFO] [stdout] test src/process/bin.rs - process::bin::ProcessBin (line 23) - compile ... ok
[INFO] [stdout] test src/process/error.rs - process::error::ProcessError (line 26) - compile ... ok
[INFO] [stdout] test src/process/bin/comparison.rs - process::bin::comparison::ProcessBins (line 15) - compile ... ok
[INFO] [stdout] test src/density.rs - density::Density<T>::set_bins (line 147) ... ok
[INFO] [stdout] test src/matrix.rs - matrix::Heatmap (line 36) - compile ... ok
[INFO] [stdout] test src/process/error/comparison.rs - process::error::comparison::ProcessErrors (line 14) - compile ... ok
[INFO] [stdout] test src/process/violin/comparison.rs - process::violin::comparison::ProcessViolins (line 15) - compile ... ok
[INFO] [stdout] test src/process/error.rs - process::error::ProcessError (line 18) - compile ... ok
[INFO] [stdout] test src/process.rs - process::Process<T,S>::new (line 68) ... ok
[INFO] [stdout] test src/process/violin.rs - process::violin::ProcessViolin (line 23) - compile ... ok
[INFO] [stdout] test src/sequence/bin.rs - sequence::bin::SequenceBin (line 28) - compile ... ok
[INFO] [stdout] test src/density.rs - density::Density<T>::set_cdf (line 84) ... ok
[INFO] [stdout] test src/process/violin.rs - process::violin::ProcessViolin (line 16) - compile ... ok
[INFO] [stdout] test src/sequence.rs - sequence::Sequence (line 27) - compile ... ok
[INFO] [stdout] test src/density.rs - density::Density<T>::set_cloud (line 120) ... ok
[INFO] [stdout] test src/density.rs - density::Density<T>::set_pdf (line 102) ... ok
[INFO] [stdout] test src/sequence/error.rs - sequence::error::SequenceError (line 25) - compile ... ok
[INFO] [stdout] test src/sequence/bin/comparison.rs - sequence::bin::comparison::SequenceBins (line 15) - compile ... ok
[INFO] [stdout] test src/sequence/error.rs - sequence::error::SequenceError (line 18) - compile ... ok
[INFO] [stdout] test src/sequence.rs - sequence::Sequence (line 33) - compile ... ok
[INFO] [stdout] test src/sequence/bin.rs - sequence::bin::SequenceBin (line 20) - compile ... ok
[INFO] [stdout] test src/sequence/comparison.rs - sequence::comparison::Sequences (line 14) - compile ... ok
[INFO] [stdout] test src/sequence/error/comparison.rs - sequence::error::comparison::SequenceErrors (line 14) - compile ... ok
[INFO] [stdout] test src/process/error.rs - process::error::ProcessError<T>::new (line 54) ... ok
[INFO] [stdout] test src/traits.rs - traits::Configurable::set_id (line 483) - compile ... ok
[INFO] [stdout] test src/process/violin.rs - process::violin::ProcessViolin<T,S>::new (line 56) ... ok
[INFO] [stdout] test src/sequence/violin.rs - sequence::violin::SequenceViolin (line 16) - compile ... ok
[INFO] [stdout] test src/sequence/violin/comparison.rs - sequence::violin::comparison::SequenceViolins (line 15) - compile ... ok
[INFO] [stdout] test src/sequence/violin.rs - sequence::violin::SequenceViolin (line 23) - compile ... ok
[INFO] [stdout] test src/traits.rs - traits::Configurable::set_pause (line 634) - compile ... ok
[INFO] [stdout] test src/sequence/bin.rs - sequence::bin::SequenceBin<T>::new (line 68) ... ok
[INFO] [stdout] test src/traits.rs - traits::Configurable::set_id (line 490) - compile ... ok
[INFO] [stdout] test src/matrix.rs - matrix::Heatmap<T,S,U>::new (line 78) ... ok
[INFO] [stdout] test src/sequence.rs - sequence::Sequence<T>::new (line 66) ... ok
[INFO] [stdout] test src/process/bin.rs - process::bin::ProcessBin<T,S>::new (line 58) ... ok
[INFO] [stdout] test src/sequence/error.rs - sequence::error::SequenceError::new (line 51) ... ok
[INFO] [stdout] test src/traits.rs - traits::Plotable::plot_later (line 899) - compile ... ok
[INFO] [stdout] test src/traits.rs - traits::Plotable::plot (line 931) - compile ... ok
[INFO] [stdout] test src/sequence/violin.rs - sequence::violin::SequenceViolin<T>::new (line 50) ... ok
[INFO] [stdout] test src/traits.rs - traits::Configurable::set_pause (line 652) - compile ... ok
[INFO] [stdout] test src/traits.rs - traits::Configurable::set_pause (line 643) - compile ... ok
[INFO] [stdout] test src/traits.rs - traits::Saveable::save (line 813) - compile ... ok
[INFO] [stdout] test src/traits.rs - traits::Configurable::set_header (line 414) ... ok
[INFO] [stdout] test src/traits.rs - traits::Saveable::save_with_id (line 835) - compile ... ok
[INFO] [stdout] test src/traits.rs - traits::Configurable::set_data_extension (line 382) ... ok
[INFO] [stdout] test src/traits.rs - traits::Configurable::set_ticsx (line 532) ... ok
[INFO] [stdout] test src/traits.rs - traits::Saveable::save (line 820) - compile ... ok
[INFO] [stdout] test src/traits.rs - traits::Configurable::set_plot_extension (line 397) ... ok
[INFO] [stdout] test src/traits.rs - traits::Configurable::set_custom (line 506) ... ok
[INFO] [stdout] test src/traits.rs - traits::Plotable::plot_with_script (line 964) - compile ... ok
[INFO] [stdout] test src/traits.rs - traits::Configurable::set_date (line 460) ... ok
[INFO] [stdout] test src/traits.rs - traits::Configurable::set_ticsx (line 524) ... ok
[INFO] [stdout] test src/traits.rs - traits::Configurable::set_ticsy (line 561) ... ok
[INFO] [stdout] test src/traits.rs - traits::Configurable::set_ticsy (line 553) ... ok
[INFO] [stdout] test src/traits.rs - traits::Configurable::set_style (line 432) ... FAILED
[INFO] [stdout] 
[INFO] [stdout] failures:
[INFO] [stdout] 
[INFO] [stdout] ---- src/traits.rs - traits::Configurable::set_style (line 432) stdout ----
[INFO] [stdout] Test executable failed (exit status: 101).
[INFO] [stdout] 
[INFO] [stdout] stderr:
[INFO] [stdout] 
[INFO] [stdout] thread 'main' panicked at src/traits.rs:7:1:
[INFO] [stdout] assertion `left == right` failed
[INFO] [stdout]   left: "lines"
[INFO] [stdout]  right: "Default"
[INFO] [stdout] stack backtrace:
[INFO] [stdout]    0:     0x602837e1317a - std::backtrace_rs::backtrace::libunwind::trace::hb059275cfc8d6126
[INFO] [stdout]                                at /rustc/6067b36314ab5eb2eb47cecc464545ba58e1ad24/library/std/src/../../backtrace/src/backtrace/libunwind.rs:116:5
[INFO] [stdout]    1:     0x602837e1317a - std::backtrace_rs::backtrace::trace_unsynchronized::h2da071e4327ce3ee
[INFO] [stdout]                                at /rustc/6067b36314ab5eb2eb47cecc464545ba58e1ad24/library/std/src/../../backtrace/src/backtrace/mod.rs:66:5
[INFO] [stdout]    2:     0x602837e1317a - std::sys::backtrace::_print_fmt::h842a1474e6f8d23f
[INFO] [stdout]                                at /rustc/6067b36314ab5eb2eb47cecc464545ba58e1ad24/library/std/src/sys/backtrace.rs:66:9
[INFO] [stdout]    3:     0x602837e1317a - <std::sys::backtrace::BacktraceLock::print::DisplayBacktrace as core::fmt::Display>::fmt::h71a62eb3b9696b12
[INFO] [stdout]                                at /rustc/6067b36314ab5eb2eb47cecc464545ba58e1ad24/library/std/src/sys/backtrace.rs:39:26
[INFO] [stdout]    4:     0x602837e31433 - core::fmt::rt::Argument::fmt::hdb6b616786b41dc1
[INFO] [stdout]                                at /rustc/6067b36314ab5eb2eb47cecc464545ba58e1ad24/library/core/src/fmt/rt.rs:177:76
[INFO] [stdout]    5:     0x602837e31433 - core::fmt::write::h2cc1698af7e2d686
[INFO] [stdout]                                at /rustc/6067b36314ab5eb2eb47cecc464545ba58e1ad24/library/core/src/fmt/mod.rs:1440:21
[INFO] [stdout]    6:     0x602837e10313 - std::io::Write::write_fmt::h00c8700df393f328
[INFO] [stdout]                                at /rustc/6067b36314ab5eb2eb47cecc464545ba58e1ad24/library/std/src/io/mod.rs:1887:15
[INFO] [stdout]    7:     0x602837e12fc2 - std::sys::backtrace::BacktraceLock::print::h147fe35b4ea13b08
[INFO] [stdout]                                at /rustc/6067b36314ab5eb2eb47cecc464545ba58e1ad24/library/std/src/sys/backtrace.rs:42:9
[INFO] [stdout]    8:     0x602837e13f0f - std::panicking::default_hook::{{closure}}::hbd44223dbdc0d208
[INFO] [stdout]                                at /rustc/6067b36314ab5eb2eb47cecc464545ba58e1ad24/library/std/src/panicking.rs:298:22
[INFO] [stdout]    9:     0x602837e13d7a - std::panicking::default_hook::h20f81eb0576efcec
[INFO] [stdout]                                at /rustc/6067b36314ab5eb2eb47cecc464545ba58e1ad24/library/std/src/panicking.rs:325:9
[INFO] [stdout]   10:     0x602837e147e2 - std::panicking::rust_panic_with_hook::h625eea43051b2edc
[INFO] [stdout]                                at /rustc/6067b36314ab5eb2eb47cecc464545ba58e1ad24/library/std/src/panicking.rs:831:13
[INFO] [stdout]   11:     0x602837e1467a - std::panicking::begin_panic_handler::{{closure}}::h4f9159cfbc3f6bd3
[INFO] [stdout]                                at /rustc/6067b36314ab5eb2eb47cecc464545ba58e1ad24/library/std/src/panicking.rs:704:13
[INFO] [stdout]   12:     0x602837e13679 - std::sys::backtrace::__rust_end_short_backtrace::h0390abce48353151
[INFO] [stdout]                                at /rustc/6067b36314ab5eb2eb47cecc464545ba58e1ad24/library/std/src/sys/backtrace.rs:168:18
[INFO] [stdout]   13:     0x602837e1430d - rust_begin_unwind
[INFO] [stdout]                                at /rustc/6067b36314ab5eb2eb47cecc464545ba58e1ad24/library/std/src/panicking.rs:695:5
[INFO] [stdout]   14:     0x602837e305c0 - core::panicking::panic_fmt::h9e7c637e9e5f29c9
[INFO] [stdout]                                at /rustc/6067b36314ab5eb2eb47cecc464545ba58e1ad24/library/core/src/panicking.rs:75:14
[INFO] [stdout]   15:     0x602837e30982 - core::panicking::assert_failed_inner::h538bec7c1374cd9c
[INFO] [stdout]   16:     0x602837dc0ed3 - core::panicking::assert_failed::h62724c9c4665c010
[INFO] [stdout]   17:     0x602837dc1719 - rust_out::main::_doctest_main_src_traits_rs_432_0::hc6ce20f58dc4df5e
[INFO] [stdout]   18:     0x602837dc15d6 - rust_out::main::he88f0b9b281d54e0
[INFO] [stdout]   19:     0x602837dc0703 - core::ops::function::FnOnce::call_once::hcf3829d8b58d0254
[INFO] [stdout]   20:     0x602837dc0426 - std::sys::backtrace::__rust_begin_short_backtrace::h5e1527399e8d5bd4
[INFO] [stdout]   21:     0x602837dc0409 - std::rt::lang_start::{{closure}}::h2c234101ed7b1b74
[INFO] [stdout]   22:     0x602837e0d3b0 - core::ops::function::impls::<impl core::ops::function::FnOnce<A> for &F>::call_once::h1b085b6c1d2518b2
[INFO] [stdout]                                at /rustc/6067b36314ab5eb2eb47cecc464545ba58e1ad24/library/core/src/ops/function.rs:284:13
[INFO] [stdout]   23:     0x602837e0d3b0 - std::panicking::try::do_call::h382f964a5a23b565
[INFO] [stdout]                                at /rustc/6067b36314ab5eb2eb47cecc464545ba58e1ad24/library/std/src/panicking.rs:587:40
[INFO] [stdout]   24:     0x602837e0d3b0 - std::panicking::try::h57f991055eb622f9
[INFO] [stdout]                                at /rustc/6067b36314ab5eb2eb47cecc464545ba58e1ad24/library/std/src/panicking.rs:550:19
[INFO] [stdout]   25:     0x602837e0d3b0 - std::panic::catch_unwind::h4d9a74ef04456343
[INFO] [stdout]                                at /rustc/6067b36314ab5eb2eb47cecc464545ba58e1ad24/library/std/src/panic.rs:358:14
[INFO] [stdout]   26:     0x602837e0d3b0 - std::rt::lang_start_internal::{{closure}}::h2faa8ae84a93f314
[INFO] [stdout]                                at /rustc/6067b36314ab5eb2eb47cecc464545ba58e1ad24/library/std/src/rt.rs:163:24
[INFO] [stdout]   27:     0x602837e0d3b0 - std::panicking::try::do_call::h0f8932bf638a9bf5
[INFO] [stdout]                                at /rustc/6067b36314ab5eb2eb47cecc464545ba58e1ad24/library/std/src/panicking.rs:587:40
[INFO] [stdout]   28:     0x602837e0d3b0 - std::panicking::try::h683416ea756b175d
[INFO] [stdout]                                at /rustc/6067b36314ab5eb2eb47cecc464545ba58e1ad24/library/std/src/panicking.rs:550:19
[INFO] [stdout]   29:     0x602837e0d3b0 - std::panic::catch_unwind::h56189fac8994979f
[INFO] [stdout]                                at /rustc/6067b36314ab5eb2eb47cecc464545ba58e1ad24/library/std/src/panic.rs:358:14
[INFO] [stdout]   30:     0x602837e0d3b0 - std::rt::lang_start_internal::h8bbc1061691274fe
[INFO] [stdout]                                at /rustc/6067b36314ab5eb2eb47cecc464545ba58e1ad24/library/std/src/rt.rs:159:5
[INFO] [stdout]   31:     0x602837dc03f1 - std::rt::lang_start::h601b10a269c70ef7
[INFO] [stdout]   32:     0x602837dc1785 - main
[INFO] [stdout]   33:     0x770f8ce1dd90 - <unknown>
[INFO] [stdout]   34:     0x770f8ce1de40 - __libc_start_main
[INFO] [stdout]   35:     0x602837dc0055 - _start
[INFO] [stdout]   36:                0x0 - <unknown>
[INFO] [stdout] 
[INFO] [stdout] 
[INFO] [stdout] 
[INFO] [stdout] failures:
[INFO] [stdout]     src/traits.rs - traits::Configurable::set_style (line 432)
[INFO] [stdout] 
[INFO] [stdout] test result: FAILED. 76 passed; 1 failed; 0 ignored; 0 measured; 0 filtered out; finished in 2.97s
[INFO] [stdout] 
[INFO] [stderr] error: doctest failed, to rerun pass `--doc`
[INFO] running `Command { std: "docker" "inspect" "44e20230a9461040b40ad7df78573e346c0393056cf3817206fd6c4045c2f6a8", kill_on_drop: false }`
[INFO] running `Command { std: "docker" "rm" "-f" "44e20230a9461040b40ad7df78573e346c0393056cf3817206fd6c4045c2f6a8", kill_on_drop: false }`
[INFO] [stdout] 44e20230a9461040b40ad7df78573e346c0393056cf3817206fd6c4045c2f6a8
