[INFO] fetching crate poolx 0.1.3...
[INFO] testing poolx-0.1.3 against nightly-2025-01-18 for randomize-layout-2
[INFO] extracting crate poolx 0.1.3 into /workspace/builds/worker-2-tc1/source
[INFO] validating manifest of crates.io crate poolx 0.1.3 on toolchain nightly-2025-01-18
[INFO] running `Command { std: CARGO_HOME="/workspace/cargo-home" RUSTUP_HOME="/workspace/rustup-home" "/workspace/cargo-home/bin/cargo" "+nightly-2025-01-18" "metadata" "--manifest-path" "Cargo.toml" "--no-deps", kill_on_drop: false }`
[INFO] started tweaking crates.io crate poolx 0.1.3
[INFO] finished tweaking crates.io crate poolx 0.1.3
[INFO] tweaked toml for crates.io crate poolx 0.1.3 written to /workspace/builds/worker-2-tc1/source/Cargo.toml
[INFO] running `Command { std: CARGO_HOME="/workspace/cargo-home" RUSTUP_HOME="/workspace/rustup-home" "/workspace/cargo-home/bin/cargo" "+nightly-2025-01-18" "generate-lockfile" "--manifest-path" "Cargo.toml", kill_on_drop: false }`
[INFO] [stderr]     Updating crates.io index
[INFO] [stderr]      Locking 95 packages to latest compatible versions
[INFO] [stderr]       Adding thiserror v1.0.69 (available: v2.0.11)
[INFO] running `Command { std: CARGO_HOME="/workspace/cargo-home" RUSTUP_HOME="/workspace/rustup-home" "/workspace/cargo-home/bin/cargo" "+nightly-2025-01-18" "fetch" "--manifest-path" "Cargo.toml", kill_on_drop: false }`
[INFO] running `Command { std: "docker" "create" "-v" "/var/lib/crater-agent-workspace/builds/worker-2-tc1/target:/opt/rustwide/target:rw,Z" "-v" "/var/lib/crater-agent-workspace/builds/worker-2-tc1/source:/opt/rustwide/workdir:ro,Z" "-v" "/var/lib/crater-agent-workspace/cargo-home:/opt/rustwide/cargo-home:ro,Z" "-v" "/var/lib/crater-agent-workspace/rustup-home:/opt/rustwide/rustup-home:ro,Z" "-e" "SOURCE_DIR=/opt/rustwide/workdir" "-e" "CARGO_TARGET_DIR=/opt/rustwide/target" "-e" "CARGO_HOME=/opt/rustwide/cargo-home" "-e" "RUSTUP_HOME=/opt/rustwide/rustup-home" "-w" "/opt/rustwide/workdir" "-m" "1610612736" "--user" "0:0" "--network" "none" "ghcr.io/rust-lang/crates-build-env/linux@sha256:819108c5571ea2e421544af4d832f968d213c87fbe3707a016657f43d2f853bc" "/opt/rustwide/cargo-home/bin/cargo" "+nightly-2025-01-18" "metadata" "--no-deps" "--format-version=1", kill_on_drop: false }`
[INFO] [stdout] ee3ebf8f498a4a3ae32118a6abcef305a96c46f7c69b893bf02a836b7ea3474b
[INFO] running `Command { std: "docker" "start" "-a" "ee3ebf8f498a4a3ae32118a6abcef305a96c46f7c69b893bf02a836b7ea3474b", kill_on_drop: false }`
[INFO] running `Command { std: "docker" "inspect" "ee3ebf8f498a4a3ae32118a6abcef305a96c46f7c69b893bf02a836b7ea3474b", kill_on_drop: false }`
[INFO] running `Command { std: "docker" "rm" "-f" "ee3ebf8f498a4a3ae32118a6abcef305a96c46f7c69b893bf02a836b7ea3474b", kill_on_drop: false }`
[INFO] [stdout] ee3ebf8f498a4a3ae32118a6abcef305a96c46f7c69b893bf02a836b7ea3474b
[INFO] running `Command { std: "docker" "create" "-v" "/var/lib/crater-agent-workspace/builds/worker-2-tc1/target:/opt/rustwide/target:rw,Z" "-v" "/var/lib/crater-agent-workspace/builds/worker-2-tc1/source:/opt/rustwide/workdir:ro,Z" "-v" "/var/lib/crater-agent-workspace/cargo-home:/opt/rustwide/cargo-home:ro,Z" "-v" "/var/lib/crater-agent-workspace/rustup-home:/opt/rustwide/rustup-home:ro,Z" "-e" "SOURCE_DIR=/opt/rustwide/workdir" "-e" "CARGO_TARGET_DIR=/opt/rustwide/target" "-e" "CARGO_INCREMENTAL=0" "-e" "RUST_BACKTRACE=full" "-e" "RUSTFLAGS=--cap-lints=forbid" "-e" "RUSTDOCFLAGS=--cap-lints=forbid" "-e" "CARGO_HOME=/opt/rustwide/cargo-home" "-e" "RUSTUP_HOME=/opt/rustwide/rustup-home" "-w" "/opt/rustwide/workdir" "-m" "1610612736" "--user" "0:0" "--network" "none" "ghcr.io/rust-lang/crates-build-env/linux@sha256:819108c5571ea2e421544af4d832f968d213c87fbe3707a016657f43d2f853bc" "/opt/rustwide/cargo-home/bin/cargo" "+nightly-2025-01-18" "build" "--frozen" "--message-format=json", kill_on_drop: false }`
[INFO] [stdout] a728151d96332606373993a7d870fb1d85533a835ec7ec6e5f4b1dd10c4cfb2e
[INFO] running `Command { std: "docker" "start" "-a" "a728151d96332606373993a7d870fb1d85533a835ec7ec6e5f4b1dd10c4cfb2e", kill_on_drop: false }`
[INFO] [stderr]    Compiling proc-macro2 v1.0.93
[INFO] [stderr]    Compiling unicode-ident v1.0.14
[INFO] [stderr]    Compiling stable_deref_trait v1.2.0
[INFO] [stderr]    Compiling autocfg v1.4.0
[INFO] [stderr]    Compiling crossbeam-utils v0.8.21
[INFO] [stderr]    Compiling writeable v0.5.5
[INFO] [stderr]    Compiling libc v0.2.169
[INFO] [stderr]    Compiling litemap v0.7.4
[INFO] [stderr]    Compiling smallvec v1.13.2
[INFO] [stderr]    Compiling icu_locid_transform_data v1.5.0
[INFO] [stderr]    Compiling icu_properties_data v1.5.0
[INFO] [stderr]    Compiling utf16_iter v1.0.5
[INFO] [stderr]    Compiling parking_lot_core v0.9.10
[INFO] [stderr]    Compiling pin-project-lite v0.2.16
[INFO] [stderr]    Compiling icu_normalizer_data v1.5.0
[INFO] [stderr]    Compiling utf8_iter v1.0.4
[INFO] [stderr]    Compiling write16 v1.0.0
[INFO] [stderr]    Compiling cfg-if v1.0.0
[INFO] [stderr]    Compiling scopeguard v1.2.0
[INFO] [stderr]    Compiling once_cell v1.20.2
[INFO] [stderr]    Compiling thiserror v1.0.69
[INFO] [stderr]    Compiling percent-encoding v2.3.1
[INFO] [stderr]    Compiling anyhow v1.0.95
[INFO] [stderr]    Compiling futures-core v0.3.31
[INFO] [stderr]    Compiling bytes v1.9.0
[INFO] [stderr]    Compiling tracing-core v0.1.33
[INFO] [stderr]    Compiling parking v2.2.1
[INFO] [stderr]    Compiling pin-utils v0.1.0
[INFO] [stderr]    Compiling form_urlencoded v1.2.1
[INFO] [stderr]    Compiling futures-task v0.3.31
[INFO] [stderr]    Compiling either v1.13.0
[INFO] [stderr]    Compiling lock_api v0.4.12
[INFO] [stderr]    Compiling slab v0.4.9
[INFO] [stderr]    Compiling crossbeam-epoch v0.9.18
[INFO] [stderr]    Compiling crossbeam-queue v0.3.12
[INFO] [stderr]    Compiling concurrent-queue v2.5.0
[INFO] [stderr]    Compiling crossbeam-channel v0.5.14
[INFO] [stderr]    Compiling quote v1.0.38
[INFO] [stderr]    Compiling socket2 v0.5.8
[INFO] [stderr]    Compiling signal-hook-registry v1.4.2
[INFO] [stderr]    Compiling mio v1.0.3
[INFO] [stderr]    Compiling event-listener v5.4.0
[INFO] [stderr]    Compiling syn v2.0.96
[INFO] [stderr]    Compiling crossbeam-deque v0.8.6
[INFO] [stderr]    Compiling parking_lot v0.12.3
[INFO] [stderr]    Compiling crossbeam v0.8.4
[INFO] [stderr]    Compiling synstructure v0.13.1
[INFO] [stderr]    Compiling zerofrom-derive v0.1.5
[INFO] [stderr]    Compiling yoke-derive v0.7.5
[INFO] [stderr]    Compiling zerovec-derive v0.10.3
[INFO] [stderr]    Compiling displaydoc v0.2.5
[INFO] [stderr]    Compiling icu_provider_macros v1.5.0
[INFO] [stderr]    Compiling tracing-attributes v0.1.28
[INFO] [stderr]    Compiling thiserror-impl v1.0.69
[INFO] [stderr]    Compiling tokio-macros v2.5.0
[INFO] [stderr]    Compiling futures-macro v0.3.31
[INFO] [stderr]    Compiling tokio v1.43.0
[INFO] [stderr]    Compiling futures-util v0.3.31
[INFO] [stderr]    Compiling zerofrom v0.1.5
[INFO] [stderr]    Compiling yoke v0.7.5
[INFO] [stderr]    Compiling tracing v0.1.41
[INFO] [stderr]    Compiling zerovec v0.10.4
[INFO] [stderr]    Compiling tinystr v0.7.6
[INFO] [stderr]    Compiling icu_collections v1.5.0
[INFO] [stderr]    Compiling icu_locid v1.5.0
[INFO] [stderr]    Compiling icu_provider v1.5.0
[INFO] [stderr]    Compiling icu_locid_transform v1.5.0
[INFO] [stderr]    Compiling icu_properties v1.5.1
[INFO] [stderr]    Compiling icu_normalizer v1.5.0
[INFO] [stderr]    Compiling idna_adapter v1.2.0
[INFO] [stderr]    Compiling idna v1.0.3
[INFO] [stderr]    Compiling url v2.5.4
[INFO] [stderr]    Compiling poolx v0.1.3 (/opt/rustwide/workdir)
[INFO] [stdout] warning: unused import: `ConnectOptions`
[INFO] [stdout]  --> src/connection.rs:7:31
[INFO] [stdout]   |
[INFO] [stdout] 7 | use crate::conn::{Connection, ConnectOptions};
[INFO] [stdout]   |                               ^^^^^^^^^^^^^^
[INFO] [stdout]   |
[INFO] [stdout]   = note: `#[warn(unused_imports)]` on by default
[INFO] [stdout] 
[INFO] [stdout] 
[INFO] [stderr]     Finished `dev` profile [unoptimized + debuginfo] target(s) in 22.06s
[INFO] running `Command { std: "docker" "inspect" "a728151d96332606373993a7d870fb1d85533a835ec7ec6e5f4b1dd10c4cfb2e", kill_on_drop: false }`
[INFO] running `Command { std: "docker" "rm" "-f" "a728151d96332606373993a7d870fb1d85533a835ec7ec6e5f4b1dd10c4cfb2e", kill_on_drop: false }`
[INFO] [stdout] a728151d96332606373993a7d870fb1d85533a835ec7ec6e5f4b1dd10c4cfb2e
[INFO] running `Command { std: "docker" "create" "-v" "/var/lib/crater-agent-workspace/builds/worker-2-tc1/target:/opt/rustwide/target:rw,Z" "-v" "/var/lib/crater-agent-workspace/builds/worker-2-tc1/source:/opt/rustwide/workdir:ro,Z" "-v" "/var/lib/crater-agent-workspace/cargo-home:/opt/rustwide/cargo-home:ro,Z" "-v" "/var/lib/crater-agent-workspace/rustup-home:/opt/rustwide/rustup-home:ro,Z" "-e" "SOURCE_DIR=/opt/rustwide/workdir" "-e" "CARGO_TARGET_DIR=/opt/rustwide/target" "-e" "CARGO_INCREMENTAL=0" "-e" "RUST_BACKTRACE=full" "-e" "RUSTFLAGS=--cap-lints=forbid" "-e" "RUSTDOCFLAGS=--cap-lints=forbid" "-e" "CARGO_HOME=/opt/rustwide/cargo-home" "-e" "RUSTUP_HOME=/opt/rustwide/rustup-home" "-w" "/opt/rustwide/workdir" "-m" "1610612736" "--user" "0:0" "--network" "none" "ghcr.io/rust-lang/crates-build-env/linux@sha256:819108c5571ea2e421544af4d832f968d213c87fbe3707a016657f43d2f853bc" "/opt/rustwide/cargo-home/bin/cargo" "+nightly-2025-01-18" "test" "--frozen" "--no-run" "--message-format=json", kill_on_drop: false }`
[INFO] [stdout] 76ac980e6313c057024e90325fc00ae135718f9f600603da9caa30cbaf50f2f4
[INFO] running `Command { std: "docker" "start" "-a" "76ac980e6313c057024e90325fc00ae135718f9f600603da9caa30cbaf50f2f4", kill_on_drop: false }`
[INFO] [stderr]    Compiling poolx v0.1.3 (/opt/rustwide/workdir)
[INFO] [stdout] warning: unused import: `ConnectOptions`
[INFO] [stdout]  --> src/connection.rs:7:31
[INFO] [stdout]   |
[INFO] [stdout] 7 | use crate::conn::{Connection, ConnectOptions};
[INFO] [stdout]   |                               ^^^^^^^^^^^^^^
[INFO] [stdout]   |
[INFO] [stdout]   = note: `#[warn(unused_imports)]` on by default
[INFO] [stdout] 
[INFO] [stdout] 
[INFO] [stdout] warning: unused import: `ConnectOptions`
[INFO] [stdout]  --> src/connection.rs:7:31
[INFO] [stdout]   |
[INFO] [stdout] 7 | use crate::conn::{Connection, ConnectOptions};
[INFO] [stdout]   |                               ^^^^^^^^^^^^^^
[INFO] [stdout]   |
[INFO] [stdout]   = note: `#[warn(unused_imports)]` on by default
[INFO] [stdout] 
[INFO] [stdout] 
[INFO] [stderr]     Finished `test` profile [unoptimized + debuginfo] target(s) in 0.82s
[INFO] running `Command { std: "docker" "inspect" "76ac980e6313c057024e90325fc00ae135718f9f600603da9caa30cbaf50f2f4", kill_on_drop: false }`
[INFO] running `Command { std: "docker" "rm" "-f" "76ac980e6313c057024e90325fc00ae135718f9f600603da9caa30cbaf50f2f4", kill_on_drop: false }`
[INFO] [stdout] 76ac980e6313c057024e90325fc00ae135718f9f600603da9caa30cbaf50f2f4
[INFO] running `Command { std: "docker" "create" "-v" "/var/lib/crater-agent-workspace/builds/worker-2-tc1/target:/opt/rustwide/target:rw,Z" "-v" "/var/lib/crater-agent-workspace/builds/worker-2-tc1/source:/opt/rustwide/workdir:ro,Z" "-v" "/var/lib/crater-agent-workspace/cargo-home:/opt/rustwide/cargo-home:ro,Z" "-v" "/var/lib/crater-agent-workspace/rustup-home:/opt/rustwide/rustup-home:ro,Z" "-e" "SOURCE_DIR=/opt/rustwide/workdir" "-e" "CARGO_TARGET_DIR=/opt/rustwide/target" "-e" "CARGO_INCREMENTAL=0" "-e" "RUST_BACKTRACE=full" "-e" "RUSTFLAGS=--cap-lints=forbid" "-e" "RUSTDOCFLAGS=--cap-lints=forbid" "-e" "CARGO_HOME=/opt/rustwide/cargo-home" "-e" "RUSTUP_HOME=/opt/rustwide/rustup-home" "-w" "/opt/rustwide/workdir" "-m" "1610612736" "--user" "0:0" "--network" "none" "ghcr.io/rust-lang/crates-build-env/linux@sha256:819108c5571ea2e421544af4d832f968d213c87fbe3707a016657f43d2f853bc" "/opt/rustwide/cargo-home/bin/cargo" "+nightly-2025-01-18" "test" "--frozen", kill_on_drop: false }`
[INFO] [stdout] 2ffd906d88d93686cb54a36eeece4dc948db21aa76c15da4fd2b5ecad03f8c54
[INFO] running `Command { std: "docker" "start" "-a" "2ffd906d88d93686cb54a36eeece4dc948db21aa76c15da4fd2b5ecad03f8c54", kill_on_drop: false }`
[INFO] [stderr] warning: unused import: `ConnectOptions`
[INFO] [stderr]  --> src/connection.rs:7:31
[INFO] [stderr]   |
[INFO] [stderr] 7 | use crate::conn::{Connection, ConnectOptions};
[INFO] [stderr]   |                               ^^^^^^^^^^^^^^
[INFO] [stderr]   |
[INFO] [stderr]   = note: `#[warn(unused_imports)]` on by default
[INFO] [stderr] 
[INFO] [stderr] warning: `poolx` (lib) generated 1 warning
[INFO] [stderr] warning: `poolx` (lib test) generated 1 warning (1 duplicate)
[INFO] [stderr]     Finished `test` profile [unoptimized + debuginfo] target(s) in 0.10s
[INFO] [stderr]      Running unittests src/lib.rs (/opt/rustwide/target/debug/deps/poolx-2f0e8229a025dac2)
[INFO] [stdout] 
[INFO] [stdout] running 1 test
[INFO] [stdout] test assert_pool_traits ... ok
[INFO] [stdout] 
[INFO] [stdout] test result: ok. 1 passed; 0 failed; 0 ignored; 0 measured; 0 filtered out; finished in 0.00s
[INFO] [stdout] 
[INFO] [stderr]    Doc-tests poolx
[INFO] [stdout] 
[INFO] [stdout] running 10 tests
[INFO] [stdout] test src/lib.rs - (line 29) ... ignored
[INFO] [stdout] test src/lib.rs - (line 38) ... ignored
[INFO] [stdout] test src/lib.rs - (line 49) ... ignored
[INFO] [stdout] test src/options.rs - options::PoolOptions (line 17) ... ignored
[INFO] [stdout] test src/options.rs - options::PoolOptions (line 24) ... ignored
[INFO] [stdout] test src/options.rs - options::PoolOptions<C>::after_connect (line 312) - compile ... FAILED
[INFO] [stdout] test src/options.rs - options::PoolOptions<C>::before_acquire (line 351) - compile ... FAILED
[INFO] [stdout] test src/options.rs - options::PoolOptions<C>::after_release (line 387) - compile ... FAILED
[INFO] [stdout] test src/lib.rs - Pool<C>::close_event (line 406) - compile ... ok
[INFO] [stdout] test src/lib.rs - Pool<C>::close_event (line 435) - compile ... ok
[INFO] [stdout] 
[INFO] [stdout] failures:
[INFO] [stdout] 
[INFO] [stdout] ---- src/options.rs - options::PoolOptions<C>::after_connect (line 312) stdout ----
[INFO] [stdout] error: this file contains an unclosed delimiter
[INFO] [stdout]  --> src/options.rs:313:57
[INFO] [stdout]   |
[INFO] [stdout] 1 | async fn f() -> Result<(), Box<dyn std::error::Error>> {
[INFO] [stdout]   |                                                        -^
[INFO] [stdout]   |                                                        |
[INFO] [stdout]   |                                                        unclosed delimiter
[INFO] [stdout] 
[INFO] [stdout] error: aborting due to 1 previous error
[INFO] [stdout] 
[INFO] [stdout] Couldn't compile the test.
[INFO] [stdout] ---- src/options.rs - options::PoolOptions<C>::before_acquire (line 351) stdout ----
[INFO] [stdout] error: this file contains an unclosed delimiter
[INFO] [stdout]  --> src/options.rs:352:57
[INFO] [stdout]   |
[INFO] [stdout] 1 | async fn f() -> Result<(), Box<dyn std::error::Error>> {
[INFO] [stdout]   |                                                        -^
[INFO] [stdout]   |                                                        |
[INFO] [stdout]   |                                                        unclosed delimiter
[INFO] [stdout] 
[INFO] [stdout] error: aborting due to 1 previous error
[INFO] [stdout] 
[INFO] [stdout] Couldn't compile the test.
[INFO] [stdout] ---- src/options.rs - options::PoolOptions<C>::after_release (line 387) stdout ----
[INFO] [stdout] error: this file contains an unclosed delimiter
[INFO] [stdout]  --> src/options.rs:388:57
[INFO] [stdout]   |
[INFO] [stdout] 1 | async fn f() -> Result<(), Box<dyn std::error::Error>> {
[INFO] [stdout]   |                                                        -^
[INFO] [stdout]   |                                                        |
[INFO] [stdout]   |                                                        unclosed delimiter
[INFO] [stdout] 
[INFO] [stdout] error: aborting due to 1 previous error
[INFO] [stdout] 
[INFO] [stdout] Couldn't compile the test.
[INFO] [stdout] 
[INFO] [stdout] failures:
[INFO] [stdout]     src/options.rs - options::PoolOptions<C>::after_connect (line 312)
[INFO] [stdout]     src/options.rs - options::PoolOptions<C>::after_release (line 387)
[INFO] [stdout]     src/options.rs - options::PoolOptions<C>::before_acquire (line 351)
[INFO] [stdout] 
[INFO] [stdout] test result: FAILED. 2 passed; 3 failed; 5 ignored; 0 measured; 0 filtered out; finished in 0.08s
[INFO] [stdout] 
[INFO] [stderr] error: doctest failed, to rerun pass `--doc`
[INFO] running `Command { std: "docker" "inspect" "2ffd906d88d93686cb54a36eeece4dc948db21aa76c15da4fd2b5ecad03f8c54", kill_on_drop: false }`
[INFO] running `Command { std: "docker" "rm" "-f" "2ffd906d88d93686cb54a36eeece4dc948db21aa76c15da4fd2b5ecad03f8c54", kill_on_drop: false }`
[INFO] [stdout] 2ffd906d88d93686cb54a36eeece4dc948db21aa76c15da4fd2b5ecad03f8c54
