[INFO] fetching crate pomsky-macro 0.11.0...
[INFO] testing pomsky-macro-0.11.0 against nightly-2025-01-18 for randomize-layout-2
[INFO] extracting crate pomsky-macro 0.11.0 into /workspace/builds/worker-4-tc1/source
[INFO] validating manifest of crates.io crate pomsky-macro 0.11.0 on toolchain nightly-2025-01-18
[INFO] running `Command { std: CARGO_HOME="/workspace/cargo-home" RUSTUP_HOME="/workspace/rustup-home" "/workspace/cargo-home/bin/cargo" "+nightly-2025-01-18" "metadata" "--manifest-path" "Cargo.toml" "--no-deps", kill_on_drop: false }`
[INFO] started tweaking crates.io crate pomsky-macro 0.11.0
[INFO] finished tweaking crates.io crate pomsky-macro 0.11.0
[INFO] tweaked toml for crates.io crate pomsky-macro 0.11.0 written to /workspace/builds/worker-4-tc1/source/Cargo.toml
[INFO] running `Command { std: CARGO_HOME="/workspace/cargo-home" RUSTUP_HOME="/workspace/rustup-home" "/workspace/cargo-home/bin/cargo" "+nightly-2025-01-18" "generate-lockfile" "--manifest-path" "Cargo.toml", kill_on_drop: false }`
[INFO] [stderr]     Updating crates.io index
[INFO] [stderr]      Locking 2 packages to latest compatible versions
[INFO] running `Command { std: CARGO_HOME="/workspace/cargo-home" RUSTUP_HOME="/workspace/rustup-home" "/workspace/cargo-home/bin/cargo" "+nightly-2025-01-18" "fetch" "--manifest-path" "Cargo.toml", kill_on_drop: false }`
[INFO] [stderr]  Downloading crates ...
[INFO] [stderr]   Downloaded pomsky v0.11.0
[INFO] [stderr]   Downloaded pomsky-syntax v0.11.0
[INFO] running `Command { std: "docker" "create" "-v" "/var/lib/crater-agent-workspace/builds/worker-4-tc1/target:/opt/rustwide/target:rw,Z" "-v" "/var/lib/crater-agent-workspace/builds/worker-4-tc1/source:/opt/rustwide/workdir:ro,Z" "-v" "/var/lib/crater-agent-workspace/cargo-home:/opt/rustwide/cargo-home:ro,Z" "-v" "/var/lib/crater-agent-workspace/rustup-home:/opt/rustwide/rustup-home:ro,Z" "-e" "SOURCE_DIR=/opt/rustwide/workdir" "-e" "CARGO_TARGET_DIR=/opt/rustwide/target" "-e" "CARGO_HOME=/opt/rustwide/cargo-home" "-e" "RUSTUP_HOME=/opt/rustwide/rustup-home" "-w" "/opt/rustwide/workdir" "-m" "1610612736" "--user" "0:0" "--network" "none" "ghcr.io/rust-lang/crates-build-env/linux@sha256:819108c5571ea2e421544af4d832f968d213c87fbe3707a016657f43d2f853bc" "/opt/rustwide/cargo-home/bin/cargo" "+nightly-2025-01-18" "metadata" "--no-deps" "--format-version=1", kill_on_drop: false }`
[INFO] [stdout] 49c90bae46e93b014b7b2f0667673a4dac5186ecd38ab40f14d6b1767590324c
[INFO] running `Command { std: "docker" "start" "-a" "49c90bae46e93b014b7b2f0667673a4dac5186ecd38ab40f14d6b1767590324c", kill_on_drop: false }`
[INFO] running `Command { std: "docker" "inspect" "49c90bae46e93b014b7b2f0667673a4dac5186ecd38ab40f14d6b1767590324c", kill_on_drop: false }`
[INFO] running `Command { std: "docker" "rm" "-f" "49c90bae46e93b014b7b2f0667673a4dac5186ecd38ab40f14d6b1767590324c", kill_on_drop: false }`
[INFO] [stdout] 49c90bae46e93b014b7b2f0667673a4dac5186ecd38ab40f14d6b1767590324c
[INFO] running `Command { std: "docker" "create" "-v" "/var/lib/crater-agent-workspace/builds/worker-4-tc1/target:/opt/rustwide/target:rw,Z" "-v" "/var/lib/crater-agent-workspace/builds/worker-4-tc1/source:/opt/rustwide/workdir:ro,Z" "-v" "/var/lib/crater-agent-workspace/cargo-home:/opt/rustwide/cargo-home:ro,Z" "-v" "/var/lib/crater-agent-workspace/rustup-home:/opt/rustwide/rustup-home:ro,Z" "-e" "SOURCE_DIR=/opt/rustwide/workdir" "-e" "CARGO_TARGET_DIR=/opt/rustwide/target" "-e" "CARGO_INCREMENTAL=0" "-e" "RUST_BACKTRACE=full" "-e" "RUSTFLAGS=--cap-lints=forbid" "-e" "RUSTDOCFLAGS=--cap-lints=forbid" "-e" "CARGO_HOME=/opt/rustwide/cargo-home" "-e" "RUSTUP_HOME=/opt/rustwide/rustup-home" "-w" "/opt/rustwide/workdir" "-m" "1610612736" "--user" "0:0" "--network" "none" "ghcr.io/rust-lang/crates-build-env/linux@sha256:819108c5571ea2e421544af4d832f968d213c87fbe3707a016657f43d2f853bc" "/opt/rustwide/cargo-home/bin/cargo" "+nightly-2025-01-18" "build" "--frozen" "--message-format=json", kill_on_drop: false }`
[INFO] [stdout] 434334603ca9011152c60cd53c02bf5f6ba4627b5e18d024446c69d5311ceca1
[INFO] running `Command { std: "docker" "start" "-a" "434334603ca9011152c60cd53c02bf5f6ba4627b5e18d024446c69d5311ceca1", kill_on_drop: false }`
[INFO] [stderr]    Compiling pomsky-syntax v0.11.0
[INFO] [stderr]    Compiling pomsky v0.11.0
[INFO] [stderr]    Compiling pomsky-macro v0.11.0 (/opt/rustwide/workdir)
[INFO] [stderr]     Finished `dev` profile [unoptimized + debuginfo] target(s) in 3.04s
[INFO] running `Command { std: "docker" "inspect" "434334603ca9011152c60cd53c02bf5f6ba4627b5e18d024446c69d5311ceca1", kill_on_drop: false }`
[INFO] running `Command { std: "docker" "rm" "-f" "434334603ca9011152c60cd53c02bf5f6ba4627b5e18d024446c69d5311ceca1", kill_on_drop: false }`
[INFO] [stdout] 434334603ca9011152c60cd53c02bf5f6ba4627b5e18d024446c69d5311ceca1
[INFO] running `Command { std: "docker" "create" "-v" "/var/lib/crater-agent-workspace/builds/worker-4-tc1/target:/opt/rustwide/target:rw,Z" "-v" "/var/lib/crater-agent-workspace/builds/worker-4-tc1/source:/opt/rustwide/workdir:ro,Z" "-v" "/var/lib/crater-agent-workspace/cargo-home:/opt/rustwide/cargo-home:ro,Z" "-v" "/var/lib/crater-agent-workspace/rustup-home:/opt/rustwide/rustup-home:ro,Z" "-e" "SOURCE_DIR=/opt/rustwide/workdir" "-e" "CARGO_TARGET_DIR=/opt/rustwide/target" "-e" "CARGO_INCREMENTAL=0" "-e" "RUST_BACKTRACE=full" "-e" "RUSTFLAGS=--cap-lints=forbid" "-e" "RUSTDOCFLAGS=--cap-lints=forbid" "-e" "CARGO_HOME=/opt/rustwide/cargo-home" "-e" "RUSTUP_HOME=/opt/rustwide/rustup-home" "-w" "/opt/rustwide/workdir" "-m" "1610612736" "--user" "0:0" "--network" "none" "ghcr.io/rust-lang/crates-build-env/linux@sha256:819108c5571ea2e421544af4d832f968d213c87fbe3707a016657f43d2f853bc" "/opt/rustwide/cargo-home/bin/cargo" "+nightly-2025-01-18" "test" "--frozen" "--no-run" "--message-format=json", kill_on_drop: false }`
[INFO] [stdout] 89a72cc9bc1f6ea4b85700c4f433a97fd2e34b996e7c92585d01c7c8c67fe0f5
[INFO] running `Command { std: "docker" "start" "-a" "89a72cc9bc1f6ea4b85700c4f433a97fd2e34b996e7c92585d01c7c8c67fe0f5", kill_on_drop: false }`
[INFO] [stderr]    Compiling pomsky-syntax v0.11.0
[INFO] [stderr]    Compiling pomsky v0.11.0
[INFO] [stderr]    Compiling pomsky-macro v0.11.0 (/opt/rustwide/workdir)
[INFO] [stderr]     Finished `test` profile [unoptimized + debuginfo] target(s) in 2.99s
[INFO] running `Command { std: "docker" "inspect" "89a72cc9bc1f6ea4b85700c4f433a97fd2e34b996e7c92585d01c7c8c67fe0f5", kill_on_drop: false }`
[INFO] running `Command { std: "docker" "rm" "-f" "89a72cc9bc1f6ea4b85700c4f433a97fd2e34b996e7c92585d01c7c8c67fe0f5", kill_on_drop: false }`
[INFO] [stdout] 89a72cc9bc1f6ea4b85700c4f433a97fd2e34b996e7c92585d01c7c8c67fe0f5
[INFO] running `Command { std: "docker" "create" "-v" "/var/lib/crater-agent-workspace/builds/worker-4-tc1/target:/opt/rustwide/target:rw,Z" "-v" "/var/lib/crater-agent-workspace/builds/worker-4-tc1/source:/opt/rustwide/workdir:ro,Z" "-v" "/var/lib/crater-agent-workspace/cargo-home:/opt/rustwide/cargo-home:ro,Z" "-v" "/var/lib/crater-agent-workspace/rustup-home:/opt/rustwide/rustup-home:ro,Z" "-e" "SOURCE_DIR=/opt/rustwide/workdir" "-e" "CARGO_TARGET_DIR=/opt/rustwide/target" "-e" "CARGO_INCREMENTAL=0" "-e" "RUST_BACKTRACE=full" "-e" "RUSTFLAGS=--cap-lints=forbid" "-e" "RUSTDOCFLAGS=--cap-lints=forbid" "-e" "CARGO_HOME=/opt/rustwide/cargo-home" "-e" "RUSTUP_HOME=/opt/rustwide/rustup-home" "-w" "/opt/rustwide/workdir" "-m" "1610612736" "--user" "0:0" "--network" "none" "ghcr.io/rust-lang/crates-build-env/linux@sha256:819108c5571ea2e421544af4d832f968d213c87fbe3707a016657f43d2f853bc" "/opt/rustwide/cargo-home/bin/cargo" "+nightly-2025-01-18" "test" "--frozen", kill_on_drop: false }`
[INFO] [stdout] d63250fd13c6476941bcd8cc7ef342ed0a53cca701788649e3ba6aacbd003159
[INFO] running `Command { std: "docker" "start" "-a" "d63250fd13c6476941bcd8cc7ef342ed0a53cca701788649e3ba6aacbd003159", kill_on_drop: false }`
[INFO] [stderr]     Finished `test` profile [unoptimized + debuginfo] target(s) in 0.02s
[INFO] [stderr]      Running unittests src/lib.rs (/opt/rustwide/target/debug/deps/pomsky_macro-7ae5361231bfb680)
[INFO] [stdout] 
[INFO] [stdout] running 0 tests
[INFO] [stdout] 
[INFO] [stdout] test result: ok. 0 passed; 0 failed; 0 ignored; 0 measured; 0 filtered out; finished in 0.01s
[INFO] [stdout] 
[INFO] [stderr]      Running tests/test_macro.rs (/opt/rustwide/target/debug/deps/test_macro-f01212e76ea2e695)
[INFO] [stdout] 
[INFO] [stdout] running 3 tests
[INFO] [stdout] test composite_tokens ... ok
[INFO] [stdout] test rust ... ok
[INFO] [stderr]    Doc-tests pomsky_macro
[INFO] [stdout] test pcre ... ok
[INFO] [stdout] 
[INFO] [stdout] test result: ok. 3 passed; 0 failed; 0 ignored; 0 measured; 0 filtered out; finished in 0.01s
[INFO] [stdout] 
[INFO] [stdout] 
[INFO] [stdout] running 3 tests
[INFO] [stdout] test src/lib.rs - pomsky (line 50) ... FAILED
[INFO] [stdout] test src/lib.rs - pomsky (line 24) ... FAILED
[INFO] [stdout] test src/lib.rs - pomsky (line 39) ... FAILED
[INFO] [stdout] 
[INFO] [stdout] failures:
[INFO] [stdout] 
[INFO] [stdout] ---- src/lib.rs - pomsky (line 50) stdout ----
[INFO] [stdout] error: cannot find macro `pomsky` in this scope
[INFO] [stdout]  --> src/lib.rs:51:1
[INFO] [stdout]   |
[INFO] [stdout] 3 | pomsky! {
[INFO] [stdout]   | ^^^^^^
[INFO] [stdout]   |
[INFO] [stdout]   = note: `pomsky` is in scope, but it is a crate, not a macro
[INFO] [stdout] help: consider importing this macro
[INFO] [stdout]   |
[INFO] [stdout] 2 + use pomsky_macro::pomsky;
[INFO] [stdout]   |
[INFO] [stdout] 
[INFO] [stdout] error: aborting due to 1 previous error
[INFO] [stdout] 
[INFO] [stdout] Couldn't compile the test.
[INFO] [stdout] ---- src/lib.rs - pomsky (line 24) stdout ----
[INFO] [stdout] error: cannot find macro `pomsky` in this scope
[INFO] [stdout]  --> src/lib.rs:25:21
[INFO] [stdout]   |
[INFO] [stdout] 3 | const REGEX: &str = pomsky! {
[INFO] [stdout]   |                     ^^^^^^
[INFO] [stdout]   |
[INFO] [stdout]   = note: `pomsky` is in scope, but it is a crate, not a macro
[INFO] [stdout] help: consider importing this macro
[INFO] [stdout]   |
[INFO] [stdout] 2 + use pomsky_macro::pomsky;
[INFO] [stdout]   |
[INFO] [stdout] 
[INFO] [stdout] error: aborting due to 1 previous error
[INFO] [stdout] 
[INFO] [stdout] Couldn't compile the test.
[INFO] [stdout] ---- src/lib.rs - pomsky (line 39) stdout ----
[INFO] [stdout] error[E0432]: unresolved import `regex`
[INFO] [stdout]  --> src/lib.rs:40:5
[INFO] [stdout]   |
[INFO] [stdout] 3 | use regex::Regex;
[INFO] [stdout]   |     ^^^^^ use of undeclared crate or module `regex`
[INFO] [stdout] 
[INFO] [stdout] error: cannot find macro `pomsky` in this scope
[INFO] [stdout]  --> src/lib.rs:43:16
[INFO] [stdout]   |
[INFO] [stdout] 6 |     Regex::new(pomsky! { ... }).unwrap()
[INFO] [stdout]   |                ^^^^^^
[INFO] [stdout]   |
[INFO] [stdout]   = note: `pomsky` is in scope, but it is a crate, not a macro
[INFO] [stdout] help: consider importing this macro
[INFO] [stdout]   |
[INFO] [stdout] 2 + use pomsky_macro::pomsky;
[INFO] [stdout]   |
[INFO] [stdout] 
[INFO] [stdout] error: aborting due to 2 previous errors
[INFO] [stdout] 
[INFO] [stdout] For more information about this error, try `rustc --explain E0432`.
[INFO] [stdout] Couldn't compile the test.
[INFO] [stdout] 
[INFO] [stdout] failures:
[INFO] [stdout]     src/lib.rs - pomsky (line 24)
[INFO] [stdout]     src/lib.rs - pomsky (line 39)
[INFO] [stdout]     src/lib.rs - pomsky (line 50)
[INFO] [stdout] 
[INFO] [stdout] test result: FAILED. 0 passed; 3 failed; 0 ignored; 0 measured; 0 filtered out; finished in 0.18s
[INFO] [stdout] 
[INFO] [stderr] error: doctest failed, to rerun pass `--doc`
[INFO] running `Command { std: "docker" "inspect" "d63250fd13c6476941bcd8cc7ef342ed0a53cca701788649e3ba6aacbd003159", kill_on_drop: false }`
[INFO] running `Command { std: "docker" "rm" "-f" "d63250fd13c6476941bcd8cc7ef342ed0a53cca701788649e3ba6aacbd003159", kill_on_drop: false }`
[INFO] [stdout] d63250fd13c6476941bcd8cc7ef342ed0a53cca701788649e3ba6aacbd003159
