[INFO] fetching crate polywrap_http_plugin 0.1.11...
[INFO] testing polywrap_http_plugin-0.1.11 against nightly-2025-01-18 for randomize-layout-2
[INFO] extracting crate polywrap_http_plugin 0.1.11 into /workspace/builds/worker-2-tc1/source
[INFO] validating manifest of crates.io crate polywrap_http_plugin 0.1.11 on toolchain nightly-2025-01-18
[INFO] running `Command { std: CARGO_HOME="/workspace/cargo-home" RUSTUP_HOME="/workspace/rustup-home" "/workspace/cargo-home/bin/cargo" "+nightly-2025-01-18" "metadata" "--manifest-path" "Cargo.toml" "--no-deps", kill_on_drop: false }`
[INFO] started tweaking crates.io crate polywrap_http_plugin 0.1.11
[INFO] finished tweaking crates.io crate polywrap_http_plugin 0.1.11
[INFO] tweaked toml for crates.io crate polywrap_http_plugin 0.1.11 written to /workspace/builds/worker-2-tc1/source/Cargo.toml
[INFO] running `Command { std: CARGO_HOME="/workspace/cargo-home" RUSTUP_HOME="/workspace/rustup-home" "/workspace/cargo-home/bin/cargo" "+nightly-2025-01-18" "generate-lockfile" "--manifest-path" "Cargo.toml", kill_on_drop: false }`
[INFO] [stderr]     Updating crates.io index
[INFO] [stderr]      Locking 346 packages to latest compatible versions
[INFO] [stderr]       Adding base64 v0.13.1 (available: v0.22.1)
[INFO] [stderr]       Adding thiserror v1.0.69 (available: v2.0.11)
[INFO] [stderr]       Adding wasi v0.10.0+wasi-snapshot-preview1 (available: v0.10.2+wasi-snapshot-preview1)
[INFO] [stderr]       Adding wat v1.0.71 (available: v1.223.0)
[INFO] running `Command { std: CARGO_HOME="/workspace/cargo-home" RUSTUP_HOME="/workspace/rustup-home" "/workspace/cargo-home/bin/cargo" "+nightly-2025-01-18" "fetch" "--manifest-path" "Cargo.toml", kill_on_drop: false }`
[INFO] [stderr]  Downloading crates ...
[INFO] [stderr]   Downloaded schemafy_core v0.6.0
[INFO] [stderr]   Downloaded snafu v0.6.10
[INFO] [stderr]   Downloaded snafu-derive v0.6.10
[INFO] [stderr]   Downloaded iso8601 v0.5.1
[INFO] [stderr]   Downloaded jsonschema v0.16.1
[INFO] [stderr]   Downloaded fraction v0.12.2
[INFO] [stderr]   Downloaded wasmer-derive v4.4.0
[INFO] [stderr]   Downloaded iron v0.6.1
[INFO] [stderr]   Downloaded mustache v0.9.0
[INFO] [stderr]   Downloaded tiny_http v0.6.4
[INFO] [stderr]   Downloaded multipart v0.18.0
[INFO] [stderr]   Downloaded polywrap_schemafy_lib v0.1.0
[INFO] [stderr]   Downloaded wasmer-compiler v4.4.0
[INFO] [stderr]   Downloaded wasmer-compiler-cranelift v4.4.0
[INFO] [stderr]   Downloaded region v3.0.2
[INFO] [stderr]   Downloaded polywrap_uri v0.1.11
[INFO] [stderr]   Downloaded wrap_manifest_schemas v0.1.11
[INFO] [stderr]   Downloaded polywrap_msgpack_serde v0.0.2
[INFO] [stderr]   Downloaded nickel v0.11.0
[INFO] [stderr]   Downloaded groupable v0.2.0
[INFO] [stderr]   Downloaded polywrap_client v0.1.11
[INFO] [stderr]   Downloaded polywrap_resolvers v0.1.11
[INFO] [stderr]   Downloaded polywrap_client_builder v0.1.11
[INFO] [stderr]   Downloaded polywrap_schemafy v0.1.1
[INFO] [stderr]   Downloaded polywrap_wasm v0.1.11
[INFO] [stderr]   Downloaded polywrap_core v0.1.11
[INFO] [stderr]   Downloaded polywrap_core_macros v0.1.11
[INFO] [stderr]   Downloaded polywrap_plugin_implementor v0.1.11
[INFO] [stderr]   Downloaded polywrap-jsonref v0.1.0
[INFO] [stderr]   Downloaded polywrap_resolver_extensions v0.1.11
[INFO] [stderr]   Downloaded polywrap_plugin v0.1.11
[INFO] [stderr]   Downloaded enumset_derive v0.10.0
[INFO] [stderr]   Downloaded enumset v1.1.5
[INFO] [stderr]   Downloaded wasmer-types v4.4.0
[INFO] [stderr]   Downloaded xxhash-rust v0.8.15
[INFO] [stderr]   Downloaded wasmer-vm v4.4.0
[INFO] [stderr]   Downloaded wasmer v4.4.0
[INFO] [stderr]   Downloaded handlebars v4.5.0
[INFO] [stderr]   Downloaded fancy-regex v0.10.0
[INFO] running `Command { std: "docker" "create" "-v" "/var/lib/crater-agent-workspace/builds/worker-2-tc1/target:/opt/rustwide/target:rw,Z" "-v" "/var/lib/crater-agent-workspace/builds/worker-2-tc1/source:/opt/rustwide/workdir:ro,Z" "-v" "/var/lib/crater-agent-workspace/cargo-home:/opt/rustwide/cargo-home:ro,Z" "-v" "/var/lib/crater-agent-workspace/rustup-home:/opt/rustwide/rustup-home:ro,Z" "-e" "SOURCE_DIR=/opt/rustwide/workdir" "-e" "CARGO_TARGET_DIR=/opt/rustwide/target" "-e" "CARGO_HOME=/opt/rustwide/cargo-home" "-e" "RUSTUP_HOME=/opt/rustwide/rustup-home" "-w" "/opt/rustwide/workdir" "-m" "1610612736" "--user" "0:0" "--network" "none" "ghcr.io/rust-lang/crates-build-env/linux@sha256:819108c5571ea2e421544af4d832f968d213c87fbe3707a016657f43d2f853bc" "/opt/rustwide/cargo-home/bin/cargo" "+nightly-2025-01-18" "metadata" "--no-deps" "--format-version=1", kill_on_drop: false }`
[INFO] [stdout] e4e72534e3c91077e2df392f35e70ebe4c34f0ee0e3ba7e55be33bf2a91d4539
[INFO] running `Command { std: "docker" "start" "-a" "e4e72534e3c91077e2df392f35e70ebe4c34f0ee0e3ba7e55be33bf2a91d4539", kill_on_drop: false }`
[INFO] running `Command { std: "docker" "inspect" "e4e72534e3c91077e2df392f35e70ebe4c34f0ee0e3ba7e55be33bf2a91d4539", kill_on_drop: false }`
[INFO] running `Command { std: "docker" "rm" "-f" "e4e72534e3c91077e2df392f35e70ebe4c34f0ee0e3ba7e55be33bf2a91d4539", kill_on_drop: false }`
[INFO] [stdout] e4e72534e3c91077e2df392f35e70ebe4c34f0ee0e3ba7e55be33bf2a91d4539
[INFO] running `Command { std: "docker" "create" "-v" "/var/lib/crater-agent-workspace/builds/worker-2-tc1/target:/opt/rustwide/target:rw,Z" "-v" "/var/lib/crater-agent-workspace/builds/worker-2-tc1/source:/opt/rustwide/workdir:ro,Z" "-v" "/var/lib/crater-agent-workspace/cargo-home:/opt/rustwide/cargo-home:ro,Z" "-v" "/var/lib/crater-agent-workspace/rustup-home:/opt/rustwide/rustup-home:ro,Z" "-e" "SOURCE_DIR=/opt/rustwide/workdir" "-e" "CARGO_TARGET_DIR=/opt/rustwide/target" "-e" "CARGO_INCREMENTAL=0" "-e" "RUST_BACKTRACE=full" "-e" "RUSTFLAGS=--cap-lints=forbid" "-e" "RUSTDOCFLAGS=--cap-lints=forbid" "-e" "CARGO_HOME=/opt/rustwide/cargo-home" "-e" "RUSTUP_HOME=/opt/rustwide/rustup-home" "-w" "/opt/rustwide/workdir" "-m" "1610612736" "--user" "0:0" "--network" "none" "ghcr.io/rust-lang/crates-build-env/linux@sha256:819108c5571ea2e421544af4d832f968d213c87fbe3707a016657f43d2f853bc" "/opt/rustwide/cargo-home/bin/cargo" "+nightly-2025-01-18" "build" "--frozen" "--message-format=json", kill_on_drop: false }`
[INFO] [stdout] 804217c52a608f832f9a26e41a7d7fcdc36ac8aa05148fd441b4e819c0448f2c
[INFO] running `Command { std: "docker" "start" "-a" "804217c52a608f832f9a26e41a7d7fcdc36ac8aa05148fd441b4e819c0448f2c", kill_on_drop: false }`
[INFO] [stderr]    Compiling syn v2.0.96
[INFO] [stderr]    Compiling serde v1.0.217
[INFO] [stderr]    Compiling memchr v2.7.4
[INFO] [stderr]    Compiling serde_json v1.0.137
[INFO] [stderr]    Compiling ryu v1.0.18
[INFO] [stderr]    Compiling regex-syntax v0.8.5
[INFO] [stderr]    Compiling stable_deref_trait v1.2.0
[INFO] [stderr]    Compiling num-traits v0.2.19
[INFO] [stderr]    Compiling shlex v1.3.0
[INFO] [stderr]    Compiling writeable v0.5.5
[INFO] [stderr]    Compiling litemap v0.7.4
[INFO] [stderr]    Compiling cc v1.2.10
[INFO] [stderr]    Compiling byteorder v1.5.0
[INFO] [stderr]    Compiling lazy_static v1.5.0
[INFO] [stderr]    Compiling smallvec v1.13.2
[INFO] [stderr]    Compiling icu_locid_transform_data v1.5.0
[INFO] [stderr]    Compiling syn v1.0.109
[INFO] [stderr]    Compiling icu_properties_data v1.5.0
[INFO] [stderr]    Compiling autocfg v0.1.8
[INFO] [stderr]    Compiling utf8_iter v1.0.4
[INFO] [stderr]    Compiling spin v0.9.8
[INFO] [stderr]    Compiling aho-corasick v1.1.3
[INFO] [stderr]    Compiling utf16_iter v1.0.5
[INFO] [stderr]    Compiling rand_core v0.4.2
[INFO] [stderr]    Compiling write16 v1.0.0
[INFO] [stderr]    Compiling untrusted v0.9.0
[INFO] [stderr]    Compiling icu_normalizer_data v1.5.0
[INFO] [stderr]    Compiling log v0.4.25
[INFO] [stderr]    Compiling thiserror v2.0.11
[INFO] [stderr]    Compiling num-integer v0.1.46
[INFO] [stderr]    Compiling rustls-pki-types v1.10.1
[INFO] [stderr]    Compiling version_check v0.1.5
[INFO] [stderr]    Compiling unicase v1.4.2
[INFO] [stderr]    Compiling form_urlencoded v1.2.1
[INFO] [stderr]    Compiling ucd-trie v0.1.7
[INFO] [stderr]    Compiling rustls v0.23.21
[INFO] [stderr]    Compiling rand_core v0.3.1
[INFO] [stderr]    Compiling zeroize v1.8.1
[INFO] [stderr]    Compiling adler2 v2.0.0
[INFO] [stderr]    Compiling subtle v2.6.1
[INFO] [stderr]    Compiling ahash v0.8.11
[INFO] [stderr]    Compiling miniz_oxide v0.8.3
[INFO] [stderr]    Compiling ring v0.17.8
[INFO] [stderr]    Compiling getrandom v0.2.15
[INFO] [stderr]    Compiling lock_api v0.4.12
[INFO] [stderr]    Compiling crc32fast v1.4.2
[INFO] [stderr]    Compiling bit-vec v0.6.3
[INFO] [stderr]    Compiling parking_lot_core v0.9.10
[INFO] [stderr]    Compiling regex-automata v0.4.9
[INFO] [stderr]    Compiling synstructure v0.13.1
[INFO] [stderr]    Compiling doc-comment v0.3.3
[INFO] [stderr]    Compiling uriparse v0.6.4
[INFO] [stderr]    Compiling serde_derive v1.0.217
[INFO] [stderr]    Compiling zerofrom-derive v0.1.5
[INFO] [stderr]    Compiling yoke-derive v0.7.5
[INFO] [stderr]    Compiling zerovec-derive v0.10.3
[INFO] [stderr]    Compiling zerofrom v0.1.5
[INFO] [stderr]    Compiling displaydoc v0.2.5
[INFO] [stderr]    Compiling icu_provider_macros v1.5.0
[INFO] [stderr]    Compiling yoke v0.7.5
[INFO] [stderr]    Compiling regex v1.11.1
[INFO] [stderr]    Compiling thiserror-impl v2.0.11
[INFO] [stderr]    Compiling thiserror-impl v1.0.69
[INFO] [stderr]    Compiling zerovec v0.10.4
[INFO] [stderr]    Compiling Inflector v0.11.4
[INFO] [stderr]    Compiling zerocopy-derive v0.7.35
[INFO] [stderr]    Compiling bit-set v0.5.3
[INFO] [stderr]    Compiling flate2 v1.0.35
[INFO] [stderr]    Compiling pest v2.7.15
[INFO] [stderr]    Compiling thiserror v1.0.69
[INFO] [stderr]    Compiling webpki-roots v0.26.7
[INFO] [stderr]    Compiling num-iter v0.1.45
[INFO] [stderr]    Compiling tinystr v0.7.6
[INFO] [stderr]    Compiling icu_collections v1.5.0
[INFO] [stderr]    Compiling num-complex v0.4.6
[INFO] [stderr]    Compiling icu_locid v1.5.0
[INFO] [stderr]    Compiling rand_chacha v0.1.1
[INFO] [stderr]    Compiling rand_pcg v0.1.2
[INFO] [stderr]    Compiling encoding_rs v0.8.35
[INFO] [stderr]    Compiling num-conv v0.1.0
[INFO] [stderr]    Compiling scopeguard v1.2.0
[INFO] [stderr]    Compiling powerfmt v0.2.0
[INFO] [stderr]    Compiling base64 v0.22.1
[INFO] [stderr]    Compiling icu_provider v1.5.0
[INFO] [stderr]    Compiling time-core v0.1.2
[INFO] [stderr]    Compiling anyhow v1.0.95
[INFO] [stderr]    Compiling time-macros v0.2.19
[INFO] [stderr]    Compiling deranged v0.3.11
[INFO] [stderr]    Compiling icu_locid_transform v1.5.0
[INFO] [stderr]    Compiling pest_meta v2.7.15
[INFO] [stderr]    Compiling zerocopy v0.7.35
[INFO] [stderr]    Compiling snafu-derive v0.6.10
[INFO] [stderr]    Compiling icu_properties v1.5.1
[INFO] [stderr]    Compiling pest_generator v2.7.15
[INFO] [stderr]    Compiling rand v0.6.5
[INFO] [stderr]    Compiling tinyvec_macros v0.1.1
[INFO] [stderr]    Compiling siphasher v0.2.3
[INFO] [stderr]    Compiling tinyvec v1.8.1
[INFO] [stderr]    Compiling parking_lot v0.12.3
[INFO] [stderr]    Compiling phf_shared v0.7.24
[INFO] [stderr]    Compiling time v0.3.37
[INFO] [stderr]    Compiling snafu v0.6.10
[INFO] [stderr]    Compiling pest_derive v2.7.15
[INFO] [stderr]    Compiling rand_hc v0.1.0
[INFO] [stderr]    Compiling num-bigint v0.4.6
[INFO] [stderr]    Compiling serde_bytes v0.11.15
[INFO] [stderr]    Compiling rand_isaac v0.1.1
[INFO] [stderr]    Compiling rand_xorshift v0.1.1
[INFO] [stderr]    Compiling rand_os v0.1.3
[INFO] [stderr]    Compiling rand_jitter v0.1.4
[INFO] [stderr]    Compiling icu_normalizer v1.5.0
[INFO] [stderr]    Compiling semver v1.0.25
[INFO] [stderr]    Compiling schemafy_core v0.6.0
[INFO] [stderr]    Compiling polywrap_schemafy_lib v0.1.0
[INFO] [stderr]    Compiling idna_adapter v1.2.0
[INFO] [stderr]    Compiling idna v1.0.3
[INFO] [stderr]    Compiling bytecount v0.6.8
[INFO] [stderr]    Compiling num-rational v0.4.2
[INFO] [stderr]    Compiling bigdecimal v0.3.1
[INFO] [stderr]    Compiling url v2.5.4
[INFO] [stderr]    Compiling num-cmp v0.1.0
[INFO] [stderr]    Compiling num v0.4.3
[INFO] [stderr]    Compiling base64 v0.13.1
[INFO] [stderr]    Compiling fraction v0.12.2
[INFO] [stderr]    Compiling uuid v1.12.0
[INFO] [stderr]    Compiling rustls-webpki v0.102.8
[INFO] [stderr]    Compiling polywrap_schemafy v0.1.1
[INFO] [stderr]    Compiling unicode-normalization v0.1.24
[INFO] [stderr]    Compiling serde_repr v0.1.19
[INFO] [stderr]    Compiling log v0.3.9
[INFO] [stderr]    Compiling unicode-bidi v0.3.18
[INFO] [stderr]    Compiling matches v0.1.10
[INFO] [stderr]    Compiling traitobject v0.1.0
[INFO] [stderr]    Compiling nom v7.1.3
[INFO] [stderr]    Compiling percent-encoding v1.0.1
[INFO] [stderr]    Compiling idna v0.1.5
[INFO] [stderr]    Compiling safemem v0.3.3
[INFO] [stderr]    Compiling unsafe-any v0.4.2
[INFO] [stderr]    Compiling mime v0.2.6
[INFO] [stderr]    Compiling phf_generator v0.7.24
[INFO] [stderr]    Compiling polywrap_uri v0.1.11
[INFO] [stderr]    Compiling url v1.7.2
[INFO] [stderr]    Compiling phf_codegen v0.7.24
[INFO] [stderr]    Compiling phf v0.7.24
[INFO] [stderr]    Compiling fancy-regex v0.10.0
[INFO] [stderr]    Compiling mime_guess v1.8.8
[INFO] [stderr]    Compiling polywrap_core_macros v0.1.11
[INFO] [stderr]    Compiling typemap v0.3.3
[INFO] [stderr]    Compiling iso8601 v0.5.1
[INFO] [stderr]    Compiling base64 v0.9.3
[INFO] [stderr]    Compiling polywrap_msgpack_serde v0.0.2
[INFO] [stderr]    Compiling handlebars v4.5.0
[INFO] [stderr]    Compiling jsonschema v0.16.1
[INFO] [stderr]    Compiling time v0.1.45
[INFO] [stderr]    Compiling num_cpus v1.16.0
[INFO] [stderr]    Compiling typeable v0.1.2
[INFO] [stderr]    Compiling rustix v0.38.43
[INFO] [stderr]    Compiling language-tags v0.2.2
[INFO] [stderr]    Compiling unicase v2.8.1
[INFO] [stderr]    Compiling mime_guess v2.0.5
[INFO] [stderr]    Compiling hyper v0.10.16
[INFO] [stderr]    Compiling plugin v0.2.6
[INFO] [stderr]    Compiling ureq v2.12.1
[INFO] [stderr]    Compiling polywrap-jsonref v0.1.0
[INFO] [stderr]    Compiling wrap_manifest_schemas v0.1.11
[INFO] [stderr]    Compiling ppv-lite86 v0.2.20
[INFO] [stderr]    Compiling modifier v0.1.0
[INFO] [stderr]    Compiling bitflags v2.8.0
[INFO] [stderr]    Compiling iana-time-zone v0.1.61
[INFO] [stderr]    Compiling linux-raw-sys v0.4.15
[INFO] [stderr]    Compiling chrono v0.4.39
[INFO] [stderr]    Compiling polywrap_core v0.1.11
[INFO] [stderr]    Compiling rand_chacha v0.3.1
[INFO] [stderr]    Compiling mustache v0.9.0
[INFO] [stderr]    Compiling groupable v0.2.0
[INFO] [stderr]    Compiling chunked_transfer v0.3.1
[INFO] [stderr]    Compiling ascii v0.8.7
[INFO] [stderr]    Compiling fastrand v2.3.0
[INFO] [stderr]    Compiling nickel v0.11.0
[INFO] [stderr]    Compiling iron v0.6.1
[INFO] [stderr]    Compiling polywrap_plugin_implementor v0.1.11
[INFO] [stderr]    Compiling tiny_http v0.6.4
[INFO] [stderr]    Compiling rand v0.8.5
[INFO] [stderr]    Compiling buf_redux v0.8.4
[INFO] [stderr]    Compiling twoway v0.1.8
[INFO] [stderr]    Compiling quick-error v1.2.3
[INFO] [stderr]    Compiling tempfile v3.15.0
[INFO] [stderr]    Compiling polywrap_plugin v0.1.11
[INFO] [stderr]    Compiling multipart v0.18.0
[INFO] [stderr]    Compiling polywrap_http_plugin v0.1.11 (/opt/rustwide/workdir)
[INFO] [stderr]     Finished `dev` profile [unoptimized + debuginfo] target(s) in 2m 44s
[INFO] [stderr] warning: the following packages contain code that will be rejected by a future version of Rust: buf_redux v0.8.4, multipart v0.18.0, traitobject v0.1.0, typemap v0.3.3
[INFO] [stderr] note: to see what the problems were, use the option `--future-incompat-report`, or run `cargo report future-incompatibilities --id 1`
[INFO] running `Command { std: "docker" "inspect" "804217c52a608f832f9a26e41a7d7fcdc36ac8aa05148fd441b4e819c0448f2c", kill_on_drop: false }`
[INFO] running `Command { std: "docker" "rm" "-f" "804217c52a608f832f9a26e41a7d7fcdc36ac8aa05148fd441b4e819c0448f2c", kill_on_drop: false }`
[INFO] [stdout] 804217c52a608f832f9a26e41a7d7fcdc36ac8aa05148fd441b4e819c0448f2c
[INFO] running `Command { std: "docker" "create" "-v" "/var/lib/crater-agent-workspace/builds/worker-2-tc1/target:/opt/rustwide/target:rw,Z" "-v" "/var/lib/crater-agent-workspace/builds/worker-2-tc1/source:/opt/rustwide/workdir:ro,Z" "-v" "/var/lib/crater-agent-workspace/cargo-home:/opt/rustwide/cargo-home:ro,Z" "-v" "/var/lib/crater-agent-workspace/rustup-home:/opt/rustwide/rustup-home:ro,Z" "-e" "SOURCE_DIR=/opt/rustwide/workdir" "-e" "CARGO_TARGET_DIR=/opt/rustwide/target" "-e" "CARGO_INCREMENTAL=0" "-e" "RUST_BACKTRACE=full" "-e" "RUSTFLAGS=--cap-lints=forbid" "-e" "RUSTDOCFLAGS=--cap-lints=forbid" "-e" "CARGO_HOME=/opt/rustwide/cargo-home" "-e" "RUSTUP_HOME=/opt/rustwide/rustup-home" "-w" "/opt/rustwide/workdir" "-m" "1610612736" "--user" "0:0" "--network" "none" "ghcr.io/rust-lang/crates-build-env/linux@sha256:819108c5571ea2e421544af4d832f968d213c87fbe3707a016657f43d2f853bc" "/opt/rustwide/cargo-home/bin/cargo" "+nightly-2025-01-18" "test" "--frozen" "--no-run" "--message-format=json", kill_on_drop: false }`
[INFO] [stdout] 700e7d18f33019d41b9faaa40b41c67a7ca5ffda1af09a11ac6af19896216dd9
[INFO] running `Command { std: "docker" "start" "-a" "700e7d18f33019d41b9faaa40b41c67a7ca5ffda1af09a11ac6af19896216dd9", kill_on_drop: false }`
[INFO] [stderr]    Compiling syn v2.0.96
[INFO] [stderr]    Compiling getrandom v0.2.15
[INFO] [stderr]    Compiling stable_deref_trait v1.2.0
[INFO] [stderr]    Compiling smallvec v1.13.2
[INFO] [stderr]    Compiling ahash v0.7.8
[INFO] [stderr]    Compiling scopeguard v1.2.0
[INFO] [stderr]    Compiling crossbeam-utils v0.8.21
[INFO] [stderr]    Compiling typenum v1.17.0
[INFO] [stderr]    Compiling uriparse v0.6.4
[INFO] [stderr]    Compiling lock_api v0.4.12
[INFO] [stderr]    Compiling parking_lot_core v0.9.10
[INFO] [stderr]    Compiling generic-array v0.14.7
[INFO] [stderr]    Compiling hashbrown v0.12.3
[INFO] [stderr]    Compiling ident_case v1.0.1
[INFO] [stderr]    Compiling ptr_meta_derive v0.1.4
[INFO] [stderr]    Compiling bytecheck v0.6.12
[INFO] [stderr]    Compiling target-lexicon v0.12.16
[INFO] [stderr]    Compiling ring v0.17.8
[INFO] [stderr]    Compiling ptr_meta v0.1.4
[INFO] [stderr]    Compiling bytecheck_derive v0.6.12
[INFO] [stderr]    Compiling simdutf8 v0.1.5
[INFO] [stderr]    Compiling rend v0.4.2
[INFO] [stderr]    Compiling indexmap v1.9.3
[INFO] [stderr]    Compiling cranelift-isle v0.91.1
[INFO] [stderr]    Compiling cranelift-codegen-shared v0.91.1
[INFO] [stderr]    Compiling rkyv v0.7.45
[INFO] [stderr]    Compiling object v0.36.7
[INFO] [stderr]    Compiling cranelift-codegen-meta v0.91.1
[INFO] [stderr]    Compiling enum-iterator-derive v0.7.0
[INFO] [stderr]    Compiling rkyv_derive v0.7.45
[INFO] [stderr]    Compiling rustls-webpki v0.102.8
[INFO] [stderr]    Compiling crypto-common v0.1.6
[INFO] [stderr]    Compiling block-buffer v0.10.4
[INFO] [stderr]    Compiling digest v0.10.7
[INFO] [stderr]    Compiling fxhash v0.2.1
[INFO] [stderr]    Compiling corosensei v0.1.4
[INFO] [stderr]    Compiling rustls v0.23.21
[INFO] [stderr]    Compiling memoffset v0.9.1
[INFO] [stderr]    Compiling cpufeatures v0.2.16
[INFO] [stderr]    Compiling gimli v0.31.1
[INFO] [stderr]    Compiling seahash v4.1.0
[INFO] [stderr]    Compiling cranelift-entity v0.91.1
[INFO] [stderr]    Compiling leb128 v0.2.5
[INFO] [stderr]    Compiling sha2 v0.10.8
[INFO] [stderr]    Compiling enum-iterator v0.7.0
[INFO] [stderr]    Compiling crossbeam-epoch v0.9.18
[INFO] [stderr]    Compiling parking_lot v0.12.3
[INFO] [stderr]    Compiling rustc-demangle v0.1.24
[INFO] [stderr]    Compiling cranelift-codegen v0.91.1
[INFO] [stderr]    Compiling xxhash-rust v0.8.15
[INFO] [stderr]    Compiling hashbrown v0.14.5
[INFO] [stderr]    Compiling more-asserts v0.2.2
[INFO] [stderr]    Compiling rayon-core v1.12.1
[INFO] [stderr]    Compiling slice-group-by v0.3.1
[INFO] [stderr]    Compiling fallible-iterator v0.2.0
[INFO] [stderr]    Compiling synstructure v0.13.1
[INFO] [stderr]    Compiling darling_core v0.20.10
[INFO] [stderr]    Compiling addr2line v0.24.2
[INFO] [stderr]    Compiling hex v0.4.3
[INFO] [stderr]    Compiling dashmap v6.1.0
[INFO] [stderr]    Compiling gimli v0.26.2
[INFO] [stderr]    Compiling regalloc2 v0.5.1
[INFO] [stderr]    Compiling region v3.0.2
[INFO] [stderr]    Compiling serde_derive v1.0.217
[INFO] [stderr]    Compiling zerofrom-derive v0.1.5
[INFO] [stderr]    Compiling yoke-derive v0.7.5
[INFO] [stderr]    Compiling zerovec-derive v0.10.3
[INFO] [stderr]    Compiling displaydoc v0.2.5
[INFO] [stderr]    Compiling icu_provider_macros v1.5.0
[INFO] [stderr]    Compiling thiserror-impl v1.0.69
[INFO] [stderr]    Compiling zerofrom v0.1.5
[INFO] [stderr]    Compiling yoke v0.7.5
[INFO] [stderr]    Compiling thiserror-impl v2.0.11
[INFO] [stderr]    Compiling zerocopy-derive v0.7.35
[INFO] [stderr]    Compiling zerovec v0.10.4
[INFO] [stderr]    Compiling thiserror v1.0.69
[INFO] [stderr]    Compiling zerocopy v0.7.35
[INFO] [stderr]    Compiling tinystr v0.7.6
[INFO] [stderr]    Compiling icu_collections v1.5.0
[INFO] [stderr]    Compiling icu_locid v1.5.0
[INFO] [stderr]    Compiling serde v1.0.217
[INFO] [stderr]    Compiling thiserror v2.0.11
[INFO] [stderr]    Compiling pest v2.7.15
[INFO] [stderr]    Compiling darling_macro v0.20.10
[INFO] [stderr]    Compiling icu_provider v1.5.0
[INFO] [stderr]    Compiling serde_repr v0.1.19
[INFO] [stderr]    Compiling icu_locid_transform v1.5.0
[INFO] [stderr]    Compiling darling v0.20.10
[INFO] [stderr]    Compiling enumset_derive v0.10.0
[INFO] [stderr]    Compiling icu_properties v1.5.1
[INFO] [stderr]    Compiling pest_meta v2.7.15
[INFO] [stderr]    Compiling enumset v1.1.5
[INFO] [stderr]    Compiling wasmer-types v4.4.0
[INFO] [stderr]    Compiling backtrace v0.3.74
[INFO] [stderr]    Compiling crossbeam-deque v0.8.6
[INFO] [stderr]    Compiling pest_generator v2.7.15
[INFO] [stderr]    Compiling icu_normalizer v1.5.0
[INFO] [stderr]    Compiling pest_derive v2.7.15
[INFO] [stderr]    Compiling serde_json v1.0.137
[INFO] [stderr]    Compiling num-bigint v0.4.6
[INFO] [stderr]    Compiling idna_adapter v1.2.0
[INFO] [stderr]    Compiling serde_bytes v0.11.15
[INFO] [stderr]    Compiling idna v1.0.3
[INFO] [stderr]    Compiling num-rational v0.4.2
[INFO] [stderr]    Compiling bigdecimal v0.3.1
[INFO] [stderr]    Compiling schemafy_core v0.6.0
[INFO] [stderr]    Compiling polywrap_schemafy_lib v0.1.0
[INFO] [stderr]    Compiling num v0.4.3
[INFO] [stderr]    Compiling fraction v0.12.2
[INFO] [stderr]    Compiling url v2.5.4
[INFO] [stderr]    Compiling polywrap_uri v0.1.11
[INFO] [stderr]    Compiling ahash v0.8.11
[INFO] [stderr]    Compiling polywrap_msgpack_serde v0.0.2
[INFO] [stderr]    Compiling polywrap_core_macros v0.1.11
[INFO] [stderr]    Compiling handlebars v4.5.0
[INFO] [stderr]    Compiling ureq v2.12.1
[INFO] [stderr]    Compiling jsonschema v0.16.1
[INFO] [stderr]    Compiling polywrap_schemafy v0.1.1
[INFO] [stderr]    Compiling cranelift-bforest v0.91.1
[INFO] [stderr]    Compiling polywrap-jsonref v0.1.0
[INFO] [stderr]    Compiling cranelift-egraph v0.91.1
[INFO] [stderr]    Compiling crossbeam-queue v0.3.12
[INFO] [stderr]    Compiling derivative v2.2.0
[INFO] [stderr]    Compiling memmap2 v0.6.2
[INFO] [stderr]    Compiling arrayvec v0.7.6
[INFO] [stderr]    Compiling bumpalo v3.16.0
[INFO] [stderr]    Compiling shared-buffer v0.1.4
[INFO] [stderr]    Compiling wrap_manifest_schemas v0.1.11
[INFO] [stderr]    Compiling wasmparser v0.121.2
[INFO] [stderr]    Compiling tracing-attributes v0.1.28
[INFO] [stderr]    Compiling wasmer-vm v4.4.0
[INFO] [stderr]    Compiling wasm-encoder v0.32.0
[INFO] [stderr]    Compiling self_cell v1.1.0
[INFO] [stderr]    Compiling unicode-width v0.1.14
[INFO] [stderr]    Compiling either v1.13.0
[INFO] [stderr]    Compiling wasmer-compiler-cranelift v4.4.0
[INFO] [stderr]    Compiling rayon v1.10.0
[INFO] [stderr]    Compiling tracing v0.1.41
[INFO] [stderr]    Compiling polywrap_core v0.1.11
[INFO] [stderr]    Compiling proc-macro-error v1.0.4
[INFO] [stderr]    Compiling wast v64.0.0
[INFO] [stderr]    Compiling wasmer-derive v4.4.0
[INFO] [stderr]    Compiling ppv-lite86 v0.2.20
[INFO] [stderr]    Compiling rand_core v0.6.4
[INFO] [stderr]    Compiling mustache v0.9.0
[INFO] [stderr]    Compiling rand_chacha v0.3.1
[INFO] [stderr]    Compiling wasmer-compiler v4.4.0
[INFO] [stderr]    Compiling nickel v0.11.0
[INFO] [stderr]    Compiling tempfile v3.15.0
[INFO] [stderr]    Compiling rand v0.8.5
[INFO] [stderr]    Compiling multipart v0.18.0
[INFO] [stderr]    Compiling polywrap_plugin_implementor v0.1.11
[INFO] [stderr]    Compiling polywrap_plugin v0.1.11
[INFO] [stderr]    Compiling polywrap_http_plugin v0.1.11 (/opt/rustwide/workdir)
[INFO] [stderr]    Compiling wat v1.0.71
[INFO] [stderr]    Compiling cranelift-frontend v0.91.1
[INFO] [stderr]    Compiling wasmer v4.4.0
[INFO] [stderr]    Compiling polywrap_wasm v0.1.11
[INFO] [stderr]    Compiling polywrap_resolvers v0.1.11
[INFO] [stderr]    Compiling polywrap_resolver_extensions v0.1.11
[INFO] [stderr]    Compiling polywrap_client_builder v0.1.11
[INFO] [stderr]    Compiling polywrap_client v0.1.11
[INFO] [stderr]     Finished `test` profile [unoptimized + debuginfo] target(s) in 3m 52s
[INFO] [stderr] warning: the following packages contain code that will be rejected by a future version of Rust: buf_redux v0.8.4, multipart v0.18.0, traitobject v0.1.0, typemap v0.3.3
[INFO] [stderr] note: to see what the problems were, use the option `--future-incompat-report`, or run `cargo report future-incompatibilities --id 1`
[INFO] running `Command { std: "docker" "inspect" "700e7d18f33019d41b9faaa40b41c67a7ca5ffda1af09a11ac6af19896216dd9", kill_on_drop: false }`
[INFO] running `Command { std: "docker" "rm" "-f" "700e7d18f33019d41b9faaa40b41c67a7ca5ffda1af09a11ac6af19896216dd9", kill_on_drop: false }`
[INFO] [stdout] 700e7d18f33019d41b9faaa40b41c67a7ca5ffda1af09a11ac6af19896216dd9
[INFO] running `Command { std: "docker" "create" "-v" "/var/lib/crater-agent-workspace/builds/worker-2-tc1/target:/opt/rustwide/target:rw,Z" "-v" "/var/lib/crater-agent-workspace/builds/worker-2-tc1/source:/opt/rustwide/workdir:ro,Z" "-v" "/var/lib/crater-agent-workspace/cargo-home:/opt/rustwide/cargo-home:ro,Z" "-v" "/var/lib/crater-agent-workspace/rustup-home:/opt/rustwide/rustup-home:ro,Z" "-e" "SOURCE_DIR=/opt/rustwide/workdir" "-e" "CARGO_TARGET_DIR=/opt/rustwide/target" "-e" "CARGO_INCREMENTAL=0" "-e" "RUST_BACKTRACE=full" "-e" "RUSTFLAGS=--cap-lints=forbid" "-e" "RUSTDOCFLAGS=--cap-lints=forbid" "-e" "CARGO_HOME=/opt/rustwide/cargo-home" "-e" "RUSTUP_HOME=/opt/rustwide/rustup-home" "-w" "/opt/rustwide/workdir" "-m" "1610612736" "--user" "0:0" "--network" "none" "ghcr.io/rust-lang/crates-build-env/linux@sha256:819108c5571ea2e421544af4d832f968d213c87fbe3707a016657f43d2f853bc" "/opt/rustwide/cargo-home/bin/cargo" "+nightly-2025-01-18" "test" "--frozen", kill_on_drop: false }`
[INFO] [stdout] 942a47d6e6f5eb795a8d72d2a9e49ffcddd487cdd3da33eadb1a2857ae9d8e63
[INFO] running `Command { std: "docker" "start" "-a" "942a47d6e6f5eb795a8d72d2a9e49ffcddd487cdd3da33eadb1a2857ae9d8e63", kill_on_drop: false }`
[INFO] [stderr]     Finished `test` profile [unoptimized + debuginfo] target(s) in 1.50s
[INFO] [stderr] warning: the following packages contain code that will be rejected by a future version of Rust: buf_redux v0.8.4, multipart v0.18.0, traitobject v0.1.0, typemap v0.3.3
[INFO] [stderr] note: to see what the problems were, use the option `--future-incompat-report`, or run `cargo report future-incompatibilities --id 1`
[INFO] [stderr]      Running unittests src/lib.rs (/opt/rustwide/target/debug/deps/polywrap_http_plugin-731b872d8311be7b)
[INFO] [stdout] 
[INFO] [stdout] running 0 tests
[INFO] [stdout] 
[INFO] [stdout] test result: ok. 0 passed; 0 failed; 0 ignored; 0 measured; 0 filtered out; finished in 0.00s
[INFO] [stdout] 
[INFO] [stderr]      Running tests/it/main.rs (/opt/rustwide/target/debug/deps/it-9886b3f3edebee42)
[INFO] [stdout] 
[INFO] [stdout] running 3 tests
[INFO] [stdout] test get::simple_get ... FAILED
[INFO] [stdout] test post::post_method ... FAILED
[INFO] [stdout] test get::params_get ... FAILED
[INFO] [stdout] 
[INFO] [stdout] failures:
[INFO] [stdout] 
[INFO] [stdout] ---- get::simple_get stdout ----
[INFO] [stdout] 
[INFO] [stdout] thread 'get::simple_get' panicked at tests/it/get.rs:33:10:
[INFO] [stdout] called `Result::unwrap()` on an `Err` value: InvokeError("wrap://plugin/http", "get", "`PluginWrapper: invocation exception encountered.\nexception: \"PluginWrapper: invocation exception encountered.\\nexception: \\\"Error sending request: `https://jsonplaceholder.typicode.com/todos/1: Dns Failed: resolve dns name 'jsonplaceholder.typicode.com:443': failed to lookup address information: Temporary failure in name resolution`\\\"\"`")
[INFO] [stdout] stack backtrace:
[INFO] [stdout]    0:     0x630c40b1e05a - std::backtrace_rs::backtrace::libunwind::trace::hb059275cfc8d6126
[INFO] [stdout]                                at /rustc/6067b36314ab5eb2eb47cecc464545ba58e1ad24/library/std/src/../../backtrace/src/backtrace/libunwind.rs:116:5
[INFO] [stdout]    1:     0x630c40b1e05a - std::backtrace_rs::backtrace::trace_unsynchronized::h2da071e4327ce3ee
[INFO] [stdout]                                at /rustc/6067b36314ab5eb2eb47cecc464545ba58e1ad24/library/std/src/../../backtrace/src/backtrace/mod.rs:66:5
[INFO] [stdout]    2:     0x630c40b1e05a - std::sys::backtrace::_print_fmt::h842a1474e6f8d23f
[INFO] [stdout]                                at /rustc/6067b36314ab5eb2eb47cecc464545ba58e1ad24/library/std/src/sys/backtrace.rs:66:9
[INFO] [stdout]    3:     0x630c40b1e05a - <std::sys::backtrace::BacktraceLock::print::DisplayBacktrace as core::fmt::Display>::fmt::h71a62eb3b9696b12
[INFO] [stdout]                                at /rustc/6067b36314ab5eb2eb47cecc464545ba58e1ad24/library/std/src/sys/backtrace.rs:39:26
[INFO] [stdout]    4:     0x630c40b4a033 - core::fmt::rt::Argument::fmt::hdb6b616786b41dc1
[INFO] [stdout]                                at /rustc/6067b36314ab5eb2eb47cecc464545ba58e1ad24/library/core/src/fmt/rt.rs:177:76
[INFO] [stdout]    5:     0x630c40b4a033 - core::fmt::write::h2cc1698af7e2d686
[INFO] [stdout]                                at /rustc/6067b36314ab5eb2eb47cecc464545ba58e1ad24/library/core/src/fmt/mod.rs:1440:21
[INFO] [stdout]    6:     0x630c40b199d3 - std::io::Write::write_fmt::hab1b4cd059a79022
[INFO] [stdout]                                at /rustc/6067b36314ab5eb2eb47cecc464545ba58e1ad24/library/std/src/io/mod.rs:1887:15
[INFO] [stdout]    7:     0x630c40b1dea2 - std::sys::backtrace::BacktraceLock::print::h147fe35b4ea13b08
[INFO] [stdout]                                at /rustc/6067b36314ab5eb2eb47cecc464545ba58e1ad24/library/std/src/sys/backtrace.rs:42:9
[INFO] [stdout]    8:     0x630c40b1f47f - std::panicking::default_hook::{{closure}}::hbd44223dbdc0d208
[INFO] [stdout]                                at /rustc/6067b36314ab5eb2eb47cecc464545ba58e1ad24/library/std/src/panicking.rs:298:22
[INFO] [stdout]    9:     0x630c40b1f298 - std::panicking::default_hook::h20f81eb0576efcec
[INFO] [stdout]                                at /rustc/6067b36314ab5eb2eb47cecc464545ba58e1ad24/library/std/src/panicking.rs:322:9
[INFO] [stdout]   10:     0x630c4045ffd3 - <alloc::boxed::Box<F,A> as core::ops::function::Fn<Args>>::call::hdb53814c496a4d34
[INFO] [stdout]                                at /rustc/6067b36314ab5eb2eb47cecc464545ba58e1ad24/library/alloc/src/boxed.rs:2027:9
[INFO] [stdout]   11:     0x630c4045ffd3 - test::test_main::{{closure}}::hc0a4963c59427c24
[INFO] [stdout]                                at /rustc/6067b36314ab5eb2eb47cecc464545ba58e1ad24/library/test/src/lib.rs:134:21
[INFO] [stdout]   12:     0x630c40b1ff73 - <alloc::boxed::Box<F,A> as core::ops::function::Fn<Args>>::call::h591b2225413a77e9
[INFO] [stdout]                                at /rustc/6067b36314ab5eb2eb47cecc464545ba58e1ad24/library/alloc/src/boxed.rs:2027:9
[INFO] [stdout]   13:     0x630c40b1ff73 - std::panicking::rust_panic_with_hook::h625eea43051b2edc
[INFO] [stdout]                                at /rustc/6067b36314ab5eb2eb47cecc464545ba58e1ad24/library/std/src/panicking.rs:839:13
[INFO] [stdout]   14:     0x630c40b1fc2a - std::panicking::begin_panic_handler::{{closure}}::h4f9159cfbc3f6bd3
[INFO] [stdout]                                at /rustc/6067b36314ab5eb2eb47cecc464545ba58e1ad24/library/std/src/panicking.rs:704:13
[INFO] [stdout]   15:     0x630c40b1e559 - std::sys::backtrace::__rust_end_short_backtrace::h0390abce48353151
[INFO] [stdout]                                at /rustc/6067b36314ab5eb2eb47cecc464545ba58e1ad24/library/std/src/sys/backtrace.rs:168:18
[INFO] [stdout]   16:     0x630c40b1f8bd - rust_begin_unwind
[INFO] [stdout]                                at /rustc/6067b36314ab5eb2eb47cecc464545ba58e1ad24/library/std/src/panicking.rs:695:5
[INFO] [stdout]   17:     0x630c40b48260 - core::panicking::panic_fmt::h9e7c637e9e5f29c9
[INFO] [stdout]                                at /rustc/6067b36314ab5eb2eb47cecc464545ba58e1ad24/library/core/src/panicking.rs:75:14
[INFO] [stdout]   18:     0x630c40b486d6 - core::result::unwrap_failed::h7979f09313fe1849
[INFO] [stdout]                                at /rustc/6067b36314ab5eb2eb47cecc464545ba58e1ad24/library/core/src/result.rs:1704:5
[INFO] [stdout]   19:     0x630c4041d071 - core::result::Result<T,E>::unwrap::h3c3f23d930655e39
[INFO] [stdout]                                at /rustc/6067b36314ab5eb2eb47cecc464545ba58e1ad24/library/core/src/result.rs:1109:23
[INFO] [stdout]   20:     0x630c4041d071 - it::get::simple_get::hb3e07f8e9f5fa7b0
[INFO] [stdout]                                at /opt/rustwide/workdir/tests/it/get.rs:20:20
[INFO] [stdout]   21:     0x630c4041cbc7 - it::get::simple_get::{{closure}}::h6e4dd79e667f4873
[INFO] [stdout]                                at /opt/rustwide/workdir/tests/it/get.rs:19:16
[INFO] [stdout]   22:     0x630c404182e6 - core::ops::function::FnOnce::call_once::h70321bce2712bf2c
[INFO] [stdout]                                at /rustc/6067b36314ab5eb2eb47cecc464545ba58e1ad24/library/core/src/ops/function.rs:250:5
[INFO] [stdout]   23:     0x630c4046572b - core::ops::function::FnOnce::call_once::he27718dfdd183f43
[INFO] [stdout]                                at /rustc/6067b36314ab5eb2eb47cecc464545ba58e1ad24/library/core/src/ops/function.rs:250:5
[INFO] [stdout]   24:     0x630c4046572b - test::__rust_begin_short_backtrace::h4e84902998457a5d
[INFO] [stdout]                                at /rustc/6067b36314ab5eb2eb47cecc464545ba58e1ad24/library/test/src/lib.rs:632:18
[INFO] [stdout]   25:     0x630c40464663 - test::run_test_in_process::{{closure}}::h7176fd18fc1feca0
[INFO] [stdout]                                at /rustc/6067b36314ab5eb2eb47cecc464545ba58e1ad24/library/test/src/lib.rs:655:60
[INFO] [stdout]   26:     0x630c40464663 - <core::panic::unwind_safe::AssertUnwindSafe<F> as core::ops::function::FnOnce<()>>::call_once::hf79cff2a624d8cf7
[INFO] [stdout]                                at /rustc/6067b36314ab5eb2eb47cecc464545ba58e1ad24/library/core/src/panic/unwind_safe.rs:272:9
[INFO] [stdout]   27:     0x630c40464663 - std::panicking::try::do_call::h3da0561d9ab99c25
[INFO] [stdout]                                at /rustc/6067b36314ab5eb2eb47cecc464545ba58e1ad24/library/std/src/panicking.rs:587:40
[INFO] [stdout]   28:     0x630c40464663 - std::panicking::try::h41c9fa508bc61df6
[INFO] [stdout]                                at /rustc/6067b36314ab5eb2eb47cecc464545ba58e1ad24/library/std/src/panicking.rs:550:19
[INFO] [stdout]   29:     0x630c40464663 - std::panic::catch_unwind::h6b3ff07bb5afad93
[INFO] [stdout]                                at /rustc/6067b36314ab5eb2eb47cecc464545ba58e1ad24/library/std/src/panic.rs:358:14
[INFO] [stdout]   30:     0x630c40464663 - test::run_test_in_process::hc7253dd11b39b9f4
[INFO] [stdout]                                at /rustc/6067b36314ab5eb2eb47cecc464545ba58e1ad24/library/test/src/lib.rs:655:27
[INFO] [stdout]   31:     0x630c40464663 - test::run_test::{{closure}}::hfb2007f8649c30bb
[INFO] [stdout]                                at /rustc/6067b36314ab5eb2eb47cecc464545ba58e1ad24/library/test/src/lib.rs:576:43
[INFO] [stdout]   32:     0x630c40427745 - test::run_test::{{closure}}::h56a17aa7a282a9f4
[INFO] [stdout]                                at /rustc/6067b36314ab5eb2eb47cecc464545ba58e1ad24/library/test/src/lib.rs:606:41
[INFO] [stdout]   33:     0x630c40427745 - std::sys::backtrace::__rust_begin_short_backtrace::hd2d2d2fb8e8c6aac
[INFO] [stdout]                                at /rustc/6067b36314ab5eb2eb47cecc464545ba58e1ad24/library/std/src/sys/backtrace.rs:152:18
[INFO] [stdout]   34:     0x630c4042b02a - std::thread::Builder::spawn_unchecked_::{{closure}}::{{closure}}::h4faa3f9db6133423
[INFO] [stdout]                                at /rustc/6067b36314ab5eb2eb47cecc464545ba58e1ad24/library/std/src/thread/mod.rs:559:17
[INFO] [stdout]   35:     0x630c4042b02a - <core::panic::unwind_safe::AssertUnwindSafe<F> as core::ops::function::FnOnce<()>>::call_once::hf2e855a36a4ea846
[INFO] [stdout]                                at /rustc/6067b36314ab5eb2eb47cecc464545ba58e1ad24/library/core/src/panic/unwind_safe.rs:272:9
[INFO] [stdout]   36:     0x630c4042b02a - std::panicking::try::do_call::h2f73af3616c35465
[INFO] [stdout]                                at /rustc/6067b36314ab5eb2eb47cecc464545ba58e1ad24/library/std/src/panicking.rs:587:40
[INFO] [stdout]   37:     0x630c4042b02a - std::panicking::try::hd1660ce9efadef5a
[INFO] [stdout]                                at /rustc/6067b36314ab5eb2eb47cecc464545ba58e1ad24/library/std/src/panicking.rs:550:19
[INFO] [stdout]   38:     0x630c4042b02a - std::panic::catch_unwind::h5ee8d7823b8ca744
[INFO] [stdout]                                at /rustc/6067b36314ab5eb2eb47cecc464545ba58e1ad24/library/std/src/panic.rs:358:14
[INFO] [stdout]   39:     0x630c4042b02a - std::thread::Builder::spawn_unchecked_::{{closure}}::h53c3a1894dce8407
[INFO] [stdout]                                at /rustc/6067b36314ab5eb2eb47cecc464545ba58e1ad24/library/std/src/thread/mod.rs:557:30
[INFO] [stdout]   40:     0x630c4042b02a - core::ops::function::FnOnce::call_once{{vtable.shim}}::h048ce291ad4f62bf
[INFO] [stdout]                                at /rustc/6067b36314ab5eb2eb47cecc464545ba58e1ad24/library/core/src/ops/function.rs:250:5
[INFO] [stdout]   41:     0x630c40b23f3b - <alloc::boxed::Box<F,A> as core::ops::function::FnOnce<Args>>::call_once::ha52bedf99a3b4981
[INFO] [stdout]                                at /rustc/6067b36314ab5eb2eb47cecc464545ba58e1ad24/library/alloc/src/boxed.rs:2013:9
[INFO] [stdout]   42:     0x630c40b23f3b - <alloc::boxed::Box<F,A> as core::ops::function::FnOnce<Args>>::call_once::h567748934d80ccf8
[INFO] [stdout]                                at /rustc/6067b36314ab5eb2eb47cecc464545ba58e1ad24/library/alloc/src/boxed.rs:2013:9
[INFO] [stdout]   43:     0x630c40b23f3b - std::sys::pal::unix::thread::Thread::new::thread_start::h2d970728ae887adc
[INFO] [stdout]                                at /rustc/6067b36314ab5eb2eb47cecc464545ba58e1ad24/library/std/src/sys/pal/unix/thread.rs:106:17
[INFO] [stdout]   44:     0x769d8409bac3 - <unknown>
[INFO] [stdout]   45:     0x769d8412ca04 - clone
[INFO] [stdout]   46:                0x0 - <unknown>
[INFO] [stdout] 
[INFO] [stdout] ---- post::post_method stdout ----
[INFO] [stdout] 
[INFO] [stdout] thread 'post::post_method' panicked at tests/it/post.rs:45:10:
[INFO] [stdout] called `Result::unwrap()` on an `Err` value: InvokeError("wrap://plugin/http", "post", "`PluginWrapper: invocation exception encountered.\nexception: \"PluginWrapper: invocation exception encountered.\\nexception: \\\"Error sending request: `https://jsonplaceholder.typicode.com/todos: Dns Failed: resolve dns name 'jsonplaceholder.typicode.com:443': failed to lookup address information: Temporary failure in name resolution`\\\"\"`")
[INFO] [stdout] stack backtrace:
[INFO] [stdout]    0:     0x630c40b1e05a - std::backtrace_rs::backtrace::libunwind::trace::hb059275cfc8d6126
[INFO] [stdout]                                at /rustc/6067b36314ab5eb2eb47cecc464545ba58e1ad24/library/std/src/../../backtrace/src/backtrace/libunwind.rs:116:5
[INFO] [stdout]    1:     0x630c40b1e05a - std::backtrace_rs::backtrace::trace_unsynchronized::h2da071e4327ce3ee
[INFO] [stdout]                                at /rustc/6067b36314ab5eb2eb47cecc464545ba58e1ad24/library/std/src/../../backtrace/src/backtrace/mod.rs:66:5
[INFO] [stdout]    2:     0x630c40b1e05a - std::sys::backtrace::_print_fmt::h842a1474e6f8d23f
[INFO] [stdout]                                at /rustc/6067b36314ab5eb2eb47cecc464545ba58e1ad24/library/std/src/sys/backtrace.rs:66:9
[INFO] [stdout]    3:     0x630c40b1e05a - <std::sys::backtrace::BacktraceLock::print::DisplayBacktrace as core::fmt::Display>::fmt::h71a62eb3b9696b12
[INFO] [stdout]                                at /rustc/6067b36314ab5eb2eb47cecc464545ba58e1ad24/library/std/src/sys/backtrace.rs:39:26
[INFO] [stdout]    4:     0x630c40b4a033 - core::fmt::rt::Argument::fmt::hdb6b616786b41dc1
[INFO] [stdout]                                at /rustc/6067b36314ab5eb2eb47cecc464545ba58e1ad24/library/core/src/fmt/rt.rs:177:76
[INFO] [stdout]    5:     0x630c40b4a033 - core::fmt::write::h2cc1698af7e2d686
[INFO] [stdout]                                at /rustc/6067b36314ab5eb2eb47cecc464545ba58e1ad24/library/core/src/fmt/mod.rs:1440:21
[INFO] [stdout]    6:     0x630c40b199d3 - std::io::Write::write_fmt::hab1b4cd059a79022
[INFO] [stdout]                                at /rustc/6067b36314ab5eb2eb47cecc464545ba58e1ad24/library/std/src/io/mod.rs:1887:15
[INFO] [stdout]    7:     0x630c40b1dea2 - std::sys::backtrace::BacktraceLock::print::h147fe35b4ea13b08
[INFO] [stdout]                                at /rustc/6067b36314ab5eb2eb47cecc464545ba58e1ad24/library/std/src/sys/backtrace.rs:42:9
[INFO] [stdout]    8:     0x630c40b1f47f - std::panicking::default_hook::{{closure}}::hbd44223dbdc0d208
[INFO] [stdout]                                at /rustc/6067b36314ab5eb2eb47cecc464545ba58e1ad24/library/std/src/panicking.rs:298:22
[INFO] [stdout]    9:     0x630c40b1f298 - std::panicking::default_hook::h20f81eb0576efcec
[INFO] [stdout]                                at /rustc/6067b36314ab5eb2eb47cecc464545ba58e1ad24/library/std/src/panicking.rs:322:9
[INFO] [stdout]   10:     0x630c4045ffd3 - <alloc::boxed::Box<F,A> as core::ops::function::Fn<Args>>::call::hdb53814c496a4d34
[INFO] [stdout]                                at /rustc/6067b36314ab5eb2eb47cecc464545ba58e1ad24/library/alloc/src/boxed.rs:2027:9
[INFO] [stdout]   11:     0x630c4045ffd3 - test::test_main::{{closure}}::hc0a4963c59427c24
[INFO] [stdout]                                at /rustc/6067b36314ab5eb2eb47cecc464545ba58e1ad24/library/test/src/lib.rs:134:21
[INFO] [stdout]   12:     0x630c40b1ff73 - <alloc::boxed::Box<F,A> as core::ops::function::Fn<Args>>::call::h591b2225413a77e9
[INFO] [stdout]                                at /rustc/6067b36314ab5eb2eb47cecc464545ba58e1ad24/library/alloc/src/boxed.rs:2027:9
[INFO] [stdout]   13:     0x630c40b1ff73 - std::panicking::rust_panic_with_hook::h625eea43051b2edc
[INFO] [stdout]                                at /rustc/6067b36314ab5eb2eb47cecc464545ba58e1ad24/library/std/src/panicking.rs:839:13
[INFO] [stdout]   14:     0x630c40b1fc2a - std::panicking::begin_panic_handler::{{closure}}::h4f9159cfbc3f6bd3
[INFO] [stdout]                                at /rustc/6067b36314ab5eb2eb47cecc464545ba58e1ad24/library/std/src/panicking.rs:704:13
[INFO] [stdout]   15:     0x630c40b1e559 - std::sys::backtrace::__rust_end_short_backtrace::h0390abce48353151
[INFO] [stdout]                                at /rustc/6067b36314ab5eb2eb47cecc464545ba58e1ad24/library/std/src/sys/backtrace.rs:168:18
[INFO] [stdout]   16:     0x630c40b1f8bd - rust_begin_unwind
[INFO] [stdout]                                at /rustc/6067b36314ab5eb2eb47cecc464545ba58e1ad24/library/std/src/panicking.rs:695:5
[INFO] [stdout]   17:     0x630c40b48260 - core::panicking::panic_fmt::h9e7c637e9e5f29c9
[INFO] [stdout]                                at /rustc/6067b36314ab5eb2eb47cecc464545ba58e1ad24/library/core/src/panicking.rs:75:14
[INFO] [stdout]   18:     0x630c40b486d6 - core::result::unwrap_failed::h7979f09313fe1849
[INFO] [stdout]                                at /rustc/6067b36314ab5eb2eb47cecc464545ba58e1ad24/library/core/src/result.rs:1704:5
[INFO] [stdout]   19:     0x630c404200c0 - core::result::Result<T,E>::unwrap::h3c3f23d930655e39
[INFO] [stdout]                                at /rustc/6067b36314ab5eb2eb47cecc464545ba58e1ad24/library/core/src/result.rs:1109:23
[INFO] [stdout]   20:     0x630c404200c0 - it::post::post_method::h4d2415c8722aff2c
[INFO] [stdout]                                at /opt/rustwide/workdir/tests/it/post.rs:24:20
[INFO] [stdout]   21:     0x630c4041f7c7 - it::post::post_method::{{closure}}::haebc1018748d9b9b
[INFO] [stdout]                                at /opt/rustwide/workdir/tests/it/post.rs:20:17
[INFO] [stdout]   22:     0x630c404183d6 - core::ops::function::FnOnce::call_once::hbff4d85ba4f8ea88
[INFO] [stdout]                                at /rustc/6067b36314ab5eb2eb47cecc464545ba58e1ad24/library/core/src/ops/function.rs:250:5
[INFO] [stdout]   23:     0x630c4046572b - core::ops::function::FnOnce::call_once::he27718dfdd183f43
[INFO] [stdout]                                at /rustc/6067b36314ab5eb2eb47cecc464545ba58e1ad24/library/core/src/ops/function.rs:250:5
[INFO] [stdout]   24:     0x630c4046572b - test::__rust_begin_short_backtrace::h4e84902998457a5d
[INFO] [stdout]                                at /rustc/6067b36314ab5eb2eb47cecc464545ba58e1ad24/library/test/src/lib.rs:632:18
[INFO] [stdout]   25:     0x630c40464663 - test::run_test_in_process::{{closure}}::h7176fd18fc1feca0
[INFO] [stdout]                                at /rustc/6067b36314ab5eb2eb47cecc464545ba58e1ad24/library/test/src/lib.rs:655:60
[INFO] [stdout]   26:     0x630c40464663 - <core::panic::unwind_safe::AssertUnwindSafe<F> as core::ops::function::FnOnce<()>>::call_once::hf79cff2a624d8cf7
[INFO] [stdout]                                at /rustc/6067b36314ab5eb2eb47cecc464545ba58e1ad24/library/core/src/panic/unwind_safe.rs:272:9
[INFO] [stdout]   27:     0x630c40464663 - std::panicking::try::do_call::h3da0561d9ab99c25
[INFO] [stdout]                                at /rustc/6067b36314ab5eb2eb47cecc464545ba58e1ad24/library/std/src/panicking.rs:587:40
[INFO] [stdout]   28:     0x630c40464663 - std::panicking::try::h41c9fa508bc61df6
[INFO] [stdout]                                at /rustc/6067b36314ab5eb2eb47cecc464545ba58e1ad24/library/std/src/panicking.rs:550:19
[INFO] [stdout]   29:     0x630c40464663 - std::panic::catch_unwind::h6b3ff07bb5afad93
[INFO] [stdout]                                at /rustc/6067b36314ab5eb2eb47cecc464545ba58e1ad24/library/std/src/panic.rs:358:14
[INFO] [stdout]   30:     0x630c40464663 - test::run_test_in_process::hc7253dd11b39b9f4
[INFO] [stdout]                                at /rustc/6067b36314ab5eb2eb47cecc464545ba58e1ad24/library/test/src/lib.rs:655:27
[INFO] [stdout]   31:     0x630c40464663 - test::run_test::{{closure}}::hfb2007f8649c30bb
[INFO] [stdout]                                at /rustc/6067b36314ab5eb2eb47cecc464545ba58e1ad24/library/test/src/lib.rs:576:43
[INFO] [stdout]   32:     0x630c40427745 - test::run_test::{{closure}}::h56a17aa7a282a9f4
[INFO] [stdout]                                at /rustc/6067b36314ab5eb2eb47cecc464545ba58e1ad24/library/test/src/lib.rs:606:41
[INFO] [stdout]   33:     0x630c40427745 - std::sys::backtrace::__rust_begin_short_backtrace::hd2d2d2fb8e8c6aac
[INFO] [stdout]                                at /rustc/6067b36314ab5eb2eb47cecc464545ba58e1ad24/library/std/src/sys/backtrace.rs:152:18
[INFO] [stdout]   34:     0x630c4042b02a - std::thread::Builder::spawn_unchecked_::{{closure}}::{{closure}}::h4faa3f9db6133423
[INFO] [stdout]                                at /rustc/6067b36314ab5eb2eb47cecc464545ba58e1ad24/library/std/src/thread/mod.rs:559:17
[INFO] [stdout]   35:     0x630c4042b02a - <core::panic::unwind_safe::AssertUnwindSafe<F> as core::ops::function::FnOnce<()>>::call_once::hf2e855a36a4ea846
[INFO] [stdout]                                at /rustc/6067b36314ab5eb2eb47cecc464545ba58e1ad24/library/core/src/panic/unwind_safe.rs:272:9
[INFO] [stdout]   36:     0x630c4042b02a - std::panicking::try::do_call::h2f73af3616c35465
[INFO] [stdout]                                at /rustc/6067b36314ab5eb2eb47cecc464545ba58e1ad24/library/std/src/panicking.rs:587:40
[INFO] [stdout]   37:     0x630c4042b02a - std::panicking::try::hd1660ce9efadef5a
[INFO] [stdout]                                at /rustc/6067b36314ab5eb2eb47cecc464545ba58e1ad24/library/std/src/panicking.rs:550:19
[INFO] [stdout]   38:     0x630c4042b02a - std::panic::catch_unwind::h5ee8d7823b8ca744
[INFO] [stdout]                                at /rustc/6067b36314ab5eb2eb47cecc464545ba58e1ad24/library/std/src/panic.rs:358:14
[INFO] [stdout]   39:     0x630c4042b02a - std::thread::Builder::spawn_unchecked_::{{closure}}::h53c3a1894dce8407
[INFO] [stdout]                                at /rustc/6067b36314ab5eb2eb47cecc464545ba58e1ad24/library/std/src/thread/mod.rs:557:30
[INFO] [stdout]   40:     0x630c4042b02a - core::ops::function::FnOnce::call_once{{vtable.shim}}::h048ce291ad4f62bf
[INFO] [stdout]                                at /rustc/6067b36314ab5eb2eb47cecc464545ba58e1ad24/library/core/src/ops/function.rs:250:5
[INFO] [stdout]   41:     0x630c40b23f3b - <alloc::boxed::Box<F,A> as core::ops::function::FnOnce<Args>>::call_once::ha52bedf99a3b4981
[INFO] [stdout]                                at /rustc/6067b36314ab5eb2eb47cecc464545ba58e1ad24/library/alloc/src/boxed.rs:2013:9
[INFO] [stdout]   42:     0x630c40b23f3b - <alloc::boxed::Box<F,A> as core::ops::function::FnOnce<Args>>::call_once::h567748934d80ccf8
[INFO] [stdout]                                at /rustc/6067b36314ab5eb2eb47cecc464545ba58e1ad24/library/alloc/src/boxed.rs:2013:9
[INFO] [stdout]   43:     0x630c40b23f3b - std::sys::pal::unix::thread::Thread::new::thread_start::h2d970728ae887adc
[INFO] [stdout]                                at /rustc/6067b36314ab5eb2eb47cecc464545ba58e1ad24/library/std/src/sys/pal/unix/thread.rs:106:17
[INFO] [stdout]   44:     0x769d8409bac3 - <unknown>
[INFO] [stdout]   45:     0x769d8412ca04 - clone
[INFO] [stdout]   46:                0x0 - <unknown>
[INFO] [stdout] 
[INFO] [stdout] ---- get::params_get stdout ----
[INFO] [stdout] 
[INFO] [stdout] thread 'get::params_get' panicked at tests/it/get.rs:74:10:
[INFO] [stdout] called `Result::unwrap()` on an `Err` value: InvokeError("wrap://plugin/http", "get", "`PluginWrapper: invocation exception encountered.\nexception: \"PluginWrapper: invocation exception encountered.\\nexception: \\\"Error sending request: `https://jsonplaceholder.typicode.com/todos?id=1: Dns Failed: resolve dns name 'jsonplaceholder.typicode.com:443': failed to lookup address information: Temporary failure in name resolution`\\\"\"`")
[INFO] [stdout] stack backtrace:
[INFO] [stdout]    0:     0x630c40b1e05a - std::backtrace_rs::backtrace::libunwind::trace::hb059275cfc8d6126
[INFO] [stdout]                                at /rustc/6067b36314ab5eb2eb47cecc464545ba58e1ad24/library/std/src/../../backtrace/src/backtrace/libunwind.rs:116:5
[INFO] [stdout]    1:     0x630c40b1e05a - std::backtrace_rs::backtrace::trace_unsynchronized::h2da071e4327ce3ee
[INFO] [stdout]                                at /rustc/6067b36314ab5eb2eb47cecc464545ba58e1ad24/library/std/src/../../backtrace/src/backtrace/mod.rs:66:5
[INFO] [stdout]    2:     0x630c40b1e05a - std::sys::backtrace::_print_fmt::h842a1474e6f8d23f
[INFO] [stdout]                                at /rustc/6067b36314ab5eb2eb47cecc464545ba58e1ad24/library/std/src/sys/backtrace.rs:66:9
[INFO] [stdout]    3:     0x630c40b1e05a - <std::sys::backtrace::BacktraceLock::print::DisplayBacktrace as core::fmt::Display>::fmt::h71a62eb3b9696b12
[INFO] [stdout]                                at /rustc/6067b36314ab5eb2eb47cecc464545ba58e1ad24/library/std/src/sys/backtrace.rs:39:26
[INFO] [stdout]    4:     0x630c40b4a033 - core::fmt::rt::Argument::fmt::hdb6b616786b41dc1
[INFO] [stdout]                                at /rustc/6067b36314ab5eb2eb47cecc464545ba58e1ad24/library/core/src/fmt/rt.rs:177:76
[INFO] [stdout]    5:     0x630c40b4a033 - core::fmt::write::h2cc1698af7e2d686
[INFO] [stdout]                                at /rustc/6067b36314ab5eb2eb47cecc464545ba58e1ad24/library/core/src/fmt/mod.rs:1440:21
[INFO] [stdout]    6:     0x630c40b199d3 - std::io::Write::write_fmt::hab1b4cd059a79022
[INFO] [stdout]                                at /rustc/6067b36314ab5eb2eb47cecc464545ba58e1ad24/library/std/src/io/mod.rs:1887:15
[INFO] [stdout]    7:     0x630c40b1dea2 - std::sys::backtrace::BacktraceLock::print::h147fe35b4ea13b08
[INFO] [stdout]                                at /rustc/6067b36314ab5eb2eb47cecc464545ba58e1ad24/library/std/src/sys/backtrace.rs:42:9
[INFO] [stdout]    8:     0x630c40b1f47f - std::panicking::default_hook::{{closure}}::hbd44223dbdc0d208
[INFO] [stdout]                                at /rustc/6067b36314ab5eb2eb47cecc464545ba58e1ad24/library/std/src/panicking.rs:298:22
[INFO] [stdout]    9:     0x630c40b1f298 - std::panicking::default_hook::h20f81eb0576efcec
[INFO] [stdout]                                at /rustc/6067b36314ab5eb2eb47cecc464545ba58e1ad24/library/std/src/panicking.rs:322:9
[INFO] [stdout]   10:     0x630c4045ffd3 - <alloc::boxed::Box<F,A> as core::ops::function::Fn<Args>>::call::hdb53814c496a4d34
[INFO] [stdout]                                at /rustc/6067b36314ab5eb2eb47cecc464545ba58e1ad24/library/alloc/src/boxed.rs:2027:9
[INFO] [stdout]   11:     0x630c4045ffd3 - test::test_main::{{closure}}::hc0a4963c59427c24
[INFO] [stdout]                                at /rustc/6067b36314ab5eb2eb47cecc464545ba58e1ad24/library/test/src/lib.rs:134:21
[INFO] [stdout]   12:     0x630c40b1ff73 - <alloc::boxed::Box<F,A> as core::ops::function::Fn<Args>>::call::h591b2225413a77e9
[INFO] [stdout]                                at /rustc/6067b36314ab5eb2eb47cecc464545ba58e1ad24/library/alloc/src/boxed.rs:2027:9
[INFO] [stdout]   13:     0x630c40b1ff73 - std::panicking::rust_panic_with_hook::h625eea43051b2edc
[INFO] [stdout]                                at /rustc/6067b36314ab5eb2eb47cecc464545ba58e1ad24/library/std/src/panicking.rs:839:13
[INFO] [stdout]   14:     0x630c40b1fc2a - std::panicking::begin_panic_handler::{{closure}}::h4f9159cfbc3f6bd3
[INFO] [stdout]                                at /rustc/6067b36314ab5eb2eb47cecc464545ba58e1ad24/library/std/src/panicking.rs:704:13
[INFO] [stdout]   15:     0x630c40b1e559 - std::sys::backtrace::__rust_end_short_backtrace::h0390abce48353151
[INFO] [stdout]                                at /rustc/6067b36314ab5eb2eb47cecc464545ba58e1ad24/library/std/src/sys/backtrace.rs:168:18
[INFO] [stdout]   16:     0x630c40b1f8bd - rust_begin_unwind
[INFO] [stdout]                                at /rustc/6067b36314ab5eb2eb47cecc464545ba58e1ad24/library/std/src/panicking.rs:695:5
[INFO] [stdout]   17:     0x630c40b48260 - core::panicking::panic_fmt::h9e7c637e9e5f29c9
[INFO] [stdout]                                at /rustc/6067b36314ab5eb2eb47cecc464545ba58e1ad24/library/core/src/panicking.rs:75:14
[INFO] [stdout]   18:     0x630c40b486d6 - core::result::unwrap_failed::h7979f09313fe1849
[INFO] [stdout]                                at /rustc/6067b36314ab5eb2eb47cecc464545ba58e1ad24/library/core/src/result.rs:1704:5
[INFO] [stdout]   19:     0x630c4041e464 - core::result::Result<T,E>::unwrap::h3c3f23d930655e39
[INFO] [stdout]                                at /rustc/6067b36314ab5eb2eb47cecc464545ba58e1ad24/library/core/src/result.rs:1109:23
[INFO] [stdout]   20:     0x630c4041e464 - it::get::params_get::hc3572bd4e2133631
[INFO] [stdout]                                at /opt/rustwide/workdir/tests/it/get.rs:66:20
[INFO] [stdout]   21:     0x630c4041ddc7 - it::get::params_get::{{closure}}::hd7e2744d42817a10
[INFO] [stdout]                                at /opt/rustwide/workdir/tests/it/get.rs:55:16
[INFO] [stdout]   22:     0x630c40418326 - core::ops::function::FnOnce::call_once::h762c67227771630b
[INFO] [stdout]                                at /rustc/6067b36314ab5eb2eb47cecc464545ba58e1ad24/library/core/src/ops/function.rs:250:5
[INFO] [stdout]   23:     0x630c4046572b - core::ops::function::FnOnce::call_once::he27718dfdd183f43
[INFO] [stdout]                                at /rustc/6067b36314ab5eb2eb47cecc464545ba58e1ad24/library/core/src/ops/function.rs:250:5
[INFO] [stdout]   24:     0x630c4046572b - test::__rust_begin_short_backtrace::h4e84902998457a5d
[INFO] [stdout]                                at /rustc/6067b36314ab5eb2eb47cecc464545ba58e1ad24/library/test/src/lib.rs:632:18
[INFO] [stdout]   25:     0x630c40464663 - test::run_test_in_process::{{closure}}::h7176fd18fc1feca0
[INFO] [stdout]                                at /rustc/6067b36314ab5eb2eb47cecc464545ba58e1ad24/library/test/src/lib.rs:655:60
[INFO] [stdout]   26:     0x630c40464663 - <core::panic::unwind_safe::AssertUnwindSafe<F> as core::ops::function::FnOnce<()>>::call_once::hf79cff2a624d8cf7
[INFO] [stdout]                                at /rustc/6067b36314ab5eb2eb47cecc464545ba58e1ad24/library/core/src/panic/unwind_safe.rs:272:9
[INFO] [stdout]   27:     0x630c40464663 - std::panicking::try::do_call::h3da0561d9ab99c25
[INFO] [stdout]                                at /rustc/6067b36314ab5eb2eb47cecc464545ba58e1ad24/library/std/src/panicking.rs:587:40
[INFO] [stdout]   28:     0x630c40464663 - std::panicking::try::h41c9fa508bc61df6
[INFO] [stdout]                                at /rustc/6067b36314ab5eb2eb47cecc464545ba58e1ad24/library/std/src/panicking.rs:550:19
[INFO] [stdout]   29:     0x630c40464663 - std::panic::catch_unwind::h6b3ff07bb5afad93
[INFO] [stdout]                                at /rustc/6067b36314ab5eb2eb47cecc464545ba58e1ad24/library/std/src/panic.rs:358:14
[INFO] [stdout]   30:     0x630c40464663 - test::run_test_in_process::hc7253dd11b39b9f4
[INFO] [stdout]                                at /rustc/6067b36314ab5eb2eb47cecc464545ba58e1ad24/library/test/src/lib.rs:655:27
[INFO] [stdout]   31:     0x630c40464663 - test::run_test::{{closure}}::hfb2007f8649c30bb
[INFO] [stdout]                                at /rustc/6067b36314ab5eb2eb47cecc464545ba58e1ad24/library/test/src/lib.rs:576:43
[INFO] [stdout]   32:     0x630c40427745 - test::run_test::{{closure}}::h56a17aa7a282a9f4
[INFO] [stdout]                                at /rustc/6067b36314ab5eb2eb47cecc464545ba58e1ad24/library/test/src/lib.rs:606:41
[INFO] [stdout]   33:     0x630c40427745 - std::sys::backtrace::__rust_begin_short_backtrace::hd2d2d2fb8e8c6aac
[INFO] [stdout]                                at /rustc/6067b36314ab5eb2eb47cecc464545ba58e1ad24/library/std/src/sys/backtrace.rs:152:18
[INFO] [stdout]   34:     0x630c4042b02a - std::thread::Builder::spawn_unchecked_::{{closure}}::{{closure}}::h4faa3f9db6133423
[INFO] [stdout]                                at /rustc/6067b36314ab5eb2eb47cecc464545ba58e1ad24/library/std/src/thread/mod.rs:559:17
[INFO] [stdout]   35:     0x630c4042b02a - <core::panic::unwind_safe::AssertUnwindSafe<F> as core::ops::function::FnOnce<()>>::call_once::hf2e855a36a4ea846
[INFO] [stdout]                                at /rustc/6067b36314ab5eb2eb47cecc464545ba58e1ad24/library/core/src/panic/unwind_safe.rs:272:9
[INFO] [stdout]   36:     0x630c4042b02a - std::panicking::try::do_call::h2f73af3616c35465
[INFO] [stdout]                                at /rustc/6067b36314ab5eb2eb47cecc464545ba58e1ad24/library/std/src/panicking.rs:587:40
[INFO] [stdout]   37:     0x630c4042b02a - std::panicking::try::hd1660ce9efadef5a
[INFO] [stdout]                                at /rustc/6067b36314ab5eb2eb47cecc464545ba58e1ad24/library/std/src/panicking.rs:550:19
[INFO] [stdout]   38:     0x630c4042b02a - std::panic::catch_unwind::h5ee8d7823b8ca744
[INFO] [stdout]                                at /rustc/6067b36314ab5eb2eb47cecc464545ba58e1ad24/library/std/src/panic.rs:358:14
[INFO] [stdout]   39:     0x630c4042b02a - std::thread::Builder::spawn_unchecked_::{{closure}}::h53c3a1894dce8407
[INFO] [stdout]                                at /rustc/6067b36314ab5eb2eb47cecc464545ba58e1ad24/library/std/src/thread/mod.rs:557:30
[INFO] [stdout]   40:     0x630c4042b02a - core::ops::function::FnOnce::call_once{{vtable.shim}}::h048ce291ad4f62bf
[INFO] [stdout]                                at /rustc/6067b36314ab5eb2eb47cecc464545ba58e1ad24/library/core/src/ops/function.rs:250:5
[INFO] [stdout]   41:     0x630c40b23f3b - <alloc::boxed::Box<F,A> as core::ops::function::FnOnce<Args>>::call_once::ha52bedf99a3b4981
[INFO] [stdout]                                at /rustc/6067b36314ab5eb2eb47cecc464545ba58e1ad24/library/alloc/src/boxed.rs:2013:9
[INFO] [stdout]   42:     0x630c40b23f3b - <alloc::boxed::Box<F,A> as core::ops::function::FnOnce<Args>>::call_once::h567748934d80ccf8
[INFO] [stdout]                                at /rustc/6067b36314ab5eb2eb47cecc464545ba58e1ad24/library/alloc/src/boxed.rs:2013:9
[INFO] [stdout]   43:     0x630c40b23f3b - std::sys::pal::unix::thread::Thread::new::thread_start::h2d970728ae887adc
[INFO] [stdout]                                at /rustc/6067b36314ab5eb2eb47cecc464545ba58e1ad24/library/std/src/sys/pal/unix/thread.rs:106:17
[INFO] [stdout]   44:     0x769d8409bac3 - <unknown>
[INFO] [stdout]   45:     0x769d8412ca04 - clone
[INFO] [stdout]   46:                0x0 - <unknown>
[INFO] [stdout] 
[INFO] [stdout] 
[INFO] [stdout] failures:
[INFO] [stdout]     get::params_get
[INFO] [stdout]     get::simple_get
[INFO] [stdout]     post::post_method
[INFO] [stdout] 
[INFO] [stdout] test result: FAILED. 0 passed; 3 failed; 0 ignored; 0 measured; 0 filtered out; finished in 0.26s
[INFO] [stdout] 
[INFO] [stderr] error: test failed, to rerun pass `--test it`
[INFO] running `Command { std: "docker" "inspect" "942a47d6e6f5eb795a8d72d2a9e49ffcddd487cdd3da33eadb1a2857ae9d8e63", kill_on_drop: false }`
[INFO] running `Command { std: "docker" "rm" "-f" "942a47d6e6f5eb795a8d72d2a9e49ffcddd487cdd3da33eadb1a2857ae9d8e63", kill_on_drop: false }`
[INFO] [stdout] 942a47d6e6f5eb795a8d72d2a9e49ffcddd487cdd3da33eadb1a2857ae9d8e63
