[INFO] fetching crate polymesh-primitives-derive 0.1.0...
[INFO] testing polymesh-primitives-derive-0.1.0 against nightly-2025-01-18 for randomize-layout-2
[INFO] extracting crate polymesh-primitives-derive 0.1.0 into /workspace/builds/worker-5-tc1/source
[INFO] validating manifest of crates.io crate polymesh-primitives-derive 0.1.0 on toolchain nightly-2025-01-18
[INFO] running `Command { std: CARGO_HOME="/workspace/cargo-home" RUSTUP_HOME="/workspace/rustup-home" "/workspace/cargo-home/bin/cargo" "+nightly-2025-01-18" "metadata" "--manifest-path" "Cargo.toml" "--no-deps", kill_on_drop: false }`
[INFO] started tweaking crates.io crate polymesh-primitives-derive 0.1.0
[INFO] finished tweaking crates.io crate polymesh-primitives-derive 0.1.0
[INFO] tweaked toml for crates.io crate polymesh-primitives-derive 0.1.0 written to /workspace/builds/worker-5-tc1/source/Cargo.toml
[INFO] running `Command { std: CARGO_HOME="/workspace/cargo-home" RUSTUP_HOME="/workspace/rustup-home" "/workspace/cargo-home/bin/cargo" "+nightly-2025-01-18" "generate-lockfile" "--manifest-path" "Cargo.toml", kill_on_drop: false }`
[INFO] [stderr]     Updating crates.io index
[INFO] [stderr]      Locking 4 packages to latest compatible versions
[INFO] [stderr]       Adding syn v1.0.109 (available: v2.0.96)
[INFO] running `Command { std: CARGO_HOME="/workspace/cargo-home" RUSTUP_HOME="/workspace/rustup-home" "/workspace/cargo-home/bin/cargo" "+nightly-2025-01-18" "fetch" "--manifest-path" "Cargo.toml", kill_on_drop: false }`
[INFO] running `Command { std: "docker" "create" "-v" "/var/lib/crater-agent-workspace/builds/worker-5-tc1/target:/opt/rustwide/target:rw,Z" "-v" "/var/lib/crater-agent-workspace/builds/worker-5-tc1/source:/opt/rustwide/workdir:ro,Z" "-v" "/var/lib/crater-agent-workspace/cargo-home:/opt/rustwide/cargo-home:ro,Z" "-v" "/var/lib/crater-agent-workspace/rustup-home:/opt/rustwide/rustup-home:ro,Z" "-e" "SOURCE_DIR=/opt/rustwide/workdir" "-e" "CARGO_TARGET_DIR=/opt/rustwide/target" "-e" "CARGO_HOME=/opt/rustwide/cargo-home" "-e" "RUSTUP_HOME=/opt/rustwide/rustup-home" "-w" "/opt/rustwide/workdir" "-m" "1610612736" "--user" "0:0" "--network" "none" "ghcr.io/rust-lang/crates-build-env/linux@sha256:819108c5571ea2e421544af4d832f968d213c87fbe3707a016657f43d2f853bc" "/opt/rustwide/cargo-home/bin/cargo" "+nightly-2025-01-18" "metadata" "--no-deps" "--format-version=1", kill_on_drop: false }`
[INFO] [stdout] 0a0f771f068205b1eb59ce4b226dd3e51ae323af933134094e14eaa526a0270c
[INFO] running `Command { std: "docker" "start" "-a" "0a0f771f068205b1eb59ce4b226dd3e51ae323af933134094e14eaa526a0270c", kill_on_drop: false }`
[INFO] running `Command { std: "docker" "inspect" "0a0f771f068205b1eb59ce4b226dd3e51ae323af933134094e14eaa526a0270c", kill_on_drop: false }`
[INFO] running `Command { std: "docker" "rm" "-f" "0a0f771f068205b1eb59ce4b226dd3e51ae323af933134094e14eaa526a0270c", kill_on_drop: false }`
[INFO] [stdout] 0a0f771f068205b1eb59ce4b226dd3e51ae323af933134094e14eaa526a0270c
[INFO] running `Command { std: "docker" "create" "-v" "/var/lib/crater-agent-workspace/builds/worker-5-tc1/target:/opt/rustwide/target:rw,Z" "-v" "/var/lib/crater-agent-workspace/builds/worker-5-tc1/source:/opt/rustwide/workdir:ro,Z" "-v" "/var/lib/crater-agent-workspace/cargo-home:/opt/rustwide/cargo-home:ro,Z" "-v" "/var/lib/crater-agent-workspace/rustup-home:/opt/rustwide/rustup-home:ro,Z" "-e" "SOURCE_DIR=/opt/rustwide/workdir" "-e" "CARGO_TARGET_DIR=/opt/rustwide/target" "-e" "CARGO_INCREMENTAL=0" "-e" "RUST_BACKTRACE=full" "-e" "RUSTFLAGS=--cap-lints=forbid" "-e" "RUSTDOCFLAGS=--cap-lints=forbid" "-e" "CARGO_HOME=/opt/rustwide/cargo-home" "-e" "RUSTUP_HOME=/opt/rustwide/rustup-home" "-w" "/opt/rustwide/workdir" "-m" "1610612736" "--user" "0:0" "--network" "none" "ghcr.io/rust-lang/crates-build-env/linux@sha256:819108c5571ea2e421544af4d832f968d213c87fbe3707a016657f43d2f853bc" "/opt/rustwide/cargo-home/bin/cargo" "+nightly-2025-01-18" "build" "--frozen" "--message-format=json", kill_on_drop: false }`
[INFO] [stdout] a09535c47d8b8cd7f76b1cee148e632d0be4d7aafe970d9a170b615b323a8db1
[INFO] running `Command { std: "docker" "start" "-a" "a09535c47d8b8cd7f76b1cee148e632d0be4d7aafe970d9a170b615b323a8db1", kill_on_drop: false }`
[INFO] [stderr]    Compiling proc-macro2 v1.0.93
[INFO] [stderr]    Compiling unicode-ident v1.0.14
[INFO] [stderr]    Compiling syn v1.0.109
[INFO] [stderr]    Compiling quote v1.0.38
[INFO] [stderr]    Compiling polymesh-primitives-derive v0.1.0 (/opt/rustwide/workdir)
[INFO] [stderr]     Finished `dev` profile [unoptimized + debuginfo] target(s) in 5.51s
[INFO] running `Command { std: "docker" "inspect" "a09535c47d8b8cd7f76b1cee148e632d0be4d7aafe970d9a170b615b323a8db1", kill_on_drop: false }`
[INFO] running `Command { std: "docker" "rm" "-f" "a09535c47d8b8cd7f76b1cee148e632d0be4d7aafe970d9a170b615b323a8db1", kill_on_drop: false }`
[INFO] [stdout] a09535c47d8b8cd7f76b1cee148e632d0be4d7aafe970d9a170b615b323a8db1
[INFO] running `Command { std: "docker" "create" "-v" "/var/lib/crater-agent-workspace/builds/worker-5-tc1/target:/opt/rustwide/target:rw,Z" "-v" "/var/lib/crater-agent-workspace/builds/worker-5-tc1/source:/opt/rustwide/workdir:ro,Z" "-v" "/var/lib/crater-agent-workspace/cargo-home:/opt/rustwide/cargo-home:ro,Z" "-v" "/var/lib/crater-agent-workspace/rustup-home:/opt/rustwide/rustup-home:ro,Z" "-e" "SOURCE_DIR=/opt/rustwide/workdir" "-e" "CARGO_TARGET_DIR=/opt/rustwide/target" "-e" "CARGO_INCREMENTAL=0" "-e" "RUST_BACKTRACE=full" "-e" "RUSTFLAGS=--cap-lints=forbid" "-e" "RUSTDOCFLAGS=--cap-lints=forbid" "-e" "CARGO_HOME=/opt/rustwide/cargo-home" "-e" "RUSTUP_HOME=/opt/rustwide/rustup-home" "-w" "/opt/rustwide/workdir" "-m" "1610612736" "--user" "0:0" "--network" "none" "ghcr.io/rust-lang/crates-build-env/linux@sha256:819108c5571ea2e421544af4d832f968d213c87fbe3707a016657f43d2f853bc" "/opt/rustwide/cargo-home/bin/cargo" "+nightly-2025-01-18" "test" "--frozen" "--no-run" "--message-format=json", kill_on_drop: false }`
[INFO] [stdout] eb180189f79dfca7da4c41b229af0587c42a88ab46fa6c257682eaa0aad73f46
[INFO] running `Command { std: "docker" "start" "-a" "eb180189f79dfca7da4c41b229af0587c42a88ab46fa6c257682eaa0aad73f46", kill_on_drop: false }`
[INFO] [stderr]    Compiling polymesh-primitives-derive v0.1.0 (/opt/rustwide/workdir)
[INFO] [stderr]     Finished `test` profile [unoptimized + debuginfo] target(s) in 1.36s
[INFO] running `Command { std: "docker" "inspect" "eb180189f79dfca7da4c41b229af0587c42a88ab46fa6c257682eaa0aad73f46", kill_on_drop: false }`
[INFO] running `Command { std: "docker" "rm" "-f" "eb180189f79dfca7da4c41b229af0587c42a88ab46fa6c257682eaa0aad73f46", kill_on_drop: false }`
[INFO] [stdout] eb180189f79dfca7da4c41b229af0587c42a88ab46fa6c257682eaa0aad73f46
[INFO] running `Command { std: "docker" "create" "-v" "/var/lib/crater-agent-workspace/builds/worker-5-tc1/target:/opt/rustwide/target:rw,Z" "-v" "/var/lib/crater-agent-workspace/builds/worker-5-tc1/source:/opt/rustwide/workdir:ro,Z" "-v" "/var/lib/crater-agent-workspace/cargo-home:/opt/rustwide/cargo-home:ro,Z" "-v" "/var/lib/crater-agent-workspace/rustup-home:/opt/rustwide/rustup-home:ro,Z" "-e" "SOURCE_DIR=/opt/rustwide/workdir" "-e" "CARGO_TARGET_DIR=/opt/rustwide/target" "-e" "CARGO_INCREMENTAL=0" "-e" "RUST_BACKTRACE=full" "-e" "RUSTFLAGS=--cap-lints=forbid" "-e" "RUSTDOCFLAGS=--cap-lints=forbid" "-e" "CARGO_HOME=/opt/rustwide/cargo-home" "-e" "RUSTUP_HOME=/opt/rustwide/rustup-home" "-w" "/opt/rustwide/workdir" "-m" "1610612736" "--user" "0:0" "--network" "none" "ghcr.io/rust-lang/crates-build-env/linux@sha256:819108c5571ea2e421544af4d832f968d213c87fbe3707a016657f43d2f853bc" "/opt/rustwide/cargo-home/bin/cargo" "+nightly-2025-01-18" "test" "--frozen", kill_on_drop: false }`
[INFO] [stdout] 418f0a56a7518df281cc43dbac2a117cad0e863919647d2842cf183b4c251779
[INFO] running `Command { std: "docker" "start" "-a" "418f0a56a7518df281cc43dbac2a117cad0e863919647d2842cf183b4c251779", kill_on_drop: false }`
[INFO] [stderr]     Finished `test` profile [unoptimized + debuginfo] target(s) in 0.02s
[INFO] [stderr]      Running unittests src/lib.rs (/opt/rustwide/target/debug/deps/polymesh_primitives_derive-1790778a300bf83f)
[INFO] [stdout] 
[INFO] [stdout] running 0 tests
[INFO] [stderr]    Doc-tests polymesh_primitives_derive
[INFO] [stdout] 
[INFO] [stdout] test result: ok. 0 passed; 0 failed; 0 ignored; 0 measured; 0 filtered out; finished in 0.00s
[INFO] [stdout] 
[INFO] [stdout] 
[INFO] [stdout] running 3 tests
[INFO] [stdout] test src/lib.rs - migrate_derive (line 62) ... FAILED
[INFO] [stdout] test src/lib.rs - migrate_derive (line 92) ... FAILED
[INFO] [stdout] test src/lib.rs - migrate_derive (line 81) ... FAILED
[INFO] [stdout] 
[INFO] [stdout] failures:
[INFO] [stdout] 
[INFO] [stdout] ---- src/lib.rs - migrate_derive (line 62) stdout ----
[INFO] [stdout] error: expected unsuffixed literal, found `...`
[INFO] [stdout]  --> src/lib.rs:63:10
[INFO] [stdout]   |
[INFO] [stdout] 3 | #[derive(..., Encode, Migrate)]
[INFO] [stdout]   |          ^^^
[INFO] [stdout] 
[INFO] [stdout] error: aborting due to 1 previous error
[INFO] [stdout] 
[INFO] [stdout] Couldn't compile the test.
[INFO] [stdout] ---- src/lib.rs - migrate_derive (line 92) stdout ----
[INFO] [stdout] error: expected unsuffixed literal, found `...`
[INFO] [stdout]  --> src/lib.rs:93:10
[INFO] [stdout]   |
[INFO] [stdout] 3 | #[derive(..., Encode, Migrate)]
[INFO] [stdout]   |          ^^^
[INFO] [stdout] 
[INFO] [stdout] error: aborting due to 1 previous error
[INFO] [stdout] 
[INFO] [stdout] Couldn't compile the test.
[INFO] [stdout] ---- src/lib.rs - migrate_derive (line 81) stdout ----
[INFO] [stdout] error: expected unsuffixed literal, found `...`
[INFO] [stdout]  --> src/lib.rs:82:10
[INFO] [stdout]   |
[INFO] [stdout] 3 | #[derive(..., Encode, Migrate)]
[INFO] [stdout]   |          ^^^
[INFO] [stdout] 
[INFO] [stdout] error: aborting due to 1 previous error
[INFO] [stdout] 
[INFO] [stdout] Couldn't compile the test.
[INFO] [stdout] 
[INFO] [stdout] failures:
[INFO] [stdout]     src/lib.rs - migrate_derive (line 62)
[INFO] [stdout]     src/lib.rs - migrate_derive (line 81)
[INFO] [stdout]     src/lib.rs - migrate_derive (line 92)
[INFO] [stdout] 
[INFO] [stdout] test result: FAILED. 0 passed; 3 failed; 0 ignored; 0 measured; 0 filtered out; finished in 0.13s
[INFO] [stdout] 
[INFO] [stderr] error: doctest failed, to rerun pass `--doc`
[INFO] running `Command { std: "docker" "inspect" "418f0a56a7518df281cc43dbac2a117cad0e863919647d2842cf183b4c251779", kill_on_drop: false }`
[INFO] running `Command { std: "docker" "rm" "-f" "418f0a56a7518df281cc43dbac2a117cad0e863919647d2842cf183b4c251779", kill_on_drop: false }`
[INFO] [stdout] 418f0a56a7518df281cc43dbac2a117cad0e863919647d2842cf183b4c251779
