[INFO] fetching crate polly-scheduler 0.1.5...
[INFO] testing polly-scheduler-0.1.5 against nightly-2025-01-18 for randomize-layout-2
[INFO] extracting crate polly-scheduler 0.1.5 into /workspace/builds/worker-3-tc1/source
[INFO] validating manifest of crates.io crate polly-scheduler 0.1.5 on toolchain nightly-2025-01-18
[INFO] running `Command { std: CARGO_HOME="/workspace/cargo-home" RUSTUP_HOME="/workspace/rustup-home" "/workspace/cargo-home/bin/cargo" "+nightly-2025-01-18" "metadata" "--manifest-path" "Cargo.toml" "--no-deps", kill_on_drop: false }`
[INFO] started tweaking crates.io crate polly-scheduler 0.1.5
[INFO] removed 0 missing examples
[INFO] finished tweaking crates.io crate polly-scheduler 0.1.5
[INFO] tweaked toml for crates.io crate polly-scheduler 0.1.5 written to /workspace/builds/worker-3-tc1/source/Cargo.toml
[INFO] crate crates.io crate polly-scheduler 0.1.5 already has a lockfile, it will not be regenerated
[INFO] running `Command { std: CARGO_HOME="/workspace/cargo-home" RUSTUP_HOME="/workspace/rustup-home" "/workspace/cargo-home/bin/cargo" "+nightly-2025-01-18" "fetch" "--manifest-path" "Cargo.toml", kill_on_drop: false }`
[INFO] [stderr]     Updating crates.io index
[INFO] [stderr]  Downloading crates ...
[INFO] [stderr]   Downloaded js-sys v0.3.71
[INFO] [stderr]   Downloaded native_db_macro v0.8.1
[INFO] [stderr]   Downloaded wasm-bindgen-macro-support v0.2.94
[INFO] [stderr]   Downloaded native_model_macro v0.4.20
[INFO] [stderr]   Downloaded wasm-bindgen-shared v0.2.94
[INFO] [stderr]   Downloaded wasm-bindgen-macro v0.2.94
[INFO] [stderr]   Downloaded ulid v1.1.3
[INFO] [stderr]   Downloaded anyhow v1.0.89
[INFO] [stderr]   Downloaded croner v2.0.6
[INFO] [stderr]   Downloaded wasm-bindgen-backend v0.2.94
[INFO] [stderr]   Downloaded native_model v0.4.20
[INFO] [stderr]   Downloaded cc v1.1.28
[INFO] [stderr]   Downloaded zerocopy-derive v0.8.3
[INFO] [stderr]   Downloaded bytes v1.7.2
[INFO] [stderr]   Downloaded redb v1.5.1
[INFO] [stderr]   Downloaded sysinfo v0.32.0
[INFO] [stderr]   Downloaded redb v2.1.4
[INFO] [stderr]   Downloaded wasm-bindgen v0.2.94
[INFO] [stderr]   Downloaded zerocopy v0.8.3
[INFO] [stderr]   Downloaded regex v1.11.0
[INFO] [stderr]   Downloaded chrono-tz v0.10.0
[INFO] [stderr]   Downloaded native_db v0.8.1
[INFO] [stderr]   Downloaded tokio v1.41.0
[INFO] running `Command { std: "docker" "create" "-v" "/var/lib/crater-agent-workspace/builds/worker-3-tc1/target:/opt/rustwide/target:rw,Z" "-v" "/var/lib/crater-agent-workspace/builds/worker-3-tc1/source:/opt/rustwide/workdir:ro,Z" "-v" "/var/lib/crater-agent-workspace/cargo-home:/opt/rustwide/cargo-home:ro,Z" "-v" "/var/lib/crater-agent-workspace/rustup-home:/opt/rustwide/rustup-home:ro,Z" "-e" "SOURCE_DIR=/opt/rustwide/workdir" "-e" "CARGO_TARGET_DIR=/opt/rustwide/target" "-e" "CARGO_HOME=/opt/rustwide/cargo-home" "-e" "RUSTUP_HOME=/opt/rustwide/rustup-home" "-w" "/opt/rustwide/workdir" "-m" "1610612736" "--user" "0:0" "--network" "none" "ghcr.io/rust-lang/crates-build-env/linux@sha256:819108c5571ea2e421544af4d832f968d213c87fbe3707a016657f43d2f853bc" "/opt/rustwide/cargo-home/bin/cargo" "+nightly-2025-01-18" "metadata" "--no-deps" "--format-version=1", kill_on_drop: false }`
[INFO] [stdout] e2a438a5d6f4e5508d74fd2d8ed02d6b9c21ed71ed2022b62ec820f1d96e79a0
[INFO] running `Command { std: "docker" "start" "-a" "e2a438a5d6f4e5508d74fd2d8ed02d6b9c21ed71ed2022b62ec820f1d96e79a0", kill_on_drop: false }`
[INFO] running `Command { std: "docker" "inspect" "e2a438a5d6f4e5508d74fd2d8ed02d6b9c21ed71ed2022b62ec820f1d96e79a0", kill_on_drop: false }`
[INFO] running `Command { std: "docker" "rm" "-f" "e2a438a5d6f4e5508d74fd2d8ed02d6b9c21ed71ed2022b62ec820f1d96e79a0", kill_on_drop: false }`
[INFO] [stdout] e2a438a5d6f4e5508d74fd2d8ed02d6b9c21ed71ed2022b62ec820f1d96e79a0
[INFO] running `Command { std: "docker" "create" "-v" "/var/lib/crater-agent-workspace/builds/worker-3-tc1/target:/opt/rustwide/target:rw,Z" "-v" "/var/lib/crater-agent-workspace/builds/worker-3-tc1/source:/opt/rustwide/workdir:ro,Z" "-v" "/var/lib/crater-agent-workspace/cargo-home:/opt/rustwide/cargo-home:ro,Z" "-v" "/var/lib/crater-agent-workspace/rustup-home:/opt/rustwide/rustup-home:ro,Z" "-e" "SOURCE_DIR=/opt/rustwide/workdir" "-e" "CARGO_TARGET_DIR=/opt/rustwide/target" "-e" "CARGO_INCREMENTAL=0" "-e" "RUST_BACKTRACE=full" "-e" "RUSTFLAGS=--cap-lints=forbid" "-e" "RUSTDOCFLAGS=--cap-lints=forbid" "-e" "CARGO_HOME=/opt/rustwide/cargo-home" "-e" "RUSTUP_HOME=/opt/rustwide/rustup-home" "-w" "/opt/rustwide/workdir" "-m" "1610612736" "--user" "0:0" "--network" "none" "ghcr.io/rust-lang/crates-build-env/linux@sha256:819108c5571ea2e421544af4d832f968d213c87fbe3707a016657f43d2f853bc" "/opt/rustwide/cargo-home/bin/cargo" "+nightly-2025-01-18" "build" "--frozen" "--message-format=json", kill_on_drop: false }`
[INFO] [stdout] 44d5dadf0b3977d18b6b9d8b6fed5bdaa90863ec69f69880b5edd4555a757aee
[INFO] running `Command { std: "docker" "start" "-a" "44d5dadf0b3977d18b6b9d8b6fed5bdaa90863ec69f69880b5edd4555a757aee", kill_on_drop: false }`
[INFO] [stderr]    Compiling proc-macro2 v1.0.87
[INFO] [stderr]    Compiling unicode-ident v1.0.13
[INFO] [stderr]    Compiling libc v0.2.159
[INFO] [stderr]    Compiling serde v1.0.213
[INFO] [stderr]    Compiling unicase v2.7.0
[INFO] [stderr]    Compiling camino v1.1.9
[INFO] [stderr]    Compiling bitflags v2.6.0
[INFO] [stderr]    Compiling rustix v0.38.37
[INFO] [stderr]    Compiling semver v1.0.23
[INFO] [stderr]    Compiling serde_json v1.0.132
[INFO] [stderr]    Compiling itoa v1.0.11
[INFO] [stderr]    Compiling error-chain v0.12.4
[INFO] [stderr]    Compiling siphasher v0.3.11
[INFO] [stderr]    Compiling pulldown-cmark v0.9.6
[INFO] [stderr]    Compiling linux-raw-sys v0.4.14
[INFO] [stderr]    Compiling once_cell v1.20.2
[INFO] [stderr]    Compiling fastrand v2.1.1
[INFO] [stderr]    Compiling glob v0.3.1
[INFO] [stderr]    Compiling crossbeam-utils v0.8.20
[INFO] [stderr]    Compiling bytecount v0.6.8
[INFO] [stderr]    Compiling regex-syntax v0.8.5
[INFO] [stderr]    Compiling rand_core v0.6.4
[INFO] [stderr]    Compiling phf_shared v0.11.2
[INFO] [stderr]    Compiling rand v0.8.5
[INFO] [stderr]    Compiling quote v1.0.37
[INFO] [stderr]    Compiling syn v2.0.85
[INFO] [stderr]    Compiling num-traits v0.2.19
[INFO] [stderr]    Compiling getrandom v0.2.15
[INFO] [stderr]    Compiling thiserror v1.0.65
[INFO] [stderr]    Compiling rayon-core v1.12.1
[INFO] [stderr]    Compiling anyhow v1.0.89
[INFO] [stderr]    Compiling zerocopy v0.8.3
[INFO] [stderr]    Compiling phf_generator v0.11.2
[INFO] [stderr]    Compiling crossbeam-epoch v0.9.18
[INFO] [stderr]    Compiling phf_codegen v0.11.2
[INFO] [stderr]    Compiling crossbeam-deque v0.8.5
[INFO] [stderr]    Compiling tracing-core v0.1.32
[INFO] [stderr]    Compiling redb v2.1.4
[INFO] [stderr]    Compiling redb v1.5.1
[INFO] [stderr]    Compiling iana-time-zone v0.1.61
[INFO] [stderr]    Compiling parking_lot_core v0.9.10
[INFO] [stderr]    Compiling regex-automata v0.4.8
[INFO] [stderr]    Compiling chrono v0.4.38
[INFO] [stderr]    Compiling pin-project-lite v0.2.14
[INFO] [stderr]    Compiling log v0.4.22
[INFO] [stderr]    Compiling tempfile v3.13.0
[INFO] [stderr]    Compiling tracing-log v0.2.0
[INFO] [stderr]    Compiling phf v0.11.2
[INFO] [stderr]    Compiling rayon v1.10.0
[INFO] [stderr]    Compiling parking_lot v0.12.3
[INFO] [stderr]    Compiling mio v1.0.2
[INFO] [stderr]    Compiling socket2 v0.5.7
[INFO] [stderr]    Compiling signal-hook-registry v1.4.2
[INFO] [stderr]    Compiling bytes v1.7.2
[INFO] [stderr]    Compiling regex v1.11.0
[INFO] [stderr]    Compiling parse-zoneinfo v0.3.1
[INFO] [stderr]    Compiling croner v2.0.6
[INFO] [stderr]    Compiling tracing-subscriber v0.3.18
[INFO] [stderr]    Compiling itertools v0.13.0
[INFO] [stderr]    Compiling chrono-tz-build v0.4.0
[INFO] [stderr]    Compiling sysinfo v0.32.0
[INFO] [stderr]    Compiling chrono-tz v0.10.0
[INFO] [stderr]    Compiling serde_derive v1.0.213
[INFO] [stderr]    Compiling zerocopy-derive v0.7.35
[INFO] [stderr]    Compiling thiserror-impl v1.0.65
[INFO] [stderr]    Compiling zerocopy-derive v0.8.3
[INFO] [stderr]    Compiling native_model_macro v0.4.20
[INFO] [stderr]    Compiling zerocopy v0.7.35
[INFO] [stderr]    Compiling tokio-macros v2.4.0
[INFO] [stderr]    Compiling ppv-lite86 v0.2.20
[INFO] [stderr]    Compiling rand_chacha v0.3.1
[INFO] [stderr]    Compiling tracing-attributes v0.1.27
[INFO] [stderr]    Compiling native_db_macro v0.8.1
[INFO] [stderr]    Compiling tokio v1.41.0
[INFO] [stderr]    Compiling async-trait v0.1.83
[INFO] [stderr]    Compiling ulid v1.1.3
[INFO] [stderr]    Compiling tracing v0.1.40
[INFO] [stderr]    Compiling cargo-platform v0.1.8
[INFO] [stderr]    Compiling bincode v1.3.3
[INFO] [stderr]    Compiling cargo_metadata v0.14.2
[INFO] [stderr]    Compiling skeptic v0.13.7
[INFO] [stderr]    Compiling native_model v0.4.20
[INFO] [stderr]    Compiling native_db v0.8.1
[INFO] [stderr]    Compiling polly-scheduler v0.1.5 (/opt/rustwide/workdir)
[INFO] [stderr]     Finished `dev` profile [unoptimized + debuginfo] target(s) in 1m 35s
[INFO] running `Command { std: "docker" "inspect" "44d5dadf0b3977d18b6b9d8b6fed5bdaa90863ec69f69880b5edd4555a757aee", kill_on_drop: false }`
[INFO] running `Command { std: "docker" "rm" "-f" "44d5dadf0b3977d18b6b9d8b6fed5bdaa90863ec69f69880b5edd4555a757aee", kill_on_drop: false }`
[INFO] [stdout] 44d5dadf0b3977d18b6b9d8b6fed5bdaa90863ec69f69880b5edd4555a757aee
[INFO] running `Command { std: "docker" "create" "-v" "/var/lib/crater-agent-workspace/builds/worker-3-tc1/target:/opt/rustwide/target:rw,Z" "-v" "/var/lib/crater-agent-workspace/builds/worker-3-tc1/source:/opt/rustwide/workdir:ro,Z" "-v" "/var/lib/crater-agent-workspace/cargo-home:/opt/rustwide/cargo-home:ro,Z" "-v" "/var/lib/crater-agent-workspace/rustup-home:/opt/rustwide/rustup-home:ro,Z" "-e" "SOURCE_DIR=/opt/rustwide/workdir" "-e" "CARGO_TARGET_DIR=/opt/rustwide/target" "-e" "CARGO_INCREMENTAL=0" "-e" "RUST_BACKTRACE=full" "-e" "RUSTFLAGS=--cap-lints=forbid" "-e" "RUSTDOCFLAGS=--cap-lints=forbid" "-e" "CARGO_HOME=/opt/rustwide/cargo-home" "-e" "RUSTUP_HOME=/opt/rustwide/rustup-home" "-w" "/opt/rustwide/workdir" "-m" "1610612736" "--user" "0:0" "--network" "none" "ghcr.io/rust-lang/crates-build-env/linux@sha256:819108c5571ea2e421544af4d832f968d213c87fbe3707a016657f43d2f853bc" "/opt/rustwide/cargo-home/bin/cargo" "+nightly-2025-01-18" "test" "--frozen" "--no-run" "--message-format=json", kill_on_drop: false }`
[INFO] [stdout] 2637d1206fb4226a09b94da21046351ea19a84438b760c29798df90be8e06eb2
[INFO] running `Command { std: "docker" "start" "-a" "2637d1206fb4226a09b94da21046351ea19a84438b760c29798df90be8e06eb2", kill_on_drop: false }`
[INFO] [stderr]    Compiling polly-scheduler v0.1.5 (/opt/rustwide/workdir)
[INFO] [stderr]     Finished `test` profile [unoptimized + debuginfo] target(s) in 9.65s
[INFO] running `Command { std: "docker" "inspect" "2637d1206fb4226a09b94da21046351ea19a84438b760c29798df90be8e06eb2", kill_on_drop: false }`
[INFO] running `Command { std: "docker" "rm" "-f" "2637d1206fb4226a09b94da21046351ea19a84438b760c29798df90be8e06eb2", kill_on_drop: false }`
[INFO] [stdout] 2637d1206fb4226a09b94da21046351ea19a84438b760c29798df90be8e06eb2
[INFO] running `Command { std: "docker" "create" "-v" "/var/lib/crater-agent-workspace/builds/worker-3-tc1/target:/opt/rustwide/target:rw,Z" "-v" "/var/lib/crater-agent-workspace/builds/worker-3-tc1/source:/opt/rustwide/workdir:ro,Z" "-v" "/var/lib/crater-agent-workspace/cargo-home:/opt/rustwide/cargo-home:ro,Z" "-v" "/var/lib/crater-agent-workspace/rustup-home:/opt/rustwide/rustup-home:ro,Z" "-e" "SOURCE_DIR=/opt/rustwide/workdir" "-e" "CARGO_TARGET_DIR=/opt/rustwide/target" "-e" "CARGO_INCREMENTAL=0" "-e" "RUST_BACKTRACE=full" "-e" "RUSTFLAGS=--cap-lints=forbid" "-e" "RUSTDOCFLAGS=--cap-lints=forbid" "-e" "CARGO_HOME=/opt/rustwide/cargo-home" "-e" "RUSTUP_HOME=/opt/rustwide/rustup-home" "-w" "/opt/rustwide/workdir" "-m" "1610612736" "--user" "0:0" "--network" "none" "ghcr.io/rust-lang/crates-build-env/linux@sha256:819108c5571ea2e421544af4d832f968d213c87fbe3707a016657f43d2f853bc" "/opt/rustwide/cargo-home/bin/cargo" "+nightly-2025-01-18" "test" "--frozen", kill_on_drop: false }`
[INFO] [stdout] cf55ca5715c7c70dde8a91ad430c4532e5ade1ef22bc223403941622457d983d
[INFO] running `Command { std: "docker" "start" "-a" "cf55ca5715c7c70dde8a91ad430c4532e5ade1ef22bc223403941622457d983d", kill_on_drop: false }`
[INFO] [stderr]     Finished `test` profile [unoptimized + debuginfo] target(s) in 0.19s
[INFO] [stderr]      Running unittests src/lib.rs (/opt/rustwide/target/debug/deps/polly_scheduler-7d05aea7d2fa4a93)
[INFO] [stdout] 
[INFO] [stdout] running 2 tests
[INFO] [stdout] test nativedb::test::test ... ok
[INFO] [stdout] test nativedb::test::delete_db_file ... ok
[INFO] [stdout] 
[INFO] [stdout] test result: ok. 2 passed; 0 failed; 0 ignored; 0 measured; 0 filtered out; finished in 3.01s
[INFO] [stdout] 
[INFO] [stderr]    Doc-tests polly_scheduler
[INFO] [stdout] 
[INFO] [stdout] running 1 test
[INFO] [stdout] test src/core/store.rs - core::store::TaskStore::restore_tasks (line 25) ... FAILED
[INFO] [stdout] 
[INFO] [stdout] failures:
[INFO] [stdout] 
[INFO] [stdout] ---- src/core/store.rs - core::store::TaskStore::restore_tasks (line 25) stdout ----
[INFO] [stdout] error[E0433]: failed to resolve: use of undeclared type `TaskStore`
[INFO] [stdout]  --> src/core/store.rs:27:17
[INFO] [stdout]   |
[INFO] [stdout] 4 |     let store = TaskStore::new();
[INFO] [stdout]   |                 ^^^^^^^^^ use of undeclared type `TaskStore`
[INFO] [stdout]   |
[INFO] [stdout] help: consider importing this trait
[INFO] [stdout]   |
[INFO] [stdout] 2 + use polly_scheduler::core::store::TaskStore;
[INFO] [stdout]   |
[INFO] [stdout] 
[INFO] [stdout] error: aborting due to 1 previous error
[INFO] [stdout] 
[INFO] [stdout] For more information about this error, try `rustc --explain E0433`.
[INFO] [stdout] Couldn't compile the test.
[INFO] [stdout] 
[INFO] [stdout] failures:
[INFO] [stdout]     src/core/store.rs - core::store::TaskStore::restore_tasks (line 25)
[INFO] [stdout] 
[INFO] [stdout] test result: FAILED. 0 passed; 1 failed; 0 ignored; 0 measured; 0 filtered out; finished in 0.17s
[INFO] [stdout] 
[INFO] [stderr] error: doctest failed, to rerun pass `--doc`
[INFO] running `Command { std: "docker" "inspect" "cf55ca5715c7c70dde8a91ad430c4532e5ade1ef22bc223403941622457d983d", kill_on_drop: false }`
[INFO] running `Command { std: "docker" "rm" "-f" "cf55ca5715c7c70dde8a91ad430c4532e5ade1ef22bc223403941622457d983d", kill_on_drop: false }`
[INFO] [stdout] cf55ca5715c7c70dde8a91ad430c4532e5ade1ef22bc223403941622457d983d
