[INFO] fetching crate polars-io 0.45.1...
[INFO] testing polars-io-0.45.1 against nightly-2025-01-18 for randomize-layout-2
[INFO] extracting crate polars-io 0.45.1 into /workspace/builds/worker-5-tc1/source
[INFO] validating manifest of crates.io crate polars-io 0.45.1 on toolchain nightly-2025-01-18
[INFO] running `Command { std: CARGO_HOME="/workspace/cargo-home" RUSTUP_HOME="/workspace/rustup-home" "/workspace/cargo-home/bin/cargo" "+nightly-2025-01-18" "metadata" "--manifest-path" "Cargo.toml" "--no-deps", kill_on_drop: false }`
[INFO] started tweaking crates.io crate polars-io 0.45.1
[INFO] finished tweaking crates.io crate polars-io 0.45.1
[INFO] tweaked toml for crates.io crate polars-io 0.45.1 written to /workspace/builds/worker-5-tc1/source/Cargo.toml
[INFO] crate crates.io crate polars-io 0.45.1 already has a lockfile, it will not be regenerated
[INFO] running `Command { std: CARGO_HOME="/workspace/cargo-home" RUSTUP_HOME="/workspace/rustup-home" "/workspace/cargo-home/bin/cargo" "+nightly-2025-01-18" "fetch" "--manifest-path" "Cargo.toml", kill_on_drop: false }`
[INFO] [stderr]  Downloading crates ...
[INFO] [stderr]   Downloaded polars-json v0.45.1
[INFO] [stderr]   Downloaded fs4 v0.12.0
[INFO] [stderr]   Downloaded simd-json v0.14.3
[INFO] running `Command { std: "docker" "create" "-v" "/var/lib/crater-agent-workspace/builds/worker-5-tc1/target:/opt/rustwide/target:rw,Z" "-v" "/var/lib/crater-agent-workspace/builds/worker-5-tc1/source:/opt/rustwide/workdir:ro,Z" "-v" "/var/lib/crater-agent-workspace/cargo-home:/opt/rustwide/cargo-home:ro,Z" "-v" "/var/lib/crater-agent-workspace/rustup-home:/opt/rustwide/rustup-home:ro,Z" "-e" "SOURCE_DIR=/opt/rustwide/workdir" "-e" "CARGO_TARGET_DIR=/opt/rustwide/target" "-e" "CARGO_HOME=/opt/rustwide/cargo-home" "-e" "RUSTUP_HOME=/opt/rustwide/rustup-home" "-w" "/opt/rustwide/workdir" "-m" "1610612736" "--user" "0:0" "--network" "none" "ghcr.io/rust-lang/crates-build-env/linux@sha256:819108c5571ea2e421544af4d832f968d213c87fbe3707a016657f43d2f853bc" "/opt/rustwide/cargo-home/bin/cargo" "+nightly-2025-01-18" "metadata" "--no-deps" "--format-version=1", kill_on_drop: false }`
[INFO] [stdout] 96b7d94247b28c7fe400ca43d3198079c87f510e8055b2aaa87e6a4172828461
[INFO] running `Command { std: "docker" "start" "-a" "96b7d94247b28c7fe400ca43d3198079c87f510e8055b2aaa87e6a4172828461", kill_on_drop: false }`
[INFO] running `Command { std: "docker" "inspect" "96b7d94247b28c7fe400ca43d3198079c87f510e8055b2aaa87e6a4172828461", kill_on_drop: false }`
[INFO] running `Command { std: "docker" "rm" "-f" "96b7d94247b28c7fe400ca43d3198079c87f510e8055b2aaa87e6a4172828461", kill_on_drop: false }`
[INFO] [stdout] 96b7d94247b28c7fe400ca43d3198079c87f510e8055b2aaa87e6a4172828461
[INFO] running `Command { std: "docker" "create" "-v" "/var/lib/crater-agent-workspace/builds/worker-5-tc1/target:/opt/rustwide/target:rw,Z" "-v" "/var/lib/crater-agent-workspace/builds/worker-5-tc1/source:/opt/rustwide/workdir:ro,Z" "-v" "/var/lib/crater-agent-workspace/cargo-home:/opt/rustwide/cargo-home:ro,Z" "-v" "/var/lib/crater-agent-workspace/rustup-home:/opt/rustwide/rustup-home:ro,Z" "-e" "SOURCE_DIR=/opt/rustwide/workdir" "-e" "CARGO_TARGET_DIR=/opt/rustwide/target" "-e" "CARGO_INCREMENTAL=0" "-e" "RUST_BACKTRACE=full" "-e" "RUSTFLAGS=--cap-lints=forbid" "-e" "RUSTDOCFLAGS=--cap-lints=forbid" "-e" "CARGO_HOME=/opt/rustwide/cargo-home" "-e" "RUSTUP_HOME=/opt/rustwide/rustup-home" "-w" "/opt/rustwide/workdir" "-m" "1610612736" "--user" "0:0" "--network" "none" "ghcr.io/rust-lang/crates-build-env/linux@sha256:819108c5571ea2e421544af4d832f968d213c87fbe3707a016657f43d2f853bc" "/opt/rustwide/cargo-home/bin/cargo" "+nightly-2025-01-18" "build" "--frozen" "--message-format=json", kill_on_drop: false }`
[INFO] [stdout] 1660a6dfa60cb40b54b485685757d1ef1318800da2a70fc7cb2f767478cb9c03
[INFO] running `Command { std: "docker" "start" "-a" "1660a6dfa60cb40b54b485685757d1ef1318800da2a70fc7cb2f767478cb9c03", kill_on_drop: false }`
[INFO] [stderr]    Compiling proc-macro2 v1.0.92
[INFO] [stderr]    Compiling libc v0.2.167
[INFO] [stderr]    Compiling unicode-ident v1.0.14
[INFO] [stderr]    Compiling version_check v0.9.5
[INFO] [stderr]    Compiling shlex v1.3.0
[INFO] [stderr]    Compiling cfg-if v1.0.0
[INFO] [stderr]    Compiling autocfg v1.4.0
[INFO] [stderr]    Compiling crossbeam-utils v0.8.20
[INFO] [stderr]    Compiling siphasher v0.3.11
[INFO] [stderr]    Compiling serde v1.0.215
[INFO] [stderr]    Compiling rayon-core v1.12.1
[INFO] [stderr]    Compiling byteorder v1.5.0
[INFO] [stderr]    Compiling regex-syntax v0.8.5
[INFO] [stderr]    Compiling rand_core v0.6.4
[INFO] [stderr]    Compiling rustversion v1.0.18
[INFO] [stderr]    Compiling phf_shared v0.11.2
[INFO] [stderr]    Compiling rand v0.8.5
[INFO] [stderr]    Compiling num-traits v0.2.19
[INFO] [stderr]    Compiling either v1.13.0
[INFO] [stderr]    Compiling ahash v0.8.11
[INFO] [stderr]    Compiling thiserror v2.0.3
[INFO] [stderr]    Compiling quote v1.0.37
[INFO] [stderr]    Compiling crossbeam-epoch v0.9.18
[INFO] [stderr]    Compiling syn v2.0.90
[INFO] [stderr]    Compiling allocator-api2 v0.2.21
[INFO] [stderr]    Compiling phf_generator v0.11.2
[INFO] [stderr]    Compiling crossbeam-deque v0.8.5
[INFO] [stderr]    Compiling phf_codegen v0.11.2
[INFO] [stderr]    Compiling target-features v0.1.6
[INFO] [stderr]    Compiling equivalent v1.0.1
[INFO] [stderr]    Compiling jobserver v0.1.32
[INFO] [stderr]    Compiling getrandom v0.2.15
[INFO] [stderr]    Compiling syn v1.0.109
[INFO] [stderr]    Compiling cc v1.2.2
[INFO] [stderr]    Compiling foldhash v0.1.3
[INFO] [stderr]    Compiling rayon v1.10.0
[INFO] [stderr]    Compiling once_cell v1.20.2
[INFO] [stderr]    Compiling castaway v0.2.3
[INFO] [stderr]    Compiling lock_api v0.4.12
[INFO] [stderr]    Compiling polars-utils v0.45.1
[INFO] [stderr]    Compiling ryu v1.0.18
[INFO] [stderr]    Compiling bitflags v2.6.0
[INFO] [stderr]    Compiling regex-automata v0.4.9
[INFO] [stderr]    Compiling simdutf8 v0.1.5
[INFO] [stderr]    Compiling itoa v1.0.14
[INFO] [stderr]    Compiling static_assertions v1.1.0
[INFO] [stderr]    Compiling parking_lot_core v0.9.10
[INFO] [stderr]    Compiling raw-cpuid v11.2.0
[INFO] [stderr]    Compiling memmap2 v0.9.5
[INFO] [stderr]    Compiling polars-schema v0.45.1
[INFO] [stderr]    Compiling scopeguard v1.2.0
[INFO] [stderr]    Compiling smallvec v1.13.2
[INFO] [stderr]    Compiling pkg-config v0.3.31
[INFO] [stderr]    Compiling bytes v1.9.0
[INFO] [stderr]    Compiling regex v1.11.1
[INFO] [stderr]    Compiling psm v0.1.24
[INFO] [stderr]    Compiling stacker v0.1.17
[INFO] [stderr]    Compiling zstd-sys v2.0.13+zstd.1.5.6
[INFO] [stderr]    Compiling parse-zoneinfo v0.3.1
[INFO] [stderr]    Compiling phf v0.11.2
[INFO] [stderr]    Compiling chrono v0.4.38
[INFO] [stderr]    Compiling polars-arrow v0.45.1
[INFO] [stderr]    Compiling chrono-tz-build v0.4.0
[INFO] [stderr]    Compiling heck v0.5.0
[INFO] [stderr]    Compiling parking_lot v0.12.3
[INFO] [stderr]    Compiling polars-compute v0.45.1
[INFO] [stderr]    Compiling chrono-tz v0.10.0
[INFO] [stderr]    Compiling zerocopy-derive v0.7.35
[INFO] [stderr]    Compiling serde_derive v1.0.215
[INFO] [stderr]    Compiling thiserror-impl v2.0.3
[INFO] [stderr]    Compiling bytemuck_derive v1.8.0
[INFO] [stderr]    Compiling zerocopy v0.7.35
[INFO] [stderr]    Compiling strum_macros v0.26.4
[INFO] [stderr]    Compiling bytemuck v1.20.0
[INFO] [stderr]    Compiling ppv-lite86 v0.2.20
[INFO] [stderr]    Compiling dyn-clone v1.0.17
[INFO] [stderr]    Compiling rand_chacha v0.3.1
[INFO] [stderr]    Compiling strength_reduce v0.2.4
[INFO] [stderr]    Compiling polars-error v0.45.1
[INFO] [stderr]    Compiling ethnum v1.5.0
[INFO] [stderr]    Compiling streaming-iterator v0.1.9
[INFO] [stderr]    Compiling fast-float2 v0.2.3
[INFO] [stderr]    Compiling atoi_simd v0.16.0
[INFO] [stderr]    Compiling itoap v1.0.1
[INFO] [stderr]    Compiling memchr v2.7.4
[INFO] [stderr]    Compiling zstd-safe v7.2.1
[INFO] [stderr]    Compiling polars-core v0.45.1
[INFO] [stderr]    Compiling adler2 v2.0.0
[INFO] [stderr]    Compiling miniz_oxide v0.8.0
[INFO] [stderr]    Compiling aho-corasick v1.1.3
[INFO] [stderr]    Compiling crc32fast v1.4.2
[INFO] [stderr]    Compiling multiversion-macros v0.7.4
[INFO] [stderr]    Compiling xxhash-rust v0.8.12
[INFO] [stderr]    Compiling flate2 v1.0.35
[INFO] [stderr]    Compiling glob v0.3.1
[INFO] [stderr]    Compiling percent-encoding v2.3.1
[INFO] [stderr]    Compiling home v0.5.9
[INFO] [stderr]    Compiling multiversion v0.7.4
[INFO] [stderr]    Compiling hashbrown v0.15.2
[INFO] [stderr]    Compiling compact_str v0.8.0
[INFO] [stderr]    Compiling hashbrown v0.14.5
[INFO] [stderr]    Compiling indexmap v2.7.0
[INFO] [stderr]    Compiling zstd v0.13.2
[INFO] [stderr]    Compiling polars-row v0.45.1
[INFO] [stderr]    Compiling polars-io v0.45.1 (/opt/rustwide/workdir)
[INFO] [stdout] warning: unused import: `std::sync::Arc`
[INFO] [stdout]  --> src/shared.rs:2:5
[INFO] [stdout]   |
[INFO] [stdout] 2 | use std::sync::Arc;
[INFO] [stdout]   |     ^^^^^^^^^^^^^^
[INFO] [stdout]   |
[INFO] [stdout]   = note: `#[warn(unused_imports)]` on by default
[INFO] [stdout] 
[INFO] [stdout] 
[INFO] [stdout] warning: unused import: `arrow::array::new_empty_array`
[INFO] [stdout]  --> src/shared.rs:4:5
[INFO] [stdout]   |
[INFO] [stdout] 4 | use arrow::array::new_empty_array;
[INFO] [stdout]   |     ^^^^^^^^^^^^^^^^^^^^^^^^^^^^^
[INFO] [stdout] 
[INFO] [stdout] 
[INFO] [stdout] warning: unused import: `crate::options::RowIndex`
[INFO] [stdout]  --> src/shared.rs:8:5
[INFO] [stdout]   |
[INFO] [stdout] 8 | use crate::options::RowIndex;
[INFO] [stdout]   |     ^^^^^^^^^^^^^^^^^^^^^^^^
[INFO] [stdout] 
[INFO] [stdout] 
[INFO] [stdout] warning: unused import: `polars_utils::mmap::ensure_not_mapped`
[INFO] [stdout]  --> src/utils/file.rs:5:5
[INFO] [stdout]   |
[INFO] [stdout] 5 | use polars_utils::mmap::ensure_not_mapped;
[INFO] [stdout]   |     ^^^^^^^^^^^^^^^^^^^^^^^^^^^^^^^^^^^^^
[INFO] [stdout] 
[INFO] [stdout] 
[INFO] [stdout] warning: methods `extend` and `extend_from_slice` are never used
[INFO] [stdout]    --> src/path_utils/mod.rs:179:12
[INFO] [stdout]     |
[INFO] [stdout] 150 |     impl OutPaths {
[INFO] [stdout]     |     ------------- methods in this implementation
[INFO] [stdout] ...
[INFO] [stdout] 179 |         fn extend(&mut self, values: impl IntoIterator<Item = PathBuf>) {
[INFO] [stdout]     |            ^^^^^^
[INFO] [stdout] ...
[INFO] [stdout] 188 |         fn extend_from_slice(&mut self, values: &[PathBuf]) {
[INFO] [stdout]     |            ^^^^^^^^^^^^^^^^^
[INFO] [stdout]     |
[INFO] [stdout]     = note: `#[warn(dead_code)]` on by default
[INFO] [stdout] 
[INFO] [stdout] 
[INFO] [stdout] warning: function `schema_to_arrow_checked` is never used
[INFO] [stdout]    --> src/shared.rs:119:15
[INFO] [stdout]     |
[INFO] [stdout] 119 | pub(crate) fn schema_to_arrow_checked(
[INFO] [stdout]     |               ^^^^^^^^^^^^^^^^^^^^^^^
[INFO] [stdout] 
[INFO] [stdout] 
[INFO] [stdout] warning: function `check_offsets` is never used
[INFO] [stdout]   --> src/utils/other.rs:77:4
[INFO] [stdout]    |
[INFO] [stdout] 77 | fn check_offsets(dfs: &[DataFrame]) {
[INFO] [stdout]    |    ^^^^^^^^^^^^^
[INFO] [stdout] 
[INFO] [stdout] 
[INFO] [stdout] warning: function `materialize_hive_partitions` is never used
[INFO] [stdout]   --> src/hive.rs:17:15
[INFO] [stdout]    |
[INFO] [stdout] 17 | pub(crate) fn materialize_hive_partitions<D>(
[INFO] [stdout]    |               ^^^^^^^^^^^^^^^^^^^^^^^^^^^
[INFO] [stdout] 
[INFO] [stdout] 
[INFO] [stderr]     Finished `dev` profile [unoptimized + debuginfo] target(s) in 2m 43s
[INFO] running `Command { std: "docker" "inspect" "1660a6dfa60cb40b54b485685757d1ef1318800da2a70fc7cb2f767478cb9c03", kill_on_drop: false }`
[INFO] running `Command { std: "docker" "rm" "-f" "1660a6dfa60cb40b54b485685757d1ef1318800da2a70fc7cb2f767478cb9c03", kill_on_drop: false }`
[INFO] [stdout] 1660a6dfa60cb40b54b485685757d1ef1318800da2a70fc7cb2f767478cb9c03
[INFO] running `Command { std: "docker" "create" "-v" "/var/lib/crater-agent-workspace/builds/worker-5-tc1/target:/opt/rustwide/target:rw,Z" "-v" "/var/lib/crater-agent-workspace/builds/worker-5-tc1/source:/opt/rustwide/workdir:ro,Z" "-v" "/var/lib/crater-agent-workspace/cargo-home:/opt/rustwide/cargo-home:ro,Z" "-v" "/var/lib/crater-agent-workspace/rustup-home:/opt/rustwide/rustup-home:ro,Z" "-e" "SOURCE_DIR=/opt/rustwide/workdir" "-e" "CARGO_TARGET_DIR=/opt/rustwide/target" "-e" "CARGO_INCREMENTAL=0" "-e" "RUST_BACKTRACE=full" "-e" "RUSTFLAGS=--cap-lints=forbid" "-e" "RUSTDOCFLAGS=--cap-lints=forbid" "-e" "CARGO_HOME=/opt/rustwide/cargo-home" "-e" "RUSTUP_HOME=/opt/rustwide/rustup-home" "-w" "/opt/rustwide/workdir" "-m" "1610612736" "--user" "0:0" "--network" "none" "ghcr.io/rust-lang/crates-build-env/linux@sha256:819108c5571ea2e421544af4d832f968d213c87fbe3707a016657f43d2f853bc" "/opt/rustwide/cargo-home/bin/cargo" "+nightly-2025-01-18" "test" "--frozen" "--no-run" "--message-format=json", kill_on_drop: false }`
[INFO] [stdout] 63c85c4902c1ed22d0ca9ecf248848212f0c8f766527967a3a739d178d916dff
[INFO] running `Command { std: "docker" "start" "-a" "63c85c4902c1ed22d0ca9ecf248848212f0c8f766527967a3a739d178d916dff", kill_on_drop: false }`
[INFO] [stderr]    Compiling bitflags v2.6.0
[INFO] [stderr]    Compiling rustix v0.38.41
[INFO] [stderr]    Compiling linux-raw-sys v0.4.14
[INFO] [stderr]    Compiling fastrand v2.2.0
[INFO] [stderr]    Compiling raw-cpuid v11.2.0
[INFO] [stderr]    Compiling polars-utils v0.45.1
[INFO] [stderr]    Compiling tempfile v3.14.0
[INFO] [stderr]    Compiling polars-schema v0.45.1
[INFO] [stderr]    Compiling polars-arrow v0.45.1
[INFO] [stderr]    Compiling polars-compute v0.45.1
[INFO] [stderr]    Compiling polars-row v0.45.1
[INFO] [stderr]    Compiling polars-core v0.45.1
[INFO] [stderr]    Compiling polars-io v0.45.1 (/opt/rustwide/workdir)
[INFO] [stdout] warning: unused import: `std::sync::Arc`
[INFO] [stdout]  --> src/shared.rs:2:5
[INFO] [stdout]   |
[INFO] [stdout] 2 | use std::sync::Arc;
[INFO] [stdout]   |     ^^^^^^^^^^^^^^
[INFO] [stdout]   |
[INFO] [stdout]   = note: `#[warn(unused_imports)]` on by default
[INFO] [stdout] 
[INFO] [stdout] 
[INFO] [stdout] warning: unused import: `arrow::array::new_empty_array`
[INFO] [stdout]  --> src/shared.rs:4:5
[INFO] [stdout]   |
[INFO] [stdout] 4 | use arrow::array::new_empty_array;
[INFO] [stdout]   |     ^^^^^^^^^^^^^^^^^^^^^^^^^^^^^
[INFO] [stdout] 
[INFO] [stdout] 
[INFO] [stdout] warning: unused import: `crate::options::RowIndex`
[INFO] [stdout]  --> src/shared.rs:8:5
[INFO] [stdout]   |
[INFO] [stdout] 8 | use crate::options::RowIndex;
[INFO] [stdout]   |     ^^^^^^^^^^^^^^^^^^^^^^^^
[INFO] [stdout] 
[INFO] [stdout] 
[INFO] [stdout] warning: unused import: `polars_utils::mmap::ensure_not_mapped`
[INFO] [stdout]  --> src/utils/file.rs:5:5
[INFO] [stdout]   |
[INFO] [stdout] 5 | use polars_utils::mmap::ensure_not_mapped;
[INFO] [stdout]   |     ^^^^^^^^^^^^^^^^^^^^^^^^^^^^^^^^^^^^^
[INFO] [stdout] 
[INFO] [stdout] 
[INFO] [stdout] warning: methods `extend` and `extend_from_slice` are never used
[INFO] [stdout]    --> src/path_utils/mod.rs:179:12
[INFO] [stdout]     |
[INFO] [stdout] 150 |     impl OutPaths {
[INFO] [stdout]     |     ------------- methods in this implementation
[INFO] [stdout] ...
[INFO] [stdout] 179 |         fn extend(&mut self, values: impl IntoIterator<Item = PathBuf>) {
[INFO] [stdout]     |            ^^^^^^
[INFO] [stdout] ...
[INFO] [stdout] 188 |         fn extend_from_slice(&mut self, values: &[PathBuf]) {
[INFO] [stdout]     |            ^^^^^^^^^^^^^^^^^
[INFO] [stdout]     |
[INFO] [stdout]     = note: `#[warn(dead_code)]` on by default
[INFO] [stdout] 
[INFO] [stdout] 
[INFO] [stdout] warning: function `schema_to_arrow_checked` is never used
[INFO] [stdout]    --> src/shared.rs:119:15
[INFO] [stdout]     |
[INFO] [stdout] 119 | pub(crate) fn schema_to_arrow_checked(
[INFO] [stdout]     |               ^^^^^^^^^^^^^^^^^^^^^^^
[INFO] [stdout] 
[INFO] [stdout] 
[INFO] [stdout] warning: function `check_offsets` is never used
[INFO] [stdout]   --> src/utils/other.rs:77:4
[INFO] [stdout]    |
[INFO] [stdout] 77 | fn check_offsets(dfs: &[DataFrame]) {
[INFO] [stdout]    |    ^^^^^^^^^^^^^
[INFO] [stdout] 
[INFO] [stdout] 
[INFO] [stdout] warning: function `materialize_hive_partitions` is never used
[INFO] [stdout]   --> src/hive.rs:17:15
[INFO] [stdout]    |
[INFO] [stdout] 17 | pub(crate) fn materialize_hive_partitions<D>(
[INFO] [stdout]    |               ^^^^^^^^^^^^^^^^^^^^^^^^^^^
[INFO] [stdout] 
[INFO] [stdout] 
[INFO] [stdout] warning: unused import: `std::sync::Arc`
[INFO] [stdout]  --> src/shared.rs:2:5
[INFO] [stdout]   |
[INFO] [stdout] 2 | use std::sync::Arc;
[INFO] [stdout]   |     ^^^^^^^^^^^^^^
[INFO] [stdout]   |
[INFO] [stdout]   = note: `#[warn(unused_imports)]` on by default
[INFO] [stdout] 
[INFO] [stdout] 
[INFO] [stdout] warning: unused import: `arrow::array::new_empty_array`
[INFO] [stdout]  --> src/shared.rs:4:5
[INFO] [stdout]   |
[INFO] [stdout] 4 | use arrow::array::new_empty_array;
[INFO] [stdout]   |     ^^^^^^^^^^^^^^^^^^^^^^^^^^^^^
[INFO] [stdout] 
[INFO] [stdout] 
[INFO] [stdout] warning: unused import: `crate::options::RowIndex`
[INFO] [stdout]  --> src/shared.rs:8:5
[INFO] [stdout]   |
[INFO] [stdout] 8 | use crate::options::RowIndex;
[INFO] [stdout]   |     ^^^^^^^^^^^^^^^^^^^^^^^^
[INFO] [stdout] 
[INFO] [stdout] 
[INFO] [stdout] warning: unused import: `polars_utils::mmap::ensure_not_mapped`
[INFO] [stdout]  --> src/utils/file.rs:5:5
[INFO] [stdout]   |
[INFO] [stdout] 5 | use polars_utils::mmap::ensure_not_mapped;
[INFO] [stdout]   |     ^^^^^^^^^^^^^^^^^^^^^^^^^^^^^^^^^^^^^
[INFO] [stdout] 
[INFO] [stdout] 
[INFO] [stdout] warning: methods `extend` and `extend_from_slice` are never used
[INFO] [stdout]    --> src/path_utils/mod.rs:179:12
[INFO] [stdout]     |
[INFO] [stdout] 150 |     impl OutPaths {
[INFO] [stdout]     |     ------------- methods in this implementation
[INFO] [stdout] ...
[INFO] [stdout] 179 |         fn extend(&mut self, values: impl IntoIterator<Item = PathBuf>) {
[INFO] [stdout]     |            ^^^^^^
[INFO] [stdout] ...
[INFO] [stdout] 188 |         fn extend_from_slice(&mut self, values: &[PathBuf]) {
[INFO] [stdout]     |            ^^^^^^^^^^^^^^^^^
[INFO] [stdout]     |
[INFO] [stdout]     = note: `#[warn(dead_code)]` on by default
[INFO] [stdout] 
[INFO] [stdout] 
[INFO] [stdout] warning: function `schema_to_arrow_checked` is never used
[INFO] [stdout]    --> src/shared.rs:119:15
[INFO] [stdout]     |
[INFO] [stdout] 119 | pub(crate) fn schema_to_arrow_checked(
[INFO] [stdout]     |               ^^^^^^^^^^^^^^^^^^^^^^^
[INFO] [stdout] 
[INFO] [stdout] 
[INFO] [stdout] warning: function `check_offsets` is never used
[INFO] [stdout]   --> src/utils/other.rs:77:4
[INFO] [stdout]    |
[INFO] [stdout] 77 | fn check_offsets(dfs: &[DataFrame]) {
[INFO] [stdout]    |    ^^^^^^^^^^^^^
[INFO] [stdout] 
[INFO] [stdout] 
[INFO] [stdout] warning: function `materialize_hive_partitions` is never used
[INFO] [stdout]   --> src/hive.rs:17:15
[INFO] [stdout]    |
[INFO] [stdout] 17 | pub(crate) fn materialize_hive_partitions<D>(
[INFO] [stdout]    |               ^^^^^^^^^^^^^^^^^^^^^^^^^^^
[INFO] [stdout] 
[INFO] [stdout] 
[INFO] [stderr]     Finished `test` profile [unoptimized + debuginfo] target(s) in 1m 29s
[INFO] running `Command { std: "docker" "inspect" "63c85c4902c1ed22d0ca9ecf248848212f0c8f766527967a3a739d178d916dff", kill_on_drop: false }`
[INFO] running `Command { std: "docker" "rm" "-f" "63c85c4902c1ed22d0ca9ecf248848212f0c8f766527967a3a739d178d916dff", kill_on_drop: false }`
[INFO] [stdout] 63c85c4902c1ed22d0ca9ecf248848212f0c8f766527967a3a739d178d916dff
[INFO] running `Command { std: "docker" "create" "-v" "/var/lib/crater-agent-workspace/builds/worker-5-tc1/target:/opt/rustwide/target:rw,Z" "-v" "/var/lib/crater-agent-workspace/builds/worker-5-tc1/source:/opt/rustwide/workdir:ro,Z" "-v" "/var/lib/crater-agent-workspace/cargo-home:/opt/rustwide/cargo-home:ro,Z" "-v" "/var/lib/crater-agent-workspace/rustup-home:/opt/rustwide/rustup-home:ro,Z" "-e" "SOURCE_DIR=/opt/rustwide/workdir" "-e" "CARGO_TARGET_DIR=/opt/rustwide/target" "-e" "CARGO_INCREMENTAL=0" "-e" "RUST_BACKTRACE=full" "-e" "RUSTFLAGS=--cap-lints=forbid" "-e" "RUSTDOCFLAGS=--cap-lints=forbid" "-e" "CARGO_HOME=/opt/rustwide/cargo-home" "-e" "RUSTUP_HOME=/opt/rustwide/rustup-home" "-w" "/opt/rustwide/workdir" "-m" "1610612736" "--user" "0:0" "--network" "none" "ghcr.io/rust-lang/crates-build-env/linux@sha256:819108c5571ea2e421544af4d832f968d213c87fbe3707a016657f43d2f853bc" "/opt/rustwide/cargo-home/bin/cargo" "+nightly-2025-01-18" "test" "--frozen", kill_on_drop: false }`
[INFO] [stdout] aa42f78235b0b2edbed494cbb77bc43612f80a3e348bf3960df8b53a164b83cb
[INFO] running `Command { std: "docker" "start" "-a" "aa42f78235b0b2edbed494cbb77bc43612f80a3e348bf3960df8b53a164b83cb", kill_on_drop: false }`
[INFO] [stderr] warning: unused import: `std::sync::Arc`
[INFO] [stderr]  --> src/shared.rs:2:5
[INFO] [stderr]   |
[INFO] [stderr] 2 | use std::sync::Arc;
[INFO] [stderr]   |     ^^^^^^^^^^^^^^
[INFO] [stderr]   |
[INFO] [stderr]   = note: `#[warn(unused_imports)]` on by default
[INFO] [stderr] 
[INFO] [stderr] warning: unused import: `arrow::array::new_empty_array`
[INFO] [stderr]  --> src/shared.rs:4:5
[INFO] [stderr]   |
[INFO] [stderr] 4 | use arrow::array::new_empty_array;
[INFO] [stderr]   |     ^^^^^^^^^^^^^^^^^^^^^^^^^^^^^
[INFO] [stderr] 
[INFO] [stderr] warning: unused import: `crate::options::RowIndex`
[INFO] [stderr]  --> src/shared.rs:8:5
[INFO] [stderr]   |
[INFO] [stderr] 8 | use crate::options::RowIndex;
[INFO] [stderr]   |     ^^^^^^^^^^^^^^^^^^^^^^^^
[INFO] [stderr] 
[INFO] [stderr] warning: unused import: `polars_utils::mmap::ensure_not_mapped`
[INFO] [stderr]  --> src/utils/file.rs:5:5
[INFO] [stderr]   |
[INFO] [stderr] 5 | use polars_utils::mmap::ensure_not_mapped;
[INFO] [stderr]   |     ^^^^^^^^^^^^^^^^^^^^^^^^^^^^^^^^^^^^^
[INFO] [stderr] 
[INFO] [stderr] warning: methods `extend` and `extend_from_slice` are never used
[INFO] [stderr]    --> src/path_utils/mod.rs:179:12
[INFO] [stderr]     |
[INFO] [stderr] 150 |     impl OutPaths {
[INFO] [stderr]     |     ------------- methods in this implementation
[INFO] [stderr] ...
[INFO] [stderr] 179 |         fn extend(&mut self, values: impl IntoIterator<Item = PathBuf>) {
[INFO] [stderr]     |            ^^^^^^
[INFO] [stderr] ...
[INFO] [stderr] 188 |         fn extend_from_slice(&mut self, values: &[PathBuf]) {
[INFO] [stderr]     |            ^^^^^^^^^^^^^^^^^
[INFO] [stderr]     |
[INFO] [stderr]     = note: `#[warn(dead_code)]` on by default
[INFO] [stderr] 
[INFO] [stderr] warning: function `schema_to_arrow_checked` is never used
[INFO] [stderr]    --> src/shared.rs:119:15
[INFO] [stderr]     |
[INFO] [stderr] 119 | pub(crate) fn schema_to_arrow_checked(
[INFO] [stderr]     |               ^^^^^^^^^^^^^^^^^^^^^^^
[INFO] [stderr] 
[INFO] [stderr] warning: function `check_offsets` is never used
[INFO] [stderr]   --> src/utils/other.rs:77:4
[INFO] [stderr]    |
[INFO] [stderr] 77 | fn check_offsets(dfs: &[DataFrame]) {
[INFO] [stderr]    |    ^^^^^^^^^^^^^
[INFO] [stderr] 
[INFO] [stderr] warning: function `materialize_hive_partitions` is never used
[INFO] [stderr]   --> src/hive.rs:17:15
[INFO] [stderr]    |
[INFO] [stderr] 17 | pub(crate) fn materialize_hive_partitions<D>(
[INFO] [stderr]    |               ^^^^^^^^^^^^^^^^^^^^^^^^^^^
[INFO] [stderr] 
[INFO] [stderr] warning: `polars-io` (lib) generated 8 warnings (run `cargo fix --lib -p polars-io` to apply 4 suggestions)
[INFO] [stderr] warning: `polars-io` (lib test) generated 8 warnings (8 duplicates)
[INFO] [stderr]     Finished `test` profile [unoptimized + debuginfo] target(s) in 0.41s
[INFO] [stderr]      Running unittests src/lib.rs (/opt/rustwide/target/debug/deps/polars_io-1a8c3ef22d31d258)
[INFO] [stdout] 
[INFO] [stdout] running 3 tests
[INFO] [stdout] test path_utils::tests::test_resolve_homedir ... ok
[INFO] [stdout] test utils::other::tests::test_float_parse ... ok
[INFO] [stdout] test path_utils::tests::test_http_path_with_query_parameters_is_not_expanded_as_glob ... FAILED
[INFO] [stdout] 
[INFO] [stdout] failures:
[INFO] [stdout] 
[INFO] [stdout] ---- path_utils::tests::test_http_path_with_query_parameters_is_not_expanded_as_glob stdout ----
[INFO] [stdout] 
[INFO] [stdout] thread 'path_utils::tests::test_http_path_with_query_parameters_is_not_expanded_as_glob' panicked at src/path_utils/mod.rs:351:9:
[INFO] [stdout] Feature `cloud` must be enabled to use globbing patterns with cloud urls.
[INFO] [stdout] stack backtrace:
[INFO] [stdout]    0:     0x586793d592fa - std::backtrace_rs::backtrace::libunwind::trace::hb059275cfc8d6126
[INFO] [stdout]                                at /rustc/6067b36314ab5eb2eb47cecc464545ba58e1ad24/library/std/src/../../backtrace/src/backtrace/libunwind.rs:116:5
[INFO] [stdout]    1:     0x586793d592fa - std::backtrace_rs::backtrace::trace_unsynchronized::h2da071e4327ce3ee
[INFO] [stdout]                                at /rustc/6067b36314ab5eb2eb47cecc464545ba58e1ad24/library/std/src/../../backtrace/src/backtrace/mod.rs:66:5
[INFO] [stdout]    2:     0x586793d592fa - std::sys::backtrace::_print_fmt::h842a1474e6f8d23f
[INFO] [stdout]                                at /rustc/6067b36314ab5eb2eb47cecc464545ba58e1ad24/library/std/src/sys/backtrace.rs:66:9
[INFO] [stdout]    3:     0x586793d592fa - <std::sys::backtrace::BacktraceLock::print::DisplayBacktrace as core::fmt::Display>::fmt::h71a62eb3b9696b12
[INFO] [stdout]                                at /rustc/6067b36314ab5eb2eb47cecc464545ba58e1ad24/library/std/src/sys/backtrace.rs:39:26
[INFO] [stdout]    4:     0x586793d81a93 - core::fmt::rt::Argument::fmt::hdb6b616786b41dc1
[INFO] [stdout]                                at /rustc/6067b36314ab5eb2eb47cecc464545ba58e1ad24/library/core/src/fmt/rt.rs:177:76
[INFO] [stdout]    5:     0x586793d81a93 - core::fmt::write::h2cc1698af7e2d686
[INFO] [stdout]                                at /rustc/6067b36314ab5eb2eb47cecc464545ba58e1ad24/library/core/src/fmt/mod.rs:1440:21
[INFO] [stdout]    6:     0x586793d55463 - std::io::Write::write_fmt::hab1b4cd059a79022
[INFO] [stdout]                                at /rustc/6067b36314ab5eb2eb47cecc464545ba58e1ad24/library/std/src/io/mod.rs:1887:15
[INFO] [stdout]    7:     0x586793d59142 - std::sys::backtrace::BacktraceLock::print::h147fe35b4ea13b08
[INFO] [stdout]                                at /rustc/6067b36314ab5eb2eb47cecc464545ba58e1ad24/library/std/src/sys/backtrace.rs:42:9
[INFO] [stdout]    8:     0x586793d5a71f - std::panicking::default_hook::{{closure}}::hbd44223dbdc0d208
[INFO] [stdout]                                at /rustc/6067b36314ab5eb2eb47cecc464545ba58e1ad24/library/std/src/panicking.rs:298:22
[INFO] [stdout]    9:     0x586793d5a538 - std::panicking::default_hook::h20f81eb0576efcec
[INFO] [stdout]                                at /rustc/6067b36314ab5eb2eb47cecc464545ba58e1ad24/library/std/src/panicking.rs:322:9
[INFO] [stdout]   10:     0x586793a9ad63 - <alloc::boxed::Box<F,A> as core::ops::function::Fn<Args>>::call::hdb53814c496a4d34
[INFO] [stdout]                                at /rustc/6067b36314ab5eb2eb47cecc464545ba58e1ad24/library/alloc/src/boxed.rs:2027:9
[INFO] [stdout]   11:     0x586793a9ad63 - test::test_main::{{closure}}::hc0a4963c59427c24
[INFO] [stdout]                                at /rustc/6067b36314ab5eb2eb47cecc464545ba58e1ad24/library/test/src/lib.rs:134:21
[INFO] [stdout]   12:     0x586793d5b213 - <alloc::boxed::Box<F,A> as core::ops::function::Fn<Args>>::call::h591b2225413a77e9
[INFO] [stdout]                                at /rustc/6067b36314ab5eb2eb47cecc464545ba58e1ad24/library/alloc/src/boxed.rs:2027:9
[INFO] [stdout]   13:     0x586793d5b213 - std::panicking::rust_panic_with_hook::h625eea43051b2edc
[INFO] [stdout]                                at /rustc/6067b36314ab5eb2eb47cecc464545ba58e1ad24/library/std/src/panicking.rs:839:13
[INFO] [stdout]   14:     0x586793d5ae96 - std::panicking::begin_panic_handler::{{closure}}::h4f9159cfbc3f6bd3
[INFO] [stdout]                                at /rustc/6067b36314ab5eb2eb47cecc464545ba58e1ad24/library/std/src/panicking.rs:697:13
[INFO] [stdout]   15:     0x586793d597f9 - std::sys::backtrace::__rust_end_short_backtrace::h0390abce48353151
[INFO] [stdout]                                at /rustc/6067b36314ab5eb2eb47cecc464545ba58e1ad24/library/std/src/sys/backtrace.rs:168:18
[INFO] [stdout]   16:     0x586793d5ab5d - rust_begin_unwind
[INFO] [stdout]                                at /rustc/6067b36314ab5eb2eb47cecc464545ba58e1ad24/library/std/src/panicking.rs:695:5
[INFO] [stdout]   17:     0x586793d80120 - core::panicking::panic_fmt::h9e7c637e9e5f29c9
[INFO] [stdout]                                at /rustc/6067b36314ab5eb2eb47cecc464545ba58e1ad24/library/core/src/panicking.rs:75:14
[INFO] [stdout]   18:     0x586793a40deb - polars_io::path_utils::expand_paths_hive::hdf5fe1ee0e737c91
[INFO] [stdout]                                at /opt/rustwide/workdir/src/path_utils/mod.rs:351:9
[INFO] [stdout]   19:     0x586793a3ec6a - polars_io::path_utils::expand_paths::h980772796397bd8b
[INFO] [stdout]                                at /opt/rustwide/workdir/src/path_utils/mod.rs:95:5
[INFO] [stdout]   20:     0x586793a46ab3 - polars_io::path_utils::tests::test_http_path_with_query_parameters_is_not_expanded_as_glob::h42a36f34346f0cc9
[INFO] [stdout]                                at /opt/rustwide/workdir/src/path_utils/mod.rs:490:19
[INFO] [stdout]   21:     0x586793a46a17 - polars_io::path_utils::tests::test_http_path_with_query_parameters_is_not_expanded_as_glob::{{closure}}::hf5235d02ddaa5aa0
[INFO] [stdout]                                at /opt/rustwide/workdir/src/path_utils/mod.rs:481:70
[INFO] [stdout]   22:     0x586793a43f46 - core::ops::function::FnOnce::call_once::hac10e39731614743
[INFO] [stdout]                                at /rustc/6067b36314ab5eb2eb47cecc464545ba58e1ad24/library/core/src/ops/function.rs:250:5
[INFO] [stdout]   23:     0x586793aa04bb - core::ops::function::FnOnce::call_once::he27718dfdd183f43
[INFO] [stdout]                                at /rustc/6067b36314ab5eb2eb47cecc464545ba58e1ad24/library/core/src/ops/function.rs:250:5
[INFO] [stdout]   24:     0x586793aa04bb - test::__rust_begin_short_backtrace::h4e84902998457a5d
[INFO] [stdout]                                at /rustc/6067b36314ab5eb2eb47cecc464545ba58e1ad24/library/test/src/lib.rs:632:18
[INFO] [stdout]   25:     0x586793a9f3f3 - test::run_test_in_process::{{closure}}::h7176fd18fc1feca0
[INFO] [stdout]                                at /rustc/6067b36314ab5eb2eb47cecc464545ba58e1ad24/library/test/src/lib.rs:655:60
[INFO] [stdout]   26:     0x586793a9f3f3 - <core::panic::unwind_safe::AssertUnwindSafe<F> as core::ops::function::FnOnce<()>>::call_once::hf79cff2a624d8cf7
[INFO] [stdout]                                at /rustc/6067b36314ab5eb2eb47cecc464545ba58e1ad24/library/core/src/panic/unwind_safe.rs:272:9
[INFO] [stdout]   27:     0x586793a9f3f3 - std::panicking::try::do_call::h3da0561d9ab99c25
[INFO] [stdout]                                at /rustc/6067b36314ab5eb2eb47cecc464545ba58e1ad24/library/std/src/panicking.rs:587:40
[INFO] [stdout]   28:     0x586793a9f3f3 - std::panicking::try::h41c9fa508bc61df6
[INFO] [stdout]                                at /rustc/6067b36314ab5eb2eb47cecc464545ba58e1ad24/library/std/src/panicking.rs:550:19
[INFO] [stdout]   29:     0x586793a9f3f3 - std::panic::catch_unwind::h6b3ff07bb5afad93
[INFO] [stdout]                                at /rustc/6067b36314ab5eb2eb47cecc464545ba58e1ad24/library/std/src/panic.rs:358:14
[INFO] [stdout]   30:     0x586793a9f3f3 - test::run_test_in_process::hc7253dd11b39b9f4
[INFO] [stdout]                                at /rustc/6067b36314ab5eb2eb47cecc464545ba58e1ad24/library/test/src/lib.rs:655:27
[INFO] [stdout]   31:     0x586793a9f3f3 - test::run_test::{{closure}}::hfb2007f8649c30bb
[INFO] [stdout]                                at /rustc/6067b36314ab5eb2eb47cecc464545ba58e1ad24/library/test/src/lib.rs:576:43
[INFO] [stdout]   32:     0x586793a624d5 - test::run_test::{{closure}}::h56a17aa7a282a9f4
[INFO] [stdout]                                at /rustc/6067b36314ab5eb2eb47cecc464545ba58e1ad24/library/test/src/lib.rs:606:41
[INFO] [stdout]   33:     0x586793a624d5 - std::sys::backtrace::__rust_begin_short_backtrace::hd2d2d2fb8e8c6aac
[INFO] [stdout]                                at /rustc/6067b36314ab5eb2eb47cecc464545ba58e1ad24/library/std/src/sys/backtrace.rs:152:18
[INFO] [stdout]   34:     0x586793a65dba - std::thread::Builder::spawn_unchecked_::{{closure}}::{{closure}}::h4faa3f9db6133423
[INFO] [stdout]                                at /rustc/6067b36314ab5eb2eb47cecc464545ba58e1ad24/library/std/src/thread/mod.rs:559:17
[INFO] [stdout]   35:     0x586793a65dba - <core::panic::unwind_safe::AssertUnwindSafe<F> as core::ops::function::FnOnce<()>>::call_once::hf2e855a36a4ea846
[INFO] [stdout]                                at /rustc/6067b36314ab5eb2eb47cecc464545ba58e1ad24/library/core/src/panic/unwind_safe.rs:272:9
[INFO] [stdout]   36:     0x586793a65dba - std::panicking::try::do_call::h2f73af3616c35465
[INFO] [stdout]                                at /rustc/6067b36314ab5eb2eb47cecc464545ba58e1ad24/library/std/src/panicking.rs:587:40
[INFO] [stdout]   37:     0x586793a65dba - std::panicking::try::hd1660ce9efadef5a
[INFO] [stdout]                                at /rustc/6067b36314ab5eb2eb47cecc464545ba58e1ad24/library/std/src/panicking.rs:550:19
[INFO] [stdout]   38:     0x586793a65dba - std::panic::catch_unwind::h5ee8d7823b8ca744
[INFO] [stdout]                                at /rustc/6067b36314ab5eb2eb47cecc464545ba58e1ad24/library/std/src/panic.rs:358:14
[INFO] [stdout]   39:     0x586793a65dba - std::thread::Builder::spawn_unchecked_::{{closure}}::h53c3a1894dce8407
[INFO] [stdout]                                at /rustc/6067b36314ab5eb2eb47cecc464545ba58e1ad24/library/std/src/thread/mod.rs:557:30
[INFO] [stdout]   40:     0x586793a65dba - core::ops::function::FnOnce::call_once{{vtable.shim}}::h048ce291ad4f62bf
[INFO] [stdout]                                at /rustc/6067b36314ab5eb2eb47cecc464545ba58e1ad24/library/core/src/ops/function.rs:250:5
[INFO] [stdout]   41:     0x586793d5f62b - <alloc::boxed::Box<F,A> as core::ops::function::FnOnce<Args>>::call_once::ha52bedf99a3b4981
[INFO] [stdout]                                at /rustc/6067b36314ab5eb2eb47cecc464545ba58e1ad24/library/alloc/src/boxed.rs:2013:9
[INFO] [stdout]   42:     0x586793d5f62b - <alloc::boxed::Box<F,A> as core::ops::function::FnOnce<Args>>::call_once::h567748934d80ccf8
[INFO] [stdout]                                at /rustc/6067b36314ab5eb2eb47cecc464545ba58e1ad24/library/alloc/src/boxed.rs:2013:9
[INFO] [stdout]   43:     0x586793d5f62b - std::sys::pal::unix::thread::Thread::new::thread_start::h2d970728ae887adc
[INFO] [stdout]                                at /rustc/6067b36314ab5eb2eb47cecc464545ba58e1ad24/library/std/src/sys/pal/unix/thread.rs:106:17
[INFO] [stdout]   44:     0x7e698c339ac3 - <unknown>
[INFO] [stdout]   45:     0x7e698c3caa04 - clone
[INFO] [stdout]   46:                0x0 - <unknown>
[INFO] [stdout] 
[INFO] [stdout] 
[INFO] [stdout] failures:
[INFO] [stdout]     path_utils::tests::test_http_path_with_query_parameters_is_not_expanded_as_glob
[INFO] [stdout] 
[INFO] [stdout] test result: FAILED. 2 passed; 1 failed; 0 ignored; 0 measured; 0 filtered out; finished in 0.17s
[INFO] [stdout] 
[INFO] [stderr] error: test failed, to rerun pass `--lib`
[INFO] running `Command { std: "docker" "inspect" "aa42f78235b0b2edbed494cbb77bc43612f80a3e348bf3960df8b53a164b83cb", kill_on_drop: false }`
[INFO] running `Command { std: "docker" "rm" "-f" "aa42f78235b0b2edbed494cbb77bc43612f80a3e348bf3960df8b53a164b83cb", kill_on_drop: false }`
[INFO] [stdout] aa42f78235b0b2edbed494cbb77bc43612f80a3e348bf3960df8b53a164b83cb
