[INFO] fetching crate podo 0.1.0...
[INFO] testing podo-0.1.0 against nightly-2025-01-18+rustflags=-Zrandomize-layout for randomize-layout-2
[INFO] extracting crate podo 0.1.0 into /workspace/builds/worker-3-tc2/source
[INFO] validating manifest of crates.io crate podo 0.1.0 on toolchain nightly-2025-01-18
[INFO] running `Command { std: CARGO_HOME="/workspace/cargo-home" RUSTUP_HOME="/workspace/rustup-home" "/workspace/cargo-home/bin/cargo" "+nightly-2025-01-18" "metadata" "--manifest-path" "Cargo.toml" "--no-deps", kill_on_drop: false }`
[INFO] started tweaking crates.io crate podo 0.1.0
[INFO] finished tweaking crates.io crate podo 0.1.0
[INFO] tweaked toml for crates.io crate podo 0.1.0 written to /workspace/builds/worker-3-tc2/source/Cargo.toml
[INFO] crate crates.io crate podo 0.1.0 already has a lockfile, it will not be regenerated
[INFO] running `Command { std: CARGO_HOME="/workspace/cargo-home" RUSTUP_HOME="/workspace/rustup-home" "/workspace/cargo-home/bin/cargo" "+nightly-2025-01-18" "fetch" "--manifest-path" "Cargo.toml", kill_on_drop: false }`
[INFO] [stderr]     Blocking waiting for file lock on package cache
[INFO] [stderr]     Blocking waiting for file lock on package cache
[INFO] running `Command { std: "docker" "create" "-v" "/var/lib/crater-agent-workspace/builds/worker-3-tc2/target:/opt/rustwide/target:rw,Z" "-v" "/var/lib/crater-agent-workspace/builds/worker-3-tc2/source:/opt/rustwide/workdir:ro,Z" "-v" "/var/lib/crater-agent-workspace/cargo-home:/opt/rustwide/cargo-home:ro,Z" "-v" "/var/lib/crater-agent-workspace/rustup-home:/opt/rustwide/rustup-home:ro,Z" "-e" "SOURCE_DIR=/opt/rustwide/workdir" "-e" "CARGO_TARGET_DIR=/opt/rustwide/target" "-e" "CARGO_HOME=/opt/rustwide/cargo-home" "-e" "RUSTUP_HOME=/opt/rustwide/rustup-home" "-w" "/opt/rustwide/workdir" "-m" "1610612736" "--user" "0:0" "--network" "none" "ghcr.io/rust-lang/crates-build-env/linux@sha256:819108c5571ea2e421544af4d832f968d213c87fbe3707a016657f43d2f853bc" "/opt/rustwide/cargo-home/bin/cargo" "+nightly-2025-01-18" "metadata" "--no-deps" "--format-version=1", kill_on_drop: false }`
[INFO] [stdout] 6439accf530f5c4f481bb65c698e00c1fae0e786048ff1a5d4e1f08f7248127f
[INFO] running `Command { std: "docker" "start" "-a" "6439accf530f5c4f481bb65c698e00c1fae0e786048ff1a5d4e1f08f7248127f", kill_on_drop: false }`
[INFO] running `Command { std: "docker" "inspect" "6439accf530f5c4f481bb65c698e00c1fae0e786048ff1a5d4e1f08f7248127f", kill_on_drop: false }`
[INFO] running `Command { std: "docker" "rm" "-f" "6439accf530f5c4f481bb65c698e00c1fae0e786048ff1a5d4e1f08f7248127f", kill_on_drop: false }`
[INFO] [stdout] 6439accf530f5c4f481bb65c698e00c1fae0e786048ff1a5d4e1f08f7248127f
[INFO] running `Command { std: "docker" "create" "-v" "/var/lib/crater-agent-workspace/builds/worker-3-tc2/target:/opt/rustwide/target:rw,Z" "-v" "/var/lib/crater-agent-workspace/builds/worker-3-tc2/source:/opt/rustwide/workdir:ro,Z" "-v" "/var/lib/crater-agent-workspace/cargo-home:/opt/rustwide/cargo-home:ro,Z" "-v" "/var/lib/crater-agent-workspace/rustup-home:/opt/rustwide/rustup-home:ro,Z" "-e" "SOURCE_DIR=/opt/rustwide/workdir" "-e" "CARGO_TARGET_DIR=/opt/rustwide/target" "-e" "CARGO_INCREMENTAL=0" "-e" "RUST_BACKTRACE=full" "-e" "RUSTFLAGS=--cap-lints=forbid -Zrandomize-layout" "-e" "RUSTDOCFLAGS=--cap-lints=forbid" "-e" "CARGO_HOME=/opt/rustwide/cargo-home" "-e" "RUSTUP_HOME=/opt/rustwide/rustup-home" "-w" "/opt/rustwide/workdir" "-m" "1610612736" "--user" "0:0" "--network" "none" "ghcr.io/rust-lang/crates-build-env/linux@sha256:819108c5571ea2e421544af4d832f968d213c87fbe3707a016657f43d2f853bc" "/opt/rustwide/cargo-home/bin/cargo" "+nightly-2025-01-18" "build" "--frozen" "--message-format=json", kill_on_drop: false }`
[INFO] [stdout] 6f68dc756ad7fb1dd2e6855dc2333c6b94050d460115ed2bd85e3fe4c78e7d9c
[INFO] running `Command { std: "docker" "start" "-a" "6f68dc756ad7fb1dd2e6855dc2333c6b94050d460115ed2bd85e3fe4c78e7d9c", kill_on_drop: false }`
[INFO] [stderr]    Compiling autocfg v1.1.0
[INFO] [stderr]    Compiling libc v0.2.147
[INFO] [stderr]    Compiling cfg-if v1.0.0
[INFO] [stderr]    Compiling version_check v0.9.4
[INFO] [stderr]    Compiling proc-macro2 v1.0.64
[INFO] [stderr]    Compiling typenum v1.16.0
[INFO] [stderr]    Compiling quote v1.0.29
[INFO] [stderr]    Compiling unicode-ident v1.0.10
[INFO] [stderr]    Compiling memchr v2.5.0
[INFO] [stderr]    Compiling subtle v2.5.0
[INFO] [stderr]    Compiling futures-core v0.3.28
[INFO] [stderr]    Compiling tinyvec_macros v0.1.1
[INFO] [stderr]    Compiling bytes v1.4.0
[INFO] [stderr]    Compiling pin-project-lite v0.2.10
[INFO] [stderr]    Compiling ppv-lite86 v0.2.17
[INFO] [stderr]    Compiling once_cell v1.18.0
[INFO] [stderr]    Compiling tinyvec v1.6.0
[INFO] [stderr]    Compiling unicode-bidi v0.3.13
[INFO] [stderr]    Compiling parking_lot_core v0.9.8
[INFO] [stderr]    Compiling cpufeatures v0.2.9
[INFO] [stderr]    Compiling futures-task v0.3.28
[INFO] [stderr]    Compiling futures-sink v0.3.28
[INFO] [stderr]    Compiling tracing-core v0.1.31
[INFO] [stderr]    Compiling async-trait v0.1.71
[INFO] [stderr]    Compiling byteorder v1.4.3
[INFO] [stderr]    Compiling siphasher v0.3.10
[INFO] [stderr]    Compiling serde v1.0.171
[INFO] [stderr]    Compiling utf8parse v0.2.1
[INFO] [stderr]    Compiling lock_api v0.4.10
[INFO] [stderr]    Compiling tokio v1.29.1
[INFO] [stderr]    Compiling slab v0.4.8
[INFO] [stderr]    Compiling generic-array v0.14.7
[INFO] [stderr]    Compiling smallvec v1.11.0
[INFO] [stderr]    Compiling scopeguard v1.1.0
[INFO] [stderr]    Compiling futures-util v0.3.28
[INFO] [stderr]    Compiling fallible-iterator v0.2.0
[INFO] [stderr]    Compiling futures-channel v0.3.28
[INFO] [stderr]    Compiling base64 v0.21.2
[INFO] [stderr]    Compiling rustix v0.38.13
[INFO] [stderr]    Compiling unicode-normalization v0.1.22
[INFO] [stderr]    Compiling tracing v0.1.37
[INFO] [stderr]    Compiling phf_shared v0.11.2
[INFO] [stderr]    Compiling syn v2.0.25
[INFO] [stderr]    Compiling anstyle-parse v0.2.1
[INFO] [stderr]    Compiling num-traits v0.2.17
[INFO] [stderr]    Compiling pin-utils v0.1.0
[INFO] [stderr]    Compiling colorchoice v1.0.0
[INFO] [stderr]    Compiling bitflags v2.4.1
[INFO] [stderr]    Compiling anstyle-query v1.0.0
[INFO] [stderr]    Compiling linux-raw-sys v0.4.12
[INFO] [stderr]    Compiling anstyle v1.0.2
[INFO] [stderr]    Compiling aho-corasick v1.0.4
[INFO] [stderr]    Compiling phf v0.11.2
[INFO] [stderr]    Compiling anstream v0.5.0
[INFO] [stderr]    Compiling strsim v0.10.0
[INFO] [stderr]    Compiling regex-syntax v0.7.4
[INFO] [stderr]    Compiling serde_json v1.0.108
[INFO] [stderr]    Compiling hashbrown v0.14.0
[INFO] [stderr]    Compiling stringprep v0.1.2
[INFO] [stderr]    Compiling log v0.4.19
[INFO] [stderr]    Compiling clap_lex v0.5.1
[INFO] [stderr]    Compiling ryu v1.0.14
[INFO] [stderr]    Compiling getrandom v0.2.10
[INFO] [stderr]    Compiling socket2 v0.4.9
[INFO] [stderr]    Compiling mio v0.8.8
[INFO] [stderr]    Compiling socket2 v0.5.3
[INFO] [stderr]    Compiling equivalent v1.0.0
[INFO] [stderr]    Compiling percent-encoding v2.3.0
[INFO] [stderr]    Compiling itoa v1.0.8
[INFO] [stderr]    Compiling rand_core v0.6.4
[INFO] [stderr]    Compiling block-buffer v0.10.4
[INFO] [stderr]    Compiling crypto-common v0.1.6
[INFO] [stderr]    Compiling parking_lot v0.12.1
[INFO] [stderr]    Compiling indexmap v2.0.0
[INFO] [stderr]    Compiling clap_builder v4.4.0
[INFO] [stderr]    Compiling digest v0.10.7
[INFO] [stderr]    Compiling rand_chacha v0.3.1
[INFO] [stderr]    Compiling iana-time-zone v0.1.58
[INFO] [stderr]    Compiling lazy_static v1.4.0
[INFO] [stderr]    Compiling unsafe-libyaml v0.2.8
[INFO] [stderr]    Compiling rand v0.8.5
[INFO] [stderr]    Compiling sha2 v0.10.7
[INFO] [stderr]    Compiling hmac v0.12.1
[INFO] [stderr]    Compiling md-5 v0.10.5
[INFO] [stderr]    Compiling chrono v0.4.31
[INFO] [stderr]    Compiling postgres-protocol v0.6.5
[INFO] [stderr]    Compiling is-terminal v0.4.9
[INFO] [stderr]    Compiling colored v2.0.4
[INFO] [stderr]    Compiling postgres-types v0.2.5
[INFO] [stderr]    Compiling regex-automata v0.3.6
[INFO] [stderr]    Compiling clap v4.4.0
[INFO] [stderr]    Compiling futures-macro v0.3.28
[INFO] [stderr]    Compiling serde_derive v1.0.171
[INFO] [stderr]    Compiling tokio-util v0.7.8
[INFO] [stderr]    Compiling regex v1.9.3
[INFO] [stderr]    Compiling tokio-postgres v0.7.8
[INFO] [stderr]    Compiling postgres v0.19.5
[INFO] [stderr]    Compiling serde_yaml v0.9.22
[INFO] [stderr]    Compiling podo v0.1.0 (/opt/rustwide/workdir)
[INFO] [stdout] warning: unused variable: `profile_name`
[INFO] [stdout]  --> src/cmd/sync.rs:5:13
[INFO] [stdout]   |
[INFO] [stdout] 5 | pub fn sync(profile_name: &str) -> Result<(), AnyError> {
[INFO] [stdout]   |             ^^^^^^^^^^^^ help: if this is intentional, prefix it with an underscore: `_profile_name`
[INFO] [stdout]   |
[INFO] [stdout]   = note: `#[warn(unused_variables)]` on by default
[INFO] [stdout] 
[INFO] [stdout] 
[INFO] [stdout] warning: unused variable: `f`
[INFO] [stdout]    --> src/definition/base/node.rs:197:27
[INFO] [stdout]     |
[INFO] [stdout] 197 |             Number::Float(f) => None,
[INFO] [stdout]     |                           ^ help: if this is intentional, prefix it with an underscore: `_f`
[INFO] [stdout] 
[INFO] [stdout] 
[INFO] [stdout] warning: unused variable: `ctx`
[INFO] [stdout]   --> src/definition/ddl/check.rs:68:43
[INFO] [stdout]    |
[INFO] [stdout] 68 | pub fn render_check_constraint_definition(ctx: &Context, def: &Check) -> Node {
[INFO] [stdout]    |                                           ^^^ help: if this is intentional, prefix it with an underscore: `_ctx`
[INFO] [stdout] 
[INFO] [stdout] 
[INFO] [stdout] warning: unused variable: `ctx`
[INFO] [stdout]   --> src/definition/ddl/column.rs:27:33
[INFO] [stdout]    |
[INFO] [stdout] 27 | pub fn render_column_definition(ctx: &Context, def: &Column) -> Node {
[INFO] [stdout]    |                                 ^^^ help: if this is intentional, prefix it with an underscore: `_ctx`
[INFO] [stdout] 
[INFO] [stdout] 
[INFO] [stdout] warning: unused variable: `ctx`
[INFO] [stdout]   --> src/definition/ddl/unique.rs:66:33
[INFO] [stdout]    |
[INFO] [stdout] 66 | pub fn render_unique_definition(ctx: &Context, def: &Unique) -> Node {
[INFO] [stdout]    |                                 ^^^ help: if this is intentional, prefix it with an underscore: `_ctx`
[INFO] [stdout] 
[INFO] [stdout] 
[INFO] [stdout] warning: unused variable: `source`
[INFO] [stdout]   --> src/snapshot/changes/schema/create_schema_change.rs:26:26
[INFO] [stdout]    |
[INFO] [stdout] 26 |     pub fn revert(&self, source: &Database) -> Result<Change, SnapshotError> {
[INFO] [stdout]    |                          ^^^^^^ help: if this is intentional, prefix it with an underscore: `_source`
[INFO] [stdout] 
[INFO] [stdout] 
[INFO] [stdout] warning: unused variable: `source`
[INFO] [stdout]   --> src/snapshot/changes/schema/drop_schema_change.rs:26:26
[INFO] [stdout]    |
[INFO] [stdout] 26 |     pub fn revert(&self, source: &Database) -> Result<Change, SnapshotError> {
[INFO] [stdout]    |                          ^^^^^^ help: if this is intentional, prefix it with an underscore: `_source`
[INFO] [stdout] 
[INFO] [stdout] 
[INFO] [stdout] warning: unused variable: `f`
[INFO] [stdout]    --> src/snapshot/error.rs:106:19
[INFO] [stdout]     |
[INFO] [stdout] 106 |     fn fmt(&self, f: &mut std::fmt::Formatter) -> std::fmt::Result {
[INFO] [stdout]     |                   ^ help: if this is intentional, prefix it with an underscore: `_f`
[INFO] [stdout] 
[INFO] [stdout] 
[INFO] [stdout] warning: methods `get_number_float_value` and `with_number_float_value` are never used
[INFO] [stdout]   --> src/definition/base/node.rs:42:12
[INFO] [stdout]    |
[INFO] [stdout] 19 | impl Node {
[INFO] [stdout]    | --------- methods in this implementation
[INFO] [stdout] ...
[INFO] [stdout] 42 |     pub fn get_number_float_value(&self) -> Option<f64> {
[INFO] [stdout]    |            ^^^^^^^^^^^^^^^^^^^^^^
[INFO] [stdout] ...
[INFO] [stdout] 68 |     pub fn with_number_float_value(mut self, f: f64) -> Self {
[INFO] [stdout]    |            ^^^^^^^^^^^^^^^^^^^^^^^
[INFO] [stdout]    |
[INFO] [stdout]    = note: `#[warn(dead_code)]` on by default
[INFO] [stdout] 
[INFO] [stdout] 
[INFO] [stdout] warning: associated items `to_number_float` and `from_number_float` are never used
[INFO] [stdout]    --> src/definition/base/node.rs:135:12
[INFO] [stdout]     |
[INFO] [stdout] 121 | impl Value {
[INFO] [stdout]     | ---------- associated items in this implementation
[INFO] [stdout] ...
[INFO] [stdout] 135 |     pub fn to_number_float(&self) -> Option<f64> {
[INFO] [stdout]     |            ^^^^^^^^^^^^^^^
[INFO] [stdout] ...
[INFO] [stdout] 169 |     pub fn from_number_float(f: f64) -> Value {
[INFO] [stdout]     |            ^^^^^^^^^^^^^^^^^
[INFO] [stdout] 
[INFO] [stdout] 
[INFO] [stdout] warning: associated items `to_float` and `from_float` are never used
[INFO] [stdout]    --> src/definition/base/node.rs:200:12
[INFO] [stdout]     |
[INFO] [stdout] 193 | impl Number {
[INFO] [stdout]     | ----------- associated items in this implementation
[INFO] [stdout] ...
[INFO] [stdout] 200 |     pub fn to_float(&self) -> Option<f64> {
[INFO] [stdout]     |            ^^^^^^^^
[INFO] [stdout] ...
[INFO] [stdout] 209 |     pub fn from_float(f: f64) -> Number {
[INFO] [stdout]     |            ^^^^^^^^^^
[INFO] [stdout] 
[INFO] [stdout] 
[INFO] [stdout] warning: function `coerce_float_value` is never used
[INFO] [stdout]   --> src/definition/ddl/coerce.rs:54:8
[INFO] [stdout]    |
[INFO] [stdout] 54 | pub fn coerce_float_value(n: &Node) -> Result<f64, Error> {
[INFO] [stdout]    |        ^^^^^^^^^^^^^^^^^^
[INFO] [stdout] 
[INFO] [stdout] 
[INFO] [stdout] warning: field `table_name` is never read
[INFO] [stdout]  --> src/definition/ddl/context.rs:3:9
[INFO] [stdout]   |
[INFO] [stdout] 1 | pub struct Context {
[INFO] [stdout]   |            ------- field in this struct
[INFO] [stdout] 2 |     pub schema_name: String,
[INFO] [stdout] 3 |     pub table_name: Option<String>,
[INFO] [stdout]   |         ^^^^^^^^^^
[INFO] [stdout] 
[INFO] [stdout] 
[INFO] [stdout] warning: variant `InvalidColumnReference` is never constructed
[INFO] [stdout]   --> src/definition/ddl/error.rs:28:5
[INFO] [stdout]    |
[INFO] [stdout] 4  | pub enum Error {
[INFO] [stdout]    |          ----- variant in this enum
[INFO] [stdout] ...
[INFO] [stdout] 28 |     InvalidColumnReference {
[INFO] [stdout]    |     ^^^^^^^^^^^^^^^^^^^^^^
[INFO] [stdout]    |
[INFO] [stdout]    = note: `Error` has a derived impl for the trait `Debug`, but this is intentionally ignored during dead code analysis
[INFO] [stdout] 
[INFO] [stdout] 
[INFO] [stdout] warning: associated functions `new_invalid_type_expression` and `new_invalid_column_reference` are never used
[INFO] [stdout]   --> src/definition/ddl/error.rs:65:12
[INFO] [stdout]    |
[INFO] [stdout] 37 | impl Error {
[INFO] [stdout]    | ---------- associated functions in this implementation
[INFO] [stdout] ...
[INFO] [stdout] 65 |     pub fn new_invalid_type_expression(type_expression: String) -> Error {
[INFO] [stdout]    |            ^^^^^^^^^^^^^^^^^^^^^^^^^^^
[INFO] [stdout] ...
[INFO] [stdout] 71 |     pub fn new_invalid_column_reference(column_reference: String) -> Error {
[INFO] [stdout]    |            ^^^^^^^^^^^^^^^^^^^^^^^^^^^^
[INFO] [stdout] 
[INFO] [stdout] 
[INFO] [stdout] warning: function `get_default_index_order` is never used
[INFO] [stdout]   --> src/definition/defaults.rs:29:8
[INFO] [stdout]    |
[INFO] [stdout] 29 | pub fn get_default_index_order() -> String {
[INFO] [stdout]    |        ^^^^^^^^^^^^^^^^^^^^^^^
[INFO] [stdout] 
[INFO] [stdout] 
[INFO] [stdout] warning: function `get_default_index_asc_nulls` is never used
[INFO] [stdout]   --> src/definition/defaults.rs:33:8
[INFO] [stdout]    |
[INFO] [stdout] 33 | pub fn get_default_index_asc_nulls() -> String {
[INFO] [stdout]    |        ^^^^^^^^^^^^^^^^^^^^^^^^^^^
[INFO] [stdout] 
[INFO] [stdout] 
[INFO] [stdout] warning: function `get_default_index_desc_nulls` is never used
[INFO] [stdout]   --> src/definition/defaults.rs:37:8
[INFO] [stdout]    |
[INFO] [stdout] 37 | pub fn get_default_index_desc_nulls() -> String {
[INFO] [stdout]    |        ^^^^^^^^^^^^^^^^^^^^^^^^^^^^
[INFO] [stdout] 
[INFO] [stdout] 
[INFO] [stdout] warning: function `get_default_column_default` is never used
[INFO] [stdout]   --> src/definition/defaults.rs:41:8
[INFO] [stdout]    |
[INFO] [stdout] 41 | pub fn get_default_column_default() -> String {
[INFO] [stdout]    |        ^^^^^^^^^^^^^^^^^^^^^^^^^^
[INFO] [stdout] 
[INFO] [stdout] 
[INFO] [stdout] warning: function `get_default_description` is never used
[INFO] [stdout]   --> src/definition/defaults.rs:45:8
[INFO] [stdout]    |
[INFO] [stdout] 45 | pub fn get_default_description() -> String {
[INFO] [stdout]    |        ^^^^^^^^^^^^^^^^^^^^^^^
[INFO] [stdout] 
[INFO] [stdout] 
[INFO] [stdout] warning: function `introspect_views` is never used
[INFO] [stdout]   --> src/introspection/view.rs:16:8
[INFO] [stdout]    |
[INFO] [stdout] 16 | pub fn introspect_views(client: &mut Transaction, schemas: &[&str]) -> Result<Vec<View>, Error> {
[INFO] [stdout]    |        ^^^^^^^^^^^^^^^^
[INFO] [stdout] 
[INFO] [stdout] 
[INFO] [stdout] warning: associated function `new` is never used
[INFO] [stdout]   --> src/snapshot/changes/column/rename_column_change.rs:15:12
[INFO] [stdout]    |
[INFO] [stdout] 14 | impl RenameColumnChange {
[INFO] [stdout]    | ----------------------- associated function in this implementation
[INFO] [stdout] 15 |     pub fn new(s: &Column, t: &str) -> Self {
[INFO] [stdout]    |            ^^^
[INFO] [stdout] 
[INFO] [stdout] 
[INFO] [stdout] warning: methods `as_view_mut`, `as_index_mut`, and `as_sequence_mut` are never used
[INFO] [stdout]   --> src/snapshot/types/relation.rs:50:12
[INFO] [stdout]    |
[INFO] [stdout] 13 | impl Relation {
[INFO] [stdout]    | ------------- methods in this implementation
[INFO] [stdout] ...
[INFO] [stdout] 50 |     pub fn as_view_mut(&mut self) -> Result<&mut View, SnapshotError> {
[INFO] [stdout]    |            ^^^^^^^^^^^
[INFO] [stdout] ...
[INFO] [stdout] 62 |     pub fn as_index_mut(&mut self) -> Result<&mut Index, SnapshotError> {
[INFO] [stdout]    |            ^^^^^^^^^^^^
[INFO] [stdout] ...
[INFO] [stdout] 74 |     pub fn as_sequence_mut(&mut self) -> Result<&mut Sequence, SnapshotError> {
[INFO] [stdout]    |            ^^^^^^^^^^^^^^^
[INFO] [stdout] 
[INFO] [stdout] 
[INFO] [stdout] warning: method `get_function_mut` is never used
[INFO] [stdout]   --> src/snapshot/types/schema.rs:66:12
[INFO] [stdout]    |
[INFO] [stdout] 14 | impl Schema {
[INFO] [stdout]    | ----------- method in this implementation
[INFO] [stdout] ...
[INFO] [stdout] 66 |     pub fn get_function_mut(&mut self, function: &str) -> Result<&mut Function, SnapshotError> {
[INFO] [stdout]    |            ^^^^^^^^^^^^^^^^
[INFO] [stdout] 
[INFO] [stdout] 
[INFO] [stdout] warning: function `get_default_column_not_null` is never used
[INFO] [stdout]  --> src/snapshot/defaults.rs:1:8
[INFO] [stdout]   |
[INFO] [stdout] 1 | pub fn get_default_column_not_null() -> bool {
[INFO] [stdout]   |        ^^^^^^^^^^^^^^^^^^^^^^^^^^^
[INFO] [stdout] 
[INFO] [stdout] 
[INFO] [stdout] warning: function `get_constraint_deferrable` is never used
[INFO] [stdout]  --> src/snapshot/defaults.rs:5:8
[INFO] [stdout]   |
[INFO] [stdout] 5 | pub fn get_constraint_deferrable() -> bool {
[INFO] [stdout]   |        ^^^^^^^^^^^^^^^^^^^^^^^^^
[INFO] [stdout] 
[INFO] [stdout] 
[INFO] [stdout] warning: function `get_constraint_initially_deferred` is never used
[INFO] [stdout]  --> src/snapshot/defaults.rs:9:8
[INFO] [stdout]   |
[INFO] [stdout] 9 | pub fn get_constraint_initially_deferred() -> bool {
[INFO] [stdout]   |        ^^^^^^^^^^^^^^^^^^^^^^^^^^^^^^^^^
[INFO] [stdout] 
[INFO] [stdout] 
[INFO] [stdout] warning: function `get_foreign_key_match_option` is never used
[INFO] [stdout]   --> src/snapshot/defaults.rs:13:8
[INFO] [stdout]    |
[INFO] [stdout] 13 | pub fn get_foreign_key_match_option() -> String {
[INFO] [stdout]    |        ^^^^^^^^^^^^^^^^^^^^^^^^^^^^
[INFO] [stdout] 
[INFO] [stdout] 
[INFO] [stdout] warning: function `get_foreign_key_update_rule` is never used
[INFO] [stdout]   --> src/snapshot/defaults.rs:17:8
[INFO] [stdout]    |
[INFO] [stdout] 17 | pub fn get_foreign_key_update_rule() -> String {
[INFO] [stdout]    |        ^^^^^^^^^^^^^^^^^^^^^^^^^^^
[INFO] [stdout] 
[INFO] [stdout] 
[INFO] [stdout] warning: function `get_foreign_key_delete_rule` is never used
[INFO] [stdout]   --> src/snapshot/defaults.rs:21:8
[INFO] [stdout]    |
[INFO] [stdout] 21 | pub fn get_foreign_key_delete_rule() -> String {
[INFO] [stdout]    |        ^^^^^^^^^^^^^^^^^^^^^^^^^^^
[INFO] [stdout] 
[INFO] [stdout] 
[INFO] [stdout] warning: function `get_index_unique` is never used
[INFO] [stdout]   --> src/snapshot/defaults.rs:25:8
[INFO] [stdout]    |
[INFO] [stdout] 25 | pub fn get_index_unique() -> bool {
[INFO] [stdout]    |        ^^^^^^^^^^^^^^^^
[INFO] [stdout] 
[INFO] [stdout] 
[INFO] [stdout] warning: function `get_default_index_method` is never used
[INFO] [stdout]   --> src/snapshot/defaults.rs:29:8
[INFO] [stdout]    |
[INFO] [stdout] 29 | pub fn get_default_index_method() -> String {
[INFO] [stdout]    |        ^^^^^^^^^^^^^^^^^^^^^^^^
[INFO] [stdout] 
[INFO] [stdout] 
[INFO] [stdout] warning: function `get_default_index_order` is never used
[INFO] [stdout]   --> src/snapshot/defaults.rs:33:8
[INFO] [stdout]    |
[INFO] [stdout] 33 | pub fn get_default_index_order() -> String {
[INFO] [stdout]    |        ^^^^^^^^^^^^^^^^^^^^^^^
[INFO] [stdout] 
[INFO] [stdout] 
[INFO] [stdout] warning: function `get_default_index_asc_nulls` is never used
[INFO] [stdout]   --> src/snapshot/defaults.rs:37:8
[INFO] [stdout]    |
[INFO] [stdout] 37 | pub fn get_default_index_asc_nulls() -> String {
[INFO] [stdout]    |        ^^^^^^^^^^^^^^^^^^^^^^^^^^^
[INFO] [stdout] 
[INFO] [stdout] 
[INFO] [stdout] warning: function `get_default_index_desc_nulls` is never used
[INFO] [stdout]   --> src/snapshot/defaults.rs:41:8
[INFO] [stdout]    |
[INFO] [stdout] 41 | pub fn get_default_index_desc_nulls() -> String {
[INFO] [stdout]    |        ^^^^^^^^^^^^^^^^^^^^^^^^^^^^
[INFO] [stdout] 
[INFO] [stdout] 
[INFO] [stdout] warning: function `get_default_column_default` is never used
[INFO] [stdout]   --> src/snapshot/defaults.rs:45:8
[INFO] [stdout]    |
[INFO] [stdout] 45 | pub fn get_default_column_default() -> String {
[INFO] [stdout]    |        ^^^^^^^^^^^^^^^^^^^^^^^^^^
[INFO] [stdout] 
[INFO] [stdout] 
[INFO] [stdout] warning: function `get_default_description` is never used
[INFO] [stdout]   --> src/snapshot/defaults.rs:49:8
[INFO] [stdout]    |
[INFO] [stdout] 49 | pub fn get_default_description() -> String {
[INFO] [stdout]    |        ^^^^^^^^^^^^^^^^^^^^^^^
[INFO] [stdout] 
[INFO] [stdout] 
[INFO] [stdout] warning: function `get_function_language` is never used
[INFO] [stdout]   --> src/snapshot/defaults.rs:53:8
[INFO] [stdout]    |
[INFO] [stdout] 53 | pub fn get_function_language() -> String {
[INFO] [stdout]    |        ^^^^^^^^^^^^^^^^^^^^^
[INFO] [stdout] 
[INFO] [stdout] 
[INFO] [stdout] warning: function `get_function_returns` is never used
[INFO] [stdout]   --> src/snapshot/defaults.rs:57:8
[INFO] [stdout]    |
[INFO] [stdout] 57 | pub fn get_function_returns() -> String {
[INFO] [stdout]    |        ^^^^^^^^^^^^^^^^^^^^
[INFO] [stdout] 
[INFO] [stdout] 
[INFO] [stdout] warning: function `get_function_volatility` is never used
[INFO] [stdout]   --> src/snapshot/defaults.rs:61:8
[INFO] [stdout]    |
[INFO] [stdout] 61 | pub fn get_function_volatility() -> String {
[INFO] [stdout]    |        ^^^^^^^^^^^^^^^^^^^^^^^
[INFO] [stdout] 
[INFO] [stdout] 
[INFO] [stdout] warning: function `get_sequence_data_type` is never used
[INFO] [stdout]   --> src/snapshot/defaults.rs:65:8
[INFO] [stdout]    |
[INFO] [stdout] 65 | pub fn get_sequence_data_type() -> String {
[INFO] [stdout]    |        ^^^^^^^^^^^^^^^^^^^^^^
[INFO] [stdout] 
[INFO] [stdout] 
[INFO] [stdout] warning: function `get_sequence_increment` is never used
[INFO] [stdout]   --> src/snapshot/defaults.rs:69:8
[INFO] [stdout]    |
[INFO] [stdout] 69 | pub fn get_sequence_increment() -> i64 {
[INFO] [stdout]    |        ^^^^^^^^^^^^^^^^^^^^^^
[INFO] [stdout] 
[INFO] [stdout] 
[INFO] [stdout] warning: function `get_sequence_cache` is never used
[INFO] [stdout]   --> src/snapshot/defaults.rs:73:8
[INFO] [stdout]    |
[INFO] [stdout] 73 | pub fn get_sequence_cache() -> i64 {
[INFO] [stdout]    |        ^^^^^^^^^^^^^^^^^^
[INFO] [stdout] 
[INFO] [stdout] 
[INFO] [stdout] warning: function `get_sequence_cycle` is never used
[INFO] [stdout]   --> src/snapshot/defaults.rs:77:8
[INFO] [stdout]    |
[INFO] [stdout] 77 | pub fn get_sequence_cycle() -> bool {
[INFO] [stdout]    |        ^^^^^^^^^^^^^^^^^^
[INFO] [stdout] 
[INFO] [stdout] 
[INFO] [stdout] warning: function `get_sequence_min_value` is never used
[INFO] [stdout]   --> src/snapshot/defaults.rs:81:8
[INFO] [stdout]    |
[INFO] [stdout] 81 | pub fn get_sequence_min_value(increment: i64, data_type: &str) -> i64 {
[INFO] [stdout]    |        ^^^^^^^^^^^^^^^^^^^^^^
[INFO] [stdout] 
[INFO] [stdout] 
[INFO] [stdout] warning: function `get_sequence_max_value` is never used
[INFO] [stdout]   --> src/snapshot/defaults.rs:93:8
[INFO] [stdout]    |
[INFO] [stdout] 93 | pub fn get_sequence_max_value(increment: i64, data_type: &str) -> i64 {
[INFO] [stdout]    |        ^^^^^^^^^^^^^^^^^^^^^^
[INFO] [stdout] 
[INFO] [stdout] 
[INFO] [stdout] warning: function `get_sequence_start` is never used
[INFO] [stdout]    --> src/snapshot/defaults.rs:105:8
[INFO] [stdout]     |
[INFO] [stdout] 105 | pub fn get_sequence_start(increment: i64, min_value: i64, max_value: i64) -> i64 {
[INFO] [stdout]     |        ^^^^^^^^^^^^^^^^^^
[INFO] [stdout] 
[INFO] [stdout] 
[INFO] [stderr]     Finished `dev` profile [unoptimized + debuginfo] target(s) in 40.62s
[INFO] running `Command { std: "docker" "inspect" "6f68dc756ad7fb1dd2e6855dc2333c6b94050d460115ed2bd85e3fe4c78e7d9c", kill_on_drop: false }`
[INFO] running `Command { std: "docker" "rm" "-f" "6f68dc756ad7fb1dd2e6855dc2333c6b94050d460115ed2bd85e3fe4c78e7d9c", kill_on_drop: false }`
[INFO] [stdout] 6f68dc756ad7fb1dd2e6855dc2333c6b94050d460115ed2bd85e3fe4c78e7d9c
[INFO] running `Command { std: "docker" "create" "-v" "/var/lib/crater-agent-workspace/builds/worker-3-tc2/target:/opt/rustwide/target:rw,Z" "-v" "/var/lib/crater-agent-workspace/builds/worker-3-tc2/source:/opt/rustwide/workdir:ro,Z" "-v" "/var/lib/crater-agent-workspace/cargo-home:/opt/rustwide/cargo-home:ro,Z" "-v" "/var/lib/crater-agent-workspace/rustup-home:/opt/rustwide/rustup-home:ro,Z" "-e" "SOURCE_DIR=/opt/rustwide/workdir" "-e" "CARGO_TARGET_DIR=/opt/rustwide/target" "-e" "CARGO_INCREMENTAL=0" "-e" "RUST_BACKTRACE=full" "-e" "RUSTFLAGS=--cap-lints=forbid -Zrandomize-layout" "-e" "RUSTDOCFLAGS=--cap-lints=forbid" "-e" "CARGO_HOME=/opt/rustwide/cargo-home" "-e" "RUSTUP_HOME=/opt/rustwide/rustup-home" "-w" "/opt/rustwide/workdir" "-m" "1610612736" "--user" "0:0" "--network" "none" "ghcr.io/rust-lang/crates-build-env/linux@sha256:819108c5571ea2e421544af4d832f968d213c87fbe3707a016657f43d2f853bc" "/opt/rustwide/cargo-home/bin/cargo" "+nightly-2025-01-18" "test" "--frozen" "--no-run" "--message-format=json", kill_on_drop: false }`
[INFO] [stdout] ad20a28519973b8329dc0547d828cd1e97babb0314a59bf21a553c9f1f93c9e8
[INFO] running `Command { std: "docker" "start" "-a" "ad20a28519973b8329dc0547d828cd1e97babb0314a59bf21a553c9f1f93c9e8", kill_on_drop: false }`
[INFO] [stderr]    Compiling podo v0.1.0 (/opt/rustwide/workdir)
[INFO] [stdout] warning: unused variable: `profile_name`
[INFO] [stdout]  --> src/cmd/sync.rs:5:13
[INFO] [stdout]   |
[INFO] [stdout] 5 | pub fn sync(profile_name: &str) -> Result<(), AnyError> {
[INFO] [stdout]   |             ^^^^^^^^^^^^ help: if this is intentional, prefix it with an underscore: `_profile_name`
[INFO] [stdout]   |
[INFO] [stdout]   = note: `#[warn(unused_variables)]` on by default
[INFO] [stdout] 
[INFO] [stdout] 
[INFO] [stdout] warning: unused variable: `f`
[INFO] [stdout]    --> src/definition/base/node.rs:197:27
[INFO] [stdout]     |
[INFO] [stdout] 197 |             Number::Float(f) => None,
[INFO] [stdout]     |                           ^ help: if this is intentional, prefix it with an underscore: `_f`
[INFO] [stdout] 
[INFO] [stdout] 
[INFO] [stdout] warning: unused variable: `ctx`
[INFO] [stdout]   --> src/definition/ddl/check.rs:68:43
[INFO] [stdout]    |
[INFO] [stdout] 68 | pub fn render_check_constraint_definition(ctx: &Context, def: &Check) -> Node {
[INFO] [stdout]    |                                           ^^^ help: if this is intentional, prefix it with an underscore: `_ctx`
[INFO] [stdout] 
[INFO] [stdout] 
[INFO] [stdout] warning: unused variable: `ctx`
[INFO] [stdout]   --> src/definition/ddl/column.rs:27:33
[INFO] [stdout]    |
[INFO] [stdout] 27 | pub fn render_column_definition(ctx: &Context, def: &Column) -> Node {
[INFO] [stdout]    |                                 ^^^ help: if this is intentional, prefix it with an underscore: `_ctx`
[INFO] [stdout] 
[INFO] [stdout] 
[INFO] [stdout] warning: unused variable: `ctx`
[INFO] [stdout]   --> src/definition/ddl/unique.rs:66:33
[INFO] [stdout]    |
[INFO] [stdout] 66 | pub fn render_unique_definition(ctx: &Context, def: &Unique) -> Node {
[INFO] [stdout]    |                                 ^^^ help: if this is intentional, prefix it with an underscore: `_ctx`
[INFO] [stdout] 
[INFO] [stdout] 
[INFO] [stdout] warning: unused variable: `source`
[INFO] [stdout]   --> src/snapshot/changes/schema/create_schema_change.rs:26:26
[INFO] [stdout]    |
[INFO] [stdout] 26 |     pub fn revert(&self, source: &Database) -> Result<Change, SnapshotError> {
[INFO] [stdout]    |                          ^^^^^^ help: if this is intentional, prefix it with an underscore: `_source`
[INFO] [stdout] 
[INFO] [stdout] 
[INFO] [stdout] warning: unused variable: `source`
[INFO] [stdout]   --> src/snapshot/changes/schema/drop_schema_change.rs:26:26
[INFO] [stdout]    |
[INFO] [stdout] 26 |     pub fn revert(&self, source: &Database) -> Result<Change, SnapshotError> {
[INFO] [stdout]    |                          ^^^^^^ help: if this is intentional, prefix it with an underscore: `_source`
[INFO] [stdout] 
[INFO] [stdout] 
[INFO] [stdout] warning: unused variable: `f`
[INFO] [stdout]    --> src/snapshot/error.rs:106:19
[INFO] [stdout]     |
[INFO] [stdout] 106 |     fn fmt(&self, f: &mut std::fmt::Formatter) -> std::fmt::Result {
[INFO] [stdout]     |                   ^ help: if this is intentional, prefix it with an underscore: `_f`
[INFO] [stdout] 
[INFO] [stdout] 
[INFO] [stdout] warning: methods `get_number_float_value` and `with_number_float_value` are never used
[INFO] [stdout]   --> src/definition/base/node.rs:42:12
[INFO] [stdout]    |
[INFO] [stdout] 19 | impl Node {
[INFO] [stdout]    | --------- methods in this implementation
[INFO] [stdout] ...
[INFO] [stdout] 42 |     pub fn get_number_float_value(&self) -> Option<f64> {
[INFO] [stdout]    |            ^^^^^^^^^^^^^^^^^^^^^^
[INFO] [stdout] ...
[INFO] [stdout] 68 |     pub fn with_number_float_value(mut self, f: f64) -> Self {
[INFO] [stdout]    |            ^^^^^^^^^^^^^^^^^^^^^^^
[INFO] [stdout]    |
[INFO] [stdout]    = note: `#[warn(dead_code)]` on by default
[INFO] [stdout] 
[INFO] [stdout] 
[INFO] [stdout] warning: associated items `to_number_float` and `from_number_float` are never used
[INFO] [stdout]    --> src/definition/base/node.rs:135:12
[INFO] [stdout]     |
[INFO] [stdout] 121 | impl Value {
[INFO] [stdout]     | ---------- associated items in this implementation
[INFO] [stdout] ...
[INFO] [stdout] 135 |     pub fn to_number_float(&self) -> Option<f64> {
[INFO] [stdout]     |            ^^^^^^^^^^^^^^^
[INFO] [stdout] ...
[INFO] [stdout] 169 |     pub fn from_number_float(f: f64) -> Value {
[INFO] [stdout]     |            ^^^^^^^^^^^^^^^^^
[INFO] [stdout] 
[INFO] [stdout] 
[INFO] [stdout] warning: associated items `to_float` and `from_float` are never used
[INFO] [stdout]    --> src/definition/base/node.rs:200:12
[INFO] [stdout]     |
[INFO] [stdout] 193 | impl Number {
[INFO] [stdout]     | ----------- associated items in this implementation
[INFO] [stdout] ...
[INFO] [stdout] 200 |     pub fn to_float(&self) -> Option<f64> {
[INFO] [stdout]     |            ^^^^^^^^
[INFO] [stdout] ...
[INFO] [stdout] 209 |     pub fn from_float(f: f64) -> Number {
[INFO] [stdout]     |            ^^^^^^^^^^
[INFO] [stdout] 
[INFO] [stdout] 
[INFO] [stdout] warning: function `coerce_float_value` is never used
[INFO] [stdout]   --> src/definition/ddl/coerce.rs:54:8
[INFO] [stdout]    |
[INFO] [stdout] 54 | pub fn coerce_float_value(n: &Node) -> Result<f64, Error> {
[INFO] [stdout]    |        ^^^^^^^^^^^^^^^^^^
[INFO] [stdout] 
[INFO] [stdout] 
[INFO] [stdout] warning: field `table_name` is never read
[INFO] [stdout]  --> src/definition/ddl/context.rs:3:9
[INFO] [stdout]   |
[INFO] [stdout] 1 | pub struct Context {
[INFO] [stdout]   |            ------- field in this struct
[INFO] [stdout] 2 |     pub schema_name: String,
[INFO] [stdout] 3 |     pub table_name: Option<String>,
[INFO] [stdout]   |         ^^^^^^^^^^
[INFO] [stdout] 
[INFO] [stdout] 
[INFO] [stdout] warning: variant `InvalidColumnReference` is never constructed
[INFO] [stdout]   --> src/definition/ddl/error.rs:28:5
[INFO] [stdout]    |
[INFO] [stdout] 4  | pub enum Error {
[INFO] [stdout]    |          ----- variant in this enum
[INFO] [stdout] ...
[INFO] [stdout] 28 |     InvalidColumnReference {
[INFO] [stdout]    |     ^^^^^^^^^^^^^^^^^^^^^^
[INFO] [stdout]    |
[INFO] [stdout]    = note: `Error` has a derived impl for the trait `Debug`, but this is intentionally ignored during dead code analysis
[INFO] [stdout] 
[INFO] [stdout] 
[INFO] [stdout] warning: associated functions `new_invalid_type_expression` and `new_invalid_column_reference` are never used
[INFO] [stdout]   --> src/definition/ddl/error.rs:65:12
[INFO] [stdout]    |
[INFO] [stdout] 37 | impl Error {
[INFO] [stdout]    | ---------- associated functions in this implementation
[INFO] [stdout] ...
[INFO] [stdout] 65 |     pub fn new_invalid_type_expression(type_expression: String) -> Error {
[INFO] [stdout]    |            ^^^^^^^^^^^^^^^^^^^^^^^^^^^
[INFO] [stdout] ...
[INFO] [stdout] 71 |     pub fn new_invalid_column_reference(column_reference: String) -> Error {
[INFO] [stdout]    |            ^^^^^^^^^^^^^^^^^^^^^^^^^^^^
[INFO] [stdout] 
[INFO] [stdout] 
[INFO] [stdout] warning: function `get_default_index_order` is never used
[INFO] [stdout]   --> src/definition/defaults.rs:29:8
[INFO] [stdout]    |
[INFO] [stdout] 29 | pub fn get_default_index_order() -> String {
[INFO] [stdout]    |        ^^^^^^^^^^^^^^^^^^^^^^^
[INFO] [stdout] 
[INFO] [stdout] 
[INFO] [stdout] warning: function `get_default_index_asc_nulls` is never used
[INFO] [stdout]   --> src/definition/defaults.rs:33:8
[INFO] [stdout]    |
[INFO] [stdout] 33 | pub fn get_default_index_asc_nulls() -> String {
[INFO] [stdout]    |        ^^^^^^^^^^^^^^^^^^^^^^^^^^^
[INFO] [stdout] 
[INFO] [stdout] 
[INFO] [stdout] warning: function `get_default_index_desc_nulls` is never used
[INFO] [stdout]   --> src/definition/defaults.rs:37:8
[INFO] [stdout]    |
[INFO] [stdout] 37 | pub fn get_default_index_desc_nulls() -> String {
[INFO] [stdout]    |        ^^^^^^^^^^^^^^^^^^^^^^^^^^^^
[INFO] [stdout] 
[INFO] [stdout] 
[INFO] [stdout] warning: function `get_default_column_default` is never used
[INFO] [stdout]   --> src/definition/defaults.rs:41:8
[INFO] [stdout]    |
[INFO] [stdout] 41 | pub fn get_default_column_default() -> String {
[INFO] [stdout]    |        ^^^^^^^^^^^^^^^^^^^^^^^^^^
[INFO] [stdout] 
[INFO] [stdout] 
[INFO] [stdout] warning: function `get_default_description` is never used
[INFO] [stdout]   --> src/definition/defaults.rs:45:8
[INFO] [stdout]    |
[INFO] [stdout] 45 | pub fn get_default_description() -> String {
[INFO] [stdout]    |        ^^^^^^^^^^^^^^^^^^^^^^^
[INFO] [stdout] 
[INFO] [stdout] 
[INFO] [stdout] warning: associated function `new` is never used
[INFO] [stdout]   --> src/snapshot/changes/column/rename_column_change.rs:15:12
[INFO] [stdout]    |
[INFO] [stdout] 14 | impl RenameColumnChange {
[INFO] [stdout]    | ----------------------- associated function in this implementation
[INFO] [stdout] 15 |     pub fn new(s: &Column, t: &str) -> Self {
[INFO] [stdout]    |            ^^^
[INFO] [stdout] 
[INFO] [stdout] 
[INFO] [stdout] warning: methods `as_view_mut`, `as_index_mut`, and `as_sequence_mut` are never used
[INFO] [stdout]   --> src/snapshot/types/relation.rs:50:12
[INFO] [stdout]    |
[INFO] [stdout] 13 | impl Relation {
[INFO] [stdout]    | ------------- methods in this implementation
[INFO] [stdout] ...
[INFO] [stdout] 50 |     pub fn as_view_mut(&mut self) -> Result<&mut View, SnapshotError> {
[INFO] [stdout]    |            ^^^^^^^^^^^
[INFO] [stdout] ...
[INFO] [stdout] 62 |     pub fn as_index_mut(&mut self) -> Result<&mut Index, SnapshotError> {
[INFO] [stdout]    |            ^^^^^^^^^^^^
[INFO] [stdout] ...
[INFO] [stdout] 74 |     pub fn as_sequence_mut(&mut self) -> Result<&mut Sequence, SnapshotError> {
[INFO] [stdout]    |            ^^^^^^^^^^^^^^^
[INFO] [stdout] 
[INFO] [stdout] 
[INFO] [stdout] warning: method `get_function_mut` is never used
[INFO] [stdout]   --> src/snapshot/types/schema.rs:66:12
[INFO] [stdout]    |
[INFO] [stdout] 14 | impl Schema {
[INFO] [stdout]    | ----------- method in this implementation
[INFO] [stdout] ...
[INFO] [stdout] 66 |     pub fn get_function_mut(&mut self, function: &str) -> Result<&mut Function, SnapshotError> {
[INFO] [stdout]    |            ^^^^^^^^^^^^^^^^
[INFO] [stdout] 
[INFO] [stdout] 
[INFO] [stdout] warning: function `get_default_column_not_null` is never used
[INFO] [stdout]  --> src/snapshot/defaults.rs:1:8
[INFO] [stdout]   |
[INFO] [stdout] 1 | pub fn get_default_column_not_null() -> bool {
[INFO] [stdout]   |        ^^^^^^^^^^^^^^^^^^^^^^^^^^^
[INFO] [stdout] 
[INFO] [stdout] 
[INFO] [stdout] warning: function `get_constraint_deferrable` is never used
[INFO] [stdout]  --> src/snapshot/defaults.rs:5:8
[INFO] [stdout]   |
[INFO] [stdout] 5 | pub fn get_constraint_deferrable() -> bool {
[INFO] [stdout]   |        ^^^^^^^^^^^^^^^^^^^^^^^^^
[INFO] [stdout] 
[INFO] [stdout] 
[INFO] [stdout] warning: function `get_constraint_initially_deferred` is never used
[INFO] [stdout]  --> src/snapshot/defaults.rs:9:8
[INFO] [stdout]   |
[INFO] [stdout] 9 | pub fn get_constraint_initially_deferred() -> bool {
[INFO] [stdout]   |        ^^^^^^^^^^^^^^^^^^^^^^^^^^^^^^^^^
[INFO] [stdout] 
[INFO] [stdout] 
[INFO] [stdout] warning: function `get_foreign_key_match_option` is never used
[INFO] [stdout]   --> src/snapshot/defaults.rs:13:8
[INFO] [stdout]    |
[INFO] [stdout] 13 | pub fn get_foreign_key_match_option() -> String {
[INFO] [stdout]    |        ^^^^^^^^^^^^^^^^^^^^^^^^^^^^
[INFO] [stdout] 
[INFO] [stdout] 
[INFO] [stdout] warning: function `get_foreign_key_update_rule` is never used
[INFO] [stdout]   --> src/snapshot/defaults.rs:17:8
[INFO] [stdout]    |
[INFO] [stdout] 17 | pub fn get_foreign_key_update_rule() -> String {
[INFO] [stdout]    |        ^^^^^^^^^^^^^^^^^^^^^^^^^^^
[INFO] [stdout] 
[INFO] [stdout] 
[INFO] [stdout] warning: function `get_foreign_key_delete_rule` is never used
[INFO] [stdout]   --> src/snapshot/defaults.rs:21:8
[INFO] [stdout]    |
[INFO] [stdout] 21 | pub fn get_foreign_key_delete_rule() -> String {
[INFO] [stdout]    |        ^^^^^^^^^^^^^^^^^^^^^^^^^^^
[INFO] [stdout] 
[INFO] [stdout] 
[INFO] [stdout] warning: function `get_index_unique` is never used
[INFO] [stdout]   --> src/snapshot/defaults.rs:25:8
[INFO] [stdout]    |
[INFO] [stdout] 25 | pub fn get_index_unique() -> bool {
[INFO] [stdout]    |        ^^^^^^^^^^^^^^^^
[INFO] [stdout] 
[INFO] [stdout] 
[INFO] [stdout] warning: function `get_default_index_method` is never used
[INFO] [stdout]   --> src/snapshot/defaults.rs:29:8
[INFO] [stdout]    |
[INFO] [stdout] 29 | pub fn get_default_index_method() -> String {
[INFO] [stdout]    |        ^^^^^^^^^^^^^^^^^^^^^^^^
[INFO] [stdout] 
[INFO] [stdout] 
[INFO] [stdout] warning: function `get_default_index_order` is never used
[INFO] [stdout]   --> src/snapshot/defaults.rs:33:8
[INFO] [stdout]    |
[INFO] [stdout] 33 | pub fn get_default_index_order() -> String {
[INFO] [stdout]    |        ^^^^^^^^^^^^^^^^^^^^^^^
[INFO] [stdout] 
[INFO] [stdout] 
[INFO] [stdout] warning: function `get_default_index_asc_nulls` is never used
[INFO] [stdout]   --> src/snapshot/defaults.rs:37:8
[INFO] [stdout]    |
[INFO] [stdout] 37 | pub fn get_default_index_asc_nulls() -> String {
[INFO] [stdout]    |        ^^^^^^^^^^^^^^^^^^^^^^^^^^^
[INFO] [stdout] 
[INFO] [stdout] 
[INFO] [stdout] warning: function `get_default_index_desc_nulls` is never used
[INFO] [stdout]   --> src/snapshot/defaults.rs:41:8
[INFO] [stdout]    |
[INFO] [stdout] 41 | pub fn get_default_index_desc_nulls() -> String {
[INFO] [stdout]    |        ^^^^^^^^^^^^^^^^^^^^^^^^^^^^
[INFO] [stdout] 
[INFO] [stdout] 
[INFO] [stdout] warning: function `get_default_column_default` is never used
[INFO] [stdout]   --> src/snapshot/defaults.rs:45:8
[INFO] [stdout]    |
[INFO] [stdout] 45 | pub fn get_default_column_default() -> String {
[INFO] [stdout]    |        ^^^^^^^^^^^^^^^^^^^^^^^^^^
[INFO] [stdout] 
[INFO] [stdout] 
[INFO] [stdout] warning: function `get_default_description` is never used
[INFO] [stdout]   --> src/snapshot/defaults.rs:49:8
[INFO] [stdout]    |
[INFO] [stdout] 49 | pub fn get_default_description() -> String {
[INFO] [stdout]    |        ^^^^^^^^^^^^^^^^^^^^^^^
[INFO] [stdout] 
[INFO] [stdout] 
[INFO] [stdout] warning: function `get_function_language` is never used
[INFO] [stdout]   --> src/snapshot/defaults.rs:53:8
[INFO] [stdout]    |
[INFO] [stdout] 53 | pub fn get_function_language() -> String {
[INFO] [stdout]    |        ^^^^^^^^^^^^^^^^^^^^^
[INFO] [stdout] 
[INFO] [stdout] 
[INFO] [stdout] warning: function `get_function_returns` is never used
[INFO] [stdout]   --> src/snapshot/defaults.rs:57:8
[INFO] [stdout]    |
[INFO] [stdout] 57 | pub fn get_function_returns() -> String {
[INFO] [stdout]    |        ^^^^^^^^^^^^^^^^^^^^
[INFO] [stdout] 
[INFO] [stdout] 
[INFO] [stdout] warning: function `get_function_volatility` is never used
[INFO] [stdout]   --> src/snapshot/defaults.rs:61:8
[INFO] [stdout]    |
[INFO] [stdout] 61 | pub fn get_function_volatility() -> String {
[INFO] [stdout]    |        ^^^^^^^^^^^^^^^^^^^^^^^
[INFO] [stdout] 
[INFO] [stdout] 
[INFO] [stdout] warning: function `get_sequence_data_type` is never used
[INFO] [stdout]   --> src/snapshot/defaults.rs:65:8
[INFO] [stdout]    |
[INFO] [stdout] 65 | pub fn get_sequence_data_type() -> String {
[INFO] [stdout]    |        ^^^^^^^^^^^^^^^^^^^^^^
[INFO] [stdout] 
[INFO] [stdout] 
[INFO] [stdout] warning: function `get_sequence_increment` is never used
[INFO] [stdout]   --> src/snapshot/defaults.rs:69:8
[INFO] [stdout]    |
[INFO] [stdout] 69 | pub fn get_sequence_increment() -> i64 {
[INFO] [stdout]    |        ^^^^^^^^^^^^^^^^^^^^^^
[INFO] [stdout] 
[INFO] [stdout] 
[INFO] [stdout] warning: function `get_sequence_cache` is never used
[INFO] [stdout]   --> src/snapshot/defaults.rs:73:8
[INFO] [stdout]    |
[INFO] [stdout] 73 | pub fn get_sequence_cache() -> i64 {
[INFO] [stdout]    |        ^^^^^^^^^^^^^^^^^^
[INFO] [stdout] 
[INFO] [stdout] 
[INFO] [stdout] warning: function `get_sequence_cycle` is never used
[INFO] [stdout]   --> src/snapshot/defaults.rs:77:8
[INFO] [stdout]    |
[INFO] [stdout] 77 | pub fn get_sequence_cycle() -> bool {
[INFO] [stdout]    |        ^^^^^^^^^^^^^^^^^^
[INFO] [stdout] 
[INFO] [stdout] 
[INFO] [stdout] warning: function `get_sequence_min_value` is never used
[INFO] [stdout]   --> src/snapshot/defaults.rs:81:8
[INFO] [stdout]    |
[INFO] [stdout] 81 | pub fn get_sequence_min_value(increment: i64, data_type: &str) -> i64 {
[INFO] [stdout]    |        ^^^^^^^^^^^^^^^^^^^^^^
[INFO] [stdout] 
[INFO] [stdout] 
[INFO] [stdout] warning: function `get_sequence_max_value` is never used
[INFO] [stdout]   --> src/snapshot/defaults.rs:93:8
[INFO] [stdout]    |
[INFO] [stdout] 93 | pub fn get_sequence_max_value(increment: i64, data_type: &str) -> i64 {
[INFO] [stdout]    |        ^^^^^^^^^^^^^^^^^^^^^^
[INFO] [stdout] 
[INFO] [stdout] 
[INFO] [stdout] warning: function `get_sequence_start` is never used
[INFO] [stdout]    --> src/snapshot/defaults.rs:105:8
[INFO] [stdout]     |
[INFO] [stdout] 105 | pub fn get_sequence_start(increment: i64, min_value: i64, max_value: i64) -> i64 {
[INFO] [stdout]     |        ^^^^^^^^^^^^^^^^^^
[INFO] [stdout] 
[INFO] [stdout] 
[INFO] [stderr]     Finished `test` profile [unoptimized + debuginfo] target(s) in 4.63s
[INFO] running `Command { std: "docker" "inspect" "ad20a28519973b8329dc0547d828cd1e97babb0314a59bf21a553c9f1f93c9e8", kill_on_drop: false }`
[INFO] running `Command { std: "docker" "rm" "-f" "ad20a28519973b8329dc0547d828cd1e97babb0314a59bf21a553c9f1f93c9e8", kill_on_drop: false }`
[INFO] [stdout] ad20a28519973b8329dc0547d828cd1e97babb0314a59bf21a553c9f1f93c9e8
[INFO] running `Command { std: "docker" "create" "-v" "/var/lib/crater-agent-workspace/builds/worker-3-tc2/target:/opt/rustwide/target:rw,Z" "-v" "/var/lib/crater-agent-workspace/builds/worker-3-tc2/source:/opt/rustwide/workdir:ro,Z" "-v" "/var/lib/crater-agent-workspace/cargo-home:/opt/rustwide/cargo-home:ro,Z" "-v" "/var/lib/crater-agent-workspace/rustup-home:/opt/rustwide/rustup-home:ro,Z" "-e" "SOURCE_DIR=/opt/rustwide/workdir" "-e" "CARGO_TARGET_DIR=/opt/rustwide/target" "-e" "CARGO_INCREMENTAL=0" "-e" "RUST_BACKTRACE=full" "-e" "RUSTFLAGS=--cap-lints=forbid -Zrandomize-layout" "-e" "RUSTDOCFLAGS=--cap-lints=forbid" "-e" "CARGO_HOME=/opt/rustwide/cargo-home" "-e" "RUSTUP_HOME=/opt/rustwide/rustup-home" "-w" "/opt/rustwide/workdir" "-m" "1610612736" "--user" "0:0" "--network" "none" "ghcr.io/rust-lang/crates-build-env/linux@sha256:819108c5571ea2e421544af4d832f968d213c87fbe3707a016657f43d2f853bc" "/opt/rustwide/cargo-home/bin/cargo" "+nightly-2025-01-18" "test" "--frozen", kill_on_drop: false }`
[INFO] [stdout] 5a0b1cf02094b4b96de5c5f6d876f42141bf2a3f54cdb180f603ec783c091b49
[INFO] running `Command { std: "docker" "start" "-a" "5a0b1cf02094b4b96de5c5f6d876f42141bf2a3f54cdb180f603ec783c091b49", kill_on_drop: false }`
[INFO] [stderr] warning: unused variable: `profile_name`
[INFO] [stderr]  --> src/cmd/sync.rs:5:13
[INFO] [stderr]   |
[INFO] [stderr] 5 | pub fn sync(profile_name: &str) -> Result<(), AnyError> {
[INFO] [stderr]   |             ^^^^^^^^^^^^ help: if this is intentional, prefix it with an underscore: `_profile_name`
[INFO] [stderr]   |
[INFO] [stderr]   = note: `#[warn(unused_variables)]` on by default
[INFO] [stderr] 
[INFO] [stderr] warning: unused variable: `f`
[INFO] [stderr]    --> src/definition/base/node.rs:197:27
[INFO] [stderr]     |
[INFO] [stderr] 197 |             Number::Float(f) => None,
[INFO] [stderr]     |                           ^ help: if this is intentional, prefix it with an underscore: `_f`
[INFO] [stderr] 
[INFO] [stderr] warning: unused variable: `ctx`
[INFO] [stderr]   --> src/definition/ddl/check.rs:68:43
[INFO] [stderr]    |
[INFO] [stderr] 68 | pub fn render_check_constraint_definition(ctx: &Context, def: &Check) -> Node {
[INFO] [stderr]    |                                           ^^^ help: if this is intentional, prefix it with an underscore: `_ctx`
[INFO] [stderr] 
[INFO] [stderr] warning: unused variable: `ctx`
[INFO] [stderr]   --> src/definition/ddl/column.rs:27:33
[INFO] [stderr]    |
[INFO] [stderr] 27 | pub fn render_column_definition(ctx: &Context, def: &Column) -> Node {
[INFO] [stderr]    |                                 ^^^ help: if this is intentional, prefix it with an underscore: `_ctx`
[INFO] [stderr] 
[INFO] [stderr] warning: unused variable: `ctx`
[INFO] [stderr]   --> src/definition/ddl/unique.rs:66:33
[INFO] [stderr]    |
[INFO] [stderr] 66 | pub fn render_unique_definition(ctx: &Context, def: &Unique) -> Node {
[INFO] [stderr]    |                                 ^^^ help: if this is intentional, prefix it with an underscore: `_ctx`
[INFO] [stderr] 
[INFO] [stderr] warning: unused variable: `source`
[INFO] [stderr]   --> src/snapshot/changes/schema/create_schema_change.rs:26:26
[INFO] [stderr]    |
[INFO] [stderr] 26 |     pub fn revert(&self, source: &Database) -> Result<Change, SnapshotError> {
[INFO] [stderr]    |                          ^^^^^^ help: if this is intentional, prefix it with an underscore: `_source`
[INFO] [stderr] 
[INFO] [stderr] warning: unused variable: `source`
[INFO] [stderr]   --> src/snapshot/changes/schema/drop_schema_change.rs:26:26
[INFO] [stderr]    |
[INFO] [stderr] 26 |     pub fn revert(&self, source: &Database) -> Result<Change, SnapshotError> {
[INFO] [stderr]    |                          ^^^^^^ help: if this is intentional, prefix it with an underscore: `_source`
[INFO] [stderr] 
[INFO] [stderr] warning: unused variable: `f`
[INFO] [stderr]    --> src/snapshot/error.rs:106:19
[INFO] [stderr]     |
[INFO] [stderr] 106 |     fn fmt(&self, f: &mut std::fmt::Formatter) -> std::fmt::Result {
[INFO] [stderr]     |                   ^ help: if this is intentional, prefix it with an underscore: `_f`
[INFO] [stderr] 
[INFO] [stderr] warning: methods `get_number_float_value` and `with_number_float_value` are never used
[INFO] [stderr]   --> src/definition/base/node.rs:42:12
[INFO] [stderr]    |
[INFO] [stderr] 19 | impl Node {
[INFO] [stderr]    | --------- methods in this implementation
[INFO] [stderr] ...
[INFO] [stderr] 42 |     pub fn get_number_float_value(&self) -> Option<f64> {
[INFO] [stderr]    |            ^^^^^^^^^^^^^^^^^^^^^^
[INFO] [stderr] ...
[INFO] [stderr] 68 |     pub fn with_number_float_value(mut self, f: f64) -> Self {
[INFO] [stderr]    |            ^^^^^^^^^^^^^^^^^^^^^^^
[INFO] [stderr]    |
[INFO] [stderr]    = note: `#[warn(dead_code)]` on by default
[INFO] [stderr] 
[INFO] [stderr] warning: associated items `to_number_float` and `from_number_float` are never used
[INFO] [stderr]    --> src/definition/base/node.rs:135:12
[INFO] [stderr]     |
[INFO] [stderr] 121 | impl Value {
[INFO] [stderr]     | ---------- associated items in this implementation
[INFO] [stderr] ...
[INFO] [stderr] 135 |     pub fn to_number_float(&self) -> Option<f64> {
[INFO] [stderr]     |            ^^^^^^^^^^^^^^^
[INFO] [stderr] ...
[INFO] [stderr] 169 |     pub fn from_number_float(f: f64) -> Value {
[INFO] [stderr]     |            ^^^^^^^^^^^^^^^^^
[INFO] [stderr] 
[INFO] [stderr] warning: associated items `to_float` and `from_float` are never used
[INFO] [stderr]    --> src/definition/base/node.rs:200:12
[INFO] [stderr]     |
[INFO] [stderr] 193 | impl Number {
[INFO] [stderr]     | ----------- associated items in this implementation
[INFO] [stderr] ...
[INFO] [stderr] 200 |     pub fn to_float(&self) -> Option<f64> {
[INFO] [stderr]     |            ^^^^^^^^
[INFO] [stderr] ...
[INFO] [stderr] 209 |     pub fn from_float(f: f64) -> Number {
[INFO] [stderr]     |            ^^^^^^^^^^
[INFO] [stderr] 
[INFO] [stderr] warning: function `coerce_float_value` is never used
[INFO] [stderr]   --> src/definition/ddl/coerce.rs:54:8
[INFO] [stderr]    |
[INFO] [stderr] 54 | pub fn coerce_float_value(n: &Node) -> Result<f64, Error> {
[INFO] [stderr]    |        ^^^^^^^^^^^^^^^^^^
[INFO] [stderr] 
[INFO] [stderr] warning: field `table_name` is never read
[INFO] [stderr]  --> src/definition/ddl/context.rs:3:9
[INFO] [stderr]   |
[INFO] [stderr] 1 | pub struct Context {
[INFO] [stderr]   |            ------- field in this struct
[INFO] [stderr] 2 |     pub schema_name: String,
[INFO] [stderr] 3 |     pub table_name: Option<String>,
[INFO] [stderr]   |         ^^^^^^^^^^
[INFO] [stderr] 
[INFO] [stderr] warning: variant `InvalidColumnReference` is never constructed
[INFO] [stderr]   --> src/definition/ddl/error.rs:28:5
[INFO] [stderr]    |
[INFO] [stderr] 4  | pub enum Error {
[INFO] [stderr]    |          ----- variant in this enum
[INFO] [stderr] ...
[INFO] [stderr] 28 |     InvalidColumnReference {
[INFO] [stderr]    |     ^^^^^^^^^^^^^^^^^^^^^^
[INFO] [stderr]    |
[INFO] [stderr]    = note: `Error` has a derived impl for the trait `Debug`, but this is intentionally ignored during dead code analysis
[INFO] [stderr] 
[INFO] [stderr] warning: associated functions `new_invalid_type_expression` and `new_invalid_column_reference` are never used
[INFO] [stderr]   --> src/definition/ddl/error.rs:65:12
[INFO] [stderr]    |
[INFO] [stderr] 37 | impl Error {
[INFO] [stderr]    | ---------- associated functions in this implementation
[INFO] [stderr] ...
[INFO] [stderr] 65 |     pub fn new_invalid_type_expression(type_expression: String) -> Error {
[INFO] [stderr]    |            ^^^^^^^^^^^^^^^^^^^^^^^^^^^
[INFO] [stderr] ...
[INFO] [stderr] 71 |     pub fn new_invalid_column_reference(column_reference: String) -> Error {
[INFO] [stderr]    |            ^^^^^^^^^^^^^^^^^^^^^^^^^^^^
[INFO] [stderr] 
[INFO] [stderr] warning: function `get_default_index_order` is never used
[INFO] [stderr]   --> src/definition/defaults.rs:29:8
[INFO] [stderr]    |
[INFO] [stderr] 29 | pub fn get_default_index_order() -> String {
[INFO] [stderr]    |        ^^^^^^^^^^^^^^^^^^^^^^^
[INFO] [stderr] 
[INFO] [stderr] warning: function `get_default_index_asc_nulls` is never used
[INFO] [stderr]   --> src/definition/defaults.rs:33:8
[INFO] [stderr]    |
[INFO] [stderr] 33 | pub fn get_default_index_asc_nulls() -> String {
[INFO] [stderr]    |        ^^^^^^^^^^^^^^^^^^^^^^^^^^^
[INFO] [stderr] 
[INFO] [stderr] warning: function `get_default_index_desc_nulls` is never used
[INFO] [stderr]   --> src/definition/defaults.rs:37:8
[INFO] [stderr]    |
[INFO] [stderr] 37 | pub fn get_default_index_desc_nulls() -> String {
[INFO] [stderr]    |        ^^^^^^^^^^^^^^^^^^^^^^^^^^^^
[INFO] [stderr] 
[INFO] [stderr] warning: function `get_default_column_default` is never used
[INFO] [stderr]   --> src/definition/defaults.rs:41:8
[INFO] [stderr]    |
[INFO] [stderr] 41 | pub fn get_default_column_default() -> String {
[INFO] [stderr]    |        ^^^^^^^^^^^^^^^^^^^^^^^^^^
[INFO] [stderr] 
[INFO] [stderr] warning: function `get_default_description` is never used
[INFO] [stderr]   --> src/definition/defaults.rs:45:8
[INFO] [stderr]    |
[INFO] [stderr] 45 | pub fn get_default_description() -> String {
[INFO] [stderr]    |        ^^^^^^^^^^^^^^^^^^^^^^^
[INFO] [stderr] 
[INFO] [stderr] warning: associated function `new` is never used
[INFO] [stderr]   --> src/snapshot/changes/column/rename_column_change.rs:15:12
[INFO] [stderr]    |
[INFO] [stderr] 14 | impl RenameColumnChange {
[INFO] [stderr]    | ----------------------- associated function in this implementation
[INFO] [stderr] 15 |     pub fn new(s: &Column, t: &str) -> Self {
[INFO] [stderr]    |            ^^^
[INFO] [stderr] 
[INFO] [stderr] warning: methods `as_view_mut`, `as_index_mut`, and `as_sequence_mut` are never used
[INFO] [stderr]   --> src/snapshot/types/relation.rs:50:12
[INFO] [stderr]    |
[INFO] [stderr] 13 | impl Relation {
[INFO] [stderr]    | ------------- methods in this implementation
[INFO] [stderr] ...
[INFO] [stderr] 50 |     pub fn as_view_mut(&mut self) -> Result<&mut View, SnapshotError> {
[INFO] [stderr]    |            ^^^^^^^^^^^
[INFO] [stderr] ...
[INFO] [stderr] 62 |     pub fn as_index_mut(&mut self) -> Result<&mut Index, SnapshotError> {
[INFO] [stderr]    |            ^^^^^^^^^^^^
[INFO] [stderr] ...
[INFO] [stderr] 74 |     pub fn as_sequence_mut(&mut self) -> Result<&mut Sequence, SnapshotError> {
[INFO] [stderr]    |            ^^^^^^^^^^^^^^^
[INFO] [stderr] 
[INFO] [stderr] warning: method `get_function_mut` is never used
[INFO] [stderr]   --> src/snapshot/types/schema.rs:66:12
[INFO] [stderr]    |
[INFO] [stderr] 14 | impl Schema {
[INFO] [stderr]    | ----------- method in this implementation
[INFO] [stderr] ...
[INFO] [stderr] 66 |     pub fn get_function_mut(&mut self, function: &str) -> Result<&mut Function, SnapshotError> {
[INFO] [stderr]    |            ^^^^^^^^^^^^^^^^
[INFO] [stderr] 
[INFO] [stderr] warning: function `get_default_column_not_null` is never used
[INFO] [stderr]  --> src/snapshot/defaults.rs:1:8
[INFO] [stderr]   |
[INFO] [stderr] 1 | pub fn get_default_column_not_null() -> bool {
[INFO] [stderr]   |        ^^^^^^^^^^^^^^^^^^^^^^^^^^^
[INFO] [stderr] 
[INFO] [stderr] warning: function `get_constraint_deferrable` is never used
[INFO] [stderr]  --> src/snapshot/defaults.rs:5:8
[INFO] [stderr]   |
[INFO] [stderr] 5 | pub fn get_constraint_deferrable() -> bool {
[INFO] [stderr]   |        ^^^^^^^^^^^^^^^^^^^^^^^^^
[INFO] [stderr] 
[INFO] [stderr] warning: function `get_constraint_initially_deferred` is never used
[INFO] [stderr]  --> src/snapshot/defaults.rs:9:8
[INFO] [stderr]   |
[INFO] [stderr] 9 | pub fn get_constraint_initially_deferred() -> bool {
[INFO] [stderr]   |        ^^^^^^^^^^^^^^^^^^^^^^^^^^^^^^^^^
[INFO] [stderr] 
[INFO] [stderr] warning: function `get_foreign_key_match_option` is never used
[INFO] [stderr]   --> src/snapshot/defaults.rs:13:8
[INFO] [stderr]    |
[INFO] [stderr] 13 | pub fn get_foreign_key_match_option() -> String {
[INFO] [stderr]    |        ^^^^^^^^^^^^^^^^^^^^^^^^^^^^
[INFO] [stderr] 
[INFO] [stderr] warning: function `get_foreign_key_update_rule` is never used
[INFO] [stderr]   --> src/snapshot/defaults.rs:17:8
[INFO] [stderr]    |
[INFO] [stderr] 17 | pub fn get_foreign_key_update_rule() -> String {
[INFO] [stderr]    |        ^^^^^^^^^^^^^^^^^^^^^^^^^^^
[INFO] [stderr] 
[INFO] [stderr] warning: function `get_foreign_key_delete_rule` is never used
[INFO] [stderr]   --> src/snapshot/defaults.rs:21:8
[INFO] [stderr]    |
[INFO] [stderr] 21 | pub fn get_foreign_key_delete_rule() -> String {
[INFO] [stderr]    |        ^^^^^^^^^^^^^^^^^^^^^^^^^^^
[INFO] [stderr] 
[INFO] [stderr] warning: function `get_index_unique` is never used
[INFO] [stderr]   --> src/snapshot/defaults.rs:25:8
[INFO] [stderr]    |
[INFO] [stderr] 25 | pub fn get_index_unique() -> bool {
[INFO] [stderr]    |        ^^^^^^^^^^^^^^^^
[INFO] [stderr] 
[INFO] [stderr] warning: function `get_default_index_method` is never used
[INFO] [stderr]   --> src/snapshot/defaults.rs:29:8
[INFO] [stderr]    |
[INFO] [stderr] 29 | pub fn get_default_index_method() -> String {
[INFO] [stderr]    |        ^^^^^^^^^^^^^^^^^^^^^^^^
[INFO] [stderr] 
[INFO] [stderr] warning: function `get_default_index_order` is never used
[INFO] [stderr]   --> src/snapshot/defaults.rs:33:8
[INFO] [stderr]    |
[INFO] [stderr] 33 | pub fn get_default_index_order() -> String {
[INFO] [stderr]    |        ^^^^^^^^^^^^^^^^^^^^^^^
[INFO] [stderr] 
[INFO] [stderr] warning: function `get_default_index_asc_nulls` is never used
[INFO] [stderr]   --> src/snapshot/defaults.rs:37:8
[INFO] [stderr]    |
[INFO] [stderr] 37 | pub fn get_default_index_asc_nulls() -> String {
[INFO] [stderr]    |        ^^^^^^^^^^^^^^^^^^^^^^^^^^^
[INFO] [stderr] 
[INFO] [stderr] warning: function `get_default_index_desc_nulls` is never used
[INFO] [stderr]   --> src/snapshot/defaults.rs:41:8
[INFO] [stderr]    |
[INFO] [stderr] 41 | pub fn get_default_index_desc_nulls() -> String {
[INFO] [stderr]    |        ^^^^^^^^^^^^^^^^^^^^^^^^^^^^
[INFO] [stderr] 
[INFO] [stderr] warning: function `get_default_column_default` is never used
[INFO] [stderr]   --> src/snapshot/defaults.rs:45:8
[INFO] [stderr]    |
[INFO] [stderr] 45 | pub fn get_default_column_default() -> String {
[INFO] [stderr]    |        ^^^^^^^^^^^^^^^^^^^^^^^^^^
[INFO] [stderr] 
[INFO] [stderr] warning: function `get_default_description` is never used
[INFO] [stderr]   --> src/snapshot/defaults.rs:49:8
[INFO] [stderr]    |
[INFO] [stderr] 49 | pub fn get_default_description() -> String {
[INFO] [stderr]    |        ^^^^^^^^^^^^^^^^^^^^^^^
[INFO] [stderr] 
[INFO] [stderr] warning: function `get_function_language` is never used
[INFO] [stderr]   --> src/snapshot/defaults.rs:53:8
[INFO] [stderr]    |
[INFO] [stderr] 53 | pub fn get_function_language() -> String {
[INFO] [stderr]    |        ^^^^^^^^^^^^^^^^^^^^^
[INFO] [stderr] 
[INFO] [stderr] warning: function `get_function_returns` is never used
[INFO] [stderr]   --> src/snapshot/defaults.rs:57:8
[INFO] [stderr]    |
[INFO] [stderr] 57 | pub fn get_function_returns() -> String {
[INFO] [stderr]    |        ^^^^^^^^^^^^^^^^^^^^
[INFO] [stderr] 
[INFO] [stderr] warning: function `get_function_volatility` is never used
[INFO] [stderr]   --> src/snapshot/defaults.rs:61:8
[INFO] [stderr]    |
[INFO] [stderr] 61 | pub fn get_function_volatility() -> String {
[INFO] [stderr]    |        ^^^^^^^^^^^^^^^^^^^^^^^
[INFO] [stderr] 
[INFO] [stderr] warning: function `get_sequence_data_type` is never used
[INFO] [stderr]   --> src/snapshot/defaults.rs:65:8
[INFO] [stderr]    |
[INFO] [stderr] 65 | pub fn get_sequence_data_type() -> String {
[INFO] [stderr]    |        ^^^^^^^^^^^^^^^^^^^^^^
[INFO] [stderr] 
[INFO] [stderr] warning: function `get_sequence_increment` is never used
[INFO] [stderr]   --> src/snapshot/defaults.rs:69:8
[INFO] [stderr]    |
[INFO] [stderr] 69 | pub fn get_sequence_increment() -> i64 {
[INFO] [stderr]    |        ^^^^^^^^^^^^^^^^^^^^^^
[INFO] [stderr] 
[INFO] [stderr] warning: function `get_sequence_cache` is never used
[INFO] [stderr]   --> src/snapshot/defaults.rs:73:8
[INFO] [stderr]    |
[INFO] [stderr] 73 | pub fn get_sequence_cache() -> i64 {
[INFO] [stderr]    |        ^^^^^^^^^^^^^^^^^^
[INFO] [stderr] 
[INFO] [stderr] warning: function `get_sequence_cycle` is never used
[INFO] [stderr]   --> src/snapshot/defaults.rs:77:8
[INFO] [stderr]    |
[INFO] [stderr] 77 | pub fn get_sequence_cycle() -> bool {
[INFO] [stderr]    |        ^^^^^^^^^^^^^^^^^^
[INFO] [stderr] 
[INFO] [stderr] warning: function `get_sequence_min_value` is never used
[INFO] [stderr]   --> src/snapshot/defaults.rs:81:8
[INFO] [stderr]    |
[INFO] [stderr] 81 | pub fn get_sequence_min_value(increment: i64, data_type: &str) -> i64 {
[INFO] [stderr]    |        ^^^^^^^^^^^^^^^^^^^^^^
[INFO] [stderr] 
[INFO] [stderr] warning: function `get_sequence_max_value` is never used
[INFO] [stderr]   --> src/snapshot/defaults.rs:93:8
[INFO] [stderr]    |
[INFO] [stderr] 93 | pub fn get_sequence_max_value(increment: i64, data_type: &str) -> i64 {
[INFO] [stderr]    |        ^^^^^^^^^^^^^^^^^^^^^^
[INFO] [stderr] 
[INFO] [stderr] warning: function `get_sequence_start` is never used
[INFO] [stderr]    --> src/snapshot/defaults.rs:105:8
[INFO] [stderr]     |
[INFO] [stderr] 105 | pub fn get_sequence_start(increment: i64, min_value: i64, max_value: i64) -> i64 {
[INFO] [stderr]     |        ^^^^^^^^^^^^^^^^^^
[INFO] [stderr] 
[INFO] [stderr] warning: `podo` (bin "podo" test) generated 46 warnings
[INFO] [stderr]     Finished `test` profile [unoptimized + debuginfo] target(s) in 0.13s
[INFO] [stdout] 
[INFO] [stderr]      Running unittests src/main.rs (/opt/rustwide/target/debug/deps/podo-99f052ac29956bc7)
[INFO] [stdout] running 52 tests
[INFO] [stdout] test definition::base::yaml_test::test_parse_yaml_to_nodes ... ok
[INFO] [stdout] test definition::ddl::column::tests::test_render_column_expression ... ok
[INFO] [stdout] test definition::ddl::function::tests::test_parse_and_render_function_definition ... ok
[INFO] [stdout] test definition::ddl::index::tests::test_parse_and_render_index_definition ... ok
[INFO] [stdout] test definition::ddl::primarykey::test::test_parse_and_render_primary_key_constraint_definition ... ok
[INFO] [stdout] test definition::ddl::sequence::test::test_parse_and_render_sequence_definition ... ok
[INFO] [stdout] test definition::base::yaml_test::test_render_nodes_to_yaml ... ok
[INFO] [stdout] test definition::ddl::column::tests::test_parse_and_render_column_definition ... ok
[INFO] [stdout] test definition::ddl::unique::test::test_parse_and_render_unique_definition ... ok
[INFO] [stdout] test definition::ddl::foreignkey::test::test_parse_and_render_foreign_key_constraint_definition ... ok
[INFO] [stdout] test definition::ddl::view::tests::test_parse_and_render_view_definition ... ok
[INFO] [stdout] test definition::ddl::check::test::test_parse_and_render_check_constraint_definition ... ok
[INFO] [stdout] test snapshot::tests::check::test_drop_check_chage ... ok
[INFO] [stdout] test snapshot::tests::check::test_alter_check_chage ... ok
[INFO] [stdout] test definition::ddl::column::tests::test_parse_column_expression ... ok
[INFO] [stdout] test snapshot::tests::check::test_add_check_chage ... ok
[INFO] [stdout] test snapshot::tests::column::test_alter_column_set_default_change ... ok
[INFO] [stdout] test snapshot::tests::column::test_add_column_change ... ok
[INFO] [stdout] test snapshot::tests::column::test_alter_column_set_data_type_change ... ok
[INFO] [stdout] test snapshot::tests::column::test_alter_column_set_default_change_drop_default_case ... ok
[INFO] [stdout] test snapshot::tests::column::test_alter_column_set_not_null_change ... ok
[INFO] [stdout] test snapshot::tests::column::test_drop_column_change ... ok
[INFO] [stdout] test snapshot::tests::function::test_create_function_change ... ok
[INFO] [stdout] test snapshot::tests::foreignkey::test_add_foreign_key_change ... ok
[INFO] [stdout] test snapshot::tests::function::test_drop_function_change ... ok
[INFO] [stdout] test snapshot::tests::index::test_create_index_change ... ok
[INFO] [stdout] test snapshot::tests::foreignkey::test_drop_foreign_key_change ... ok
[INFO] [stdout] test snapshot::tests::index::test_drop_index_change ... ok
[INFO] [stdout] test snapshot::tests::schema::test_create_schema_change ... ok
[INFO] [stdout] test snapshot::tests::foreignkey::test_alter_foreign_key_change ... ok
[INFO] [stdout] test snapshot::tests::sequence::test_create_sequence_change ... ok
[INFO] [stdout] test snapshot::tests::sequence::test_drop_sequence_change ... ok
[INFO] [stdout] test snapshot::tests::primarykey::test_add_primary_key_change ... ok
[INFO] [stdout] test snapshot::tests::schema::test_drop_schema_change ... ok
[INFO] [stdout] test snapshot::tests::primarykey::test_drop_primary_key_change ... ok
[INFO] [stdout] test introspection::table::tests::test_introspect_tables ... FAILED
[INFO] [stdout] test snapshot::tests::table::test_create_table_change ... ok
[INFO] [stdout] test introspection::foreignkey::tests::test_introspect_foreign_keys ... FAILED
[INFO] [stdout] test snapshot::tests::table::test_drop_table_change ... ok
[INFO] [stdout] test introspection::function::tests::test_introspect_functions ... FAILED
[INFO] [stdout] test introspection::view::tests::test_introspect_views ... FAILED
[INFO] [stdout] test introspection::sequence::tests::test_introspect_sequences ... FAILED
[INFO] [stdout] test introspection::column::tests::test_introspect_columns ... FAILED
[INFO] [stdout] test introspection::schema::tests::test_introspect_schemas ... FAILED
[INFO] [stdout] test introspection::primarykey::tests::test_introspect_primary_keys ... FAILED
[INFO] [stdout] test introspection::index::tests::test_introspect_indexes ... FAILED
[INFO] [stdout] test introspection::check::tests::test_introspect_checks ... FAILED
[INFO] [stdout] test introspection::unique::tests::test_introspect_uniques ... FAILED
[INFO] [stdout] test snapshot::tests::unique::test_alter_unique_change ... ok
[INFO] [stdout] test snapshot::tests::unique::test_add_unique_change ... ok
[INFO] [stdout] test snapshot::tests::unique::test_drop_unique_change ... ok
[INFO] [stdout] test util::expand::tests::test_expand_envvar ... ok
[INFO] [stdout] 
[INFO] [stdout] failures:
[INFO] [stdout] 
[INFO] [stdout] ---- introspection::table::tests::test_introspect_tables stdout ----
[INFO] [stdout] 
[INFO] [stdout] thread 'introspection::table::tests::test_introspect_tables' panicked at src/util/test.rs:9:47:
[INFO] [stdout] called `Result::unwrap()` on an `Err` value: Error { kind: Connect, cause: Some(Os { code: 111, kind: ConnectionRefused, message: "Connection refused" }) }
[INFO] [stdout] stack backtrace:
[INFO] [stdout]    0:     0x58e86bd22b9a - std::backtrace_rs::backtrace::libunwind::trace::hb059275cfc8d6126
[INFO] [stdout]                                at /rustc/6067b36314ab5eb2eb47cecc464545ba58e1ad24/library/std/src/../../backtrace/src/backtrace/libunwind.rs:116:5
[INFO] [stdout]    1:     0x58e86bd22b9a - std::backtrace_rs::backtrace::trace_unsynchronized::h2da071e4327ce3ee
[INFO] [stdout]                                at /rustc/6067b36314ab5eb2eb47cecc464545ba58e1ad24/library/std/src/../../backtrace/src/backtrace/mod.rs:66:5
[INFO] [stdout]    2:     0x58e86bd22b9a - std::sys::backtrace::_print_fmt::h842a1474e6f8d23f
[INFO] [stdout]                                at /rustc/6067b36314ab5eb2eb47cecc464545ba58e1ad24/library/std/src/sys/backtrace.rs:66:9
[INFO] [stdout]    3:     0x58e86bd22b9a - <std::sys::backtrace::BacktraceLock::print::DisplayBacktrace as core::fmt::Display>::fmt::h71a62eb3b9696b12
[INFO] [stdout]                                at /rustc/6067b36314ab5eb2eb47cecc464545ba58e1ad24/library/std/src/sys/backtrace.rs:39:26
[INFO] [stdout]    4:     0x58e86bd4e933 - core::fmt::rt::Argument::fmt::hdb6b616786b41dc1
[INFO] [stdout]                                at /rustc/6067b36314ab5eb2eb47cecc464545ba58e1ad24/library/core/src/fmt/rt.rs:177:76
[INFO] [stdout]    5:     0x58e86bd4e933 - core::fmt::write::h2cc1698af7e2d686
[INFO] [stdout]                                at /rustc/6067b36314ab5eb2eb47cecc464545ba58e1ad24/library/core/src/fmt/mod.rs:1440:21
[INFO] [stdout]    6:     0x58e86bd1ec13 - std::io::Write::write_fmt::hab1b4cd059a79022
[INFO] [stdout]                                at /rustc/6067b36314ab5eb2eb47cecc464545ba58e1ad24/library/std/src/io/mod.rs:1887:15
[INFO] [stdout]    7:     0x58e86bd229e2 - std::sys::backtrace::BacktraceLock::print::h147fe35b4ea13b08
[INFO] [stdout]                                at /rustc/6067b36314ab5eb2eb47cecc464545ba58e1ad24/library/std/src/sys/backtrace.rs:42:9
[INFO] [stdout]    8:     0x58e86bd23fbf - std::panicking::default_hook::{{closure}}::hbd44223dbdc0d208
[INFO] [stdout]                                at /rustc/6067b36314ab5eb2eb47cecc464545ba58e1ad24/library/std/src/panicking.rs:298:22
[INFO] [stdout]    9:     0x58e86bd23dd8 - std::panicking::default_hook::h20f81eb0576efcec
[INFO] [stdout]                                at /rustc/6067b36314ab5eb2eb47cecc464545ba58e1ad24/library/std/src/panicking.rs:322:9
[INFO] [stdout]   10:     0x58e86b8f4283 - <alloc::boxed::Box<F,A> as core::ops::function::Fn<Args>>::call::hdb53814c496a4d34
[INFO] [stdout]                                at /rustc/6067b36314ab5eb2eb47cecc464545ba58e1ad24/library/alloc/src/boxed.rs:2027:9
[INFO] [stdout]   11:     0x58e86b8f4283 - test::test_main::{{closure}}::hc0a4963c59427c24
[INFO] [stdout]                                at /rustc/6067b36314ab5eb2eb47cecc464545ba58e1ad24/library/test/src/lib.rs:134:21
[INFO] [stdout]   12:     0x58e86bd24ab3 - <alloc::boxed::Box<F,A> as core::ops::function::Fn<Args>>::call::h591b2225413a77e9
[INFO] [stdout]                                at /rustc/6067b36314ab5eb2eb47cecc464545ba58e1ad24/library/alloc/src/boxed.rs:2027:9
[INFO] [stdout]   13:     0x58e86bd24ab3 - std::panicking::rust_panic_with_hook::h625eea43051b2edc
[INFO] [stdout]                                at /rustc/6067b36314ab5eb2eb47cecc464545ba58e1ad24/library/std/src/panicking.rs:839:13
[INFO] [stdout]   14:     0x58e86bd2476a - std::panicking::begin_panic_handler::{{closure}}::h4f9159cfbc3f6bd3
[INFO] [stdout]                                at /rustc/6067b36314ab5eb2eb47cecc464545ba58e1ad24/library/std/src/panicking.rs:704:13
[INFO] [stdout]   15:     0x58e86bd23099 - std::sys::backtrace::__rust_end_short_backtrace::h0390abce48353151
[INFO] [stdout]                                at /rustc/6067b36314ab5eb2eb47cecc464545ba58e1ad24/library/std/src/sys/backtrace.rs:168:18
[INFO] [stdout]   16:     0x58e86bd243fd - rust_begin_unwind
[INFO] [stdout]                                at /rustc/6067b36314ab5eb2eb47cecc464545ba58e1ad24/library/std/src/panicking.rs:695:5
[INFO] [stdout]   17:     0x58e86bd4c620 - core::panicking::panic_fmt::h9e7c637e9e5f29c9
[INFO] [stdout]                                at /rustc/6067b36314ab5eb2eb47cecc464545ba58e1ad24/library/core/src/panicking.rs:75:14
[INFO] [stdout]   18:     0x58e86bd4caf6 - core::result::unwrap_failed::h7979f09313fe1849
[INFO] [stdout]                                at /rustc/6067b36314ab5eb2eb47cecc464545ba58e1ad24/library/core/src/result.rs:1704:5
[INFO] [stdout]   19:     0x58e86b84ae3c - core::result::Result<T,E>::unwrap::h43c83558d3631873
[INFO] [stdout]                                at /rustc/6067b36314ab5eb2eb47cecc464545ba58e1ad24/library/core/src/result.rs:1109:23
[INFO] [stdout]   20:     0x58e86b84ae3c - podo::util::test::get_test_connection::hae225249ad919e36
[INFO] [stdout]                                at /opt/rustwide/workdir/src/util/test.rs:9:5
[INFO] [stdout]   21:     0x58e86b87d11c - podo::introspection::table::tests::test_introspect_tables::hc98b044c397e8da7
[INFO] [stdout]                                at /opt/rustwide/workdir/src/introspection/table.rs:32:24
[INFO] [stdout]   22:     0x58e86b87d0e7 - podo::introspection::table::tests::test_introspect_tables::{{closure}}::hf86e2e2002120382
[INFO] [stdout]                                at /opt/rustwide/workdir/src/introspection/table.rs:31:32
[INFO] [stdout]   23:     0x58e86b829616 - core::ops::function::FnOnce::call_once::h657e7a2ed928d473
[INFO] [stdout]                                at /rustc/6067b36314ab5eb2eb47cecc464545ba58e1ad24/library/core/src/ops/function.rs:250:5
[INFO] [stdout]   24:     0x58e86b8f99db - core::ops::function::FnOnce::call_once::he27718dfdd183f43
[INFO] [stdout]                                at /rustc/6067b36314ab5eb2eb47cecc464545ba58e1ad24/library/core/src/ops/function.rs:250:5
[INFO] [stdout]   25:     0x58e86b8f99db - test::__rust_begin_short_backtrace::h4e84902998457a5d
[INFO] [stdout]                                at /rustc/6067b36314ab5eb2eb47cecc464545ba58e1ad24/library/test/src/lib.rs:632:18
[INFO] [stdout]   26:     0x58e86b8f8913 - test::run_test_in_process::{{closure}}::h7176fd18fc1feca0
[INFO] [stdout]                                at /rustc/6067b36314ab5eb2eb47cecc464545ba58e1ad24/library/test/src/lib.rs:655:60
[INFO] [stdout]   27:     0x58e86b8f8913 - <core::panic::unwind_safe::AssertUnwindSafe<F> as core::ops::function::FnOnce<()>>::call_once::hf79cff2a624d8cf7
[INFO] [stdout]                                at /rustc/6067b36314ab5eb2eb47cecc464545ba58e1ad24/library/core/src/panic/unwind_safe.rs:272:9
[INFO] [stdout]   28:     0x58e86b8f8913 - std::panicking::try::do_call::h3da0561d9ab99c25
[INFO] [stdout]                                at /rustc/6067b36314ab5eb2eb47cecc464545ba58e1ad24/library/std/src/panicking.rs:587:40
[INFO] [stdout]   29:     0x58e86b8f8913 - std::panicking::try::h41c9fa508bc61df6
[INFO] [stdout]                                at /rustc/6067b36314ab5eb2eb47cecc464545ba58e1ad24/library/std/src/panicking.rs:550:19
[INFO] [stdout]   30:     0x58e86b8f8913 - std::panic::catch_unwind::h6b3ff07bb5afad93
[INFO] [stdout]                                at /rustc/6067b36314ab5eb2eb47cecc464545ba58e1ad24/library/std/src/panic.rs:358:14
[INFO] [stdout]   31:     0x58e86b8f8913 - test::run_test_in_process::hc7253dd11b39b9f4
[INFO] [stdout]                                at /rustc/6067b36314ab5eb2eb47cecc464545ba58e1ad24/library/test/src/lib.rs:655:27
[INFO] [stdout]   32:     0x58e86b8f8913 - test::run_test::{{closure}}::hfb2007f8649c30bb
[INFO] [stdout]                                at /rustc/6067b36314ab5eb2eb47cecc464545ba58e1ad24/library/test/src/lib.rs:576:43
[INFO] [stdout]   33:     0x58e86b8bb9f5 - test::run_test::{{closure}}::h56a17aa7a282a9f4
[INFO] [stdout]                                at /rustc/6067b36314ab5eb2eb47cecc464545ba58e1ad24/library/test/src/lib.rs:606:41
[INFO] [stdout]   34:     0x58e86b8bb9f5 - std::sys::backtrace::__rust_begin_short_backtrace::hd2d2d2fb8e8c6aac
[INFO] [stdout]                                at /rustc/6067b36314ab5eb2eb47cecc464545ba58e1ad24/library/std/src/sys/backtrace.rs:152:18
[INFO] [stdout]   35:     0x58e86b8bf2da - std::thread::Builder::spawn_unchecked_::{{closure}}::{{closure}}::h4faa3f9db6133423
[INFO] [stdout]                                at /rustc/6067b36314ab5eb2eb47cecc464545ba58e1ad24/library/std/src/thread/mod.rs:559:17
[INFO] [stdout]   36:     0x58e86b8bf2da - <core::panic::unwind_safe::AssertUnwindSafe<F> as core::ops::function::FnOnce<()>>::call_once::hf2e855a36a4ea846
[INFO] [stdout]                                at /rustc/6067b36314ab5eb2eb47cecc464545ba58e1ad24/library/core/src/panic/unwind_safe.rs:272:9
[INFO] [stdout]   37:     0x58e86b8bf2da - std::panicking::try::do_call::h2f73af3616c35465
[INFO] [stdout]                                at /rustc/6067b36314ab5eb2eb47cecc464545ba58e1ad24/library/std/src/panicking.rs:587:40
[INFO] [stdout]   38:     0x58e86b8bf2da - std::panicking::try::hd1660ce9efadef5a
[INFO] [stdout]                                at /rustc/6067b36314ab5eb2eb47cecc464545ba58e1ad24/library/std/src/panicking.rs:550:19
[INFO] [stdout]   39:     0x58e86b8bf2da - std::panic::catch_unwind::h5ee8d7823b8ca744
[INFO] [stdout]                                at /rustc/6067b36314ab5eb2eb47cecc464545ba58e1ad24/library/std/src/panic.rs:358:14
[INFO] [stdout]   40:     0x58e86b8bf2da - std::thread::Builder::spawn_unchecked_::{{closure}}::h53c3a1894dce8407
[INFO] [stdout]                                at /rustc/6067b36314ab5eb2eb47cecc464545ba58e1ad24/library/std/src/thread/mod.rs:557:30
[INFO] [stdout]   41:     0x58e86b8bf2da - core::ops::function::FnOnce::call_once{{vtable.shim}}::h048ce291ad4f62bf
[INFO] [stdout]                                at /rustc/6067b36314ab5eb2eb47cecc464545ba58e1ad24/library/core/src/ops/function.rs:250:5
[INFO] [stdout]   42:     0x58e86bd28ebb - <alloc::boxed::Box<F,A> as core::ops::function::FnOnce<Args>>::call_once::ha52bedf99a3b4981
[INFO] [stdout]                                at /rustc/6067b36314ab5eb2eb47cecc464545ba58e1ad24/library/alloc/src/boxed.rs:2013:9
[INFO] [stdout]   43:     0x58e86bd28ebb - <alloc::boxed::Box<F,A> as core::ops::function::FnOnce<Args>>::call_once::h567748934d80ccf8
[INFO] [stdout]                                at /rustc/6067b36314ab5eb2eb47cecc464545ba58e1ad24/library/alloc/src/boxed.rs:2013:9
[INFO] [stdout]   44:     0x58e86bd28ebb - std::sys::pal::unix::thread::Thread::new::thread_start::h2d970728ae887adc
[INFO] [stdout]                                at /rustc/6067b36314ab5eb2eb47cecc464545ba58e1ad24/library/std/src/sys/pal/unix/thread.rs:106:17
[INFO] [stdout]   45:     0x7663165ccac3 - <unknown>
[INFO] [stdout]   46:     0x76631665da04 - clone
[INFO] [stdout]   47:                0x0 - <unknown>
[INFO] [stdout] 
[INFO] [stdout] ---- introspection::foreignkey::tests::test_introspect_foreign_keys stdout ----
[INFO] [stdout] 
[INFO] [stdout] thread 'introspection::foreignkey::tests::test_introspect_foreign_keys' panicked at src/util/test.rs:9:47:
[INFO] [stdout] called `Result::unwrap()` on an `Err` value: Error { kind: Connect, cause: Some(Os { code: 111, kind: ConnectionRefused, message: "Connection refused" }) }
[INFO] [stdout] stack backtrace:
[INFO] [stdout]    0:     0x58e86bd22b9a - std::backtrace_rs::backtrace::libunwind::trace::hb059275cfc8d6126
[INFO] [stdout]                                at /rustc/6067b36314ab5eb2eb47cecc464545ba58e1ad24/library/std/src/../../backtrace/src/backtrace/libunwind.rs:116:5
[INFO] [stdout]    1:     0x58e86bd22b9a - std::backtrace_rs::backtrace::trace_unsynchronized::h2da071e4327ce3ee
[INFO] [stdout]                                at /rustc/6067b36314ab5eb2eb47cecc464545ba58e1ad24/library/std/src/../../backtrace/src/backtrace/mod.rs:66:5
[INFO] [stdout]    2:     0x58e86bd22b9a - std::sys::backtrace::_print_fmt::h842a1474e6f8d23f
[INFO] [stdout]                                at /rustc/6067b36314ab5eb2eb47cecc464545ba58e1ad24/library/std/src/sys/backtrace.rs:66:9
[INFO] [stdout]    3:     0x58e86bd22b9a - <std::sys::backtrace::BacktraceLock::print::DisplayBacktrace as core::fmt::Display>::fmt::h71a62eb3b9696b12
[INFO] [stdout]                                at /rustc/6067b36314ab5eb2eb47cecc464545ba58e1ad24/library/std/src/sys/backtrace.rs:39:26
[INFO] [stdout]    4:     0x58e86bd4e933 - core::fmt::rt::Argument::fmt::hdb6b616786b41dc1
[INFO] [stdout]                                at /rustc/6067b36314ab5eb2eb47cecc464545ba58e1ad24/library/core/src/fmt/rt.rs:177:76
[INFO] [stdout]    5:     0x58e86bd4e933 - core::fmt::write::h2cc1698af7e2d686
[INFO] [stdout]                                at /rustc/6067b36314ab5eb2eb47cecc464545ba58e1ad24/library/core/src/fmt/mod.rs:1440:21
[INFO] [stdout]    6:     0x58e86bd1ec13 - std::io::Write::write_fmt::hab1b4cd059a79022
[INFO] [stdout]                                at /rustc/6067b36314ab5eb2eb47cecc464545ba58e1ad24/library/std/src/io/mod.rs:1887:15
[INFO] [stdout]    7:     0x58e86bd229e2 - std::sys::backtrace::BacktraceLock::print::h147fe35b4ea13b08
[INFO] [stdout]                                at /rustc/6067b36314ab5eb2eb47cecc464545ba58e1ad24/library/std/src/sys/backtrace.rs:42:9
[INFO] [stdout]    8:     0x58e86bd23fbf - std::panicking::default_hook::{{closure}}::hbd44223dbdc0d208
[INFO] [stdout]                                at /rustc/6067b36314ab5eb2eb47cecc464545ba58e1ad24/library/std/src/panicking.rs:298:22
[INFO] [stdout]    9:     0x58e86bd23dd8 - std::panicking::default_hook::h20f81eb0576efcec
[INFO] [stdout]                                at /rustc/6067b36314ab5eb2eb47cecc464545ba58e1ad24/library/std/src/panicking.rs:322:9
[INFO] [stdout]   10:     0x58e86b8f4283 - <alloc::boxed::Box<F,A> as core::ops::function::Fn<Args>>::call::hdb53814c496a4d34
[INFO] [stdout]                                at /rustc/6067b36314ab5eb2eb47cecc464545ba58e1ad24/library/alloc/src/boxed.rs:2027:9
[INFO] [stdout]   11:     0x58e86b8f4283 - test::test_main::{{closure}}::hc0a4963c59427c24
[INFO] [stdout]                                at /rustc/6067b36314ab5eb2eb47cecc464545ba58e1ad24/library/test/src/lib.rs:134:21
[INFO] [stdout]   12:     0x58e86bd24ab3 - <alloc::boxed::Box<F,A> as core::ops::function::Fn<Args>>::call::h591b2225413a77e9
[INFO] [stdout]                                at /rustc/6067b36314ab5eb2eb47cecc464545ba58e1ad24/library/alloc/src/boxed.rs:2027:9
[INFO] [stdout]   13:     0x58e86bd24ab3 - std::panicking::rust_panic_with_hook::h625eea43051b2edc
[INFO] [stdout]                                at /rustc/6067b36314ab5eb2eb47cecc464545ba58e1ad24/library/std/src/panicking.rs:839:13
[INFO] [stdout]   14:     0x58e86bd2476a - std::panicking::begin_panic_handler::{{closure}}::h4f9159cfbc3f6bd3
[INFO] [stdout]                                at /rustc/6067b36314ab5eb2eb47cecc464545ba58e1ad24/library/std/src/panicking.rs:704:13
[INFO] [stdout]   15:     0x58e86bd23099 - std::sys::backtrace::__rust_end_short_backtrace::h0390abce48353151
[INFO] [stdout]                                at /rustc/6067b36314ab5eb2eb47cecc464545ba58e1ad24/library/std/src/sys/backtrace.rs:168:18
[INFO] [stdout]   16:     0x58e86bd243fd - rust_begin_unwind
[INFO] [stdout]                                at /rustc/6067b36314ab5eb2eb47cecc464545ba58e1ad24/library/std/src/panicking.rs:695:5
[INFO] [stdout]   17:     0x58e86bd4c620 - core::panicking::panic_fmt::h9e7c637e9e5f29c9
[INFO] [stdout]                                at /rustc/6067b36314ab5eb2eb47cecc464545ba58e1ad24/library/core/src/panicking.rs:75:14
[INFO] [stdout]   18:     0x58e86bd4caf6 - core::result::unwrap_failed::h7979f09313fe1849
[INFO] [stdout]                                at /rustc/6067b36314ab5eb2eb47cecc464545ba58e1ad24/library/core/src/result.rs:1704:5
[INFO] [stdout]   19:     0x58e86b84ae3c - core::result::Result<T,E>::unwrap::h43c83558d3631873
[INFO] [stdout]                                at /rustc/6067b36314ab5eb2eb47cecc464545ba58e1ad24/library/core/src/result.rs:1109:23
[INFO] [stdout]   20:     0x58e86b84ae3c - podo::util::test::get_test_connection::hae225249ad919e36
[INFO] [stdout]                                at /opt/rustwide/workdir/src/util/test.rs:9:5
[INFO] [stdout]   21:     0x58e86b87b7ec - podo::introspection::foreignkey::tests::test_introspect_foreign_keys::h9d2a2371ff7ddf33
[INFO] [stdout]                                at /opt/rustwide/workdir/src/introspection/foreignkey.rs:55:24
[INFO] [stdout]   22:     0x58e86b87b7b7 - podo::introspection::foreignkey::tests::test_introspect_foreign_keys::{{closure}}::h3157e0794cb0c6fc
[INFO] [stdout]                                at /opt/rustwide/workdir/src/introspection/foreignkey.rs:54:38
[INFO] [stdout]   23:     0x58e86b829a86 - core::ops::function::FnOnce::call_once::h96af8317181615a0
[INFO] [stdout]                                at /rustc/6067b36314ab5eb2eb47cecc464545ba58e1ad24/library/core/src/ops/function.rs:250:5
[INFO] [stdout]   24:     0x58e86b8f99db - core::ops::function::FnOnce::call_once::he27718dfdd183f43
[INFO] [stdout]                                at /rustc/6067b36314ab5eb2eb47cecc464545ba58e1ad24/library/core/src/ops/function.rs:250:5
[INFO] [stdout]   25:     0x58e86b8f99db - test::__rust_begin_short_backtrace::h4e84902998457a5d
[INFO] [stdout]                                at /rustc/6067b36314ab5eb2eb47cecc464545ba58e1ad24/library/test/src/lib.rs:632:18
[INFO] [stdout]   26:     0x58e86b8f8913 - test::run_test_in_process::{{closure}}::h7176fd18fc1feca0
[INFO] [stdout]                                at /rustc/6067b36314ab5eb2eb47cecc464545ba58e1ad24/library/test/src/lib.rs:655:60
[INFO] [stdout]   27:     0x58e86b8f8913 - <core::panic::unwind_safe::AssertUnwindSafe<F> as core::ops::function::FnOnce<()>>::call_once::hf79cff2a624d8cf7
[INFO] [stdout]                                at /rustc/6067b36314ab5eb2eb47cecc464545ba58e1ad24/library/core/src/panic/unwind_safe.rs:272:9
[INFO] [stdout]   28:     0x58e86b8f8913 - std::panicking::try::do_call::h3da0561d9ab99c25
[INFO] [stdout]                                at /rustc/6067b36314ab5eb2eb47cecc464545ba58e1ad24/library/std/src/panicking.rs:587:40
[INFO] [stdout]   29:     0x58e86b8f8913 - std::panicking::try::h41c9fa508bc61df6
[INFO] [stdout]                                at /rustc/6067b36314ab5eb2eb47cecc464545ba58e1ad24/library/std/src/panicking.rs:550:19
[INFO] [stdout]   30:     0x58e86b8f8913 - std::panic::catch_unwind::h6b3ff07bb5afad93
[INFO] [stdout]                                at /rustc/6067b36314ab5eb2eb47cecc464545ba58e1ad24/library/std/src/panic.rs:358:14
[INFO] [stdout]   31:     0x58e86b8f8913 - test::run_test_in_process::hc7253dd11b39b9f4
[INFO] [stdout]                                at /rustc/6067b36314ab5eb2eb47cecc464545ba58e1ad24/library/test/src/lib.rs:655:27
[INFO] [stdout]   32:     0x58e86b8f8913 - test::run_test::{{closure}}::hfb2007f8649c30bb
[INFO] [stdout]                                at /rustc/6067b36314ab5eb2eb47cecc464545ba58e1ad24/library/test/src/lib.rs:576:43
[INFO] [stdout]   33:     0x58e86b8bb9f5 - test::run_test::{{closure}}::h56a17aa7a282a9f4
[INFO] [stdout]                                at /rustc/6067b36314ab5eb2eb47cecc464545ba58e1ad24/library/test/src/lib.rs:606:41
[INFO] [stdout]   34:     0x58e86b8bb9f5 - std::sys::backtrace::__rust_begin_short_backtrace::hd2d2d2fb8e8c6aac
[INFO] [stdout]                                at /rustc/6067b36314ab5eb2eb47cecc464545ba58e1ad24/library/std/src/sys/backtrace.rs:152:18
[INFO] [stdout]   35:     0x58e86b8bf2da - std::thread::Builder::spawn_unchecked_::{{closure}}::{{closure}}::h4faa3f9db6133423
[INFO] [stdout]                                at /rustc/6067b36314ab5eb2eb47cecc464545ba58e1ad24/library/std/src/thread/mod.rs:559:17
[INFO] [stdout]   36:     0x58e86b8bf2da - <core::panic::unwind_safe::AssertUnwindSafe<F> as core::ops::function::FnOnce<()>>::call_once::hf2e855a36a4ea846
[INFO] [stdout]                                at /rustc/6067b36314ab5eb2eb47cecc464545ba58e1ad24/library/core/src/panic/unwind_safe.rs:272:9
[INFO] [stdout]   37:     0x58e86b8bf2da - std::panicking::try::do_call::h2f73af3616c35465
[INFO] [stdout]                                at /rustc/6067b36314ab5eb2eb47cecc464545ba58e1ad24/library/std/src/panicking.rs:587:40
[INFO] [stdout]   38:     0x58e86b8bf2da - std::panicking::try::hd1660ce9efadef5a
[INFO] [stdout]                                at /rustc/6067b36314ab5eb2eb47cecc464545ba58e1ad24/library/std/src/panicking.rs:550:19
[INFO] [stdout]   39:     0x58e86b8bf2da - std::panic::catch_unwind::h5ee8d7823b8ca744
[INFO] [stdout]                                at /rustc/6067b36314ab5eb2eb47cecc464545ba58e1ad24/library/std/src/panic.rs:358:14
[INFO] [stdout]   40:     0x58e86b8bf2da - std::thread::Builder::spawn_unchecked_::{{closure}}::h53c3a1894dce8407
[INFO] [stdout]                                at /rustc/6067b36314ab5eb2eb47cecc464545ba58e1ad24/library/std/src/thread/mod.rs:557:30
[INFO] [stdout]   41:     0x58e86b8bf2da - core::ops::function::FnOnce::call_once{{vtable.shim}}::h048ce291ad4f62bf
[INFO] [stdout]                                at /rustc/6067b36314ab5eb2eb47cecc464545ba58e1ad24/library/core/src/ops/function.rs:250:5
[INFO] [stdout]   42:     0x58e86bd28ebb - <alloc::boxed::Box<F,A> as core::ops::function::FnOnce<Args>>::call_once::ha52bedf99a3b4981
[INFO] [stdout]                                at /rustc/6067b36314ab5eb2eb47cecc464545ba58e1ad24/library/alloc/src/boxed.rs:2013:9
[INFO] [stdout]   43:     0x58e86bd28ebb - <alloc::boxed::Box<F,A> as core::ops::function::FnOnce<Args>>::call_once::h567748934d80ccf8
[INFO] [stdout]                                at /rustc/6067b36314ab5eb2eb47cecc464545ba58e1ad24/library/alloc/src/boxed.rs:2013:9
[INFO] [stdout]   44:     0x58e86bd28ebb - std::sys::pal::unix::thread::Thread::new::thread_start::h2d970728ae887adc
[INFO] [stdout]                                at /rustc/6067b36314ab5eb2eb47cecc464545ba58e1ad24/library/std/src/sys/pal/unix/thread.rs:106:17
[INFO] [stdout]   45:     0x7663165ccac3 - <unknown>
[INFO] [stdout]   46:     0x76631665da04 - clone
[INFO] [stdout]   47:                0x0 - <unknown>
[INFO] [stdout] 
[INFO] [stdout] ---- introspection::function::tests::test_introspect_functions stdout ----
[INFO] [stdout] 
[INFO] [stdout] thread 'introspection::function::tests::test_introspect_functions' panicked at src/util/test.rs:9:47:
[INFO] [stdout] called `Result::unwrap()` on an `Err` value: Error { kind: Connect, cause: Some(Os { code: 111, kind: ConnectionRefused, message: "Connection refused" }) }
[INFO] [stdout] stack backtrace:
[INFO] [stdout]    0:     0x58e86bd22b9a - std::backtrace_rs::backtrace::libunwind::trace::hb059275cfc8d6126
[INFO] [stdout]                                at /rustc/6067b36314ab5eb2eb47cecc464545ba58e1ad24/library/std/src/../../backtrace/src/backtrace/libunwind.rs:116:5
[INFO] [stdout]    1:     0x58e86bd22b9a - std::backtrace_rs::backtrace::trace_unsynchronized::h2da071e4327ce3ee
[INFO] [stdout]                                at /rustc/6067b36314ab5eb2eb47cecc464545ba58e1ad24/library/std/src/../../backtrace/src/backtrace/mod.rs:66:5
[INFO] [stdout]    2:     0x58e86bd22b9a - std::sys::backtrace::_print_fmt::h842a1474e6f8d23f
[INFO] [stdout]                                at /rustc/6067b36314ab5eb2eb47cecc464545ba58e1ad24/library/std/src/sys/backtrace.rs:66:9
[INFO] [stdout]    3:     0x58e86bd22b9a - <std::sys::backtrace::BacktraceLock::print::DisplayBacktrace as core::fmt::Display>::fmt::h71a62eb3b9696b12
[INFO] [stdout]                                at /rustc/6067b36314ab5eb2eb47cecc464545ba58e1ad24/library/std/src/sys/backtrace.rs:39:26
[INFO] [stdout]    4:     0x58e86bd4e933 - core::fmt::rt::Argument::fmt::hdb6b616786b41dc1
[INFO] [stdout]                                at /rustc/6067b36314ab5eb2eb47cecc464545ba58e1ad24/library/core/src/fmt/rt.rs:177:76
[INFO] [stdout]    5:     0x58e86bd4e933 - core::fmt::write::h2cc1698af7e2d686
[INFO] [stdout]                                at /rustc/6067b36314ab5eb2eb47cecc464545ba58e1ad24/library/core/src/fmt/mod.rs:1440:21
[INFO] [stdout]    6:     0x58e86bd1ec13 - std::io::Write::write_fmt::hab1b4cd059a79022
[INFO] [stdout]                                at /rustc/6067b36314ab5eb2eb47cecc464545ba58e1ad24/library/std/src/io/mod.rs:1887:15
[INFO] [stdout]    7:     0x58e86bd229e2 - std::sys::backtrace::BacktraceLock::print::h147fe35b4ea13b08
[INFO] [stdout]                                at /rustc/6067b36314ab5eb2eb47cecc464545ba58e1ad24/library/std/src/sys/backtrace.rs:42:9
[INFO] [stdout]    8:     0x58e86bd23fbf - std::panicking::default_hook::{{closure}}::hbd44223dbdc0d208
[INFO] [stdout]                                at /rustc/6067b36314ab5eb2eb47cecc464545ba58e1ad24/library/std/src/panicking.rs:298:22
[INFO] [stdout]    9:     0x58e86bd23dd8 - std::panicking::default_hook::h20f81eb0576efcec
[INFO] [stdout]                                at /rustc/6067b36314ab5eb2eb47cecc464545ba58e1ad24/library/std/src/panicking.rs:322:9
[INFO] [stdout]   10:     0x58e86b8f4283 - <alloc::boxed::Box<F,A> as core::ops::function::Fn<Args>>::call::hdb53814c496a4d34
[INFO] [stdout]                                at /rustc/6067b36314ab5eb2eb47cecc464545ba58e1ad24/library/alloc/src/boxed.rs:2027:9
[INFO] [stdout]   11:     0x58e86b8f4283 - test::test_main::{{closure}}::hc0a4963c59427c24
[INFO] [stdout]                                at /rustc/6067b36314ab5eb2eb47cecc464545ba58e1ad24/library/test/src/lib.rs:134:21
[INFO] [stdout]   12:     0x58e86bd24ab3 - <alloc::boxed::Box<F,A> as core::ops::function::Fn<Args>>::call::h591b2225413a77e9
[INFO] [stdout]                                at /rustc/6067b36314ab5eb2eb47cecc464545ba58e1ad24/library/alloc/src/boxed.rs:2027:9
[INFO] [stdout]   13:     0x58e86bd24ab3 - std::panicking::rust_panic_with_hook::h625eea43051b2edc
[INFO] [stdout]                                at /rustc/6067b36314ab5eb2eb47cecc464545ba58e1ad24/library/std/src/panicking.rs:839:13
[INFO] [stdout]   14:     0x58e86bd2476a - std::panicking::begin_panic_handler::{{closure}}::h4f9159cfbc3f6bd3
[INFO] [stdout]                                at /rustc/6067b36314ab5eb2eb47cecc464545ba58e1ad24/library/std/src/panicking.rs:704:13
[INFO] [stdout]   15:     0x58e86bd23099 - std::sys::backtrace::__rust_end_short_backtrace::h0390abce48353151
[INFO] [stdout]                                at /rustc/6067b36314ab5eb2eb47cecc464545ba58e1ad24/library/std/src/sys/backtrace.rs:168:18
[INFO] [stdout]   16:     0x58e86bd243fd - rust_begin_unwind
[INFO] [stdout]                                at /rustc/6067b36314ab5eb2eb47cecc464545ba58e1ad24/library/std/src/panicking.rs:695:5
[INFO] [stdout]   17:     0x58e86bd4c620 - core::panicking::panic_fmt::h9e7c637e9e5f29c9
[INFO] [stdout]                                at /rustc/6067b36314ab5eb2eb47cecc464545ba58e1ad24/library/core/src/panicking.rs:75:14
[INFO] [stdout]   18:     0x58e86bd4caf6 - core::result::unwrap_failed::h7979f09313fe1849
[INFO] [stdout]                                at /rustc/6067b36314ab5eb2eb47cecc464545ba58e1ad24/library/core/src/result.rs:1704:5
[INFO] [stdout]   19:     0x58e86b84ae3c - core::result::Result<T,E>::unwrap::h43c83558d3631873
[INFO] [stdout]                                at /rustc/6067b36314ab5eb2eb47cecc464545ba58e1ad24/library/core/src/result.rs:1109:23
[INFO] [stdout]   20:     0x58e86b84ae3c - podo::util::test::get_test_connection::hae225249ad919e36
[INFO] [stdout]                                at /opt/rustwide/workdir/src/util/test.rs:9:5
[INFO] [stdout]   21:     0x58e86b87c6ec - podo::introspection::function::tests::test_introspect_functions::h3381702779b07453
[INFO] [stdout]                                at /opt/rustwide/workdir/src/introspection/function.rs:43:24
[INFO] [stdout]   22:     0x58e86b87c6b7 - podo::introspection::function::tests::test_introspect_functions::{{closure}}::h8e501b40ca578a04
[INFO] [stdout]                                at /opt/rustwide/workdir/src/introspection/function.rs:42:35
[INFO] [stdout]   23:     0x58e86b829e06 - core::ops::function::FnOnce::call_once::hbef3b5beee251566
[INFO] [stdout]                                at /rustc/6067b36314ab5eb2eb47cecc464545ba58e1ad24/library/core/src/ops/function.rs:250:5
[INFO] [stdout]   24:     0x58e86b8f99db - core::ops::function::FnOnce::call_once::he27718dfdd183f43
[INFO] [stdout]                                at /rustc/6067b36314ab5eb2eb47cecc464545ba58e1ad24/library/core/src/ops/function.rs:250:5
[INFO] [stdout]   25:     0x58e86b8f99db - test::__rust_begin_short_backtrace::h4e84902998457a5d
[INFO] [stdout]                                at /rustc/6067b36314ab5eb2eb47cecc464545ba58e1ad24/library/test/src/lib.rs:632:18
[INFO] [stdout]   26:     0x58e86b8f8913 - test::run_test_in_process::{{closure}}::h7176fd18fc1feca0
[INFO] [stdout]                                at /rustc/6067b36314ab5eb2eb47cecc464545ba58e1ad24/library/test/src/lib.rs:655:60
[INFO] [stdout]   27:     0x58e86b8f8913 - <core::panic::unwind_safe::AssertUnwindSafe<F> as core::ops::function::FnOnce<()>>::call_once::hf79cff2a624d8cf7
[INFO] [stdout]                                at /rustc/6067b36314ab5eb2eb47cecc464545ba58e1ad24/library/core/src/panic/unwind_safe.rs:272:9
[INFO] [stdout]   28:     0x58e86b8f8913 - std::panicking::try::do_call::h3da0561d9ab99c25
[INFO] [stdout]                                at /rustc/6067b36314ab5eb2eb47cecc464545ba58e1ad24/library/std/src/panicking.rs:587:40
[INFO] [stdout]   29:     0x58e86b8f8913 - std::panicking::try::h41c9fa508bc61df6
[INFO] [stdout]                                at /rustc/6067b36314ab5eb2eb47cecc464545ba58e1ad24/library/std/src/panicking.rs:550:19
[INFO] [stdout]   30:     0x58e86b8f8913 - std::panic::catch_unwind::h6b3ff07bb5afad93
[INFO] [stdout]                                at /rustc/6067b36314ab5eb2eb47cecc464545ba58e1ad24/library/std/src/panic.rs:358:14
[INFO] [stdout]   31:     0x58e86b8f8913 - test::run_test_in_process::hc7253dd11b39b9f4
[INFO] [stdout]                                at /rustc/6067b36314ab5eb2eb47cecc464545ba58e1ad24/library/test/src/lib.rs:655:27
[INFO] [stdout]   32:     0x58e86b8f8913 - test::run_test::{{closure}}::hfb2007f8649c30bb
[INFO] [stdout]                                at /rustc/6067b36314ab5eb2eb47cecc464545ba58e1ad24/library/test/src/lib.rs:576:43
[INFO] [stdout]   33:     0x58e86b8bb9f5 - test::run_test::{{closure}}::h56a17aa7a282a9f4
[INFO] [stdout]                                at /rustc/6067b36314ab5eb2eb47cecc464545ba58e1ad24/library/test/src/lib.rs:606:41
[INFO] [stdout]   34:     0x58e86b8bb9f5 - std::sys::backtrace::__rust_begin_short_backtrace::hd2d2d2fb8e8c6aac
[INFO] [stdout]                                at /rustc/6067b36314ab5eb2eb47cecc464545ba58e1ad24/library/std/src/sys/backtrace.rs:152:18
[INFO] [stdout]   35:     0x58e86b8bf2da - std::thread::Builder::spawn_unchecked_::{{closure}}::{{closure}}::h4faa3f9db6133423
[INFO] [stdout]                                at /rustc/6067b36314ab5eb2eb47cecc464545ba58e1ad24/library/std/src/thread/mod.rs:559:17
[INFO] [stdout]   36:     0x58e86b8bf2da - <core::panic::unwind_safe::AssertUnwindSafe<F> as core::ops::function::FnOnce<()>>::call_once::hf2e855a36a4ea846
[INFO] [stdout]                                at /rustc/6067b36314ab5eb2eb47cecc464545ba58e1ad24/library/core/src/panic/unwind_safe.rs:272:9
[INFO] [stdout]   37:     0x58e86b8bf2da - std::panicking::try::do_call::h2f73af3616c35465
[INFO] [stdout]                                at /rustc/6067b36314ab5eb2eb47cecc464545ba58e1ad24/library/std/src/panicking.rs:587:40
[INFO] [stdout]   38:     0x58e86b8bf2da - std::panicking::try::hd1660ce9efadef5a
[INFO] [stdout]                                at /rustc/6067b36314ab5eb2eb47cecc464545ba58e1ad24/library/std/src/panicking.rs:550:19
[INFO] [stdout]   39:     0x58e86b8bf2da - std::panic::catch_unwind::h5ee8d7823b8ca744
[INFO] [stdout]                                at /rustc/6067b36314ab5eb2eb47cecc464545ba58e1ad24/library/std/src/panic.rs:358:14
[INFO] [stdout]   40:     0x58e86b8bf2da - std::thread::Builder::spawn_unchecked_::{{closure}}::h53c3a1894dce8407
[INFO] [stdout]                                at /rustc/6067b36314ab5eb2eb47cecc464545ba58e1ad24/library/std/src/thread/mod.rs:557:30
[INFO] [stdout]   41:     0x58e86b8bf2da - core::ops::function::FnOnce::call_once{{vtable.shim}}::h048ce291ad4f62bf
[INFO] [stdout]                                at /rustc/6067b36314ab5eb2eb47cecc464545ba58e1ad24/library/core/src/ops/function.rs:250:5
[INFO] [stdout]   42:     0x58e86bd28ebb - <alloc::boxed::Box<F,A> as core::ops::function::FnOnce<Args>>::call_once::ha52bedf99a3b4981
[INFO] [stdout]                                at /rustc/6067b36314ab5eb2eb47cecc464545ba58e1ad24/library/alloc/src/boxed.rs:2013:9
[INFO] [stdout]   43:     0x58e86bd28ebb - <alloc::boxed::Box<F,A> as core::ops::function::FnOnce<Args>>::call_once::h567748934d80ccf8
[INFO] [stdout]                                at /rustc/6067b36314ab5eb2eb47cecc464545ba58e1ad24/library/alloc/src/boxed.rs:2013:9
[INFO] [stdout]   44:     0x58e86bd28ebb - std::sys::pal::unix::thread::Thread::new::thread_start::h2d970728ae887adc
[INFO] [stdout]                                at /rustc/6067b36314ab5eb2eb47cecc464545ba58e1ad24/library/std/src/sys/pal/unix/thread.rs:106:17
[INFO] [stdout]   45:     0x7663165ccac3 - <unknown>
[INFO] [stdout]   46:     0x76631665da04 - clone
[INFO] [stdout]   47:                0x0 - <unknown>
[INFO] [stdout] 
[INFO] [stdout] ---- introspection::view::tests::test_introspect_views stdout ----
[INFO] [stdout] 
[INFO] [stdout] thread 'introspection::view::tests::test_introspect_views' panicked at src/util/test.rs:9:47:
[INFO] [stdout] called `Result::unwrap()` on an `Err` value: Error { kind: Connect, cause: Some(Os { code: 111, kind: ConnectionRefused, message: "Connection refused" }) }
[INFO] [stdout] stack backtrace:
[INFO] [stdout]    0:     0x58e86bd22b9a - std::backtrace_rs::backtrace::libunwind::trace::hb059275cfc8d6126
[INFO] [stdout]                                at /rustc/6067b36314ab5eb2eb47cecc464545ba58e1ad24/library/std/src/../../backtrace/src/backtrace/libunwind.rs:116:5
[INFO] [stdout]    1:     0x58e86bd22b9a - std::backtrace_rs::backtrace::trace_unsynchronized::h2da071e4327ce3ee
[INFO] [stdout]                                at /rustc/6067b36314ab5eb2eb47cecc464545ba58e1ad24/library/std/src/../../backtrace/src/backtrace/mod.rs:66:5
[INFO] [stdout]    2:     0x58e86bd22b9a - std::sys::backtrace::_print_fmt::h842a1474e6f8d23f
[INFO] [stdout]                                at /rustc/6067b36314ab5eb2eb47cecc464545ba58e1ad24/library/std/src/sys/backtrace.rs:66:9
[INFO] [stdout]    3:     0x58e86bd22b9a - <std::sys::backtrace::BacktraceLock::print::DisplayBacktrace as core::fmt::Display>::fmt::h71a62eb3b9696b12
[INFO] [stdout]                                at /rustc/6067b36314ab5eb2eb47cecc464545ba58e1ad24/library/std/src/sys/backtrace.rs:39:26
[INFO] [stdout]    4:     0x58e86bd4e933 - core::fmt::rt::Argument::fmt::hdb6b616786b41dc1
[INFO] [stdout]                                at /rustc/6067b36314ab5eb2eb47cecc464545ba58e1ad24/library/core/src/fmt/rt.rs:177:76
[INFO] [stdout]    5:     0x58e86bd4e933 - core::fmt::write::h2cc1698af7e2d686
[INFO] [stdout]                                at /rustc/6067b36314ab5eb2eb47cecc464545ba58e1ad24/library/core/src/fmt/mod.rs:1440:21
[INFO] [stdout]    6:     0x58e86bd1ec13 - std::io::Write::write_fmt::hab1b4cd059a79022
[INFO] [stdout]                                at /rustc/6067b36314ab5eb2eb47cecc464545ba58e1ad24/library/std/src/io/mod.rs:1887:15
[INFO] [stdout]    7:     0x58e86bd229e2 - std::sys::backtrace::BacktraceLock::print::h147fe35b4ea13b08
[INFO] [stdout]                                at /rustc/6067b36314ab5eb2eb47cecc464545ba58e1ad24/library/std/src/sys/backtrace.rs:42:9
[INFO] [stdout]    8:     0x58e86bd23fbf - std::panicking::default_hook::{{closure}}::hbd44223dbdc0d208
[INFO] [stdout]                                at /rustc/6067b36314ab5eb2eb47cecc464545ba58e1ad24/library/std/src/panicking.rs:298:22
[INFO] [stdout]    9:     0x58e86bd23dd8 - std::panicking::default_hook::h20f81eb0576efcec
[INFO] [stdout]                                at /rustc/6067b36314ab5eb2eb47cecc464545ba58e1ad24/library/std/src/panicking.rs:322:9
[INFO] [stdout]   10:     0x58e86b8f4283 - <alloc::boxed::Box<F,A> as core::ops::function::Fn<Args>>::call::hdb53814c496a4d34
[INFO] [stdout]                                at /rustc/6067b36314ab5eb2eb47cecc464545ba58e1ad24/library/alloc/src/boxed.rs:2027:9
[INFO] [stdout]   11:     0x58e86b8f4283 - test::test_main::{{closure}}::hc0a4963c59427c24
[INFO] [stdout]                                at /rustc/6067b36314ab5eb2eb47cecc464545ba58e1ad24/library/test/src/lib.rs:134:21
[INFO] [stdout]   12:     0x58e86bd24ab3 - <alloc::boxed::Box<F,A> as core::ops::function::Fn<Args>>::call::h591b2225413a77e9
[INFO] [stdout]                                at /rustc/6067b36314ab5eb2eb47cecc464545ba58e1ad24/library/alloc/src/boxed.rs:2027:9
[INFO] [stdout]   13:     0x58e86bd24ab3 - std::panicking::rust_panic_with_hook::h625eea43051b2edc
[INFO] [stdout]                                at /rustc/6067b36314ab5eb2eb47cecc464545ba58e1ad24/library/std/src/panicking.rs:839:13
[INFO] [stdout]   14:     0x58e86bd2476a - std::panicking::begin_panic_handler::{{closure}}::h4f9159cfbc3f6bd3
[INFO] [stdout]                                at /rustc/6067b36314ab5eb2eb47cecc464545ba58e1ad24/library/std/src/panicking.rs:704:13
[INFO] [stdout]   15:     0x58e86bd23099 - std::sys::backtrace::__rust_end_short_backtrace::h0390abce48353151
[INFO] [stdout]                                at /rustc/6067b36314ab5eb2eb47cecc464545ba58e1ad24/library/std/src/sys/backtrace.rs:168:18
[INFO] [stdout]   16:     0x58e86bd243fd - rust_begin_unwind
[INFO] [stdout]                                at /rustc/6067b36314ab5eb2eb47cecc464545ba58e1ad24/library/std/src/panicking.rs:695:5
[INFO] [stdout]   17:     0x58e86bd4c620 - core::panicking::panic_fmt::h9e7c637e9e5f29c9
[INFO] [stdout]                                at /rustc/6067b36314ab5eb2eb47cecc464545ba58e1ad24/library/core/src/panicking.rs:75:14
[INFO] [stdout]   18:     0x58e86bd4caf6 - core::result::unwrap_failed::h7979f09313fe1849
[INFO] [stdout]                                at /rustc/6067b36314ab5eb2eb47cecc464545ba58e1ad24/library/core/src/result.rs:1704:5
[INFO] [stdout]   19:     0x58e86b84ae3c - core::result::Result<T,E>::unwrap::h43c83558d3631873
[INFO] [stdout]                                at /rustc/6067b36314ab5eb2eb47cecc464545ba58e1ad24/library/core/src/result.rs:1109:23
[INFO] [stdout]   20:     0x58e86b84ae3c - podo::util::test::get_test_connection::hae225249ad919e36
[INFO] [stdout]                                at /opt/rustwide/workdir/src/util/test.rs:9:5
[INFO] [stdout]   21:     0x58e86b82737c - podo::introspection::view::tests::test_introspect_views::hecf3c086b07a4b38
[INFO] [stdout]                                at /opt/rustwide/workdir/src/introspection/view.rs:46:24
[INFO] [stdout]   22:     0x58e86b827347 - podo::introspection::view::tests::test_introspect_views::{{closure}}::had587f8e4e7fc0db
[INFO] [stdout]                                at /opt/rustwide/workdir/src/introspection/view.rs:45:31
[INFO] [stdout]   23:     0x58e86b829c86 - core::ops::function::FnOnce::call_once::hb28a152d18d0d682
[INFO] [stdout]                                at /rustc/6067b36314ab5eb2eb47cecc464545ba58e1ad24/library/core/src/ops/function.rs:250:5
[INFO] [stdout]   24:     0x58e86b8f99db - core::ops::function::FnOnce::call_once::he27718dfdd183f43
[INFO] [stdout]                                at /rustc/6067b36314ab5eb2eb47cecc464545ba58e1ad24/library/core/src/ops/function.rs:250:5
[INFO] [stdout]   25:     0x58e86b8f99db - test::__rust_begin_short_backtrace::h4e84902998457a5d
[INFO] [stdout]                                at /rustc/6067b36314ab5eb2eb47cecc464545ba58e1ad24/library/test/src/lib.rs:632:18
[INFO] [stdout]   26:     0x58e86b8f8913 - test::run_test_in_process::{{closure}}::h7176fd18fc1feca0
[INFO] [stdout]                                at /rustc/6067b36314ab5eb2eb47cecc464545ba58e1ad24/library/test/src/lib.rs:655:60
[INFO] [stdout]   27:     0x58e86b8f8913 - <core::panic::unwind_safe::AssertUnwindSafe<F> as core::ops::function::FnOnce<()>>::call_once::hf79cff2a624d8cf7
[INFO] [stdout]                                at /rustc/6067b36314ab5eb2eb47cecc464545ba58e1ad24/library/core/src/panic/unwind_safe.rs:272:9
[INFO] [stdout]   28:     0x58e86b8f8913 - std::panicking::try::do_call::h3da0561d9ab99c25
[INFO] [stdout]                                at /rustc/6067b36314ab5eb2eb47cecc464545ba58e1ad24/library/std/src/panicking.rs:587:40
[INFO] [stdout]   29:     0x58e86b8f8913 - std::panicking::try::h41c9fa508bc61df6
[INFO] [stdout]                                at /rustc/6067b36314ab5eb2eb47cecc464545ba58e1ad24/library/std/src/panicking.rs:550:19
[INFO] [stdout]   30:     0x58e86b8f8913 - std::panic::catch_unwind::h6b3ff07bb5afad93
[INFO] [stdout]                                at /rustc/6067b36314ab5eb2eb47cecc464545ba58e1ad24/library/std/src/panic.rs:358:14
[INFO] [stdout]   31:     0x58e86b8f8913 - test::run_test_in_process::hc7253dd11b39b9f4
[INFO] [stdout]                                at /rustc/6067b36314ab5eb2eb47cecc464545ba58e1ad24/library/test/src/lib.rs:655:27
[INFO] [stdout]   32:     0x58e86b8f8913 - test::run_test::{{closure}}::hfb2007f8649c30bb
[INFO] [stdout]                                at /rustc/6067b36314ab5eb2eb47cecc464545ba58e1ad24/library/test/src/lib.rs:576:43
[INFO] [stdout]   33:     0x58e86b8bb9f5 - test::run_test::{{closure}}::h56a17aa7a282a9f4
[INFO] [stdout]                                at /rustc/6067b36314ab5eb2eb47cecc464545ba58e1ad24/library/test/src/lib.rs:606:41
[INFO] [stdout]   34:     0x58e86b8bb9f5 - std::sys::backtrace::__rust_begin_short_backtrace::hd2d2d2fb8e8c6aac
[INFO] [stdout]                                at /rustc/6067b36314ab5eb2eb47cecc464545ba58e1ad24/library/std/src/sys/backtrace.rs:152:18
[INFO] [stdout]   35:     0x58e86b8bf2da - std::thread::Builder::spawn_unchecked_::{{closure}}::{{closure}}::h4faa3f9db6133423
[INFO] [stdout]                                at /rustc/6067b36314ab5eb2eb47cecc464545ba58e1ad24/library/std/src/thread/mod.rs:559:17
[INFO] [stdout]   36:     0x58e86b8bf2da - <core::panic::unwind_safe::AssertUnwindSafe<F> as core::ops::function::FnOnce<()>>::call_once::hf2e855a36a4ea846
[INFO] [stdout]                                at /rustc/6067b36314ab5eb2eb47cecc464545ba58e1ad24/library/core/src/panic/unwind_safe.rs:272:9
[INFO] [stdout]   37:     0x58e86b8bf2da - std::panicking::try::do_call::h2f73af3616c35465
[INFO] [stdout]                                at /rustc/6067b36314ab5eb2eb47cecc464545ba58e1ad24/library/std/src/panicking.rs:587:40
[INFO] [stdout]   38:     0x58e86b8bf2da - std::panicking::try::hd1660ce9efadef5a
[INFO] [stdout]                                at /rustc/6067b36314ab5eb2eb47cecc464545ba58e1ad24/library/std/src/panicking.rs:550:19
[INFO] [stdout]   39:     0x58e86b8bf2da - std::panic::catch_unwind::h5ee8d7823b8ca744
[INFO] [stdout]                                at /rustc/6067b36314ab5eb2eb47cecc464545ba58e1ad24/library/std/src/panic.rs:358:14
[INFO] [stdout]   40:     0x58e86b8bf2da - std::thread::Builder::spawn_unchecked_::{{closure}}::h53c3a1894dce8407
[INFO] [stdout]                                at /rustc/6067b36314ab5eb2eb47cecc464545ba58e1ad24/library/std/src/thread/mod.rs:557:30
[INFO] [stdout]   41:     0x58e86b8bf2da - core::ops::function::FnOnce::call_once{{vtable.shim}}::h048ce291ad4f62bf
[INFO] [stdout]                                at /rustc/6067b36314ab5eb2eb47cecc464545ba58e1ad24/library/core/src/ops/function.rs:250:5
[INFO] [stdout]   42:     0x58e86bd28ebb - <alloc::boxed::Box<F,A> as core::ops::function::FnOnce<Args>>::call_once::ha52bedf99a3b4981
[INFO] [stdout]                                at /rustc/6067b36314ab5eb2eb47cecc464545ba58e1ad24/library/alloc/src/boxed.rs:2013:9
[INFO] [stdout]   43:     0x58e86bd28ebb - <alloc::boxed::Box<F,A> as core::ops::function::FnOnce<Args>>::call_once::h567748934d80ccf8
[INFO] [stdout]                                at /rustc/6067b36314ab5eb2eb47cecc464545ba58e1ad24/library/alloc/src/boxed.rs:2013:9
[INFO] [stdout]   44:     0x58e86bd28ebb - std::sys::pal::unix::thread::Thread::new::thread_start::h2d970728ae887adc
[INFO] [stdout]                                at /rustc/6067b36314ab5eb2eb47cecc464545ba58e1ad24/library/std/src/sys/pal/unix/thread.rs:106:17
[INFO] [stdout]   45:     0x7663165ccac3 - <unknown>
[INFO] [stdout]   46:     0x76631665da04 - clone
[INFO] [stdout]   47:                0x0 - <unknown>
[INFO] [stdout] 
[INFO] [stdout] ---- introspection::sequence::tests::test_introspect_sequences stdout ----
[INFO] [stdout] 
[INFO] [stdout] thread 'introspection::sequence::tests::test_introspect_sequences' panicked at src/util/test.rs:9:47:
[INFO] [stdout] called `Result::unwrap()` on an `Err` value: Error { kind: Connect, cause: Some(Os { code: 111, kind: ConnectionRefused, message: "Connection refused" }) }
[INFO] [stdout] stack backtrace:
[INFO] [stdout]    0:     0x58e86bd22b9a - std::backtrace_rs::backtrace::libunwind::trace::hb059275cfc8d6126
[INFO] [stdout]                                at /rustc/6067b36314ab5eb2eb47cecc464545ba58e1ad24/library/std/src/../../backtrace/src/backtrace/libunwind.rs:116:5
[INFO] [stdout]    1:     0x58e86bd22b9a - std::backtrace_rs::backtrace::trace_unsynchronized::h2da071e4327ce3ee
[INFO] [stdout]                                at /rustc/6067b36314ab5eb2eb47cecc464545ba58e1ad24/library/std/src/../../backtrace/src/backtrace/mod.rs:66:5
[INFO] [stdout]    2:     0x58e86bd22b9a - std::sys::backtrace::_print_fmt::h842a1474e6f8d23f
[INFO] [stdout]                                at /rustc/6067b36314ab5eb2eb47cecc464545ba58e1ad24/library/std/src/sys/backtrace.rs:66:9
[INFO] [stdout]    3:     0x58e86bd22b9a - <std::sys::backtrace::BacktraceLock::print::DisplayBacktrace as core::fmt::Display>::fmt::h71a62eb3b9696b12
[INFO] [stdout]                                at /rustc/6067b36314ab5eb2eb47cecc464545ba58e1ad24/library/std/src/sys/backtrace.rs:39:26
[INFO] [stdout]    4:     0x58e86bd4e933 - core::fmt::rt::Argument::fmt::hdb6b616786b41dc1
[INFO] [stdout]                                at /rustc/6067b36314ab5eb2eb47cecc464545ba58e1ad24/library/core/src/fmt/rt.rs:177:76
[INFO] [stdout]    5:     0x58e86bd4e933 - core::fmt::write::h2cc1698af7e2d686
[INFO] [stdout]                                at /rustc/6067b36314ab5eb2eb47cecc464545ba58e1ad24/library/core/src/fmt/mod.rs:1440:21
[INFO] [stdout]    6:     0x58e86bd1ec13 - std::io::Write::write_fmt::hab1b4cd059a79022
[INFO] [stdout]                                at /rustc/6067b36314ab5eb2eb47cecc464545ba58e1ad24/library/std/src/io/mod.rs:1887:15
[INFO] [stdout]    7:     0x58e86bd229e2 - std::sys::backtrace::BacktraceLock::print::h147fe35b4ea13b08
[INFO] [stdout]                                at /rustc/6067b36314ab5eb2eb47cecc464545ba58e1ad24/library/std/src/sys/backtrace.rs:42:9
[INFO] [stdout]    8:     0x58e86bd23fbf - std::panicking::default_hook::{{closure}}::hbd44223dbdc0d208
[INFO] [stdout]                                at /rustc/6067b36314ab5eb2eb47cecc464545ba58e1ad24/library/std/src/panicking.rs:298:22
[INFO] [stdout]    9:     0x58e86bd23dd8 - std::panicking::default_hook::h20f81eb0576efcec
[INFO] [stdout]                                at /rustc/6067b36314ab5eb2eb47cecc464545ba58e1ad24/library/std/src/panicking.rs:322:9
[INFO] [stdout]   10:     0x58e86b8f4283 - <alloc::boxed::Box<F,A> as core::ops::function::Fn<Args>>::call::hdb53814c496a4d34
[INFO] [stdout]                                at /rustc/6067b36314ab5eb2eb47cecc464545ba58e1ad24/library/alloc/src/boxed.rs:2027:9
[INFO] [stdout]   11:     0x58e86b8f4283 - test::test_main::{{closure}}::hc0a4963c59427c24
[INFO] [stdout]                                at /rustc/6067b36314ab5eb2eb47cecc464545ba58e1ad24/library/test/src/lib.rs:134:21
[INFO] [stdout]   12:     0x58e86bd24ab3 - <alloc::boxed::Box<F,A> as core::ops::function::Fn<Args>>::call::h591b2225413a77e9
[INFO] [stdout]                                at /rustc/6067b36314ab5eb2eb47cecc464545ba58e1ad24/library/alloc/src/boxed.rs:2027:9
[INFO] [stdout]   13:     0x58e86bd24ab3 - std::panicking::rust_panic_with_hook::h625eea43051b2edc
[INFO] [stdout]                                at /rustc/6067b36314ab5eb2eb47cecc464545ba58e1ad24/library/std/src/panicking.rs:839:13
[INFO] [stdout]   14:     0x58e86bd2476a - std::panicking::begin_panic_handler::{{closure}}::h4f9159cfbc3f6bd3
[INFO] [stdout]                                at /rustc/6067b36314ab5eb2eb47cecc464545ba58e1ad24/library/std/src/panicking.rs:704:13
[INFO] [stdout]   15:     0x58e86bd23099 - std::sys::backtrace::__rust_end_short_backtrace::h0390abce48353151
[INFO] [stdout]                                at /rustc/6067b36314ab5eb2eb47cecc464545ba58e1ad24/library/std/src/sys/backtrace.rs:168:18
[INFO] [stdout]   16:     0x58e86bd243fd - rust_begin_unwind
[INFO] [stdout]                                at /rustc/6067b36314ab5eb2eb47cecc464545ba58e1ad24/library/std/src/panicking.rs:695:5
[INFO] [stdout]   17:     0x58e86bd4c620 - core::panicking::panic_fmt::h9e7c637e9e5f29c9
[INFO] [stdout]                                at /rustc/6067b36314ab5eb2eb47cecc464545ba58e1ad24/library/core/src/panicking.rs:75:14
[INFO] [stdout]   18:     0x58e86bd4caf6 - core::result::unwrap_failed::h7979f09313fe1849
[INFO] [stdout]                                at /rustc/6067b36314ab5eb2eb47cecc464545ba58e1ad24/library/core/src/result.rs:1704:5
[INFO] [stdout]   19:     0x58e86b84ae3c - core::result::Result<T,E>::unwrap::h43c83558d3631873
[INFO] [stdout]                                at /rustc/6067b36314ab5eb2eb47cecc464545ba58e1ad24/library/core/src/result.rs:1109:23
[INFO] [stdout]   20:     0x58e86b84ae3c - podo::util::test::get_test_connection::hae225249ad919e36
[INFO] [stdout]                                at /opt/rustwide/workdir/src/util/test.rs:9:5
[INFO] [stdout]   21:     0x58e86b8259ac - podo::introspection::sequence::tests::test_introspect_sequences::hdfc4de24b3c757c0
[INFO] [stdout]                                at /opt/rustwide/workdir/src/introspection/sequence.rs:53:24
[INFO] [stdout]   22:     0x58e86b825977 - podo::introspection::sequence::tests::test_introspect_sequences::{{closure}}::h0175a88a5fd1bb51
[INFO] [stdout]                                at /opt/rustwide/workdir/src/introspection/sequence.rs:52:35
[INFO] [stdout]   23:     0x58e86b829316 - core::ops::function::FnOnce::call_once::h39d072ba8943711a
[INFO] [stdout]                                at /rustc/6067b36314ab5eb2eb47cecc464545ba58e1ad24/library/core/src/ops/function.rs:250:5
[INFO] [stdout]   24:     0x58e86b8f99db - core::ops::function::FnOnce::call_once::he27718dfdd183f43
[INFO] [stdout]                                at /rustc/6067b36314ab5eb2eb47cecc464545ba58e1ad24/library/core/src/ops/function.rs:250:5
[INFO] [stderr] error: test failed, to rerun pass `--bin podo`
[INFO] [stdout]   25:     0x58e86b8f99db - test::__rust_begin_short_backtrace::h4e84902998457a5d
[INFO] [stdout]                                at /rustc/6067b36314ab5eb2eb47cecc464545ba58e1ad24/library/test/src/lib.rs:632:18
[INFO] [stdout]   26:     0x58e86b8f8913 - test::run_test_in_process::{{closure}}::h7176fd18fc1feca0
[INFO] [stdout]                                at /rustc/6067b36314ab5eb2eb47cecc464545ba58e1ad24/library/test/src/lib.rs:655:60
[INFO] [stdout]   27:     0x58e86b8f8913 - <core::panic::unwind_safe::AssertUnwindSafe<F> as core::ops::function::FnOnce<()>>::call_once::hf79cff2a624d8cf7
[INFO] [stdout]                                at /rustc/6067b36314ab5eb2eb47cecc464545ba58e1ad24/library/core/src/panic/unwind_safe.rs:272:9
[INFO] [stdout]   28:     0x58e86b8f8913 - std::panicking::try::do_call::h3da0561d9ab99c25
[INFO] [stdout]                                at /rustc/6067b36314ab5eb2eb47cecc464545ba58e1ad24/library/std/src/panicking.rs:587:40
[INFO] [stdout]   29:     0x58e86b8f8913 - std::panicking::try::h41c9fa508bc61df6
[INFO] [stdout]                                at /rustc/6067b36314ab5eb2eb47cecc464545ba58e1ad24/library/std/src/panicking.rs:550:19
[INFO] [stdout]   30:     0x58e86b8f8913 - std::panic::catch_unwind::h6b3ff07bb5afad93
[INFO] [stdout]                                at /rustc/6067b36314ab5eb2eb47cecc464545ba58e1ad24/library/std/src/panic.rs:358:14
[INFO] [stdout]   31:     0x58e86b8f8913 - test::run_test_in_process::hc7253dd11b39b9f4
[INFO] [stdout]                                at /rustc/6067b36314ab5eb2eb47cecc464545ba58e1ad24/library/test/src/lib.rs:655:27
[INFO] [stdout]   32:     0x58e86b8f8913 - test::run_test::{{closure}}::hfb2007f8649c30bb
[INFO] [stdout]                                at /rustc/6067b36314ab5eb2eb47cecc464545ba58e1ad24/library/test/src/lib.rs:576:43
[INFO] [stdout]   33:     0x58e86b8bb9f5 - test::run_test::{{closure}}::h56a17aa7a282a9f4
[INFO] [stdout]                                at /rustc/6067b36314ab5eb2eb47cecc464545ba58e1ad24/library/test/src/lib.rs:606:41
[INFO] [stdout]   34:     0x58e86b8bb9f5 - std::sys::backtrace::__rust_begin_short_backtrace::hd2d2d2fb8e8c6aac
[INFO] [stdout]                                at /rustc/6067b36314ab5eb2eb47cecc464545ba58e1ad24/library/std/src/sys/backtrace.rs:152:18
[INFO] [stdout]   35:     0x58e86b8bf2da - std::thread::Builder::spawn_unchecked_::{{closure}}::{{closure}}::h4faa3f9db6133423
[INFO] [stdout]                                at /rustc/6067b36314ab5eb2eb47cecc464545ba58e1ad24/library/std/src/thread/mod.rs:559:17
[INFO] [stdout]   36:     0x58e86b8bf2da - <core::panic::unwind_safe::AssertUnwindSafe<F> as core::ops::function::FnOnce<()>>::call_once::hf2e855a36a4ea846
[INFO] [stdout]                                at /rustc/6067b36314ab5eb2eb47cecc464545ba58e1ad24/library/core/src/panic/unwind_safe.rs:272:9
[INFO] [stdout]   37:     0x58e86b8bf2da - std::panicking::try::do_call::h2f73af3616c35465
[INFO] [stdout]                                at /rustc/6067b36314ab5eb2eb47cecc464545ba58e1ad24/library/std/src/panicking.rs:587:40
[INFO] [stdout]   38:     0x58e86b8bf2da - std::panicking::try::hd1660ce9efadef5a
[INFO] [stdout]                                at /rustc/6067b36314ab5eb2eb47cecc464545ba58e1ad24/library/std/src/panicking.rs:550:19
[INFO] [stdout]   39:     0x58e86b8bf2da - std::panic::catch_unwind::h5ee8d7823b8ca744
[INFO] [stdout]                                at /rustc/6067b36314ab5eb2eb47cecc464545ba58e1ad24/library/std/src/panic.rs:358:14
[INFO] [stdout]   40:     0x58e86b8bf2da - std::thread::Builder::spawn_unchecked_::{{closure}}::h53c3a1894dce8407
[INFO] [stdout]                                at /rustc/6067b36314ab5eb2eb47cecc464545ba58e1ad24/library/std/src/thread/mod.rs:557:30
[INFO] [stdout]   41:     0x58e86b8bf2da - core::ops::function::FnOnce::call_once{{vtable.shim}}::h048ce291ad4f62bf
[INFO] [stdout]                                at /rustc/6067b36314ab5eb2eb47cecc464545ba58e1ad24/library/core/src/ops/function.rs:250:5
[INFO] [stdout]   42:     0x58e86bd28ebb - <alloc::boxed::Box<F,A> as core::ops::function::FnOnce<Args>>::call_once::ha52bedf99a3b4981
[INFO] [stdout]                                at /rustc/6067b36314ab5eb2eb47cecc464545ba58e1ad24/library/alloc/src/boxed.rs:2013:9
[INFO] [stdout]   43:     0x58e86bd28ebb - <alloc::boxed::Box<F,A> as core::ops::function::FnOnce<Args>>::call_once::h567748934d80ccf8
[INFO] [stdout]                                at /rustc/6067b36314ab5eb2eb47cecc464545ba58e1ad24/library/alloc/src/boxed.rs:2013:9
[INFO] [stdout]   44:     0x58e86bd28ebb - std::sys::pal::unix::thread::Thread::new::thread_start::h2d970728ae887adc
[INFO] [stdout]                                at /rustc/6067b36314ab5eb2eb47cecc464545ba58e1ad24/library/std/src/sys/pal/unix/thread.rs:106:17
[INFO] [stdout]   45:     0x7663165ccac3 - <unknown>
[INFO] [stdout]   46:     0x76631665da04 - clone
[INFO] [stdout]   47:                0x0 - <unknown>
[INFO] [stdout] 
[INFO] [stdout] ---- introspection::column::tests::test_introspect_columns stdout ----
[INFO] [stdout] 
[INFO] [stdout] thread 'introspection::column::tests::test_introspect_columns' panicked at src/util/test.rs:9:47:
[INFO] [stdout] called `Result::unwrap()` on an `Err` value: Error { kind: Connect, cause: Some(Os { code: 111, kind: ConnectionRefused, message: "Connection refused" }) }
[INFO] [stdout] stack backtrace:
[INFO] [stdout]    0:     0x58e86bd22b9a - std::backtrace_rs::backtrace::libunwind::trace::hb059275cfc8d6126
[INFO] [stdout]                                at /rustc/6067b36314ab5eb2eb47cecc464545ba58e1ad24/library/std/src/../../backtrace/src/backtrace/libunwind.rs:116:5
[INFO] [stdout]    1:     0x58e86bd22b9a - std::backtrace_rs::backtrace::trace_unsynchronized::h2da071e4327ce3ee
[INFO] [stdout]                                at /rustc/6067b36314ab5eb2eb47cecc464545ba58e1ad24/library/std/src/../../backtrace/src/backtrace/mod.rs:66:5
[INFO] [stdout]    2:     0x58e86bd22b9a - std::sys::backtrace::_print_fmt::h842a1474e6f8d23f
[INFO] [stdout]                                at /rustc/6067b36314ab5eb2eb47cecc464545ba58e1ad24/library/std/src/sys/backtrace.rs:66:9
[INFO] [stdout]    3:     0x58e86bd22b9a - <std::sys::backtrace::BacktraceLock::print::DisplayBacktrace as core::fmt::Display>::fmt::h71a62eb3b9696b12
[INFO] [stdout]                                at /rustc/6067b36314ab5eb2eb47cecc464545ba58e1ad24/library/std/src/sys/backtrace.rs:39:26
[INFO] [stdout]    4:     0x58e86bd4e933 - core::fmt::rt::Argument::fmt::hdb6b616786b41dc1
[INFO] [stdout]                                at /rustc/6067b36314ab5eb2eb47cecc464545ba58e1ad24/library/core/src/fmt/rt.rs:177:76
[INFO] [stdout]    5:     0x58e86bd4e933 - core::fmt::write::h2cc1698af7e2d686
[INFO] [stdout]                                at /rustc/6067b36314ab5eb2eb47cecc464545ba58e1ad24/library/core/src/fmt/mod.rs:1440:21
[INFO] [stdout]    6:     0x58e86bd1ec13 - std::io::Write::write_fmt::hab1b4cd059a79022
[INFO] [stdout]                                at /rustc/6067b36314ab5eb2eb47cecc464545ba58e1ad24/library/std/src/io/mod.rs:1887:15
[INFO] [stdout]    7:     0x58e86bd229e2 - std::sys::backtrace::BacktraceLock::print::h147fe35b4ea13b08
[INFO] [stdout]                                at /rustc/6067b36314ab5eb2eb47cecc464545ba58e1ad24/library/std/src/sys/backtrace.rs:42:9
[INFO] [stdout]    8:     0x58e86bd23fbf - std::panicking::default_hook::{{closure}}::hbd44223dbdc0d208
[INFO] [stdout]                                at /rustc/6067b36314ab5eb2eb47cecc464545ba58e1ad24/library/std/src/panicking.rs:298:22
[INFO] [stdout]    9:     0x58e86bd23dd8 - std::panicking::default_hook::h20f81eb0576efcec
[INFO] [stdout]                                at /rustc/6067b36314ab5eb2eb47cecc464545ba58e1ad24/library/std/src/panicking.rs:322:9
[INFO] [stdout]   10:     0x58e86b8f4283 - <alloc::boxed::Box<F,A> as core::ops::function::Fn<Args>>::call::hdb53814c496a4d34
[INFO] [stdout]                                at /rustc/6067b36314ab5eb2eb47cecc464545ba58e1ad24/library/alloc/src/boxed.rs:2027:9
[INFO] [stdout]   11:     0x58e86b8f4283 - test::test_main::{{closure}}::hc0a4963c59427c24
[INFO] [stdout]                                at /rustc/6067b36314ab5eb2eb47cecc464545ba58e1ad24/library/test/src/lib.rs:134:21
[INFO] [stdout]   12:     0x58e86bd24ab3 - <alloc::boxed::Box<F,A> as core::ops::function::Fn<Args>>::call::h591b2225413a77e9
[INFO] [stdout]                                at /rustc/6067b36314ab5eb2eb47cecc464545ba58e1ad24/library/alloc/src/boxed.rs:2027:9
[INFO] [stdout]   13:     0x58e86bd24ab3 - std::panicking::rust_panic_with_hook::h625eea43051b2edc
[INFO] [stdout]                                at /rustc/6067b36314ab5eb2eb47cecc464545ba58e1ad24/library/std/src/panicking.rs:839:13
[INFO] [stdout]   14:     0x58e86bd2476a - std::panicking::begin_panic_handler::{{closure}}::h4f9159cfbc3f6bd3
[INFO] [stdout]                                at /rustc/6067b36314ab5eb2eb47cecc464545ba58e1ad24/library/std/src/panicking.rs:704:13
[INFO] [stdout]   15:     0x58e86bd23099 - std::sys::backtrace::__rust_end_short_backtrace::h0390abce48353151
[INFO] [stdout]                                at /rustc/6067b36314ab5eb2eb47cecc464545ba58e1ad24/library/std/src/sys/backtrace.rs:168:18
[INFO] [stdout]   16:     0x58e86bd243fd - rust_begin_unwind
[INFO] [stdout]                                at /rustc/6067b36314ab5eb2eb47cecc464545ba58e1ad24/library/std/src/panicking.rs:695:5
[INFO] [stdout]   17:     0x58e86bd4c620 - core::panicking::panic_fmt::h9e7c637e9e5f29c9
[INFO] [stdout]                                at /rustc/6067b36314ab5eb2eb47cecc464545ba58e1ad24/library/core/src/panicking.rs:75:14
[INFO] [stdout]   18:     0x58e86bd4caf6 - core::result::unwrap_failed::h7979f09313fe1849
[INFO] [stdout]                                at /rustc/6067b36314ab5eb2eb47cecc464545ba58e1ad24/library/core/src/result.rs:1704:5
[INFO] [stdout]   19:     0x58e86b84ae3c - core::result::Result<T,E>::unwrap::h43c83558d3631873
[INFO] [stdout]                                at /rustc/6067b36314ab5eb2eb47cecc464545ba58e1ad24/library/core/src/result.rs:1109:23
[INFO] [stdout]   20:     0x58e86b84ae3c - podo::util::test::get_test_connection::hae225249ad919e36
[INFO] [stdout]                                at /opt/rustwide/workdir/src/util/test.rs:9:5
[INFO] [stdout]   21:     0x58e86b89451c - podo::introspection::column::tests::test_introspect_columns::h73b9b1b8f6a2a0aa
[INFO] [stdout]                                at /opt/rustwide/workdir/src/introspection/column.rs:43:24
[INFO] [stdout]   22:     0x58e86b8944e7 - podo::introspection::column::tests::test_introspect_columns::{{closure}}::hace9fc21611e594c
[INFO] [stdout]                                at /opt/rustwide/workdir/src/introspection/column.rs:42:33
[INFO] [stdout]   23:     0x58e86b829356 - core::ops::function::FnOnce::call_once::h3b74fcf80dd7a5bd
[INFO] [stdout]                                at /rustc/6067b36314ab5eb2eb47cecc464545ba58e1ad24/library/core/src/ops/function.rs:250:5
[INFO] [stdout]   24:     0x58e86b8f99db - core::ops::function::FnOnce::call_once::he27718dfdd183f43
[INFO] [stdout]                                at /rustc/6067b36314ab5eb2eb47cecc464545ba58e1ad24/library/core/src/ops/function.rs:250:5
[INFO] [stdout]   25:     0x58e86b8f99db - test::__rust_begin_short_backtrace::h4e84902998457a5d
[INFO] [stdout]                                at /rustc/6067b36314ab5eb2eb47cecc464545ba58e1ad24/library/test/src/lib.rs:632:18
[INFO] [stdout]   26:     0x58e86b8f8913 - test::run_test_in_process::{{closure}}::h7176fd18fc1feca0
[INFO] [stdout]                                at /rustc/6067b36314ab5eb2eb47cecc464545ba58e1ad24/library/test/src/lib.rs:655:60
[INFO] [stdout]   27:     0x58e86b8f8913 - <core::panic::unwind_safe::AssertUnwindSafe<F> as core::ops::function::FnOnce<()>>::call_once::hf79cff2a624d8cf7
[INFO] [stdout]                                at /rustc/6067b36314ab5eb2eb47cecc464545ba58e1ad24/library/core/src/panic/unwind_safe.rs:272:9
[INFO] [stdout]   28:     0x58e86b8f8913 - std::panicking::try::do_call::h3da0561d9ab99c25
[INFO] [stdout]                                at /rustc/6067b36314ab5eb2eb47cecc464545ba58e1ad24/library/std/src/panicking.rs:587:40
[INFO] [stdout]   29:     0x58e86b8f8913 - std::panicking::try::h41c9fa508bc61df6
[INFO] [stdout]                                at /rustc/6067b36314ab5eb2eb47cecc464545ba58e1ad24/library/std/src/panicking.rs:550:19
[INFO] [stdout]   30:     0x58e86b8f8913 - std::panic::catch_unwind::h6b3ff07bb5afad93
[INFO] [stdout]                                at /rustc/6067b36314ab5eb2eb47cecc464545ba58e1ad24/library/std/src/panic.rs:358:14
[INFO] [stdout]   31:     0x58e86b8f8913 - test::run_test_in_process::hc7253dd11b39b9f4
[INFO] [stdout]                                at /rustc/6067b36314ab5eb2eb47cecc464545ba58e1ad24/library/test/src/lib.rs:655:27
[INFO] [stdout]   32:     0x58e86b8f8913 - test::run_test::{{closure}}::hfb2007f8649c30bb
[INFO] [stdout]                                at /rustc/6067b36314ab5eb2eb47cecc464545ba58e1ad24/library/test/src/lib.rs:576:43
[INFO] [stdout]   33:     0x58e86b8bb9f5 - test::run_test::{{closure}}::h56a17aa7a282a9f4
[INFO] [stdout]                                at /rustc/6067b36314ab5eb2eb47cecc464545ba58e1ad24/library/test/src/lib.rs:606:41
[INFO] [stdout]   34:     0x58e86b8bb9f5 - std::sys::backtrace::__rust_begin_short_backtrace::hd2d2d2fb8e8c6aac
[INFO] [stdout]                                at /rustc/6067b36314ab5eb2eb47cecc464545ba58e1ad24/library/std/src/sys/backtrace.rs:152:18
[INFO] [stdout]   35:     0x58e86b8bf2da - std::thread::Builder::spawn_unchecked_::{{closure}}::{{closure}}::h4faa3f9db6133423
[INFO] [stdout]                                at /rustc/6067b36314ab5eb2eb47cecc464545ba58e1ad24/library/std/src/thread/mod.rs:559:17
[INFO] [stdout]   36:     0x58e86b8bf2da - <core::panic::unwind_safe::AssertUnwindSafe<F> as core::ops::function::FnOnce<()>>::call_once::hf2e855a36a4ea846
[INFO] [stdout]                                at /rustc/6067b36314ab5eb2eb47cecc464545ba58e1ad24/library/core/src/panic/unwind_safe.rs:272:9
[INFO] [stdout]   37:     0x58e86b8bf2da - std::panicking::try::do_call::h2f73af3616c35465
[INFO] [stdout]                                at /rustc/6067b36314ab5eb2eb47cecc464545ba58e1ad24/library/std/src/panicking.rs:587:40
[INFO] [stdout]   38:     0x58e86b8bf2da - std::panicking::try::hd1660ce9efadef5a
[INFO] [stdout]                                at /rustc/6067b36314ab5eb2eb47cecc464545ba58e1ad24/library/std/src/panicking.rs:550:19
[INFO] [stdout]   39:     0x58e86b8bf2da - std::panic::catch_unwind::h5ee8d7823b8ca744
[INFO] [stdout]                                at /rustc/6067b36314ab5eb2eb47cecc464545ba58e1ad24/library/std/src/panic.rs:358:14
[INFO] [stdout]   40:     0x58e86b8bf2da - std::thread::Builder::spawn_unchecked_::{{closure}}::h53c3a1894dce8407
[INFO] [stdout]                                at /rustc/6067b36314ab5eb2eb47cecc464545ba58e1ad24/library/std/src/thread/mod.rs:557:30
[INFO] [stdout]   41:     0x58e86b8bf2da - core::ops::function::FnOnce::call_once{{vtable.shim}}::h048ce291ad4f62bf
[INFO] [stdout]                                at /rustc/6067b36314ab5eb2eb47cecc464545ba58e1ad24/library/core/src/ops/function.rs:250:5
[INFO] [stdout]   42:     0x58e86bd28ebb - <alloc::boxed::Box<F,A> as core::ops::function::FnOnce<Args>>::call_once::ha52bedf99a3b4981
[INFO] [stdout]                                at /rustc/6067b36314ab5eb2eb47cecc464545ba58e1ad24/library/alloc/src/boxed.rs:2013:9
[INFO] [stdout]   43:     0x58e86bd28ebb - <alloc::boxed::Box<F,A> as core::ops::function::FnOnce<Args>>::call_once::h567748934d80ccf8
[INFO] [stdout]                                at /rustc/6067b36314ab5eb2eb47cecc464545ba58e1ad24/library/alloc/src/boxed.rs:2013:9
[INFO] [stdout]   44:     0x58e86bd28ebb - std::sys::pal::unix::thread::Thread::new::thread_start::h2d970728ae887adc
[INFO] [stdout]                                at /rustc/6067b36314ab5eb2eb47cecc464545ba58e1ad24/library/std/src/sys/pal/unix/thread.rs:106:17
[INFO] [stdout]   45:     0x7663165ccac3 - <unknown>
[INFO] [stdout]   46:     0x76631665da04 - clone
[INFO] [stdout]   47:                0x0 - <unknown>
[INFO] [stdout] 
[INFO] [stdout] ---- introspection::schema::tests::test_introspect_schemas stdout ----
[INFO] [stdout] 
[INFO] [stdout] thread 'introspection::schema::tests::test_introspect_schemas' panicked at src/util/test.rs:9:47:
[INFO] [stdout] called `Result::unwrap()` on an `Err` value: Error { kind: Connect, cause: Some(Os { code: 111, kind: ConnectionRefused, message: "Connection refused" }) }
[INFO] [stdout] stack backtrace:
[INFO] [stdout]    0:     0x58e86bd22b9a - std::backtrace_rs::backtrace::libunwind::trace::hb059275cfc8d6126
[INFO] [stdout]                                at /rustc/6067b36314ab5eb2eb47cecc464545ba58e1ad24/library/std/src/../../backtrace/src/backtrace/libunwind.rs:116:5
[INFO] [stdout]    1:     0x58e86bd22b9a - std::backtrace_rs::backtrace::trace_unsynchronized::h2da071e4327ce3ee
[INFO] [stdout]                                at /rustc/6067b36314ab5eb2eb47cecc464545ba58e1ad24/library/std/src/../../backtrace/src/backtrace/mod.rs:66:5
[INFO] [stdout]    2:     0x58e86bd22b9a - std::sys::backtrace::_print_fmt::h842a1474e6f8d23f
[INFO] [stdout]                                at /rustc/6067b36314ab5eb2eb47cecc464545ba58e1ad24/library/std/src/sys/backtrace.rs:66:9
[INFO] [stdout]    3:     0x58e86bd22b9a - <std::sys::backtrace::BacktraceLock::print::DisplayBacktrace as core::fmt::Display>::fmt::h71a62eb3b9696b12
[INFO] [stdout]                                at /rustc/6067b36314ab5eb2eb47cecc464545ba58e1ad24/library/std/src/sys/backtrace.rs:39:26
[INFO] [stdout]    4:     0x58e86bd4e933 - core::fmt::rt::Argument::fmt::hdb6b616786b41dc1
[INFO] [stdout]                                at /rustc/6067b36314ab5eb2eb47cecc464545ba58e1ad24/library/core/src/fmt/rt.rs:177:76
[INFO] [stdout]    5:     0x58e86bd4e933 - core::fmt::write::h2cc1698af7e2d686
[INFO] [stdout]                                at /rustc/6067b36314ab5eb2eb47cecc464545ba58e1ad24/library/core/src/fmt/mod.rs:1440:21
[INFO] [stdout]    6:     0x58e86bd1ec13 - std::io::Write::write_fmt::hab1b4cd059a79022
[INFO] [stdout]                                at /rustc/6067b36314ab5eb2eb47cecc464545ba58e1ad24/library/std/src/io/mod.rs:1887:15
[INFO] [stdout]    7:     0x58e86bd229e2 - std::sys::backtrace::BacktraceLock::print::h147fe35b4ea13b08
[INFO] [stdout]                                at /rustc/6067b36314ab5eb2eb47cecc464545ba58e1ad24/library/std/src/sys/backtrace.rs:42:9
[INFO] [stdout]    8:     0x58e86bd23fbf - std::panicking::default_hook::{{closure}}::hbd44223dbdc0d208
[INFO] [stdout]                                at /rustc/6067b36314ab5eb2eb47cecc464545ba58e1ad24/library/std/src/panicking.rs:298:22
[INFO] [stdout]    9:     0x58e86bd23dd8 - std::panicking::default_hook::h20f81eb0576efcec
[INFO] [stdout]                                at /rustc/6067b36314ab5eb2eb47cecc464545ba58e1ad24/library/std/src/panicking.rs:322:9
[INFO] [stdout]   10:     0x58e86b8f4283 - <alloc::boxed::Box<F,A> as core::ops::function::Fn<Args>>::call::hdb53814c496a4d34
[INFO] [stdout]                                at /rustc/6067b36314ab5eb2eb47cecc464545ba58e1ad24/library/alloc/src/boxed.rs:2027:9
[INFO] [stdout]   11:     0x58e86b8f4283 - test::test_main::{{closure}}::hc0a4963c59427c24
[INFO] [stdout]                                at /rustc/6067b36314ab5eb2eb47cecc464545ba58e1ad24/library/test/src/lib.rs:134:21
[INFO] [stdout]   12:     0x58e86bd24ab3 - <alloc::boxed::Box<F,A> as core::ops::function::Fn<Args>>::call::h591b2225413a77e9
[INFO] [stdout]                                at /rustc/6067b36314ab5eb2eb47cecc464545ba58e1ad24/library/alloc/src/boxed.rs:2027:9
[INFO] [stdout]   13:     0x58e86bd24ab3 - std::panicking::rust_panic_with_hook::h625eea43051b2edc
[INFO] [stdout]                                at /rustc/6067b36314ab5eb2eb47cecc464545ba58e1ad24/library/std/src/panicking.rs:839:13
[INFO] [stdout]   14:     0x58e86bd2476a - std::panicking::begin_panic_handler::{{closure}}::h4f9159cfbc3f6bd3
[INFO] [stdout]                                at /rustc/6067b36314ab5eb2eb47cecc464545ba58e1ad24/library/std/src/panicking.rs:704:13
[INFO] [stdout]   15:     0x58e86bd23099 - std::sys::backtrace::__rust_end_short_backtrace::h0390abce48353151
[INFO] [stdout]                                at /rustc/6067b36314ab5eb2eb47cecc464545ba58e1ad24/library/std/src/sys/backtrace.rs:168:18
[INFO] [stdout]   16:     0x58e86bd243fd - rust_begin_unwind
[INFO] [stdout]                                at /rustc/6067b36314ab5eb2eb47cecc464545ba58e1ad24/library/std/src/panicking.rs:695:5
[INFO] [stdout]   17:     0x58e86bd4c620 - core::panicking::panic_fmt::h9e7c637e9e5f29c9
[INFO] [stdout]                                at /rustc/6067b36314ab5eb2eb47cecc464545ba58e1ad24/library/core/src/panicking.rs:75:14
[INFO] [stdout]   18:     0x58e86bd4caf6 - core::result::unwrap_failed::h7979f09313fe1849
[INFO] [stdout]                                at /rustc/6067b36314ab5eb2eb47cecc464545ba58e1ad24/library/core/src/result.rs:1704:5
[INFO] [stdout]   19:     0x58e86b84ae3c - core::result::Result<T,E>::unwrap::h43c83558d3631873
[INFO] [stdout]                                at /rustc/6067b36314ab5eb2eb47cecc464545ba58e1ad24/library/core/src/result.rs:1109:23
[INFO] [stdout]   20:     0x58e86b84ae3c - podo::util::test::get_test_connection::hae225249ad919e36
[INFO] [stdout]                                at /opt/rustwide/workdir/src/util/test.rs:9:5
[INFO] [stdout]   21:     0x58e86b897929 - podo::introspection::schema::tests::test_introspect_schemas::h6ea9bf702654fdb9
[INFO] [stdout]                                at /opt/rustwide/workdir/src/introspection/schema.rs:31:24
[INFO] [stdout]   22:     0x58e86b8978f7 - podo::introspection::schema::tests::test_introspect_schemas::{{closure}}::hea06702982d5506a
[INFO] [stdout]                                at /opt/rustwide/workdir/src/introspection/schema.rs:30:33
[INFO] [stdout]   23:     0x58e86b829bb6 - core::ops::function::FnOnce::call_once::haa195191dd207b85
[INFO] [stdout]                                at /rustc/6067b36314ab5eb2eb47cecc464545ba58e1ad24/library/core/src/ops/function.rs:250:5
[INFO] [stdout]   24:     0x58e86b8f99db - core::ops::function::FnOnce::call_once::he27718dfdd183f43
[INFO] [stdout]                                at /rustc/6067b36314ab5eb2eb47cecc464545ba58e1ad24/library/core/src/ops/function.rs:250:5
[INFO] [stdout]   25:     0x58e86b8f99db - test::__rust_begin_short_backtrace::h4e84902998457a5d
[INFO] [stdout]                                at /rustc/6067b36314ab5eb2eb47cecc464545ba58e1ad24/library/test/src/lib.rs:632:18
[INFO] [stdout]   26:     0x58e86b8f8913 - test::run_test_in_process::{{closure}}::h7176fd18fc1feca0
[INFO] [stdout]                                at /rustc/6067b36314ab5eb2eb47cecc464545ba58e1ad24/library/test/src/lib.rs:655:60
[INFO] [stdout]   27:     0x58e86b8f8913 - <core::panic::unwind_safe::AssertUnwindSafe<F> as core::ops::function::FnOnce<()>>::call_once::hf79cff2a624d8cf7
[INFO] [stdout]                                at /rustc/6067b36314ab5eb2eb47cecc464545ba58e1ad24/library/core/src/panic/unwind_safe.rs:272:9
[INFO] [stdout]   28:     0x58e86b8f8913 - std::panicking::try::do_call::h3da0561d9ab99c25
[INFO] [stdout]                                at /rustc/6067b36314ab5eb2eb47cecc464545ba58e1ad24/library/std/src/panicking.rs:587:40
[INFO] [stdout]   29:     0x58e86b8f8913 - std::panicking::try::h41c9fa508bc61df6
[INFO] [stdout]                                at /rustc/6067b36314ab5eb2eb47cecc464545ba58e1ad24/library/std/src/panicking.rs:550:19
[INFO] [stdout]   30:     0x58e86b8f8913 - std::panic::catch_unwind::h6b3ff07bb5afad93
[INFO] [stdout]                                at /rustc/6067b36314ab5eb2eb47cecc464545ba58e1ad24/library/std/src/panic.rs:358:14
[INFO] [stdout]   31:     0x58e86b8f8913 - test::run_test_in_process::hc7253dd11b39b9f4
[INFO] [stdout]                                at /rustc/6067b36314ab5eb2eb47cecc464545ba58e1ad24/library/test/src/lib.rs:655:27
[INFO] [stdout]   32:     0x58e86b8f8913 - test::run_test::{{closure}}::hfb2007f8649c30bb
[INFO] [stdout]                                at /rustc/6067b36314ab5eb2eb47cecc464545ba58e1ad24/library/test/src/lib.rs:576:43
[INFO] [stdout]   33:     0x58e86b8bb9f5 - test::run_test::{{closure}}::h56a17aa7a282a9f4
[INFO] [stdout]                                at /rustc/6067b36314ab5eb2eb47cecc464545ba58e1ad24/library/test/src/lib.rs:606:41
[INFO] [stdout]   34:     0x58e86b8bb9f5 - std::sys::backtrace::__rust_begin_short_backtrace::hd2d2d2fb8e8c6aac
[INFO] [stdout]                                at /rustc/6067b36314ab5eb2eb47cecc464545ba58e1ad24/library/std/src/sys/backtrace.rs:152:18
[INFO] [stdout]   35:     0x58e86b8bf2da - std::thread::Builder::spawn_unchecked_::{{closure}}::{{closure}}::h4faa3f9db6133423
[INFO] [stdout]                                at /rustc/6067b36314ab5eb2eb47cecc464545ba58e1ad24/library/std/src/thread/mod.rs:559:17
[INFO] [stdout]   36:     0x58e86b8bf2da - <core::panic::unwind_safe::AssertUnwindSafe<F> as core::ops::function::FnOnce<()>>::call_once::hf2e855a36a4ea846
[INFO] [stdout]                                at /rustc/6067b36314ab5eb2eb47cecc464545ba58e1ad24/library/core/src/panic/unwind_safe.rs:272:9
[INFO] [stdout]   37:     0x58e86b8bf2da - std::panicking::try::do_call::h2f73af3616c35465
[INFO] [stdout]                                at /rustc/6067b36314ab5eb2eb47cecc464545ba58e1ad24/library/std/src/panicking.rs:587:40
[INFO] [stdout]   38:     0x58e86b8bf2da - std::panicking::try::hd1660ce9efadef5a
[INFO] [stdout]                                at /rustc/6067b36314ab5eb2eb47cecc464545ba58e1ad24/library/std/src/panicking.rs:550:19
[INFO] [stdout]   39:     0x58e86b8bf2da - std::panic::catch_unwind::h5ee8d7823b8ca744
[INFO] [stdout]                                at /rustc/6067b36314ab5eb2eb47cecc464545ba58e1ad24/library/std/src/panic.rs:358:14
[INFO] [stdout]   40:     0x58e86b8bf2da - std::thread::Builder::spawn_unchecked_::{{closure}}::h53c3a1894dce8407
[INFO] [stdout]                                at /rustc/6067b36314ab5eb2eb47cecc464545ba58e1ad24/library/std/src/thread/mod.rs:557:30
[INFO] [stdout]   41:     0x58e86b8bf2da - core::ops::function::FnOnce::call_once{{vtable.shim}}::h048ce291ad4f62bf
[INFO] [stdout]                                at /rustc/6067b36314ab5eb2eb47cecc464545ba58e1ad24/library/core/src/ops/function.rs:250:5
[INFO] [stdout]   42:     0x58e86bd28ebb - <alloc::boxed::Box<F,A> as core::ops::function::FnOnce<Args>>::call_once::ha52bedf99a3b4981
[INFO] [stdout]                                at /rustc/6067b36314ab5eb2eb47cecc464545ba58e1ad24/library/alloc/src/boxed.rs:2013:9
[INFO] [stdout]   43:     0x58e86bd28ebb - <alloc::boxed::Box<F,A> as core::ops::function::FnOnce<Args>>::call_once::h567748934d80ccf8
[INFO] [stdout]                                at /rustc/6067b36314ab5eb2eb47cecc464545ba58e1ad24/library/alloc/src/boxed.rs:2013:9
[INFO] [stdout]   44:     0x58e86bd28ebb - std::sys::pal::unix::thread::Thread::new::thread_start::h2d970728ae887adc
[INFO] [stdout]                                at /rustc/6067b36314ab5eb2eb47cecc464545ba58e1ad24/library/std/src/sys/pal/unix/thread.rs:106:17
[INFO] [stdout]   45:     0x7663165ccac3 - <unknown>
[INFO] [stdout]   46:     0x76631665da04 - clone
[INFO] [stdout]   47:                0x0 - <unknown>
[INFO] [stdout] 
[INFO] [stdout] ---- introspection::primarykey::tests::test_introspect_primary_keys stdout ----
[INFO] [stdout] 
[INFO] [stdout] thread 'introspection::primarykey::tests::test_introspect_primary_keys' panicked at src/util/test.rs:9:47:
[INFO] [stdout] called `Result::unwrap()` on an `Err` value: Error { kind: Connect, cause: Some(Os { code: 111, kind: ConnectionRefused, message: "Connection refused" }) }
[INFO] [stdout] stack backtrace:
[INFO] [stdout]    0:     0x58e86bd22b9a - std::backtrace_rs::backtrace::libunwind::trace::hb059275cfc8d6126
[INFO] [stdout]                                at /rustc/6067b36314ab5eb2eb47cecc464545ba58e1ad24/library/std/src/../../backtrace/src/backtrace/libunwind.rs:116:5
[INFO] [stdout]    1:     0x58e86bd22b9a - std::backtrace_rs::backtrace::trace_unsynchronized::h2da071e4327ce3ee
[INFO] [stdout]                                at /rustc/6067b36314ab5eb2eb47cecc464545ba58e1ad24/library/std/src/../../backtrace/src/backtrace/mod.rs:66:5
[INFO] [stdout]    2:     0x58e86bd22b9a - std::sys::backtrace::_print_fmt::h842a1474e6f8d23f
[INFO] [stdout]                                at /rustc/6067b36314ab5eb2eb47cecc464545ba58e1ad24/library/std/src/sys/backtrace.rs:66:9
[INFO] [stdout]    3:     0x58e86bd22b9a - <std::sys::backtrace::BacktraceLock::print::DisplayBacktrace as core::fmt::Display>::fmt::h71a62eb3b9696b12
[INFO] [stdout]                                at /rustc/6067b36314ab5eb2eb47cecc464545ba58e1ad24/library/std/src/sys/backtrace.rs:39:26
[INFO] [stdout]    4:     0x58e86bd4e933 - core::fmt::rt::Argument::fmt::hdb6b616786b41dc1
[INFO] [stdout]                                at /rustc/6067b36314ab5eb2eb47cecc464545ba58e1ad24/library/core/src/fmt/rt.rs:177:76
[INFO] [stdout]    5:     0x58e86bd4e933 - core::fmt::write::h2cc1698af7e2d686
[INFO] [stdout]                                at /rustc/6067b36314ab5eb2eb47cecc464545ba58e1ad24/library/core/src/fmt/mod.rs:1440:21
[INFO] [stdout]    6:     0x58e86bd1ec13 - std::io::Write::write_fmt::hab1b4cd059a79022
[INFO] [stdout]                                at /rustc/6067b36314ab5eb2eb47cecc464545ba58e1ad24/library/std/src/io/mod.rs:1887:15
[INFO] [stdout]    7:     0x58e86bd229e2 - std::sys::backtrace::BacktraceLock::print::h147fe35b4ea13b08
[INFO] [stdout]                                at /rustc/6067b36314ab5eb2eb47cecc464545ba58e1ad24/library/std/src/sys/backtrace.rs:42:9
[INFO] [stdout]    8:     0x58e86bd23fbf - std::panicking::default_hook::{{closure}}::hbd44223dbdc0d208
[INFO] [stdout]                                at /rustc/6067b36314ab5eb2eb47cecc464545ba58e1ad24/library/std/src/panicking.rs:298:22
[INFO] [stdout]    9:     0x58e86bd23dd8 - std::panicking::default_hook::h20f81eb0576efcec
[INFO] [stdout]                                at /rustc/6067b36314ab5eb2eb47cecc464545ba58e1ad24/library/std/src/panicking.rs:322:9
[INFO] [stdout]   10:     0x58e86b8f4283 - <alloc::boxed::Box<F,A> as core::ops::function::Fn<Args>>::call::hdb53814c496a4d34
[INFO] [stdout]                                at /rustc/6067b36314ab5eb2eb47cecc464545ba58e1ad24/library/alloc/src/boxed.rs:2027:9
[INFO] [stdout]   11:     0x58e86b8f4283 - test::test_main::{{closure}}::hc0a4963c59427c24
[INFO] [stdout]                                at /rustc/6067b36314ab5eb2eb47cecc464545ba58e1ad24/library/test/src/lib.rs:134:21
[INFO] [stdout]   12:     0x58e86bd24ab3 - <alloc::boxed::Box<F,A> as core::ops::function::Fn<Args>>::call::h591b2225413a77e9
[INFO] [stdout]                                at /rustc/6067b36314ab5eb2eb47cecc464545ba58e1ad24/library/alloc/src/boxed.rs:2027:9
[INFO] [stdout]   13:     0x58e86bd24ab3 - std::panicking::rust_panic_with_hook::h625eea43051b2edc
[INFO] [stdout]                                at /rustc/6067b36314ab5eb2eb47cecc464545ba58e1ad24/library/std/src/panicking.rs:839:13
[INFO] [stdout]   14:     0x58e86bd2476a - std::panicking::begin_panic_handler::{{closure}}::h4f9159cfbc3f6bd3
[INFO] [stdout]                                at /rustc/6067b36314ab5eb2eb47cecc464545ba58e1ad24/library/std/src/panicking.rs:704:13
[INFO] [stdout]   15:     0x58e86bd23099 - std::sys::backtrace::__rust_end_short_backtrace::h0390abce48353151
[INFO] [stdout]                                at /rustc/6067b36314ab5eb2eb47cecc464545ba58e1ad24/library/std/src/sys/backtrace.rs:168:18
[INFO] [stdout]   16:     0x58e86bd243fd - rust_begin_unwind
[INFO] [stdout]                                at /rustc/6067b36314ab5eb2eb47cecc464545ba58e1ad24/library/std/src/panicking.rs:695:5
[INFO] [stdout]   17:     0x58e86bd4c620 - core::panicking::panic_fmt::h9e7c637e9e5f29c9
[INFO] [stdout]                                at /rustc/6067b36314ab5eb2eb47cecc464545ba58e1ad24/library/core/src/panicking.rs:75:14
[INFO] [stdout]   18:     0x58e86bd4caf6 - core::result::unwrap_failed::h7979f09313fe1849
[INFO] [stdout]                                at /rustc/6067b36314ab5eb2eb47cecc464545ba58e1ad24/library/core/src/result.rs:1704:5
[INFO] [stdout]   19:     0x58e86b84ae3c - core::result::Result<T,E>::unwrap::h43c83558d3631873
[INFO] [stdout]                                at /rustc/6067b36314ab5eb2eb47cecc464545ba58e1ad24/library/core/src/result.rs:1109:23
[INFO] [stdout]   20:     0x58e86b84ae3c - podo::util::test::get_test_connection::hae225249ad919e36
[INFO] [stdout]                                at /opt/rustwide/workdir/src/util/test.rs:9:5
[INFO] [stdout]   21:     0x58e86b8969ec - podo::introspection::primarykey::tests::test_introspect_primary_keys::he8bf09a4b607ca04
[INFO] [stdout]                                at /opt/rustwide/workdir/src/introspection/primarykey.rs:45:24
[INFO] [stdout]   22:     0x58e86b8969b7 - podo::introspection::primarykey::tests::test_introspect_primary_keys::{{closure}}::he0bf6c10ed2e284d
[INFO] [stdout]                                at /opt/rustwide/workdir/src/introspection/primarykey.rs:44:38
[INFO] [stdout]   23:     0x58e86b828fb6 - core::ops::function::FnOnce::call_once::h19c4fdd35a815748
[INFO] [stdout]                                at /rustc/6067b36314ab5eb2eb47cecc464545ba58e1ad24/library/core/src/ops/function.rs:250:5
[INFO] [stdout]   24:     0x58e86b8f99db - core::ops::function::FnOnce::call_once::he27718dfdd183f43
[INFO] [stdout]                                at /rustc/6067b36314ab5eb2eb47cecc464545ba58e1ad24/library/core/src/ops/function.rs:250:5
[INFO] [stdout]   25:     0x58e86b8f99db - test::__rust_begin_short_backtrace::h4e84902998457a5d
[INFO] [stdout]                                at /rustc/6067b36314ab5eb2eb47cecc464545ba58e1ad24/library/test/src/lib.rs:632:18
[INFO] [stdout]   26:     0x58e86b8f8913 - test::run_test_in_process::{{closure}}::h7176fd18fc1feca0
[INFO] [stdout]                                at /rustc/6067b36314ab5eb2eb47cecc464545ba58e1ad24/library/test/src/lib.rs:655:60
[INFO] [stdout]   27:     0x58e86b8f8913 - <core::panic::unwind_safe::AssertUnwindSafe<F> as core::ops::function::FnOnce<()>>::call_once::hf79cff2a624d8cf7
[INFO] [stdout]                                at /rustc/6067b36314ab5eb2eb47cecc464545ba58e1ad24/library/core/src/panic/unwind_safe.rs:272:9
[INFO] [stdout]   28:     0x58e86b8f8913 - std::panicking::try::do_call::h3da0561d9ab99c25
[INFO] [stdout]                                at /rustc/6067b36314ab5eb2eb47cecc464545ba58e1ad24/library/std/src/panicking.rs:587:40
[INFO] [stdout]   29:     0x58e86b8f8913 - std::panicking::try::h41c9fa508bc61df6
[INFO] [stdout]                                at /rustc/6067b36314ab5eb2eb47cecc464545ba58e1ad24/library/std/src/panicking.rs:550:19
[INFO] [stdout]   30:     0x58e86b8f8913 - std::panic::catch_unwind::h6b3ff07bb5afad93
[INFO] [stdout]                                at /rustc/6067b36314ab5eb2eb47cecc464545ba58e1ad24/library/std/src/panic.rs:358:14
[INFO] [stdout]   31:     0x58e86b8f8913 - test::run_test_in_process::hc7253dd11b39b9f4
[INFO] [stdout]                                at /rustc/6067b36314ab5eb2eb47cecc464545ba58e1ad24/library/test/src/lib.rs:655:27
[INFO] [stdout]   32:     0x58e86b8f8913 - test::run_test::{{closure}}::hfb2007f8649c30bb
[INFO] [stdout]                                at /rustc/6067b36314ab5eb2eb47cecc464545ba58e1ad24/library/test/src/lib.rs:576:43
[INFO] [stdout]   33:     0x58e86b8bb9f5 - test::run_test::{{closure}}::h56a17aa7a282a9f4
[INFO] [stdout]                                at /rustc/6067b36314ab5eb2eb47cecc464545ba58e1ad24/library/test/src/lib.rs:606:41
[INFO] [stdout]   34:     0x58e86b8bb9f5 - std::sys::backtrace::__rust_begin_short_backtrace::hd2d2d2fb8e8c6aac
[INFO] [stdout]                                at /rustc/6067b36314ab5eb2eb47cecc464545ba58e1ad24/library/std/src/sys/backtrace.rs:152:18
[INFO] [stdout]   35:     0x58e86b8bf2da - std::thread::Builder::spawn_unchecked_::{{closure}}::{{closure}}::h4faa3f9db6133423
[INFO] [stdout]                                at /rustc/6067b36314ab5eb2eb47cecc464545ba58e1ad24/library/std/src/thread/mod.rs:559:17
[INFO] [stdout]   36:     0x58e86b8bf2da - <core::panic::unwind_safe::AssertUnwindSafe<F> as core::ops::function::FnOnce<()>>::call_once::hf2e855a36a4ea846
[INFO] [stdout]                                at /rustc/6067b36314ab5eb2eb47cecc464545ba58e1ad24/library/core/src/panic/unwind_safe.rs:272:9
[INFO] [stdout]   37:     0x58e86b8bf2da - std::panicking::try::do_call::h2f73af3616c35465
[INFO] [stdout]                                at /rustc/6067b36314ab5eb2eb47cecc464545ba58e1ad24/library/std/src/panicking.rs:587:40
[INFO] [stdout]   38:     0x58e86b8bf2da - std::panicking::try::hd1660ce9efadef5a
[INFO] [stdout]                                at /rustc/6067b36314ab5eb2eb47cecc464545ba58e1ad24/library/std/src/panicking.rs:550:19
[INFO] [stdout]   39:     0x58e86b8bf2da - std::panic::catch_unwind::h5ee8d7823b8ca744
[INFO] [stdout]                                at /rustc/6067b36314ab5eb2eb47cecc464545ba58e1ad24/library/std/src/panic.rs:358:14
[INFO] [stdout]   40:     0x58e86b8bf2da - std::thread::Builder::spawn_unchecked_::{{closure}}::h53c3a1894dce8407
[INFO] [stdout]                                at /rustc/6067b36314ab5eb2eb47cecc464545ba58e1ad24/library/std/src/thread/mod.rs:557:30
[INFO] [stdout]   41:     0x58e86b8bf2da - core::ops::function::FnOnce::call_once{{vtable.shim}}::h048ce291ad4f62bf
[INFO] [stdout]                                at /rustc/6067b36314ab5eb2eb47cecc464545ba58e1ad24/library/core/src/ops/function.rs:250:5
[INFO] [stdout]   42:     0x58e86bd28ebb - <alloc::boxed::Box<F,A> as core::ops::function::FnOnce<Args>>::call_once::ha52bedf99a3b4981
[INFO] [stdout]                                at /rustc/6067b36314ab5eb2eb47cecc464545ba58e1ad24/library/alloc/src/boxed.rs:2013:9
[INFO] [stdout]   43:     0x58e86bd28ebb - <alloc::boxed::Box<F,A> as core::ops::function::FnOnce<Args>>::call_once::h567748934d80ccf8
[INFO] [stdout]                                at /rustc/6067b36314ab5eb2eb47cecc464545ba58e1ad24/library/alloc/src/boxed.rs:2013:9
[INFO] [stdout]   44:     0x58e86bd28ebb - std::sys::pal::unix::thread::Thread::new::thread_start::h2d970728ae887adc
[INFO] [stdout]                                at /rustc/6067b36314ab5eb2eb47cecc464545ba58e1ad24/library/std/src/sys/pal/unix/thread.rs:106:17
[INFO] [stdout]   45:     0x7663165ccac3 - <unknown>
[INFO] [stdout]   46:     0x76631665da04 - clone
[INFO] [stdout]   47:                0x0 - <unknown>
[INFO] [stdout] 
[INFO] [stdout] ---- introspection::index::tests::test_introspect_indexes stdout ----
[INFO] [stdout] 
[INFO] [stdout] thread 'introspection::index::tests::test_introspect_indexes' panicked at src/util/test.rs:9:47:
[INFO] [stdout] called `Result::unwrap()` on an `Err` value: Error { kind: Connect, cause: Some(Os { code: 111, kind: ConnectionRefused, message: "Connection refused" }) }
[INFO] [stdout] stack backtrace:
[INFO] [stdout]    0:     0x58e86bd22b9a - std::backtrace_rs::backtrace::libunwind::trace::hb059275cfc8d6126
[INFO] [stdout]                                at /rustc/6067b36314ab5eb2eb47cecc464545ba58e1ad24/library/std/src/../../backtrace/src/backtrace/libunwind.rs:116:5
[INFO] [stdout]    1:     0x58e86bd22b9a - std::backtrace_rs::backtrace::trace_unsynchronized::h2da071e4327ce3ee
[INFO] [stdout]                                at /rustc/6067b36314ab5eb2eb47cecc464545ba58e1ad24/library/std/src/../../backtrace/src/backtrace/mod.rs:66:5
[INFO] [stdout]    2:     0x58e86bd22b9a - std::sys::backtrace::_print_fmt::h842a1474e6f8d23f
[INFO] [stdout]                                at /rustc/6067b36314ab5eb2eb47cecc464545ba58e1ad24/library/std/src/sys/backtrace.rs:66:9
[INFO] [stdout]    3:     0x58e86bd22b9a - <std::sys::backtrace::BacktraceLock::print::DisplayBacktrace as core::fmt::Display>::fmt::h71a62eb3b9696b12
[INFO] [stdout]                                at /rustc/6067b36314ab5eb2eb47cecc464545ba58e1ad24/library/std/src/sys/backtrace.rs:39:26
[INFO] [stdout]    4:     0x58e86bd4e933 - core::fmt::rt::Argument::fmt::hdb6b616786b41dc1
[INFO] [stdout]                                at /rustc/6067b36314ab5eb2eb47cecc464545ba58e1ad24/library/core/src/fmt/rt.rs:177:76
[INFO] [stdout]    5:     0x58e86bd4e933 - core::fmt::write::h2cc1698af7e2d686
[INFO] [stdout]                                at /rustc/6067b36314ab5eb2eb47cecc464545ba58e1ad24/library/core/src/fmt/mod.rs:1440:21
[INFO] [stdout]    6:     0x58e86bd1ec13 - std::io::Write::write_fmt::hab1b4cd059a79022
[INFO] [stdout]                                at /rustc/6067b36314ab5eb2eb47cecc464545ba58e1ad24/library/std/src/io/mod.rs:1887:15
[INFO] [stdout]    7:     0x58e86bd229e2 - std::sys::backtrace::BacktraceLock::print::h147fe35b4ea13b08
[INFO] [stdout]                                at /rustc/6067b36314ab5eb2eb47cecc464545ba58e1ad24/library/std/src/sys/backtrace.rs:42:9
[INFO] [stdout]    8:     0x58e86bd23fbf - std::panicking::default_hook::{{closure}}::hbd44223dbdc0d208
[INFO] [stdout]                                at /rustc/6067b36314ab5eb2eb47cecc464545ba58e1ad24/library/std/src/panicking.rs:298:22
[INFO] [stdout]    9:     0x58e86bd23dd8 - std::panicking::default_hook::h20f81eb0576efcec
[INFO] [stdout]                                at /rustc/6067b36314ab5eb2eb47cecc464545ba58e1ad24/library/std/src/panicking.rs:322:9
[INFO] [stdout]   10:     0x58e86b8f4283 - <alloc::boxed::Box<F,A> as core::ops::function::Fn<Args>>::call::hdb53814c496a4d34
[INFO] [stdout]                                at /rustc/6067b36314ab5eb2eb47cecc464545ba58e1ad24/library/alloc/src/boxed.rs:2027:9
[INFO] [stdout]   11:     0x58e86b8f4283 - test::test_main::{{closure}}::hc0a4963c59427c24
[INFO] [stdout]                                at /rustc/6067b36314ab5eb2eb47cecc464545ba58e1ad24/library/test/src/lib.rs:134:21
[INFO] [stdout]   12:     0x58e86bd24ab3 - <alloc::boxed::Box<F,A> as core::ops::function::Fn<Args>>::call::h591b2225413a77e9
[INFO] [stdout]                                at /rustc/6067b36314ab5eb2eb47cecc464545ba58e1ad24/library/alloc/src/boxed.rs:2027:9
[INFO] [stdout]   13:     0x58e86bd24ab3 - std::panicking::rust_panic_with_hook::h625eea43051b2edc
[INFO] [stdout]                                at /rustc/6067b36314ab5eb2eb47cecc464545ba58e1ad24/library/std/src/panicking.rs:839:13
[INFO] [stdout]   14:     0x58e86bd2476a - std::panicking::begin_panic_handler::{{closure}}::h4f9159cfbc3f6bd3
[INFO] [stdout]                                at /rustc/6067b36314ab5eb2eb47cecc464545ba58e1ad24/library/std/src/panicking.rs:704:13
[INFO] [stdout]   15:     0x58e86bd23099 - std::sys::backtrace::__rust_end_short_backtrace::h0390abce48353151
[INFO] [stdout]                                at /rustc/6067b36314ab5eb2eb47cecc464545ba58e1ad24/library/std/src/sys/backtrace.rs:168:18
[INFO] [stdout]   16:     0x58e86bd243fd - rust_begin_unwind
[INFO] [stdout]                                at /rustc/6067b36314ab5eb2eb47cecc464545ba58e1ad24/library/std/src/panicking.rs:695:5
[INFO] [stdout]   17:     0x58e86bd4c620 - core::panicking::panic_fmt::h9e7c637e9e5f29c9
[INFO] [stdout]                                at /rustc/6067b36314ab5eb2eb47cecc464545ba58e1ad24/library/core/src/panicking.rs:75:14
[INFO] [stdout]   18:     0x58e86bd4caf6 - core::result::unwrap_failed::h7979f09313fe1849
[INFO] [stdout]                                at /rustc/6067b36314ab5eb2eb47cecc464545ba58e1ad24/library/core/src/result.rs:1704:5
[INFO] [stdout]   19:     0x58e86b84ae3c - core::result::Result<T,E>::unwrap::h43c83558d3631873
[INFO] [stdout]                                at /rustc/6067b36314ab5eb2eb47cecc464545ba58e1ad24/library/core/src/result.rs:1109:23
[INFO] [stdout]   20:     0x58e86b84ae3c - podo::util::test::get_test_connection::hae225249ad919e36
[INFO] [stdout]                                at /opt/rustwide/workdir/src/util/test.rs:9:5
[INFO] [stdout]   21:     0x58e86b8956dc - podo::introspection::index::tests::test_introspect_indexes::h598b2190a1bc66c6
[INFO] [stdout]                                at /opt/rustwide/workdir/src/introspection/index.rs:46:24
[INFO] [stdout]   22:     0x58e86b8956a7 - podo::introspection::index::tests::test_introspect_indexes::{{closure}}::h358ac553cd2447a2
[INFO] [stdout]                                at /opt/rustwide/workdir/src/introspection/index.rs:45:33
[INFO] [stdout]   23:     0x58e86b829d46 - core::ops::function::FnOnce::call_once::hba0596990787c49c
[INFO] [stdout]                                at /rustc/6067b36314ab5eb2eb47cecc464545ba58e1ad24/library/core/src/ops/function.rs:250:5
[INFO] [stdout]   24:     0x58e86b8f99db - core::ops::function::FnOnce::call_once::he27718dfdd183f43
[INFO] [stdout]                                at /rustc/6067b36314ab5eb2eb47cecc464545ba58e1ad24/library/core/src/ops/function.rs:250:5
[INFO] [stdout]   25:     0x58e86b8f99db - test::__rust_begin_short_backtrace::h4e84902998457a5d
[INFO] [stdout]                                at /rustc/6067b36314ab5eb2eb47cecc464545ba58e1ad24/library/test/src/lib.rs:632:18
[INFO] [stdout]   26:     0x58e86b8f8913 - test::run_test_in_process::{{closure}}::h7176fd18fc1feca0
[INFO] [stdout]                                at /rustc/6067b36314ab5eb2eb47cecc464545ba58e1ad24/library/test/src/lib.rs:655:60
[INFO] [stdout]   27:     0x58e86b8f8913 - <core::panic::unwind_safe::AssertUnwindSafe<F> as core::ops::function::FnOnce<()>>::call_once::hf79cff2a624d8cf7
[INFO] [stdout]                                at /rustc/6067b36314ab5eb2eb47cecc464545ba58e1ad24/library/core/src/panic/unwind_safe.rs:272:9
[INFO] [stdout]   28:     0x58e86b8f8913 - std::panicking::try::do_call::h3da0561d9ab99c25
[INFO] [stdout]                                at /rustc/6067b36314ab5eb2eb47cecc464545ba58e1ad24/library/std/src/panicking.rs:587:40
[INFO] [stdout]   29:     0x58e86b8f8913 - std::panicking::try::h41c9fa508bc61df6
[INFO] [stdout]                                at /rustc/6067b36314ab5eb2eb47cecc464545ba58e1ad24/library/std/src/panicking.rs:550:19
[INFO] [stdout]   30:     0x58e86b8f8913 - std::panic::catch_unwind::h6b3ff07bb5afad93
[INFO] [stdout]                                at /rustc/6067b36314ab5eb2eb47cecc464545ba58e1ad24/library/std/src/panic.rs:358:14
[INFO] [stdout]   31:     0x58e86b8f8913 - test::run_test_in_process::hc7253dd11b39b9f4
[INFO] [stdout]                                at /rustc/6067b36314ab5eb2eb47cecc464545ba58e1ad24/library/test/src/lib.rs:655:27
[INFO] [stdout]   32:     0x58e86b8f8913 - test::run_test::{{closure}}::hfb2007f8649c30bb
[INFO] [stdout]                                at /rustc/6067b36314ab5eb2eb47cecc464545ba58e1ad24/library/test/src/lib.rs:576:43
[INFO] [stdout]   33:     0x58e86b8bb9f5 - test::run_test::{{closure}}::h56a17aa7a282a9f4
[INFO] [stdout]                                at /rustc/6067b36314ab5eb2eb47cecc464545ba58e1ad24/library/test/src/lib.rs:606:41
[INFO] [stdout]   34:     0x58e86b8bb9f5 - std::sys::backtrace::__rust_begin_short_backtrace::hd2d2d2fb8e8c6aac
[INFO] [stdout]                                at /rustc/6067b36314ab5eb2eb47cecc464545ba58e1ad24/library/std/src/sys/backtrace.rs:152:18
[INFO] [stdout]   35:     0x58e86b8bf2da - std::thread::Builder::spawn_unchecked_::{{closure}}::{{closure}}::h4faa3f9db6133423
[INFO] [stdout]                                at /rustc/6067b36314ab5eb2eb47cecc464545ba58e1ad24/library/std/src/thread/mod.rs:559:17
[INFO] [stdout]   36:     0x58e86b8bf2da - <core::panic::unwind_safe::AssertUnwindSafe<F> as core::ops::function::FnOnce<()>>::call_once::hf2e855a36a4ea846
[INFO] [stdout]                                at /rustc/6067b36314ab5eb2eb47cecc464545ba58e1ad24/library/core/src/panic/unwind_safe.rs:272:9
[INFO] [stdout]   37:     0x58e86b8bf2da - std::panicking::try::do_call::h2f73af3616c35465
[INFO] [stdout]                                at /rustc/6067b36314ab5eb2eb47cecc464545ba58e1ad24/library/std/src/panicking.rs:587:40
[INFO] [stdout]   38:     0x58e86b8bf2da - std::panicking::try::hd1660ce9efadef5a
[INFO] [stdout]                                at /rustc/6067b36314ab5eb2eb47cecc464545ba58e1ad24/library/std/src/panicking.rs:550:19
[INFO] [stdout]   39:     0x58e86b8bf2da - std::panic::catch_unwind::h5ee8d7823b8ca744
[INFO] [stdout]                                at /rustc/6067b36314ab5eb2eb47cecc464545ba58e1ad24/library/std/src/panic.rs:358:14
[INFO] [stdout]   40:     0x58e86b8bf2da - std::thread::Builder::spawn_unchecked_::{{closure}}::h53c3a1894dce8407
[INFO] [stdout]                                at /rustc/6067b36314ab5eb2eb47cecc464545ba58e1ad24/library/std/src/thread/mod.rs:557:30
[INFO] [stdout]   41:     0x58e86b8bf2da - core::ops::function::FnOnce::call_once{{vtable.shim}}::h048ce291ad4f62bf
[INFO] [stdout]                                at /rustc/6067b36314ab5eb2eb47cecc464545ba58e1ad24/library/core/src/ops/function.rs:250:5
[INFO] [stdout]   42:     0x58e86bd28ebb - <alloc::boxed::Box<F,A> as core::ops::function::FnOnce<Args>>::call_once::ha52bedf99a3b4981
[INFO] [stdout]                                at /rustc/6067b36314ab5eb2eb47cecc464545ba58e1ad24/library/alloc/src/boxed.rs:2013:9
[INFO] [stdout]   43:     0x58e86bd28ebb - <alloc::boxed::Box<F,A> as core::ops::function::FnOnce<Args>>::call_once::h567748934d80ccf8
[INFO] [stdout]                                at /rustc/6067b36314ab5eb2eb47cecc464545ba58e1ad24/library/alloc/src/boxed.rs:2013:9
[INFO] [stdout]   44:     0x58e86bd28ebb - std::sys::pal::unix::thread::Thread::new::thread_start::h2d970728ae887adc
[INFO] [stdout]                                at /rustc/6067b36314ab5eb2eb47cecc464545ba58e1ad24/library/std/src/sys/pal/unix/thread.rs:106:17
[INFO] [stdout]   45:     0x7663165ccac3 - <unknown>
[INFO] [stdout]   46:     0x76631665da04 - clone
[INFO] [stdout]   47:                0x0 - <unknown>
[INFO] [stdout] 
[INFO] [stdout] ---- introspection::check::tests::test_introspect_checks stdout ----
[INFO] [stdout] 
[INFO] [stdout] thread 'introspection::check::tests::test_introspect_checks' panicked at src/util/test.rs:9:47:
[INFO] [stdout] called `Result::unwrap()` on an `Err` value: Error { kind: Connect, cause: Some(Os { code: 111, kind: ConnectionRefused, message: "Connection refused" }) }
[INFO] [stdout] stack backtrace:
[INFO] [stdout]    0:     0x58e86bd22b9a - std::backtrace_rs::backtrace::libunwind::trace::hb059275cfc8d6126
[INFO] [stdout]                                at /rustc/6067b36314ab5eb2eb47cecc464545ba58e1ad24/library/std/src/../../backtrace/src/backtrace/libunwind.rs:116:5
[INFO] [stdout]    1:     0x58e86bd22b9a - std::backtrace_rs::backtrace::trace_unsynchronized::h2da071e4327ce3ee
[INFO] [stdout]                                at /rustc/6067b36314ab5eb2eb47cecc464545ba58e1ad24/library/std/src/../../backtrace/src/backtrace/mod.rs:66:5
[INFO] [stdout]    2:     0x58e86bd22b9a - std::sys::backtrace::_print_fmt::h842a1474e6f8d23f
[INFO] [stdout]                                at /rustc/6067b36314ab5eb2eb47cecc464545ba58e1ad24/library/std/src/sys/backtrace.rs:66:9
[INFO] [stdout]    3:     0x58e86bd22b9a - <std::sys::backtrace::BacktraceLock::print::DisplayBacktrace as core::fmt::Display>::fmt::h71a62eb3b9696b12
[INFO] [stdout]                                at /rustc/6067b36314ab5eb2eb47cecc464545ba58e1ad24/library/std/src/sys/backtrace.rs:39:26
[INFO] [stdout]    4:     0x58e86bd4e933 - core::fmt::rt::Argument::fmt::hdb6b616786b41dc1
[INFO] [stdout]                                at /rustc/6067b36314ab5eb2eb47cecc464545ba58e1ad24/library/core/src/fmt/rt.rs:177:76
[INFO] [stdout]    5:     0x58e86bd4e933 - core::fmt::write::h2cc1698af7e2d686
[INFO] [stdout]                                at /rustc/6067b36314ab5eb2eb47cecc464545ba58e1ad24/library/core/src/fmt/mod.rs:1440:21
[INFO] [stdout]    6:     0x58e86bd1ec13 - std::io::Write::write_fmt::hab1b4cd059a79022
[INFO] [stdout]                                at /rustc/6067b36314ab5eb2eb47cecc464545ba58e1ad24/library/std/src/io/mod.rs:1887:15
[INFO] [stdout]    7:     0x58e86bd229e2 - std::sys::backtrace::BacktraceLock::print::h147fe35b4ea13b08
[INFO] [stdout]                                at /rustc/6067b36314ab5eb2eb47cecc464545ba58e1ad24/library/std/src/sys/backtrace.rs:42:9
[INFO] [stdout]    8:     0x58e86bd23fbf - std::panicking::default_hook::{{closure}}::hbd44223dbdc0d208
[INFO] [stdout]                                at /rustc/6067b36314ab5eb2eb47cecc464545ba58e1ad24/library/std/src/panicking.rs:298:22
[INFO] [stdout]    9:     0x58e86bd23dd8 - std::panicking::default_hook::h20f81eb0576efcec
[INFO] [stdout]                                at /rustc/6067b36314ab5eb2eb47cecc464545ba58e1ad24/library/std/src/panicking.rs:322:9
[INFO] [stdout]   10:     0x58e86b8f4283 - <alloc::boxed::Box<F,A> as core::ops::function::Fn<Args>>::call::hdb53814c496a4d34
[INFO] [stdout]                                at /rustc/6067b36314ab5eb2eb47cecc464545ba58e1ad24/library/alloc/src/boxed.rs:2027:9
[INFO] [stdout]   11:     0x58e86b8f4283 - test::test_main::{{closure}}::hc0a4963c59427c24
[INFO] [stdout]                                at /rustc/6067b36314ab5eb2eb47cecc464545ba58e1ad24/library/test/src/lib.rs:134:21
[INFO] [stdout]   12:     0x58e86bd24ab3 - <alloc::boxed::Box<F,A> as core::ops::function::Fn<Args>>::call::h591b2225413a77e9
[INFO] [stdout]                                at /rustc/6067b36314ab5eb2eb47cecc464545ba58e1ad24/library/alloc/src/boxed.rs:2027:9
[INFO] [stdout]   13:     0x58e86bd24ab3 - std::panicking::rust_panic_with_hook::h625eea43051b2edc
[INFO] [stdout]                                at /rustc/6067b36314ab5eb2eb47cecc464545ba58e1ad24/library/std/src/panicking.rs:839:13
[INFO] [stdout]   14:     0x58e86bd2476a - std::panicking::begin_panic_handler::{{closure}}::h4f9159cfbc3f6bd3
[INFO] [stdout]                                at /rustc/6067b36314ab5eb2eb47cecc464545ba58e1ad24/library/std/src/panicking.rs:704:13
[INFO] [stdout]   15:     0x58e86bd23099 - std::sys::backtrace::__rust_end_short_backtrace::h0390abce48353151
[INFO] [stdout]                                at /rustc/6067b36314ab5eb2eb47cecc464545ba58e1ad24/library/std/src/sys/backtrace.rs:168:18
[INFO] [stdout]   16:     0x58e86bd243fd - rust_begin_unwind
[INFO] [stdout]                                at /rustc/6067b36314ab5eb2eb47cecc464545ba58e1ad24/library/std/src/panicking.rs:695:5
[INFO] [stdout]   17:     0x58e86bd4c620 - core::panicking::panic_fmt::h9e7c637e9e5f29c9
[INFO] [stdout]                                at /rustc/6067b36314ab5eb2eb47cecc464545ba58e1ad24/library/core/src/panicking.rs:75:14
[INFO] [stdout]   18:     0x58e86bd4caf6 - core::result::unwrap_failed::h7979f09313fe1849
[INFO] [stdout]                                at /rustc/6067b36314ab5eb2eb47cecc464545ba58e1ad24/library/core/src/result.rs:1704:5
[INFO] [stdout]   19:     0x58e86b84ae3c - core::result::Result<T,E>::unwrap::h43c83558d3631873
[INFO] [stdout]                                at /rustc/6067b36314ab5eb2eb47cecc464545ba58e1ad24/library/core/src/result.rs:1109:23
[INFO] [stdout]   20:     0x58e86b84ae3c - podo::util::test::get_test_connection::hae225249ad919e36
[INFO] [stdout]                                at /opt/rustwide/workdir/src/util/test.rs:9:5
[INFO] [stdout]   21:     0x58e86b893b8c - podo::introspection::check::tests::test_introspect_checks::h8a365d4534a93e54
[INFO] [stdout]                                at /opt/rustwide/workdir/src/introspection/check.rs:40:24
[INFO] [stdout]   22:     0x58e86b893b57 - podo::introspection::check::tests::test_introspect_checks::{{closure}}::hc939dd01345e0a46
[INFO] [stdout]                                at /opt/rustwide/workdir/src/introspection/check.rs:39:32
[INFO] [stdout]   23:     0x58e86b82a2c6 - core::ops::function::FnOnce::call_once::heaf35ca81146485b
[INFO] [stdout]                                at /rustc/6067b36314ab5eb2eb47cecc464545ba58e1ad24/library/core/src/ops/function.rs:250:5
[INFO] [stdout]   24:     0x58e86b8f99db - core::ops::function::FnOnce::call_once::he27718dfdd183f43
[INFO] [stdout]                                at /rustc/6067b36314ab5eb2eb47cecc464545ba58e1ad24/library/core/src/ops/function.rs:250:5
[INFO] [stdout]   25:     0x58e86b8f99db - test::__rust_begin_short_backtrace::h4e84902998457a5d
[INFO] [stdout]                                at /rustc/6067b36314ab5eb2eb47cecc464545ba58e1ad24/library/test/src/lib.rs:632:18
[INFO] [stdout]   26:     0x58e86b8f8913 - test::run_test_in_process::{{closure}}::h7176fd18fc1feca0
[INFO] [stdout]                                at /rustc/6067b36314ab5eb2eb47cecc464545ba58e1ad24/library/test/src/lib.rs:655:60
[INFO] [stdout]   27:     0x58e86b8f8913 - <core::panic::unwind_safe::AssertUnwindSafe<F> as core::ops::function::FnOnce<()>>::call_once::hf79cff2a624d8cf7
[INFO] [stdout]                                at /rustc/6067b36314ab5eb2eb47cecc464545ba58e1ad24/library/core/src/panic/unwind_safe.rs:272:9
[INFO] [stdout]   28:     0x58e86b8f8913 - std::panicking::try::do_call::h3da0561d9ab99c25
[INFO] [stdout]                                at /rustc/6067b36314ab5eb2eb47cecc464545ba58e1ad24/library/std/src/panicking.rs:587:40
[INFO] [stdout]   29:     0x58e86b8f8913 - std::panicking::try::h41c9fa508bc61df6
[INFO] [stdout]                                at /rustc/6067b36314ab5eb2eb47cecc464545ba58e1ad24/library/std/src/panicking.rs:550:19
[INFO] [stdout]   30:     0x58e86b8f8913 - std::panic::catch_unwind::h6b3ff07bb5afad93
[INFO] [stdout]                                at /rustc/6067b36314ab5eb2eb47cecc464545ba58e1ad24/library/std/src/panic.rs:358:14
[INFO] [stdout]   31:     0x58e86b8f8913 - test::run_test_in_process::hc7253dd11b39b9f4
[INFO] [stdout]                                at /rustc/6067b36314ab5eb2eb47cecc464545ba58e1ad24/library/test/src/lib.rs:655:27
[INFO] [stdout]   32:     0x58e86b8f8913 - test::run_test::{{closure}}::hfb2007f8649c30bb
[INFO] [stdout]                                at /rustc/6067b36314ab5eb2eb47cecc464545ba58e1ad24/library/test/src/lib.rs:576:43
[INFO] [stdout]   33:     0x58e86b8bb9f5 - test::run_test::{{closure}}::h56a17aa7a282a9f4
[INFO] [stdout]                                at /rustc/6067b36314ab5eb2eb47cecc464545ba58e1ad24/library/test/src/lib.rs:606:41
[INFO] [stdout]   34:     0x58e86b8bb9f5 - std::sys::backtrace::__rust_begin_short_backtrace::hd2d2d2fb8e8c6aac
[INFO] [stdout]                                at /rustc/6067b36314ab5eb2eb47cecc464545ba58e1ad24/library/std/src/sys/backtrace.rs:152:18
[INFO] [stdout]   35:     0x58e86b8bf2da - std::thread::Builder::spawn_unchecked_::{{closure}}::{{closure}}::h4faa3f9db6133423
[INFO] [stdout]                                at /rustc/6067b36314ab5eb2eb47cecc464545ba58e1ad24/library/std/src/thread/mod.rs:559:17
[INFO] [stdout]   36:     0x58e86b8bf2da - <core::panic::unwind_safe::AssertUnwindSafe<F> as core::ops::function::FnOnce<()>>::call_once::hf2e855a36a4ea846
[INFO] [stdout]                                at /rustc/6067b36314ab5eb2eb47cecc464545ba58e1ad24/library/core/src/panic/unwind_safe.rs:272:9
[INFO] [stdout]   37:     0x58e86b8bf2da - std::panicking::try::do_call::h2f73af3616c35465
[INFO] [stdout]                                at /rustc/6067b36314ab5eb2eb47cecc464545ba58e1ad24/library/std/src/panicking.rs:587:40
[INFO] [stdout]   38:     0x58e86b8bf2da - std::panicking::try::hd1660ce9efadef5a
[INFO] [stdout]                                at /rustc/6067b36314ab5eb2eb47cecc464545ba58e1ad24/library/std/src/panicking.rs:550:19
[INFO] [stdout]   39:     0x58e86b8bf2da - std::panic::catch_unwind::h5ee8d7823b8ca744
[INFO] [stdout]                                at /rustc/6067b36314ab5eb2eb47cecc464545ba58e1ad24/library/std/src/panic.rs:358:14
[INFO] [stdout]   40:     0x58e86b8bf2da - std::thread::Builder::spawn_unchecked_::{{closure}}::h53c3a1894dce8407
[INFO] [stdout]                                at /rustc/6067b36314ab5eb2eb47cecc464545ba58e1ad24/library/std/src/thread/mod.rs:557:30
[INFO] [stdout]   41:     0x58e86b8bf2da - core::ops::function::FnOnce::call_once{{vtable.shim}}::h048ce291ad4f62bf
[INFO] [stdout]                                at /rustc/6067b36314ab5eb2eb47cecc464545ba58e1ad24/library/core/src/ops/function.rs:250:5
[INFO] [stdout]   42:     0x58e86bd28ebb - <alloc::boxed::Box<F,A> as core::ops::function::FnOnce<Args>>::call_once::ha52bedf99a3b4981
[INFO] [stdout]                                at /rustc/6067b36314ab5eb2eb47cecc464545ba58e1ad24/library/alloc/src/boxed.rs:2013:9
[INFO] [stdout]   43:     0x58e86bd28ebb - <alloc::boxed::Box<F,A> as core::ops::function::FnOnce<Args>>::call_once::h567748934d80ccf8
[INFO] [stdout]                                at /rustc/6067b36314ab5eb2eb47cecc464545ba58e1ad24/library/alloc/src/boxed.rs:2013:9
[INFO] [stdout]   44:     0x58e86bd28ebb - std::sys::pal::unix::thread::Thread::new::thread_start::h2d970728ae887adc
[INFO] [stdout]                                at /rustc/6067b36314ab5eb2eb47cecc464545ba58e1ad24/library/std/src/sys/pal/unix/thread.rs:106:17
[INFO] [stdout]   45:     0x7663165ccac3 - <unknown>
[INFO] [stdout]   46:     0x76631665da04 - clone
[INFO] [stdout]   47:                0x0 - <unknown>
[INFO] [stdout] 
[INFO] [stdout] ---- introspection::unique::tests::test_introspect_uniques stdout ----
[INFO] [stdout] 
[INFO] [stdout] thread 'introspection::unique::tests::test_introspect_uniques' panicked at src/util/test.rs:9:47:
[INFO] [stdout] called `Result::unwrap()` on an `Err` value: Error { kind: Connect, cause: Some(Os { code: 111, kind: ConnectionRefused, message: "Connection refused" }) }
[INFO] [stdout] stack backtrace:
[INFO] [stdout]    0:     0x58e86bd22b9a - std::backtrace_rs::backtrace::libunwind::trace::hb059275cfc8d6126
[INFO] [stdout]                                at /rustc/6067b36314ab5eb2eb47cecc464545ba58e1ad24/library/std/src/../../backtrace/src/backtrace/libunwind.rs:116:5
[INFO] [stdout]    1:     0x58e86bd22b9a - std::backtrace_rs::backtrace::trace_unsynchronized::h2da071e4327ce3ee
[INFO] [stdout]                                at /rustc/6067b36314ab5eb2eb47cecc464545ba58e1ad24/library/std/src/../../backtrace/src/backtrace/mod.rs:66:5
[INFO] [stdout]    2:     0x58e86bd22b9a - std::sys::backtrace::_print_fmt::h842a1474e6f8d23f
[INFO] [stdout]                                at /rustc/6067b36314ab5eb2eb47cecc464545ba58e1ad24/library/std/src/sys/backtrace.rs:66:9
[INFO] [stdout]    3:     0x58e86bd22b9a - <std::sys::backtrace::BacktraceLock::print::DisplayBacktrace as core::fmt::Display>::fmt::h71a62eb3b9696b12
[INFO] [stdout]                                at /rustc/6067b36314ab5eb2eb47cecc464545ba58e1ad24/library/std/src/sys/backtrace.rs:39:26
[INFO] [stdout]    4:     0x58e86bd4e933 - core::fmt::rt::Argument::fmt::hdb6b616786b41dc1
[INFO] [stdout]                                at /rustc/6067b36314ab5eb2eb47cecc464545ba58e1ad24/library/core/src/fmt/rt.rs:177:76
[INFO] [stdout]    5:     0x58e86bd4e933 - core::fmt::write::h2cc1698af7e2d686
[INFO] [stdout]                                at /rustc/6067b36314ab5eb2eb47cecc464545ba58e1ad24/library/core/src/fmt/mod.rs:1440:21
[INFO] [stdout]    6:     0x58e86bd1ec13 - std::io::Write::write_fmt::hab1b4cd059a79022
[INFO] [stdout]                                at /rustc/6067b36314ab5eb2eb47cecc464545ba58e1ad24/library/std/src/io/mod.rs:1887:15
[INFO] [stdout]    7:     0x58e86bd229e2 - std::sys::backtrace::BacktraceLock::print::h147fe35b4ea13b08
[INFO] [stdout]                                at /rustc/6067b36314ab5eb2eb47cecc464545ba58e1ad24/library/std/src/sys/backtrace.rs:42:9
[INFO] [stdout]    8:     0x58e86bd23fbf - std::panicking::default_hook::{{closure}}::hbd44223dbdc0d208
[INFO] [stdout]                                at /rustc/6067b36314ab5eb2eb47cecc464545ba58e1ad24/library/std/src/panicking.rs:298:22
[INFO] [stdout]    9:     0x58e86bd23dd8 - std::panicking::default_hook::h20f81eb0576efcec
[INFO] [stdout]                                at /rustc/6067b36314ab5eb2eb47cecc464545ba58e1ad24/library/std/src/panicking.rs:322:9
[INFO] [stdout]   10:     0x58e86b8f4283 - <alloc::boxed::Box<F,A> as core::ops::function::Fn<Args>>::call::hdb53814c496a4d34
[INFO] [stdout]                                at /rustc/6067b36314ab5eb2eb47cecc464545ba58e1ad24/library/alloc/src/boxed.rs:2027:9
[INFO] [stdout]   11:     0x58e86b8f4283 - test::test_main::{{closure}}::hc0a4963c59427c24
[INFO] [stdout]                                at /rustc/6067b36314ab5eb2eb47cecc464545ba58e1ad24/library/test/src/lib.rs:134:21
[INFO] [stdout]   12:     0x58e86bd24ab3 - <alloc::boxed::Box<F,A> as core::ops::function::Fn<Args>>::call::h591b2225413a77e9
[INFO] [stdout]                                at /rustc/6067b36314ab5eb2eb47cecc464545ba58e1ad24/library/alloc/src/boxed.rs:2027:9
[INFO] [stdout]   13:     0x58e86bd24ab3 - std::panicking::rust_panic_with_hook::h625eea43051b2edc
[INFO] [stdout]                                at /rustc/6067b36314ab5eb2eb47cecc464545ba58e1ad24/library/std/src/panicking.rs:839:13
[INFO] [stdout]   14:     0x58e86bd2476a - std::panicking::begin_panic_handler::{{closure}}::h4f9159cfbc3f6bd3
[INFO] [stdout]                                at /rustc/6067b36314ab5eb2eb47cecc464545ba58e1ad24/library/std/src/panicking.rs:704:13
[INFO] [stdout]   15:     0x58e86bd23099 - std::sys::backtrace::__rust_end_short_backtrace::h0390abce48353151
[INFO] [stdout]                                at /rustc/6067b36314ab5eb2eb47cecc464545ba58e1ad24/library/std/src/sys/backtrace.rs:168:18
[INFO] [stdout]   16:     0x58e86bd243fd - rust_begin_unwind
[INFO] [stdout]                                at /rustc/6067b36314ab5eb2eb47cecc464545ba58e1ad24/library/std/src/panicking.rs:695:5
[INFO] [stdout]   17:     0x58e86bd4c620 - core::panicking::panic_fmt::h9e7c637e9e5f29c9
[INFO] [stdout]                                at /rustc/6067b36314ab5eb2eb47cecc464545ba58e1ad24/library/core/src/panicking.rs:75:14
[INFO] [stdout]   18:     0x58e86bd4caf6 - core::result::unwrap_failed::h7979f09313fe1849
[INFO] [stdout]                                at /rustc/6067b36314ab5eb2eb47cecc464545ba58e1ad24/library/core/src/result.rs:1704:5
[INFO] [stdout]   19:     0x58e86b84ae3c - core::result::Result<T,E>::unwrap::h43c83558d3631873
[INFO] [stdout]                                at /rustc/6067b36314ab5eb2eb47cecc464545ba58e1ad24/library/core/src/result.rs:1109:23
[INFO] [stdout]   20:     0x58e86b84ae3c - podo::util::test::get_test_connection::hae225249ad919e36
[INFO] [stdout]                                at /opt/rustwide/workdir/src/util/test.rs:9:5
[INFO] [stdout]   21:     0x58e86b82656c - podo::introspection::unique::tests::test_introspect_uniques::hbbfa79c40009a78a
[INFO] [stdout]                                at /opt/rustwide/workdir/src/introspection/unique.rs:45:24
[INFO] [stdout]   22:     0x58e86b826537 - podo::introspection::unique::tests::test_introspect_uniques::{{closure}}::h2c1805f9370be734
[INFO] [stdout]                                at /opt/rustwide/workdir/src/introspection/unique.rs:44:33
[INFO] [stdout]   23:     0x58e86b829c46 - core::ops::function::FnOnce::call_once::hb176247c379f70b9
[INFO] [stdout]                                at /rustc/6067b36314ab5eb2eb47cecc464545ba58e1ad24/library/core/src/ops/function.rs:250:5
[INFO] [stdout]   24:     0x58e86b8f99db - core::ops::function::FnOnce::call_once::he27718dfdd183f43
[INFO] [stdout]                                at /rustc/6067b36314ab5eb2eb47cecc464545ba58e1ad24/library/core/src/ops/function.rs:250:5
[INFO] [stdout]   25:     0x58e86b8f99db - test::__rust_begin_short_backtrace::h4e84902998457a5d
[INFO] [stdout]                                at /rustc/6067b36314ab5eb2eb47cecc464545ba58e1ad24/library/test/src/lib.rs:632:18
[INFO] [stdout]   26:     0x58e86b8f8913 - test::run_test_in_process::{{closure}}::h7176fd18fc1feca0
[INFO] [stdout]                                at /rustc/6067b36314ab5eb2eb47cecc464545ba58e1ad24/library/test/src/lib.rs:655:60
[INFO] [stdout]   27:     0x58e86b8f8913 - <core::panic::unwind_safe::AssertUnwindSafe<F> as core::ops::function::FnOnce<()>>::call_once::hf79cff2a624d8cf7
[INFO] [stdout]                                at /rustc/6067b36314ab5eb2eb47cecc464545ba58e1ad24/library/core/src/panic/unwind_safe.rs:272:9
[INFO] [stdout]   28:     0x58e86b8f8913 - std::panicking::try::do_call::h3da0561d9ab99c25
[INFO] [stdout]                                at /rustc/6067b36314ab5eb2eb47cecc464545ba58e1ad24/library/std/src/panicking.rs:587:40
[INFO] [stdout]   29:     0x58e86b8f8913 - std::panicking::try::h41c9fa508bc61df6
[INFO] [stdout]                                at /rustc/6067b36314ab5eb2eb47cecc464545ba58e1ad24/library/std/src/panicking.rs:550:19
[INFO] [stdout]   30:     0x58e86b8f8913 - std::panic::catch_unwind::h6b3ff07bb5afad93
[INFO] [stdout]                                at /rustc/6067b36314ab5eb2eb47cecc464545ba58e1ad24/library/std/src/panic.rs:358:14
[INFO] [stdout]   31:     0x58e86b8f8913 - test::run_test_in_process::hc7253dd11b39b9f4
[INFO] [stdout]                                at /rustc/6067b36314ab5eb2eb47cecc464545ba58e1ad24/library/test/src/lib.rs:655:27
[INFO] [stdout]   32:     0x58e86b8f8913 - test::run_test::{{closure}}::hfb2007f8649c30bb
[INFO] [stdout]                                at /rustc/6067b36314ab5eb2eb47cecc464545ba58e1ad24/library/test/src/lib.rs:576:43
[INFO] [stdout]   33:     0x58e86b8bb9f5 - test::run_test::{{closure}}::h56a17aa7a282a9f4
[INFO] [stdout]                                at /rustc/6067b36314ab5eb2eb47cecc464545ba58e1ad24/library/test/src/lib.rs:606:41
[INFO] [stdout]   34:     0x58e86b8bb9f5 - std::sys::backtrace::__rust_begin_short_backtrace::hd2d2d2fb8e8c6aac
[INFO] [stdout]                                at /rustc/6067b36314ab5eb2eb47cecc464545ba58e1ad24/library/std/src/sys/backtrace.rs:152:18
[INFO] [stdout]   35:     0x58e86b8bf2da - std::thread::Builder::spawn_unchecked_::{{closure}}::{{closure}}::h4faa3f9db6133423
[INFO] [stdout]                                at /rustc/6067b36314ab5eb2eb47cecc464545ba58e1ad24/library/std/src/thread/mod.rs:559:17
[INFO] [stdout]   36:     0x58e86b8bf2da - <core::panic::unwind_safe::AssertUnwindSafe<F> as core::ops::function::FnOnce<()>>::call_once::hf2e855a36a4ea846
[INFO] [stdout]                                at /rustc/6067b36314ab5eb2eb47cecc464545ba58e1ad24/library/core/src/panic/unwind_safe.rs:272:9
[INFO] [stdout]   37:     0x58e86b8bf2da - std::panicking::try::do_call::h2f73af3616c35465
[INFO] [stdout]                                at /rustc/6067b36314ab5eb2eb47cecc464545ba58e1ad24/library/std/src/panicking.rs:587:40
[INFO] [stdout]   38:     0x58e86b8bf2da - std::panicking::try::hd1660ce9efadef5a
[INFO] [stdout]                                at /rustc/6067b36314ab5eb2eb47cecc464545ba58e1ad24/library/std/src/panicking.rs:550:19
[INFO] [stdout]   39:     0x58e86b8bf2da - std::panic::catch_unwind::h5ee8d7823b8ca744
[INFO] [stdout]                                at /rustc/6067b36314ab5eb2eb47cecc464545ba58e1ad24/library/std/src/panic.rs:358:14
[INFO] [stdout]   40:     0x58e86b8bf2da - std::thread::Builder::spawn_unchecked_::{{closure}}::h53c3a1894dce8407
[INFO] [stdout]                                at /rustc/6067b36314ab5eb2eb47cecc464545ba58e1ad24/library/std/src/thread/mod.rs:557:30
[INFO] [stdout]   41:     0x58e86b8bf2da - core::ops::function::FnOnce::call_once{{vtable.shim}}::h048ce291ad4f62bf
[INFO] [stdout]                                at /rustc/6067b36314ab5eb2eb47cecc464545ba58e1ad24/library/core/src/ops/function.rs:250:5
[INFO] [stdout]   42:     0x58e86bd28ebb - <alloc::boxed::Box<F,A> as core::ops::function::FnOnce<Args>>::call_once::ha52bedf99a3b4981
[INFO] [stdout]                                at /rustc/6067b36314ab5eb2eb47cecc464545ba58e1ad24/library/alloc/src/boxed.rs:2013:9
[INFO] [stdout]   43:     0x58e86bd28ebb - <alloc::boxed::Box<F,A> as core::ops::function::FnOnce<Args>>::call_once::h567748934d80ccf8
[INFO] [stdout]                                at /rustc/6067b36314ab5eb2eb47cecc464545ba58e1ad24/library/alloc/src/boxed.rs:2013:9
[INFO] [stdout]   44:     0x58e86bd28ebb - std::sys::pal::unix::thread::Thread::new::thread_start::h2d970728ae887adc
[INFO] [stdout]                                at /rustc/6067b36314ab5eb2eb47cecc464545ba58e1ad24/library/std/src/sys/pal/unix/thread.rs:106:17
[INFO] [stdout]   45:     0x7663165ccac3 - <unknown>
[INFO] [stdout]   46:     0x76631665da04 - clone
[INFO] [stdout]   47:                0x0 - <unknown>
[INFO] [stdout] 
[INFO] [stdout] 
[INFO] [stdout] failures:
[INFO] [stdout]     introspection::check::tests::test_introspect_checks
[INFO] [stdout]     introspection::column::tests::test_introspect_columns
[INFO] [stdout]     introspection::foreignkey::tests::test_introspect_foreign_keys
[INFO] [stdout]     introspection::function::tests::test_introspect_functions
[INFO] [stdout]     introspection::index::tests::test_introspect_indexes
[INFO] [stdout]     introspection::primarykey::tests::test_introspect_primary_keys
[INFO] [stdout]     introspection::schema::tests::test_introspect_schemas
[INFO] [stdout]     introspection::sequence::tests::test_introspect_sequences
[INFO] [stdout]     introspection::table::tests::test_introspect_tables
[INFO] [stdout]     introspection::unique::tests::test_introspect_uniques
[INFO] [stdout]     introspection::view::tests::test_introspect_views
[INFO] [stdout] 
[INFO] [stdout] test result: FAILED. 41 passed; 11 failed; 0 ignored; 0 measured; 0 filtered out; finished in 0.36s
[INFO] [stdout] 
[INFO] running `Command { std: "docker" "inspect" "5a0b1cf02094b4b96de5c5f6d876f42141bf2a3f54cdb180f603ec783c091b49", kill_on_drop: false }`
[INFO] running `Command { std: "docker" "rm" "-f" "5a0b1cf02094b4b96de5c5f6d876f42141bf2a3f54cdb180f603ec783c091b49", kill_on_drop: false }`
[INFO] [stdout] 5a0b1cf02094b4b96de5c5f6d876f42141bf2a3f54cdb180f603ec783c091b49
