[INFO] fetching crate plotly 0.12.0...
[INFO] testing plotly-0.12.0 against nightly-2025-01-18+rustflags=-Zrandomize-layout for randomize-layout-2
[INFO] extracting crate plotly 0.12.0 into /workspace/builds/worker-2-tc2/source
[INFO] validating manifest of crates.io crate plotly 0.12.0 on toolchain nightly-2025-01-18
[INFO] running `Command { std: CARGO_HOME="/workspace/cargo-home" RUSTUP_HOME="/workspace/rustup-home" "/workspace/cargo-home/bin/cargo" "+nightly-2025-01-18" "metadata" "--manifest-path" "Cargo.toml" "--no-deps", kill_on_drop: false }`
[INFO] started tweaking crates.io crate plotly 0.12.0
[INFO] finished tweaking crates.io crate plotly 0.12.0
[INFO] tweaked toml for crates.io crate plotly 0.12.0 written to /workspace/builds/worker-2-tc2/source/Cargo.toml
[INFO] running `Command { std: CARGO_HOME="/workspace/cargo-home" RUSTUP_HOME="/workspace/rustup-home" "/workspace/cargo-home/bin/cargo" "+nightly-2025-01-18" "generate-lockfile" "--manifest-path" "Cargo.toml", kill_on_drop: false }`
[INFO] [stderr]     Updating crates.io index
[INFO] [stderr]      Locking 245 packages to latest compatible versions
[INFO] running `Command { std: CARGO_HOME="/workspace/cargo-home" RUSTUP_HOME="/workspace/rustup-home" "/workspace/cargo-home/bin/cargo" "+nightly-2025-01-18" "fetch" "--manifest-path" "Cargo.toml", kill_on_drop: false }`
[INFO] running `Command { std: "docker" "create" "-v" "/var/lib/crater-agent-workspace/builds/worker-2-tc2/target:/opt/rustwide/target:rw,Z" "-v" "/var/lib/crater-agent-workspace/builds/worker-2-tc2/source:/opt/rustwide/workdir:ro,Z" "-v" "/var/lib/crater-agent-workspace/cargo-home:/opt/rustwide/cargo-home:ro,Z" "-v" "/var/lib/crater-agent-workspace/rustup-home:/opt/rustwide/rustup-home:ro,Z" "-e" "SOURCE_DIR=/opt/rustwide/workdir" "-e" "CARGO_TARGET_DIR=/opt/rustwide/target" "-e" "CARGO_HOME=/opt/rustwide/cargo-home" "-e" "RUSTUP_HOME=/opt/rustwide/rustup-home" "-w" "/opt/rustwide/workdir" "-m" "1610612736" "--user" "0:0" "--network" "none" "ghcr.io/rust-lang/crates-build-env/linux@sha256:819108c5571ea2e421544af4d832f968d213c87fbe3707a016657f43d2f853bc" "/opt/rustwide/cargo-home/bin/cargo" "+nightly-2025-01-18" "metadata" "--no-deps" "--format-version=1", kill_on_drop: false }`
[INFO] [stdout] 8410f904a236765c0624ac3556e07f11e5f69ab99d172535a63b69ac56c8efdc
[INFO] running `Command { std: "docker" "start" "-a" "8410f904a236765c0624ac3556e07f11e5f69ab99d172535a63b69ac56c8efdc", kill_on_drop: false }`
[INFO] running `Command { std: "docker" "inspect" "8410f904a236765c0624ac3556e07f11e5f69ab99d172535a63b69ac56c8efdc", kill_on_drop: false }`
[INFO] running `Command { std: "docker" "rm" "-f" "8410f904a236765c0624ac3556e07f11e5f69ab99d172535a63b69ac56c8efdc", kill_on_drop: false }`
[INFO] [stdout] 8410f904a236765c0624ac3556e07f11e5f69ab99d172535a63b69ac56c8efdc
[INFO] running `Command { std: "docker" "create" "-v" "/var/lib/crater-agent-workspace/builds/worker-2-tc2/target:/opt/rustwide/target:rw,Z" "-v" "/var/lib/crater-agent-workspace/builds/worker-2-tc2/source:/opt/rustwide/workdir:ro,Z" "-v" "/var/lib/crater-agent-workspace/cargo-home:/opt/rustwide/cargo-home:ro,Z" "-v" "/var/lib/crater-agent-workspace/rustup-home:/opt/rustwide/rustup-home:ro,Z" "-e" "SOURCE_DIR=/opt/rustwide/workdir" "-e" "CARGO_TARGET_DIR=/opt/rustwide/target" "-e" "CARGO_INCREMENTAL=0" "-e" "RUST_BACKTRACE=full" "-e" "RUSTFLAGS=--cap-lints=forbid -Zrandomize-layout" "-e" "RUSTDOCFLAGS=--cap-lints=forbid" "-e" "CARGO_HOME=/opt/rustwide/cargo-home" "-e" "RUSTUP_HOME=/opt/rustwide/rustup-home" "-w" "/opt/rustwide/workdir" "-m" "1610612736" "--user" "0:0" "--network" "none" "ghcr.io/rust-lang/crates-build-env/linux@sha256:819108c5571ea2e421544af4d832f968d213c87fbe3707a016657f43d2f853bc" "/opt/rustwide/cargo-home/bin/cargo" "+nightly-2025-01-18" "build" "--frozen" "--message-format=json", kill_on_drop: false }`
[INFO] [stdout] fcd8a7606c19bcf685ed11f7caf5f5a317619489753dfb7742ced92082943e87
[INFO] running `Command { std: "docker" "start" "-a" "fcd8a7606c19bcf685ed11f7caf5f5a317619489753dfb7742ced92082943e87", kill_on_drop: false }`
[INFO] [stderr]    Compiling ident_case v1.0.1
[INFO] [stderr]    Compiling fnv v1.0.7
[INFO] [stderr]    Compiling strsim v0.11.1
[INFO] [stderr]    Compiling libc v0.2.169
[INFO] [stderr]    Compiling serde v1.0.217
[INFO] [stderr]    Compiling unicase v2.8.1
[INFO] [stderr]    Compiling libm v0.2.11
[INFO] [stderr]    Compiling minimal-lexical v0.2.1
[INFO] [stderr]    Compiling memchr v2.7.4
[INFO] [stderr]    Compiling serde_json v1.0.137
[INFO] [stderr]    Compiling typeid v1.0.2
[INFO] [stderr]    Compiling mime v0.3.17
[INFO] [stderr]    Compiling rustc-hash v2.1.0
[INFO] [stderr]    Compiling syn v2.0.96
[INFO] [stderr]    Compiling percent-encoding v2.3.1
[INFO] [stderr]    Compiling dyn-clone v1.0.17
[INFO] [stderr]    Compiling mime_guess v2.0.5
[INFO] [stderr]    Compiling nom v7.1.3
[INFO] [stderr]    Compiling humansize v2.1.3
[INFO] [stderr]    Compiling getrandom v0.2.15
[INFO] [stderr]    Compiling rand_core v0.6.4
[INFO] [stderr]    Compiling darling_core v0.20.10
[INFO] [stderr]    Compiling serde_derive v1.0.217
[INFO] [stderr]    Compiling zerocopy-derive v0.7.35
[INFO] [stderr]    Compiling serde_repr v0.1.19
[INFO] [stderr]    Compiling zerocopy v0.7.35
[INFO] [stderr]    Compiling ppv-lite86 v0.2.20
[INFO] [stderr]    Compiling darling_macro v0.20.10
[INFO] [stderr]    Compiling darling v0.20.10
[INFO] [stderr]    Compiling serde_with_macros v3.12.0
[INFO] [stderr]    Compiling plotly_derive v0.12.1
[INFO] [stderr]    Compiling rand_chacha v0.3.1
[INFO] [stderr]    Compiling rand v0.8.5
[INFO] [stderr]    Compiling basic-toml v0.1.9
[INFO] [stderr]    Compiling rinja_parser v0.3.5
[INFO] [stderr]    Compiling serde_with v3.12.0
[INFO] [stderr]    Compiling erased-serde v0.4.5
[INFO] [stderr]    Compiling rinja_derive v0.3.5
[INFO] [stderr]    Compiling rinja v0.3.5
[INFO] [stderr]    Compiling plotly v0.12.0 (/opt/rustwide/workdir)
[INFO] [stderr]     Finished `dev` profile [unoptimized + debuginfo] target(s) in 26.16s
[INFO] running `Command { std: "docker" "inspect" "fcd8a7606c19bcf685ed11f7caf5f5a317619489753dfb7742ced92082943e87", kill_on_drop: false }`
[INFO] running `Command { std: "docker" "rm" "-f" "fcd8a7606c19bcf685ed11f7caf5f5a317619489753dfb7742ced92082943e87", kill_on_drop: false }`
[INFO] [stdout] fcd8a7606c19bcf685ed11f7caf5f5a317619489753dfb7742ced92082943e87
[INFO] running `Command { std: "docker" "create" "-v" "/var/lib/crater-agent-workspace/builds/worker-2-tc2/target:/opt/rustwide/target:rw,Z" "-v" "/var/lib/crater-agent-workspace/builds/worker-2-tc2/source:/opt/rustwide/workdir:ro,Z" "-v" "/var/lib/crater-agent-workspace/cargo-home:/opt/rustwide/cargo-home:ro,Z" "-v" "/var/lib/crater-agent-workspace/rustup-home:/opt/rustwide/rustup-home:ro,Z" "-e" "SOURCE_DIR=/opt/rustwide/workdir" "-e" "CARGO_TARGET_DIR=/opt/rustwide/target" "-e" "CARGO_INCREMENTAL=0" "-e" "RUST_BACKTRACE=full" "-e" "RUSTFLAGS=--cap-lints=forbid -Zrandomize-layout" "-e" "RUSTDOCFLAGS=--cap-lints=forbid" "-e" "CARGO_HOME=/opt/rustwide/cargo-home" "-e" "RUSTUP_HOME=/opt/rustwide/rustup-home" "-w" "/opt/rustwide/workdir" "-m" "1610612736" "--user" "0:0" "--network" "none" "ghcr.io/rust-lang/crates-build-env/linux@sha256:819108c5571ea2e421544af4d832f968d213c87fbe3707a016657f43d2f853bc" "/opt/rustwide/cargo-home/bin/cargo" "+nightly-2025-01-18" "test" "--frozen" "--no-run" "--message-format=json", kill_on_drop: false }`
[INFO] [stdout] 320a6bcc88a888bf6079438275faafebff650e316baa2162dcb2553696b5e69d
[INFO] running `Command { std: "docker" "start" "-a" "320a6bcc88a888bf6079438275faafebff650e316baa2162dcb2553696b5e69d", kill_on_drop: false }`
[INFO] [stderr]    Compiling crossbeam-utils v0.8.21
[INFO] [stderr]    Compiling rayon-core v1.12.1
[INFO] [stderr]    Compiling either v1.13.0
[INFO] [stderr]    Compiling num-traits v0.2.19
[INFO] [stderr]    Compiling adler2 v2.0.0
[INFO] [stderr]    Compiling paste v1.0.15
[INFO] [stderr]    Compiling built v0.7.5
[INFO] [stderr]    Compiling aligned-vec v0.5.0
[INFO] [stderr]    Compiling arrayvec v0.7.6
[INFO] [stderr]    Compiling thiserror v1.0.69
[INFO] [stderr]    Compiling minimal-lexical v0.2.1
[INFO] [stderr]    Compiling profiling-procmacros v1.0.16
[INFO] [stderr]    Compiling thiserror-impl v1.0.69
[INFO] [stderr]    Compiling crc32fast v1.4.2
[INFO] [stderr]    Compiling log v0.4.25
[INFO] [stderr]    Compiling rand_chacha v0.3.1
[INFO] [stderr]    Compiling miniz_oxide v0.8.3
[INFO] [stderr]    Compiling num-derive v0.4.2
[INFO] [stderr]    Compiling arg_enum_proc_macro v0.3.4
[INFO] [stderr]    Compiling simd_helpers v0.1.0
[INFO] [stderr]    Compiling matrixmultiply v0.3.9
[INFO] [stderr]    Compiling new_debug_unreachable v1.0.6
[INFO] [stderr]    Compiling nom v7.1.3
[INFO] [stderr]    Compiling quick-error v2.0.1
[INFO] [stderr]    Compiling itertools v0.12.1
[INFO] [stderr]    Compiling weezl v0.1.8
[INFO] [stderr]    Compiling bitstream-io v2.6.0
[INFO] [stderr]    Compiling profiling v1.0.16
[INFO] [stderr]    Compiling noop_proc_macro v0.3.0
[INFO] [stderr]    Compiling imgref v1.11.0
[INFO] [stderr]    Compiling rav1e v0.7.1
[INFO] [stderr]    Compiling rand v0.8.5
[INFO] [stderr]    Compiling avif-serialize v0.8.2
[INFO] [stderr]    Compiling fdeflate v0.3.7
[INFO] [stderr]    Compiling crossbeam-epoch v0.9.18
[INFO] [stderr]    Compiling half v2.4.1
[INFO] [stderr]    Compiling loop9 v0.1.5
[INFO] [stderr]    Compiling rgb v0.8.50
[INFO] [stderr]    Compiling crossbeam-deque v0.8.6
[INFO] [stderr]    Compiling jpeg-decoder v0.3.1
[INFO] [stderr]    Compiling bytemuck v1.21.0
[INFO] [stderr]    Compiling zune-core v0.4.12
[INFO] [stderr]    Compiling flate2 v1.0.35
[INFO] [stderr]    Compiling rawpointer v0.2.1
[INFO] [stderr]    Compiling smallvec v1.13.2
[INFO] [stderr]    Compiling byteorder-lite v0.1.0
[INFO] [stderr]    Compiling gif v0.13.1
[INFO] [stderr]    Compiling rayon v1.10.0
[INFO] [stderr]    Compiling png v0.17.16
[INFO] [stderr]    Compiling exr v1.73.0
[INFO] [stderr]    Compiling qoi v0.4.1
[INFO] [stderr]    Compiling image-webp v0.2.1
[INFO] [stderr]    Compiling zune-jpeg v0.4.14
[INFO] [stderr]    Compiling csv-core v0.1.11
[INFO] [stderr]    Compiling itertools v0.14.0
[INFO] [stderr]    Compiling num-integer v0.1.46
[INFO] [stderr]    Compiling v_frame v0.3.8
[INFO] [stderr]    Compiling num-complex v0.4.6
[INFO] [stderr]    Compiling tiff v0.9.1
[INFO] [stderr]    Compiling itertools-num v0.1.3
[INFO] [stderr]    Compiling rand_distr v0.4.3
[INFO] [stderr]    Compiling csv v1.3.1
[INFO] [stderr]    Compiling base64 v0.22.1
[INFO] [stderr]    Compiling plotly v0.12.0 (/opt/rustwide/workdir)
[INFO] [stderr]    Compiling num-bigint v0.4.6
[INFO] [stderr]    Compiling ndarray v0.16.1
[INFO] [stderr]    Compiling maybe-rayon v0.1.1
[INFO] [stderr]    Compiling num-rational v0.4.2
[INFO] [stderr]    Compiling av1-grain v0.2.3
[INFO] [stderr]    Compiling ravif v0.11.11
[INFO] [stderr]    Compiling image v0.25.5
[INFO] [stderr]     Finished `test` profile [unoptimized + debuginfo] target(s) in 46.19s
[INFO] running `Command { std: "docker" "inspect" "320a6bcc88a888bf6079438275faafebff650e316baa2162dcb2553696b5e69d", kill_on_drop: false }`
[INFO] running `Command { std: "docker" "rm" "-f" "320a6bcc88a888bf6079438275faafebff650e316baa2162dcb2553696b5e69d", kill_on_drop: false }`
[INFO] [stdout] 320a6bcc88a888bf6079438275faafebff650e316baa2162dcb2553696b5e69d
[INFO] running `Command { std: "docker" "create" "-v" "/var/lib/crater-agent-workspace/builds/worker-2-tc2/target:/opt/rustwide/target:rw,Z" "-v" "/var/lib/crater-agent-workspace/builds/worker-2-tc2/source:/opt/rustwide/workdir:ro,Z" "-v" "/var/lib/crater-agent-workspace/cargo-home:/opt/rustwide/cargo-home:ro,Z" "-v" "/var/lib/crater-agent-workspace/rustup-home:/opt/rustwide/rustup-home:ro,Z" "-e" "SOURCE_DIR=/opt/rustwide/workdir" "-e" "CARGO_TARGET_DIR=/opt/rustwide/target" "-e" "CARGO_INCREMENTAL=0" "-e" "RUST_BACKTRACE=full" "-e" "RUSTFLAGS=--cap-lints=forbid -Zrandomize-layout" "-e" "RUSTDOCFLAGS=--cap-lints=forbid" "-e" "CARGO_HOME=/opt/rustwide/cargo-home" "-e" "RUSTUP_HOME=/opt/rustwide/rustup-home" "-w" "/opt/rustwide/workdir" "-m" "1610612736" "--user" "0:0" "--network" "none" "ghcr.io/rust-lang/crates-build-env/linux@sha256:819108c5571ea2e421544af4d832f968d213c87fbe3707a016657f43d2f853bc" "/opt/rustwide/cargo-home/bin/cargo" "+nightly-2025-01-18" "test" "--frozen", kill_on_drop: false }`
[INFO] [stdout] f682d304da70e0b4cc5f94014b962904cf2cdd431f2cc074e6d25dfe37134b66
[INFO] running `Command { std: "docker" "start" "-a" "f682d304da70e0b4cc5f94014b962904cf2cdd431f2cc074e6d25dfe37134b66", kill_on_drop: false }`
[INFO] [stderr]     Finished `test` profile [unoptimized + debuginfo] target(s) in 0.35s
[INFO] [stderr]      Running unittests src/lib.rs (/opt/rustwide/target/debug/deps/plotly-8316778d13430121)
[INFO] [stdout] 
[INFO] [stdout] running 239 tests
[INFO] [stdout] test common::color::tests::deserialize_rgba ... ok
[INFO] [stdout] test common::color::tests::deserialize_named_color ... ok
[INFO] [stdout] test common::tests::serialize_anchor ... ok
[INFO] [stdout] test common::color::tests::serialize_rgb ... ok
[INFO] [stdout] test common::color::tests::serialize_string ... ok
[INFO] [stdout] test common::color::tests::serialize_numbers ... ok
[INFO] [stdout] test common::color::tests::serialize_named_color ... ok
[INFO] [stdout] test common::color::tests::deserialize_rgb ... ok
[INFO] [stdout] test common::tests::serialize_calendar ... ok
[INFO] [stdout] test common::tests::serialize_color_scale ... ok
[INFO] [stdout] test common::tests::serialize_color_scale_palette ... ok
[INFO] [stdout] test common::tests::serialize_constrain_text ... ok
[INFO] [stdout] test common::tests::serialize_color_bar ... ok
[INFO] [stdout] test common::tests::serialize_dash_type ... ok
[INFO] [stdout] test common::tests::serialize_default_color_bar ... ok
[INFO] [stdout] test common::tests::serialize_domain ... ok
[INFO] [stdout] test common::tests::serialize_color_scale_element ... ok
[INFO] [stdout] test common::tests::serialize_error_data ... ok
[INFO] [stdout] test common::tests::serialize_error_type ... ok
[INFO] [stdout] test common::tests::serialize_error_type_default ... ok
[INFO] [stdout] test common::tests::serialize_exponent_format ... ok
[INFO] [stdout] test common::tests::serialize_fill ... ok
[INFO] [stdout] test common::tests::serialize_font ... ok
[INFO] [stdout] test common::tests::serialize_axis_side ... ok
[INFO] [stdout] test common::tests::serialize_gradient_type ... ok
[INFO] [stdout] test common::tests::serialize_hover_info ... ok
[INFO] [stdout] test common::tests::serialize_gradient ... ok
[INFO] [stdout] test common::color::tests::serialize_rgba ... ok
[INFO] [stdout] test common::tests::serialize_label ... ok
[INFO] [stdout] test common::tests::serialize_hover_on ... ok
[INFO] [stdout] test common::tests::serialize_line ... ok
[INFO] [stdout] test common::tests::serialize_mode ... ok
[INFO] [stdout] test common::tests::serialize_plot_type ... ok
[INFO] [stdout] test common::tests::serialize_position ... ok
[INFO] [stdout] test common::tests::serialize_show ... ok
[INFO] [stdout] test common::tests::serialize_side ... ok
[INFO] [stdout] test common::color::tests::serialize_str ... ok
[INFO] [stdout] test common::tests::serialize_text_position ... ok
[INFO] [stdout] test common::tests::serialize_orientation ... ok
[INFO] [stdout] test common::tests::serialize_pattern_fill_mode ... ok
[INFO] [stdout] test common::tests::serialize_pattern_shape ... ok
[INFO] [stdout] test common::tests::serialize_pad ... ok
[INFO] [stdout] test common::tests::serialize_size_mode ... ok
[INFO] [stdout] test common::tests::serialize_line_shape ... ok
[INFO] [stdout] test common::tests::serialize_marker ... ok
[INFO] [stdout] test common::tests::serialize_marker_symbol ... ok
[INFO] [stdout] test common::tests::serialize_dim ... ok
[INFO] [stdout] test common::tests::serialize_direction ... ok
[INFO] [stdout] test common::tests::serialize_reference ... ok
[INFO] [stdout] test common::tests::serialize_pattern ... ok
[INFO] [stdout] test common::tests::serialize_legend_group_title ... ok
[INFO] [stdout] test common::tests::serialize_tick_format_stop_default ... ok
[INFO] [stdout] test common::tests::serialize_thickness_mode ... ok
[INFO] [stdout] test common::tests::serialize_tick_format_stop ... ok
[INFO] [stdout] test common::tests::serialize_tick_mode ... ok
[INFO] [stdout] test common::tests::serialize_ticks ... ok
[INFO] [stdout] test common::tests::serialize_title_from_str ... ok
[INFO] [stdout] test common::tests::serialize_title ... ok
[INFO] [stdout] test common::tests::serialize_visible ... ok
[INFO] [stdout] test common::tests::title_method_can_take_string ... ok
[INFO] [stdout] test configuration::tests::serialize_display_mode_bar ... ok
[INFO] [stdout] test configuration::tests::serialize_configuration ... ok
[INFO] [stdout] test configuration::tests::serialize_plot_gl_pixel_ratio ... ok
[INFO] [stdout] test configuration::tests::serialize_double_click ... ok
[INFO] [stdout] test layout::tests::serialize_active_shape ... ok
[INFO] [stdout] test configuration::tests::serialize_mode_bar_button_name ... ok
[INFO] [stdout] test layout::tests::serialize_annotation ... ok
[INFO] [stdout] test layout::tests::serialize_array_show ... ok
[INFO] [stdout] test layout::tests::serialize_arrow_side ... ok
[INFO] [stdout] test layout::tests::serialize_bar_norm ... ok
[INFO] [stdout] test layout::tests::serialize_box_mode ... ok
[INFO] [stdout] test layout::tests::serialize_click_to_show ... ok
[INFO] [stdout] test layout::tests::serialize_category_order ... ok
[INFO] [stdout] test layout::tests::serialize_color_axis ... ok
[INFO] [stdout] test layout::tests::serialize_axis ... ok
[INFO] [stdout] test layout::tests::serialize_camera_center ... ok
[INFO] [stdout] test layout::tests::serialize_aspect_mode ... ok
[INFO] [stdout] test common::tests::serialize_text_anchor ... ok
[INFO] [stdout] test layout::tests::serialize_aspect_ratio ... ok
[INFO] [stdout] test configuration::tests::serialize_image_button_formats ... ok
[INFO] [stdout] test layout::tests::serialize_axis_constrain ... ok
[INFO] [stdout] test configuration::tests::serialize_to_image_button_options ... ok
[INFO] [stdout] test layout::tests::serialize_click_mode ... ok
[INFO] [stdout] test layout::tests::serialize_axis_type ... ok
[INFO] [stdout] test layout::tests::serialize_bar_mode ... ok
[INFO] [stdout] test layout::tests::serialize_constrain_direction ... ok
[INFO] [stdout] test layout::tests::serialize_eye ... ok
[INFO] [stdout] test layout::tests::serialize_grid_pattern ... ok
[INFO] [stdout] test layout::tests::serialize_grid_y_side ... ok
[INFO] [stdout] test layout::tests::serialize_group_click ... ok
[INFO] [stdout] test layout::tests::serialize_halign ... ok
[INFO] [stdout] test layout::tests::serialize_hover_mode ... ok
[INFO] [stdout] test layout::tests::serialize_item_click ... ok
[INFO] [stdout] test layout::tests::serialize_item_sizing ... ok
[INFO] [stdout] test layout::tests::serialize_layout_grid ... ok
[INFO] [stdout] test layout::tests::serialize_mapbox_style ... ok
[INFO] [stdout] test layout::tests::serialize_grid_domain ... ok
[INFO] [stdout] test layout::tests::serialize_grid_x_side ... ok
[INFO] [stdout] test layout::tests::serialize_mode_bar ... ok
[INFO] [stdout] test layout::tests::serialize_layout ... ok
[INFO] [stdout] test layout::tests::serialize_margin ... ok
[INFO] [stdout] test layout::tests::serialize_layout_color_scale ... ok
[INFO] [stdout] test layout::tests::serialize_drag_mode ... ok
[INFO] [stdout] test layout::tests::serialize_layout_scene ... ok
[INFO] [stdout] test layout::tests::serialize_legend ... ok
[INFO] [stdout] test layout::tests::serialize_draw_direction ... ok
[INFO] [stdout] test layout::tests::serialize_fill_rule ... ok
[INFO] [stdout] test layout::tests::serialize_range_mode ... ok
[INFO] [stdout] test layout::tests::serialize_row_order ... ok
[INFO] [stdout] test layout::tests::serialize_select_direction ... ok
[INFO] [stdout] test layout::tests::serialize_selector_step ... ok
[INFO] [stdout] test layout::tests::serialize_shape_line ... ok
[INFO] [stdout] test layout::tests::serialize_shape_layer ... ok
[INFO] [stdout] test layout::tests::serialize_slider_range_mode ... ok
[INFO] [stdout] test layout::tests::serialize_selector_button ... ok
[INFO] [stdout] test layout::tests::serialize_shape_size_mode ... ok
[INFO] [stdout] test layout::tests::serialize_range_selector ... ok
[INFO] [stdout] test layout::tests::serialize_shape_type ... ok
[INFO] [stdout] test layout::tests::serialize_shape ... ok
[INFO] [stdout] test layout::tests::serialize_template ... ok
[INFO] [stdout] test layout::tests::serialize_range_slider ... ok
[INFO] [stdout] test layout::tests::serialize_spike_mode ... ok
[INFO] [stdout] test layout::tests::serialize_spike_snap ... ok
[INFO] [stdout] test layout::tests::serialize_layout_template ... ok
[INFO] [stdout] test layout::tests::serialize_ticks_direction ... ok
[INFO] [stdout] test layout::tests::serialize_step_mode ... ok
[INFO] [stdout] test layout::tests::serialize_range_slider_y_axis ... ok
[INFO] [stdout] test layout::tests::serialize_trace_order ... ok
[INFO] [stdout] test layout::tests::serialize_uniform_text ... ok
[INFO] [stdout] test layout::tests::serialize_uniform_text_mode ... ok
[INFO] [stdout] test layout::tests::serialize_valign ... ok
[INFO] [stdout] test layout::tests::serialize_ticks_position ... ok
[INFO] [stdout] test layout::tests::serialize_up ... ok
[INFO] [stdout] test layout::tests::serialize_violin_mode ... ok
[INFO] [stdout] test layout::themes::tests::plotly_dark ... ok
[INFO] [stdout] test layout::themes::tests::plotly_default ... ok
[INFO] [stdout] test layout::themes::tests::plotly_white ... ok
[INFO] [stdout] test plot::tests::data_to_json ... ok
[INFO] [stdout] test plot::tests::layout_to_json ... ok
[INFO] [stdout] test layout::tests::serialize_new_shape ... ok
[INFO] [stdout] test layout::tests::serialize_projection ... ok
[INFO] [stdout] test layout::update_menu::tests::button_builder ... ok
[INFO] [stdout] test layout::update_menu::tests::serialize_button ... ok
[INFO] [stdout] test layout::update_menu::tests::serialize_button_method ... ok
[INFO] [stdout] test layout::tests::serialize_waterfall_mode ... ok
[INFO] [stdout] test plot::tests::jupyter_notebook_plot ... ok
[INFO] [stdout] test plot::tests::inline_plot ... ok
[INFO] [stdout] test plot::tests::lab_display ... ok
[INFO] [stdout] test plot::tests::notebook_display ... ok
[INFO] [stdout] test plot::tests::plot_eq ... ok
[INFO] [stdout] test plot::tests::plot_neq ... ok
[INFO] [stdout] test plot::tests::plot_serialize_with_layout ... ok
[INFO] [stdout] test plot::tests::show_image ... ignored
[INFO] [stdout] test private::tests::num_or_string_collection ... ok
[INFO] [stdout] test plot::tests::empty_layout_to_json ... ok
[INFO] [stdout] test traces::bar::tests::default_bar ... ok
[INFO] [stdout] test private::tests::serialize_num_or_string_collection ... ok
[INFO] [stdout] test traces::box_plot::tests::default_box_plot ... ok
[INFO] [stdout] test traces::box_plot::tests::serialize_box_mean ... ok
[INFO] [stdout] test traces::bar::tests::serialize_bar ... ok
[INFO] [stdout] test traces::box_plot::tests::box_plot_new ... ok
[INFO] [stdout] test traces::box_plot::tests::serialize_box_points ... ok
[INFO] [stdout] test traces::box_plot::tests::serialize_hover_on ... ok
[INFO] [stdout] test traces::box_plot::tests::serialize_quartile_method ... ok
[INFO] [stdout] test plot::tests::plot_serialize_simple ... ok
[INFO] [stdout] test plot::tests::plot_clone ... ok
[INFO] [stdout] test traces::candlestick::tests::default_candlestick ... ok
[INFO] [stdout] test traces::box_plot::tests::serialize_box_plot ... ok
[INFO] [stdout] test private::tests::num_or_string ... ok
[INFO] [stdout] test private::tests::serialize_num_or_string ... ok
[INFO] [stdout] test traces::candlestick::tests::serialize_candlestick ... ok
[INFO] [stdout] test traces::contour::tests::serialize_coloring ... ok
[INFO] [stdout] test traces::contour::tests::serialize_contour ... ok
[INFO] [stdout] test traces::contour::tests::serialize_contours ... ok
[INFO] [stdout] test traces::contour::tests::serialize_contours_type ... ok
[INFO] [stdout] test traces::contour::tests::serialize_default_contours ... ok
[INFO] [stdout] test traces::density_mapbox::tests::serialize_density_mapbox ... ok
[INFO] [stdout] test traces::heat_map::tests::serialize_default_heat_map ... ok
[INFO] [stdout] test traces::heat_map::tests::serialize_heat_map_z ... ok
[INFO] [stdout] test traces::heat_map::tests::serialize_smoothing ... ok
[INFO] [stdout] test traces::histogram::tests::serialize_current_bin ... ok
[INFO] [stdout] test traces::heat_map::tests::serialize_heat_map ... ok
[INFO] [stdout] test traces::contour::tests::new_z_contour ... ok
[INFO] [stdout] test traces::contour::tests::serialize_operation ... ok
[INFO] [stdout] test traces::histogram::tests::serialize_bins ... ok
[INFO] [stdout] test traces::histogram::tests::serialize_cumulative ... ok
[INFO] [stdout] test traces::contour::tests::serialize_default_contour ... ok
[INFO] [stdout] test traces::histogram::tests::serialize_default_histogram ... ok
[INFO] [stdout] test traces::histogram::tests::serialize_hist_direction ... ok
[INFO] [stdout] test traces::histogram::tests::serialize_hist_func ... ok
[INFO] [stdout] test traces::histogram::tests::serialize_hist_norm ... ok
[INFO] [stdout] test traces::histogram::tests::serialize_histogram ... ok
[INFO] [stdout] test traces::histogram::tests::serialize_new_vertical_histogram ... ok
[INFO] [stdout] test traces::histogram::tests::serialize_new_xy_histogram ... ok
[INFO] [stdout] test traces::image::tests::serialize_color_model ... ok
[INFO] [stdout] test traces::image::tests::serialize_pixel_color ... ok
[INFO] [stdout] test traces::image::tests::serialize_z_smooth ... ok
[INFO] [stdout] test traces::mesh3d::tests::serialize_contour ... ok
[INFO] [stdout] test traces::image::tests::serialize_image ... ok
[INFO] [stdout] test traces::mesh3d::tests::serialize_delaunay_axis ... ok
[INFO] [stdout] test traces::mesh3d::tests::serialize_intensity_mode ... ok
[INFO] [stdout] test traces::mesh3d::tests::serialize_light_position ... ok
[INFO] [stdout] test traces::mesh3d::tests::serialize_lighting ... ok
[INFO] [stdout] test traces::ohlc::test::serialize_default_ohlc ... ok
[INFO] [stdout] test traces::pie::tests::new_from_labels ... ok
[INFO] [stdout] test traces::ohlc::test::serialize_ohlc ... ok
[INFO] [stdout] test traces::sankey::tests::serialize_default_sankey ... ok
[INFO] [stdout] test traces::mesh3d::tests::serialize_mesh3d ... ok
[INFO] [stdout] test traces::sankey::tests::serialize_link ... ok
[INFO] [stdout] test traces::sankey::tests::serialize_full_sankey_trace ... ok
[INFO] [stdout] test traces::sankey::tests::serialize_node ... ok
[INFO] [stdout] test traces::pie::tests::new_from_values ... ok
[INFO] [stdout] test traces::sankey::tests::serialize_line ... ok
[INFO] [stdout] test traces::scatter::tests::serialize_default_scatter ... ok
[INFO] [stdout] test traces::pie::tests::serialize_pie ... ok
[INFO] [stdout] test traces::sankey::tests::serialize_basic_sankey_trace ... ok
[INFO] [stdout] test traces::scatter::tests::serialize_stack_gaps ... ok
[INFO] [stdout] test traces::scatter_mapbox::tests::serialize_fill ... ok
[INFO] [stdout] test traces::scatter3d::tests::serialize_default_scatter3d ... ok
[INFO] [stdout] test traces::scatter_mapbox::tests::serialize_scatter_mapbox ... ok
[INFO] [stdout] test traces::scatter_polar::tests::serialize_scatter_polar ... ok
[INFO] [stdout] test traces::scatter_mapbox::tests::serialize_selection ... ok
[INFO] [stdout] test traces::scatter3d::tests::serialize_scatter3d ... ok
[INFO] [stdout] test traces::scatter_polar::tests::serialize_default_scatter_polar ... ok
[INFO] [stdout] test traces::scatter3d::tests::serialize_projection ... ok
[INFO] [stdout] test traces::scatter3d::tests::serialize_surface_axis ... ok
[INFO] [stdout] test traces::scatter::tests::serialize_group_norm ... ok
[INFO] [stdout] test traces::sankey::tests::serialize_arrangement ... ok
[INFO] [stdout] test traces::scatter::tests::serialize_scatter ... ok
[INFO] [stdout] test traces::surface::tests::serialize_lighting ... ok
[INFO] [stdout] test traces::surface::tests::serialize_plane_project ... ok
[INFO] [stdout] test traces::surface::tests::serialize_plane_contours ... ok
[INFO] [stdout] test traces::surface::tests::serialize_default_surface ... ok
[INFO] [stdout] test traces::surface::tests::serialize_position ... ok
[INFO] [stdout] test traces::surface::tests::serialize_surface ... ok
[INFO] [stdout] test traces::surface::tests::serialize_surface_contours ... ok
[INFO] [stdout] test traces::table::tests::serialize_table ... ok
[INFO] [stdout] test traces::scatter3d::tests::serialize_projection_coord ... ok
[INFO] [stdout] test plot::tests::save_html ... FAILED
[INFO] [stdout] 
[INFO] [stdout] failures:
[INFO] [stdout] 
[INFO] [stdout] ---- plot::tests::save_html stdout ----
[INFO] [stdout] 
[INFO] [stdout] thread 'plot::tests::save_html' panicked at src/plot.rs:326:36:
[INFO] [stdout] Provided filepath does not exist or is not accessible: Os { code: 30, kind: ReadOnlyFilesystem, message: "Read-only file system" }
[INFO] [stdout] stack backtrace:
[INFO] [stdout]    0:     0x5e439166604a - std::backtrace_rs::backtrace::libunwind::trace::hb059275cfc8d6126
[INFO] [stdout]                                at /rustc/6067b36314ab5eb2eb47cecc464545ba58e1ad24/library/std/src/../../backtrace/src/backtrace/libunwind.rs:116:5
[INFO] [stdout]    1:     0x5e439166604a - std::backtrace_rs::backtrace::trace_unsynchronized::h2da071e4327ce3ee
[INFO] [stdout]                                at /rustc/6067b36314ab5eb2eb47cecc464545ba58e1ad24/library/std/src/../../backtrace/src/backtrace/mod.rs:66:5
[INFO] [stdout]    2:     0x5e439166604a - std::sys::backtrace::_print_fmt::h842a1474e6f8d23f
[INFO] [stdout]                                at /rustc/6067b36314ab5eb2eb47cecc464545ba58e1ad24/library/std/src/sys/backtrace.rs:66:9
[INFO] [stderr] error: test failed, to rerun pass `--lib`
[INFO] [stdout]    3:     0x5e439166604a - <std::sys::backtrace::BacktraceLock::print::DisplayBacktrace as core::fmt::Display>::fmt::h71a62eb3b9696b12
[INFO] [stdout]                                at /rustc/6067b36314ab5eb2eb47cecc464545ba58e1ad24/library/std/src/sys/backtrace.rs:39:26
[INFO] [stdout]    4:     0x5e439168fb23 - core::fmt::rt::Argument::fmt::hdb6b616786b41dc1
[INFO] [stdout]                                at /rustc/6067b36314ab5eb2eb47cecc464545ba58e1ad24/library/core/src/fmt/rt.rs:177:76
[INFO] [stdout]    5:     0x5e439168fb23 - core::fmt::write::h2cc1698af7e2d686
[INFO] [stdout]                                at /rustc/6067b36314ab5eb2eb47cecc464545ba58e1ad24/library/core/src/fmt/mod.rs:1440:21
[INFO] [stdout]    6:     0x5e4391662af3 - std::io::Write::write_fmt::hab1b4cd059a79022
[INFO] [stdout]                                at /rustc/6067b36314ab5eb2eb47cecc464545ba58e1ad24/library/std/src/io/mod.rs:1887:15
[INFO] [stdout]    7:     0x5e4391665e92 - std::sys::backtrace::BacktraceLock::print::h147fe35b4ea13b08
[INFO] [stdout]                                at /rustc/6067b36314ab5eb2eb47cecc464545ba58e1ad24/library/std/src/sys/backtrace.rs:42:9
[INFO] [stdout]    8:     0x5e439166746f - std::panicking::default_hook::{{closure}}::hbd44223dbdc0d208
[INFO] [stdout]                                at /rustc/6067b36314ab5eb2eb47cecc464545ba58e1ad24/library/std/src/panicking.rs:298:22
[INFO] [stdout]    9:     0x5e4391667288 - std::panicking::default_hook::h20f81eb0576efcec
[INFO] [stdout]                                at /rustc/6067b36314ab5eb2eb47cecc464545ba58e1ad24/library/std/src/panicking.rs:322:9
[INFO] [stdout]   10:     0x5e43915c6123 - <alloc::boxed::Box<F,A> as core::ops::function::Fn<Args>>::call::hdb53814c496a4d34
[INFO] [stdout]                                at /rustc/6067b36314ab5eb2eb47cecc464545ba58e1ad24/library/alloc/src/boxed.rs:2027:9
[INFO] [stdout]   11:     0x5e43915c6123 - test::test_main::{{closure}}::hc0a4963c59427c24
[INFO] [stdout]                                at /rustc/6067b36314ab5eb2eb47cecc464545ba58e1ad24/library/test/src/lib.rs:134:21
[INFO] [stdout]   12:     0x5e4391667f63 - <alloc::boxed::Box<F,A> as core::ops::function::Fn<Args>>::call::h591b2225413a77e9
[INFO] [stdout]                                at /rustc/6067b36314ab5eb2eb47cecc464545ba58e1ad24/library/alloc/src/boxed.rs:2027:9
[INFO] [stdout]   13:     0x5e4391667f63 - std::panicking::rust_panic_with_hook::h625eea43051b2edc
[INFO] [stdout]                                at /rustc/6067b36314ab5eb2eb47cecc464545ba58e1ad24/library/std/src/panicking.rs:839:13
[INFO] [stdout]   14:     0x5e4391667c1a - std::panicking::begin_panic_handler::{{closure}}::h4f9159cfbc3f6bd3
[INFO] [stdout]                                at /rustc/6067b36314ab5eb2eb47cecc464545ba58e1ad24/library/std/src/panicking.rs:704:13
[INFO] [stdout]   15:     0x5e4391666549 - std::sys::backtrace::__rust_end_short_backtrace::h0390abce48353151
[INFO] [stdout]                                at /rustc/6067b36314ab5eb2eb47cecc464545ba58e1ad24/library/std/src/sys/backtrace.rs:168:18
[INFO] [stdout]   16:     0x5e43916678ad - rust_begin_unwind
[INFO] [stdout]                                at /rustc/6067b36314ab5eb2eb47cecc464545ba58e1ad24/library/std/src/panicking.rs:695:5
[INFO] [stdout]   17:     0x5e439168d900 - core::panicking::panic_fmt::h9e7c637e9e5f29c9
[INFO] [stdout]                                at /rustc/6067b36314ab5eb2eb47cecc464545ba58e1ad24/library/core/src/panicking.rs:75:14
[INFO] [stdout]   18:     0x5e439168dd76 - core::result::unwrap_failed::h7979f09313fe1849
[INFO] [stdout]                                at /rustc/6067b36314ab5eb2eb47cecc464545ba58e1ad24/library/core/src/result.rs:1704:5
[INFO] [stdout]   19:     0x5e4391370d3d - core::result::Result<T,E>::expect::h51e91936886349bb
[INFO] [stdout]                                at /rustc/6067b36314ab5eb2eb47cecc464545ba58e1ad24/library/core/src/result.rs:1061:23
[INFO] [stdout]   20:     0x5e43913297a4 - plotly::plot::Plot::write_html::hd9e81a6acc1a7018
[INFO] [stdout]                                at /opt/rustwide/workdir/src/plot.rs:326:13
[INFO] [stdout]   21:     0x5e43915252e2 - plotly::plot::tests::save_html::h795146cbc44a5eff
[INFO] [stdout]                                at /opt/rustwide/workdir/src/plot.rs:747:9
[INFO] [stdout]   22:     0x5e4391525257 - plotly::plot::tests::save_html::{{closure}}::h418cd68a9c96d71f
[INFO] [stdout]                                at /opt/rustwide/workdir/src/plot.rs:744:19
[INFO] [stdout]   23:     0x5e439147c076 - core::ops::function::FnOnce::call_once::h0ea58cbcf1e90e78
[INFO] [stdout]                                at /rustc/6067b36314ab5eb2eb47cecc464545ba58e1ad24/library/core/src/ops/function.rs:250:5
[INFO] [stdout]   24:     0x5e43915cb87b - core::ops::function::FnOnce::call_once::he27718dfdd183f43
[INFO] [stdout]                                at /rustc/6067b36314ab5eb2eb47cecc464545ba58e1ad24/library/core/src/ops/function.rs:250:5
[INFO] [stdout]   25:     0x5e43915cb87b - test::__rust_begin_short_backtrace::h4e84902998457a5d
[INFO] [stdout]                                at /rustc/6067b36314ab5eb2eb47cecc464545ba58e1ad24/library/test/src/lib.rs:632:18
[INFO] [stdout]   26:     0x5e43915ca7b3 - test::run_test_in_process::{{closure}}::h7176fd18fc1feca0
[INFO] [stdout]                                at /rustc/6067b36314ab5eb2eb47cecc464545ba58e1ad24/library/test/src/lib.rs:655:60
[INFO] [stdout]   27:     0x5e43915ca7b3 - <core::panic::unwind_safe::AssertUnwindSafe<F> as core::ops::function::FnOnce<()>>::call_once::hf79cff2a624d8cf7
[INFO] [stdout]                                at /rustc/6067b36314ab5eb2eb47cecc464545ba58e1ad24/library/core/src/panic/unwind_safe.rs:272:9
[INFO] [stdout]   28:     0x5e43915ca7b3 - std::panicking::try::do_call::h3da0561d9ab99c25
[INFO] [stdout]                                at /rustc/6067b36314ab5eb2eb47cecc464545ba58e1ad24/library/std/src/panicking.rs:587:40
[INFO] [stdout]   29:     0x5e43915ca7b3 - std::panicking::try::h41c9fa508bc61df6
[INFO] [stdout]                                at /rustc/6067b36314ab5eb2eb47cecc464545ba58e1ad24/library/std/src/panicking.rs:550:19
[INFO] [stdout]   30:     0x5e43915ca7b3 - std::panic::catch_unwind::h6b3ff07bb5afad93
[INFO] [stdout]                                at /rustc/6067b36314ab5eb2eb47cecc464545ba58e1ad24/library/std/src/panic.rs:358:14
[INFO] [stdout]   31:     0x5e43915ca7b3 - test::run_test_in_process::hc7253dd11b39b9f4
[INFO] [stdout]                                at /rustc/6067b36314ab5eb2eb47cecc464545ba58e1ad24/library/test/src/lib.rs:655:27
[INFO] [stdout]   32:     0x5e43915ca7b3 - test::run_test::{{closure}}::hfb2007f8649c30bb
[INFO] [stdout]                                at /rustc/6067b36314ab5eb2eb47cecc464545ba58e1ad24/library/test/src/lib.rs:576:43
[INFO] [stdout]   33:     0x5e439158d895 - test::run_test::{{closure}}::h56a17aa7a282a9f4
[INFO] [stdout]                                at /rustc/6067b36314ab5eb2eb47cecc464545ba58e1ad24/library/test/src/lib.rs:606:41
[INFO] [stdout]   34:     0x5e439158d895 - std::sys::backtrace::__rust_begin_short_backtrace::hd2d2d2fb8e8c6aac
[INFO] [stdout]                                at /rustc/6067b36314ab5eb2eb47cecc464545ba58e1ad24/library/std/src/sys/backtrace.rs:152:18
[INFO] [stdout]   35:     0x5e439159117a - std::thread::Builder::spawn_unchecked_::{{closure}}::{{closure}}::h4faa3f9db6133423
[INFO] [stdout]                                at /rustc/6067b36314ab5eb2eb47cecc464545ba58e1ad24/library/std/src/thread/mod.rs:559:17
[INFO] [stdout]   36:     0x5e439159117a - <core::panic::unwind_safe::AssertUnwindSafe<F> as core::ops::function::FnOnce<()>>::call_once::hf2e855a36a4ea846
[INFO] [stdout]                                at /rustc/6067b36314ab5eb2eb47cecc464545ba58e1ad24/library/core/src/panic/unwind_safe.rs:272:9
[INFO] [stdout]   37:     0x5e439159117a - std::panicking::try::do_call::h2f73af3616c35465
[INFO] [stdout]                                at /rustc/6067b36314ab5eb2eb47cecc464545ba58e1ad24/library/std/src/panicking.rs:587:40
[INFO] [stdout]   38:     0x5e439159117a - std::panicking::try::hd1660ce9efadef5a
[INFO] [stdout]                                at /rustc/6067b36314ab5eb2eb47cecc464545ba58e1ad24/library/std/src/panicking.rs:550:19
[INFO] [stdout]   39:     0x5e439159117a - std::panic::catch_unwind::h5ee8d7823b8ca744
[INFO] [stdout]                                at /rustc/6067b36314ab5eb2eb47cecc464545ba58e1ad24/library/std/src/panic.rs:358:14
[INFO] [stdout]   40:     0x5e439159117a - std::thread::Builder::spawn_unchecked_::{{closure}}::h53c3a1894dce8407
[INFO] [stdout]                                at /rustc/6067b36314ab5eb2eb47cecc464545ba58e1ad24/library/std/src/thread/mod.rs:557:30
[INFO] [stdout]   41:     0x5e439159117a - core::ops::function::FnOnce::call_once{{vtable.shim}}::h048ce291ad4f62bf
[INFO] [stdout]                                at /rustc/6067b36314ab5eb2eb47cecc464545ba58e1ad24/library/core/src/ops/function.rs:250:5
[INFO] [stdout]   42:     0x5e439166c0cb - <alloc::boxed::Box<F,A> as core::ops::function::FnOnce<Args>>::call_once::ha52bedf99a3b4981
[INFO] [stdout]                                at /rustc/6067b36314ab5eb2eb47cecc464545ba58e1ad24/library/alloc/src/boxed.rs:2013:9
[INFO] [stdout]   43:     0x5e439166c0cb - <alloc::boxed::Box<F,A> as core::ops::function::FnOnce<Args>>::call_once::h567748934d80ccf8
[INFO] [stdout]                                at /rustc/6067b36314ab5eb2eb47cecc464545ba58e1ad24/library/alloc/src/boxed.rs:2013:9
[INFO] [stdout]   44:     0x5e439166c0cb - std::sys::pal::unix::thread::Thread::new::thread_start::h2d970728ae887adc
[INFO] [stdout]                                at /rustc/6067b36314ab5eb2eb47cecc464545ba58e1ad24/library/std/src/sys/pal/unix/thread.rs:106:17
[INFO] [stdout]   45:     0x76c87824aac3 - <unknown>
[INFO] [stdout]   46:     0x76c8782dba04 - clone
[INFO] [stdout]   47:                0x0 - <unknown>
[INFO] [stdout] 
[INFO] [stdout] 
[INFO] [stdout] failures:
[INFO] [stdout]     plot::tests::save_html
[INFO] [stdout] 
[INFO] [stdout] test result: FAILED. 237 passed; 1 failed; 1 ignored; 0 measured; 0 filtered out; finished in 0.12s
[INFO] [stdout] 
[INFO] running `Command { std: "docker" "inspect" "f682d304da70e0b4cc5f94014b962904cf2cdd431f2cc074e6d25dfe37134b66", kill_on_drop: false }`
[INFO] running `Command { std: "docker" "rm" "-f" "f682d304da70e0b4cc5f94014b962904cf2cdd431f2cc074e6d25dfe37134b66", kill_on_drop: false }`
[INFO] [stdout] f682d304da70e0b4cc5f94014b962904cf2cdd431f2cc074e6d25dfe37134b66
