[INFO] fetching crate pllm 0.4.1...
[INFO] testing pllm-0.4.1 against nightly-2025-01-18+rustflags=-Zrandomize-layout for randomize-layout-2
[INFO] extracting crate pllm 0.4.1 into /workspace/builds/worker-5-tc2/source
[INFO] validating manifest of crates.io crate pllm 0.4.1 on toolchain nightly-2025-01-18
[INFO] running `Command { std: CARGO_HOME="/workspace/cargo-home" RUSTUP_HOME="/workspace/rustup-home" "/workspace/cargo-home/bin/cargo" "+nightly-2025-01-18" "metadata" "--manifest-path" "Cargo.toml" "--no-deps", kill_on_drop: false }`
[INFO] started tweaking crates.io crate pllm 0.4.1
[INFO] removed 0 missing examples
[INFO] finished tweaking crates.io crate pllm 0.4.1
[INFO] tweaked toml for crates.io crate pllm 0.4.1 written to /workspace/builds/worker-5-tc2/source/Cargo.toml
[INFO] crate crates.io crate pllm 0.4.1 already has a lockfile, it will not be regenerated
[INFO] running `Command { std: CARGO_HOME="/workspace/cargo-home" RUSTUP_HOME="/workspace/rustup-home" "/workspace/cargo-home/bin/cargo" "+nightly-2025-01-18" "fetch" "--manifest-path" "Cargo.toml", kill_on_drop: false }`
[INFO] running `Command { std: "docker" "create" "-v" "/var/lib/crater-agent-workspace/builds/worker-5-tc2/target:/opt/rustwide/target:rw,Z" "-v" "/var/lib/crater-agent-workspace/builds/worker-5-tc2/source:/opt/rustwide/workdir:ro,Z" "-v" "/var/lib/crater-agent-workspace/cargo-home:/opt/rustwide/cargo-home:ro,Z" "-v" "/var/lib/crater-agent-workspace/rustup-home:/opt/rustwide/rustup-home:ro,Z" "-e" "SOURCE_DIR=/opt/rustwide/workdir" "-e" "CARGO_TARGET_DIR=/opt/rustwide/target" "-e" "CARGO_HOME=/opt/rustwide/cargo-home" "-e" "RUSTUP_HOME=/opt/rustwide/rustup-home" "-w" "/opt/rustwide/workdir" "-m" "1610612736" "--user" "0:0" "--network" "none" "ghcr.io/rust-lang/crates-build-env/linux@sha256:819108c5571ea2e421544af4d832f968d213c87fbe3707a016657f43d2f853bc" "/opt/rustwide/cargo-home/bin/cargo" "+nightly-2025-01-18" "metadata" "--no-deps" "--format-version=1", kill_on_drop: false }`
[INFO] [stdout] fe740f691f63618d21145812267eebef097fc64b33dbeece15ff66d677151d8e
[INFO] running `Command { std: "docker" "start" "-a" "fe740f691f63618d21145812267eebef097fc64b33dbeece15ff66d677151d8e", kill_on_drop: false }`
[INFO] running `Command { std: "docker" "inspect" "fe740f691f63618d21145812267eebef097fc64b33dbeece15ff66d677151d8e", kill_on_drop: false }`
[INFO] running `Command { std: "docker" "rm" "-f" "fe740f691f63618d21145812267eebef097fc64b33dbeece15ff66d677151d8e", kill_on_drop: false }`
[INFO] [stdout] fe740f691f63618d21145812267eebef097fc64b33dbeece15ff66d677151d8e
[INFO] running `Command { std: "docker" "create" "-v" "/var/lib/crater-agent-workspace/builds/worker-5-tc2/target:/opt/rustwide/target:rw,Z" "-v" "/var/lib/crater-agent-workspace/builds/worker-5-tc2/source:/opt/rustwide/workdir:ro,Z" "-v" "/var/lib/crater-agent-workspace/cargo-home:/opt/rustwide/cargo-home:ro,Z" "-v" "/var/lib/crater-agent-workspace/rustup-home:/opt/rustwide/rustup-home:ro,Z" "-e" "SOURCE_DIR=/opt/rustwide/workdir" "-e" "CARGO_TARGET_DIR=/opt/rustwide/target" "-e" "CARGO_INCREMENTAL=0" "-e" "RUST_BACKTRACE=full" "-e" "RUSTFLAGS=--cap-lints=forbid -Zrandomize-layout" "-e" "RUSTDOCFLAGS=--cap-lints=forbid" "-e" "CARGO_HOME=/opt/rustwide/cargo-home" "-e" "RUSTUP_HOME=/opt/rustwide/rustup-home" "-w" "/opt/rustwide/workdir" "-m" "1610612736" "--user" "0:0" "--network" "none" "ghcr.io/rust-lang/crates-build-env/linux@sha256:819108c5571ea2e421544af4d832f968d213c87fbe3707a016657f43d2f853bc" "/opt/rustwide/cargo-home/bin/cargo" "+nightly-2025-01-18" "build" "--frozen" "--message-format=json", kill_on_drop: false }`
[INFO] [stdout] f39e2a3f49f42519572cab1b7949ef9d0616d25c6a562265f0b32ebb99587341
[INFO] running `Command { std: "docker" "start" "-a" "f39e2a3f49f42519572cab1b7949ef9d0616d25c6a562265f0b32ebb99587341", kill_on_drop: false }`
[INFO] [stderr]    Compiling proc-macro2 v1.0.79
[INFO] [stderr]    Compiling unicode-ident v1.0.12
[INFO] [stderr]    Compiling libc v0.2.153
[INFO] [stderr]    Compiling crossbeam-utils v0.8.19
[INFO] [stderr]    Compiling hashbrown v0.14.3
[INFO] [stderr]    Compiling equivalent v1.0.1
[INFO] [stderr]    Compiling cfg-if v1.0.0
[INFO] [stderr]    Compiling toml_datetime v0.6.5
[INFO] [stderr]    Compiling winnow v0.5.40
[INFO] [stderr]    Compiling autocfg v1.2.0
[INFO] [stderr]    Compiling rayon-core v1.12.1
[INFO] [stderr]    Compiling ppv-lite86 v0.2.17
[INFO] [stderr]    Compiling thiserror v1.0.58
[INFO] [stderr]    Compiling either v1.10.0
[INFO] [stderr]    Compiling byteorder v1.5.0
[INFO] [stderr]    Compiling half v2.4.0
[INFO] [stderr]    Compiling num-traits v0.2.18
[INFO] [stderr]    Compiling crossbeam-epoch v0.9.18
[INFO] [stderr]    Compiling indexmap v2.2.6
[INFO] [stderr]    Compiling quote v1.0.35
[INFO] [stderr]    Compiling crossbeam-deque v0.8.5
[INFO] [stderr]    Compiling getrandom v0.2.12
[INFO] [stderr]    Compiling syn v2.0.57
[INFO] [stderr]    Compiling rand_core v0.6.4
[INFO] [stderr]    Compiling rand_chacha v0.3.1
[INFO] [stderr]    Compiling rand v0.8.5
[INFO] [stderr]    Compiling rayon v1.10.0
[INFO] [stderr]    Compiling toml_edit v0.21.1
[INFO] [stderr]    Compiling thiserror-impl v1.0.58
[INFO] [stderr]    Compiling proc-macro-crate v3.1.0
[INFO] [stderr]    Compiling num_enum_derive v0.7.2
[INFO] [stderr]    Compiling num_enum v0.7.2
[INFO] [stderr]    Compiling pllm v0.4.1 (/opt/rustwide/workdir)
[INFO] [stdout] warning: unused imports: `Read` and `Seek`
[INFO] [stdout]  --> src/llm.rs:3:10
[INFO] [stdout]   |
[INFO] [stdout] 3 |     io::{Read, Seek},
[INFO] [stdout]   |          ^^^^  ^^^^
[INFO] [stdout]   |
[INFO] [stdout]   = note: `#[warn(unused_imports)]` on by default
[INFO] [stdout] 
[INFO] [stdout] 
[INFO] [stdout] warning: type `BlockQ6_K` should have an upper camel case name
[INFO] [stdout]   --> src/quant.rs:19:12
[INFO] [stdout]    |
[INFO] [stdout] 19 | pub struct BlockQ6_K {
[INFO] [stdout]    |            ^^^^^^^^^ help: convert the identifier to upper camel case: `BlockQ6K`
[INFO] [stdout]    |
[INFO] [stdout]    = note: `#[warn(non_camel_case_types)]` on by default
[INFO] [stdout] 
[INFO] [stdout] 
[INFO] [stdout] warning: unused imports: `f32x32`, `ops::Mul`, and `time::Instant`
[INFO] [stdout]  --> src/tensor.rs:5:5
[INFO] [stdout]   |
[INFO] [stdout] 5 |     ops::Mul,
[INFO] [stdout]   |     ^^^^^^^^
[INFO] [stdout] 6 |     simd::{f32x32, f32x8, num::SimdFloat, StdFloat},
[INFO] [stdout]   |            ^^^^^^
[INFO] [stdout] 7 |     time::Instant,
[INFO] [stdout]   |     ^^^^^^^^^^^^^
[INFO] [stdout] 
[INFO] [stdout] 
[INFO] [stdout] warning: unused import: `avx::vec_dot_q8_0_q8_0`
[INFO] [stdout]   --> src/tensor.rs:14:13
[INFO] [stdout]    |
[INFO] [stdout] 14 | use crate::{avx::vec_dot_q8_0_q8_0, errors::PllmError};
[INFO] [stdout]    |             ^^^^^^^^^^^^^^^^^^^^^^
[INFO] [stdout] 
[INFO] [stdout] 
[INFO] [stdout] warning: unused imports: `f32x32`, `f32x8`, `num::SimdFloat`, and `time::Instant`
[INFO] [stdout]  --> src/util.rs:3:12
[INFO] [stdout]   |
[INFO] [stdout] 3 |     simd::{f32x32, f32x8, num::SimdFloat, StdFloat},
[INFO] [stdout]   |            ^^^^^^  ^^^^^  ^^^^^^^^^^^^^^
[INFO] [stdout] 4 |     time::Instant,
[INFO] [stdout]   |     ^^^^^^^^^^^^^
[INFO] [stdout] 
[INFO] [stdout] 
[INFO] [stdout] warning: unused import: `StdFloat`
[INFO] [stdout]  --> src/util.rs:3:43
[INFO] [stdout]   |
[INFO] [stdout] 3 |     simd::{f32x32, f32x8, num::SimdFloat, StdFloat},
[INFO] [stdout]   |                                           ^^^^^^^^
[INFO] [stdout] 
[INFO] [stdout] 
[INFO] [stdout] warning: unused import: `iter::Sum`
[INFO] [stdout]  --> src/util.rs:2:5
[INFO] [stdout]   |
[INFO] [stdout] 2 |     iter::Sum,
[INFO] [stdout]   |     ^^^^^^^^^
[INFO] [stdout] 
[INFO] [stdout] 
[INFO] [stdout] warning: unused import: `StdFloat`
[INFO] [stdout]  --> src/tensor.rs:6:43
[INFO] [stdout]   |
[INFO] [stdout] 6 |     simd::{f32x32, f32x8, num::SimdFloat, StdFloat},
[INFO] [stdout]   |                                           ^^^^^^^^
[INFO] [stdout] 
[INFO] [stdout] 
[INFO] [stdout] warning: unused import: `rayon::prelude`
[INFO] [stdout]  --> src/util.rs:8:5
[INFO] [stdout]   |
[INFO] [stdout] 8 | use rayon::prelude::*;
[INFO] [stdout]   |     ^^^^^^^^^^^^^^
[INFO] [stdout] 
[INFO] [stdout] 
[INFO] [stdout] warning: unused variable: `scale_offset`
[INFO] [stdout]    --> src/tensor.rs:199:13
[INFO] [stdout]     |
[INFO] [stdout] 199 |         let scale_offset = offset / Q8_0_GROUP_SIZE;
[INFO] [stdout]     |             ^^^^^^^^^^^^ help: if this is intentional, prefix it with an underscore: `_scale_offset`
[INFO] [stdout]     |
[INFO] [stdout]     = note: `#[warn(unused_variables)]` on by default
[INFO] [stdout] 
[INFO] [stdout] 
[INFO] [stdout] warning: unused variable: `layers`
[INFO] [stdout]    --> src/transformer.rs:267:13
[INFO] [stdout]     |
[INFO] [stdout] 267 |         let layers = vec![Layer::new(&config); config.n_layers as usize];
[INFO] [stdout]     |             ^^^^^^ help: if this is intentional, prefix it with an underscore: `_layers`
[INFO] [stdout] 
[INFO] [stdout] 
[INFO] [stdout] warning: unused variable: `before`
[INFO] [stdout]    --> src/transformer.rs:293:17
[INFO] [stdout]     |
[INFO] [stdout] 293 |             let before = Instant::now();
[INFO] [stdout]     |                 ^^^^^^ help: if this is intentional, prefix it with an underscore: `_before`
[INFO] [stdout] 
[INFO] [stdout] 
[INFO] [stdout] warning: function `sum_i16_pairs_float` is never used
[INFO] [stdout]   --> src/avx.rs:12:22
[INFO] [stdout]    |
[INFO] [stdout] 12 | pub(crate) unsafe fn sum_i16_pairs_float(x: __m256i) -> __m256 {
[INFO] [stdout]    |                      ^^^^^^^^^^^^^^^^^^^
[INFO] [stdout]    |
[INFO] [stdout]    = note: `#[warn(dead_code)]` on by default
[INFO] [stdout] 
[INFO] [stdout] 
[INFO] [stdout] warning: function `mul_sum_us8_pairs_float` is never used
[INFO] [stdout]   --> src/avx.rs:19:22
[INFO] [stdout]    |
[INFO] [stdout] 19 | pub(crate) unsafe fn mul_sum_us8_pairs_float(ax: __m256i, sy: __m256i) -> __m256 {
[INFO] [stdout]    |                      ^^^^^^^^^^^^^^^^^^^^^^^
[INFO] [stdout] 
[INFO] [stdout] 
[INFO] [stdout] warning: function `hsum_float_8` is never used
[INFO] [stdout]   --> src/avx.rs:25:22
[INFO] [stdout]    |
[INFO] [stdout] 25 | pub(crate) unsafe fn hsum_float_8(x: __m256) -> f32 {
[INFO] [stdout]    |                      ^^^^^^^^^^^^
[INFO] [stdout] 
[INFO] [stdout] 
[INFO] [stdout] warning: function `bytes_from_nibbles_32` is never used
[INFO] [stdout]   --> src/avx.rs:34:22
[INFO] [stdout]    |
[INFO] [stdout] 34 | pub(crate) unsafe fn bytes_from_nibbles_32(rsi: *const u8) -> __m256i {
[INFO] [stdout]    |                      ^^^^^^^^^^^^^^^^^^^^^
[INFO] [stdout] 
[INFO] [stdout] 
[INFO] [stdout] warning: function `mul_sum_i8_pairs_float` is never used
[INFO] [stdout]   --> src/avx.rs:42:22
[INFO] [stdout]    |
[INFO] [stdout] 42 | pub(crate) unsafe fn mul_sum_i8_pairs_float(x: __m256i, y: __m256i) -> __m256 {
[INFO] [stdout]    |                      ^^^^^^^^^^^^^^^^^^^^^^
[INFO] [stdout] 
[INFO] [stdout] 
[INFO] [stdout] warning: function `vec_dot_q4_0_q8_0` is never used
[INFO] [stdout]   --> src/avx.rs:49:15
[INFO] [stdout]    |
[INFO] [stdout] 49 | pub(crate) fn vec_dot_q4_0_q8_0(xs: &[BlockQ4_0], ys: &[BlockQ8_0]) -> f32 {
[INFO] [stdout]    |               ^^^^^^^^^^^^^^^^^
[INFO] [stdout] 
[INFO] [stdout] 
[INFO] [stdout] warning: function `vec_dot_q8_0_q8_0` is never used
[INFO] [stdout]   --> src/avx.rs:66:15
[INFO] [stdout]    |
[INFO] [stdout] 66 | pub(crate) fn vec_dot_q8_0_q8_0(xs: &[BlockQ8_0], ys: &[BlockQ8_0]) -> f32 {
[INFO] [stdout]    |               ^^^^^^^^^^^^^^^^^
[INFO] [stdout] 
[INFO] [stdout] 
[INFO] [stdout] warning: struct `BlockQ6_K` is never constructed
[INFO] [stdout]   --> src/quant.rs:19:12
[INFO] [stdout]    |
[INFO] [stdout] 19 | pub struct BlockQ6_K {
[INFO] [stdout]    |            ^^^^^^^^^
[INFO] [stdout]    |
[INFO] [stdout]    = note: `BlockQ6_K` has derived impls for the traits `Clone` and `Debug`, but these are intentionally ignored during dead code analysis
[INFO] [stdout] 
[INFO] [stdout] 
[INFO] [stdout] warning: methods `get_slice` and `dot_product_q4_0` are never used
[INFO] [stdout]   --> src/tensor.rs:51:8
[INFO] [stdout]    |
[INFO] [stdout] 19 | impl TensorQ4_0 {
[INFO] [stdout]    | --------------- methods in this implementation
[INFO] [stdout] ...
[INFO] [stdout] 51 |     fn get_slice(&self, offset: usize, len: usize) -> &[BlockQ4_0] {
[INFO] [stdout]    |        ^^^^^^^^^
[INFO] [stdout] ...
[INFO] [stdout] 55 |     fn dot_product_q4_0(&self, other: &TensorQ4_0) -> f32 {
[INFO] [stdout]    |        ^^^^^^^^^^^^^^^^
[INFO] [stdout] 
[INFO] [stdout] 
[INFO] [stdout] warning: method `get_slice` is never used
[INFO] [stdout]    --> src/tensor.rs:168:8
[INFO] [stdout]     |
[INFO] [stdout] 135 | impl TensorQ8_0 {
[INFO] [stdout]     | --------------- method in this implementation
[INFO] [stdout] ...
[INFO] [stdout] 168 |     fn get_slice(&self, offset: usize, len: usize) -> &[BlockQ8_0] {
[INFO] [stdout]     |        ^^^^^^^^^
[INFO] [stdout] 
[INFO] [stdout] 
[INFO] [stderr]     Finished `dev` profile [unoptimized + debuginfo] target(s) in 5.67s
[INFO] running `Command { std: "docker" "inspect" "f39e2a3f49f42519572cab1b7949ef9d0616d25c6a562265f0b32ebb99587341", kill_on_drop: false }`
[INFO] running `Command { std: "docker" "rm" "-f" "f39e2a3f49f42519572cab1b7949ef9d0616d25c6a562265f0b32ebb99587341", kill_on_drop: false }`
[INFO] [stdout] f39e2a3f49f42519572cab1b7949ef9d0616d25c6a562265f0b32ebb99587341
[INFO] running `Command { std: "docker" "create" "-v" "/var/lib/crater-agent-workspace/builds/worker-5-tc2/target:/opt/rustwide/target:rw,Z" "-v" "/var/lib/crater-agent-workspace/builds/worker-5-tc2/source:/opt/rustwide/workdir:ro,Z" "-v" "/var/lib/crater-agent-workspace/cargo-home:/opt/rustwide/cargo-home:ro,Z" "-v" "/var/lib/crater-agent-workspace/rustup-home:/opt/rustwide/rustup-home:ro,Z" "-e" "SOURCE_DIR=/opt/rustwide/workdir" "-e" "CARGO_TARGET_DIR=/opt/rustwide/target" "-e" "CARGO_INCREMENTAL=0" "-e" "RUST_BACKTRACE=full" "-e" "RUSTFLAGS=--cap-lints=forbid -Zrandomize-layout" "-e" "RUSTDOCFLAGS=--cap-lints=forbid" "-e" "CARGO_HOME=/opt/rustwide/cargo-home" "-e" "RUSTUP_HOME=/opt/rustwide/rustup-home" "-w" "/opt/rustwide/workdir" "-m" "1610612736" "--user" "0:0" "--network" "none" "ghcr.io/rust-lang/crates-build-env/linux@sha256:819108c5571ea2e421544af4d832f968d213c87fbe3707a016657f43d2f853bc" "/opt/rustwide/cargo-home/bin/cargo" "+nightly-2025-01-18" "test" "--frozen" "--no-run" "--message-format=json", kill_on_drop: false }`
[INFO] [stdout] 0f86f0baea4dd8fae554604382cef5a1e3dcf6768ee58375561e485037ee3d8d
[INFO] running `Command { std: "docker" "start" "-a" "0f86f0baea4dd8fae554604382cef5a1e3dcf6768ee58375561e485037ee3d8d", kill_on_drop: false }`
[INFO] [stdout] warning: unused imports: `Read` and `Seek`
[INFO] [stdout]  --> src/llm.rs:3:10
[INFO] [stdout]   |
[INFO] [stdout] 3 |     io::{Read, Seek},
[INFO] [stdout]   |          ^^^^  ^^^^
[INFO] [stdout]   |
[INFO] [stdout]   = note: `#[warn(unused_imports)]` on by default
[INFO] [stdout] 
[INFO] [stdout] 
[INFO] [stdout] warning: type `BlockQ6_K` should have an upper camel case name
[INFO] [stdout]   --> src/quant.rs:19:12
[INFO] [stdout]    |
[INFO] [stdout] 19 | pub struct BlockQ6_K {
[INFO] [stdout]    |            ^^^^^^^^^ help: convert the identifier to upper camel case: `BlockQ6K`
[INFO] [stdout]    |
[INFO] [stdout]    = note: `#[warn(non_camel_case_types)]` on by default
[INFO] [stdout] 
[INFO] [stdout] 
[INFO] [stdout] warning: unused imports: `f32x32`, `ops::Mul`, and `time::Instant`
[INFO] [stdout]  --> src/tensor.rs:5:5
[INFO] [stdout]   |
[INFO] [stdout] 5 |     ops::Mul,
[INFO] [stdout]   |     ^^^^^^^^
[INFO] [stdout] 6 |     simd::{f32x32, f32x8, num::SimdFloat, StdFloat},
[INFO] [stdout]   |            ^^^^^^
[INFO] [stdout] 7 |     time::Instant,
[INFO] [stdout]   |     ^^^^^^^^^^^^^
[INFO] [stdout] 
[INFO] [stdout] 
[INFO] [stdout] warning: unused import: `avx::vec_dot_q8_0_q8_0`
[INFO] [stdout]   --> src/tensor.rs:14:13
[INFO] [stdout]    |
[INFO] [stdout] 14 | use crate::{avx::vec_dot_q8_0_q8_0, errors::PllmError};
[INFO] [stdout]    |             ^^^^^^^^^^^^^^^^^^^^^^
[INFO] [stdout] 
[INFO] [stdout] 
[INFO] [stdout] warning: unused imports: `f32x32`, `f32x8`, `num::SimdFloat`, and `time::Instant`
[INFO] [stdout]  --> src/util.rs:3:12
[INFO] [stdout]   |
[INFO] [stdout] 3 |     simd::{f32x32, f32x8, num::SimdFloat, StdFloat},
[INFO] [stdout]   |            ^^^^^^  ^^^^^  ^^^^^^^^^^^^^^
[INFO] [stdout] 4 |     time::Instant,
[INFO] [stdout]   |     ^^^^^^^^^^^^^
[INFO] [stdout] 
[INFO] [stdout] 
[INFO] [stdout] warning: unused import: `StdFloat`
[INFO] [stdout]  --> src/util.rs:3:43
[INFO] [stdout]   |
[INFO] [stdout] 3 |     simd::{f32x32, f32x8, num::SimdFloat, StdFloat},
[INFO] [stdout]   |                                           ^^^^^^^^
[INFO] [stdout] 
[INFO] [stdout] 
[INFO] [stdout] warning: unused import: `iter::Sum`
[INFO] [stdout]  --> src/util.rs:2:5
[INFO] [stdout]   |
[INFO] [stdout] 2 |     iter::Sum,
[INFO] [stdout]   |     ^^^^^^^^^
[INFO] [stdout] 
[INFO] [stdout] 
[INFO] [stdout] warning: unused import: `StdFloat`
[INFO] [stdout]  --> src/tensor.rs:6:43
[INFO] [stdout]   |
[INFO] [stdout] 6 |     simd::{f32x32, f32x8, num::SimdFloat, StdFloat},
[INFO] [stdout]   |                                           ^^^^^^^^
[INFO] [stdout] 
[INFO] [stdout] 
[INFO] [stdout] warning: unused import: `rayon::prelude`
[INFO] [stdout]  --> src/util.rs:8:5
[INFO] [stdout]   |
[INFO] [stdout] 8 | use rayon::prelude::*;
[INFO] [stdout]   |     ^^^^^^^^^^^^^^
[INFO] [stdout] 
[INFO] [stdout] 
[INFO] [stdout] warning: unused variable: `scale_offset`
[INFO] [stdout]    --> src/tensor.rs:199:13
[INFO] [stdout]     |
[INFO] [stdout] 199 |         let scale_offset = offset / Q8_0_GROUP_SIZE;
[INFO] [stdout]     |             ^^^^^^^^^^^^ help: if this is intentional, prefix it with an underscore: `_scale_offset`
[INFO] [stdout]     |
[INFO] [stdout]     = note: `#[warn(unused_variables)]` on by default
[INFO] [stdout] 
[INFO] [stdout] 
[INFO] [stdout] warning: unused variable: `layers`
[INFO] [stdout]    --> src/transformer.rs:267:13
[INFO] [stdout]     |
[INFO] [stdout] 267 |         let layers = vec![Layer::new(&config); config.n_layers as usize];
[INFO] [stdout]     |             ^^^^^^ help: if this is intentional, prefix it with an underscore: `_layers`
[INFO] [stdout] 
[INFO] [stdout] 
[INFO] [stdout] warning: unused variable: `before`
[INFO] [stdout]    --> src/transformer.rs:293:17
[INFO] [stdout]     |
[INFO] [stdout] 293 |             let before = Instant::now();
[INFO] [stdout]     |                 ^^^^^^ help: if this is intentional, prefix it with an underscore: `_before`
[INFO] [stdout] 
[INFO] [stdout] 
[INFO] [stdout] warning: function `sum_i16_pairs_float` is never used
[INFO] [stdout]   --> src/avx.rs:12:22
[INFO] [stdout]    |
[INFO] [stdout] 12 | pub(crate) unsafe fn sum_i16_pairs_float(x: __m256i) -> __m256 {
[INFO] [stdout]    |                      ^^^^^^^^^^^^^^^^^^^
[INFO] [stdout]    |
[INFO] [stdout]    = note: `#[warn(dead_code)]` on by default
[INFO] [stdout] 
[INFO] [stdout] 
[INFO] [stdout] warning: function `mul_sum_us8_pairs_float` is never used
[INFO] [stdout]   --> src/avx.rs:19:22
[INFO] [stdout]    |
[INFO] [stdout] 19 | pub(crate) unsafe fn mul_sum_us8_pairs_float(ax: __m256i, sy: __m256i) -> __m256 {
[INFO] [stdout]    |                      ^^^^^^^^^^^^^^^^^^^^^^^
[INFO] [stdout] 
[INFO] [stdout] 
[INFO] [stdout] warning: function `hsum_float_8` is never used
[INFO] [stdout]   --> src/avx.rs:25:22
[INFO] [stdout]    |
[INFO] [stdout] 25 | pub(crate) unsafe fn hsum_float_8(x: __m256) -> f32 {
[INFO] [stdout]    |                      ^^^^^^^^^^^^
[INFO] [stdout] 
[INFO] [stdout] 
[INFO] [stderr]    Compiling pllm v0.4.1 (/opt/rustwide/workdir)
[INFO] [stdout] warning: function `bytes_from_nibbles_32` is never used
[INFO] [stdout]   --> src/avx.rs:34:22
[INFO] [stdout]    |
[INFO] [stdout] 34 | pub(crate) unsafe fn bytes_from_nibbles_32(rsi: *const u8) -> __m256i {
[INFO] [stdout]    |                      ^^^^^^^^^^^^^^^^^^^^^
[INFO] [stdout] 
[INFO] [stdout] 
[INFO] [stdout] warning: function `mul_sum_i8_pairs_float` is never used
[INFO] [stdout]   --> src/avx.rs:42:22
[INFO] [stdout]    |
[INFO] [stdout] 42 | pub(crate) unsafe fn mul_sum_i8_pairs_float(x: __m256i, y: __m256i) -> __m256 {
[INFO] [stdout]    |                      ^^^^^^^^^^^^^^^^^^^^^^
[INFO] [stdout] 
[INFO] [stdout] 
[INFO] [stdout] warning: function `vec_dot_q4_0_q8_0` is never used
[INFO] [stdout]   --> src/avx.rs:49:15
[INFO] [stdout]    |
[INFO] [stdout] 49 | pub(crate) fn vec_dot_q4_0_q8_0(xs: &[BlockQ4_0], ys: &[BlockQ8_0]) -> f32 {
[INFO] [stdout]    |               ^^^^^^^^^^^^^^^^^
[INFO] [stdout] 
[INFO] [stdout] 
[INFO] [stdout] warning: function `vec_dot_q8_0_q8_0` is never used
[INFO] [stdout]   --> src/avx.rs:66:15
[INFO] [stdout]    |
[INFO] [stdout] 66 | pub(crate) fn vec_dot_q8_0_q8_0(xs: &[BlockQ8_0], ys: &[BlockQ8_0]) -> f32 {
[INFO] [stdout]    |               ^^^^^^^^^^^^^^^^^
[INFO] [stdout] 
[INFO] [stdout] 
[INFO] [stdout] warning: struct `BlockQ6_K` is never constructed
[INFO] [stdout]   --> src/quant.rs:19:12
[INFO] [stdout]    |
[INFO] [stdout] 19 | pub struct BlockQ6_K {
[INFO] [stdout]    |            ^^^^^^^^^
[INFO] [stdout]    |
[INFO] [stdout]    = note: `BlockQ6_K` has derived impls for the traits `Clone` and `Debug`, but these are intentionally ignored during dead code analysis
[INFO] [stdout] 
[INFO] [stdout] 
[INFO] [stdout] warning: methods `get_slice` and `dot_product_q4_0` are never used
[INFO] [stdout]   --> src/tensor.rs:51:8
[INFO] [stdout]    |
[INFO] [stdout] 19 | impl TensorQ4_0 {
[INFO] [stdout]    | --------------- methods in this implementation
[INFO] [stdout] ...
[INFO] [stdout] 51 |     fn get_slice(&self, offset: usize, len: usize) -> &[BlockQ4_0] {
[INFO] [stdout]    |        ^^^^^^^^^
[INFO] [stdout] ...
[INFO] [stdout] 55 |     fn dot_product_q4_0(&self, other: &TensorQ4_0) -> f32 {
[INFO] [stdout]    |        ^^^^^^^^^^^^^^^^
[INFO] [stdout] 
[INFO] [stdout] 
[INFO] [stdout] warning: method `get_slice` is never used
[INFO] [stdout]    --> src/tensor.rs:168:8
[INFO] [stdout]     |
[INFO] [stdout] 135 | impl TensorQ8_0 {
[INFO] [stdout]     | --------------- method in this implementation
[INFO] [stdout] ...
[INFO] [stdout] 168 |     fn get_slice(&self, offset: usize, len: usize) -> &[BlockQ8_0] {
[INFO] [stdout]     |        ^^^^^^^^^
[INFO] [stdout] 
[INFO] [stdout] 
[INFO] [stdout] warning: unused imports: `Read` and `Seek`
[INFO] [stdout]  --> src/llm.rs:3:10
[INFO] [stdout]   |
[INFO] [stdout] 3 |     io::{Read, Seek},
[INFO] [stdout]   |          ^^^^  ^^^^
[INFO] [stdout]   |
[INFO] [stdout]   = note: `#[warn(unused_imports)]` on by default
[INFO] [stdout] 
[INFO] [stdout] 
[INFO] [stdout] warning: unused imports: `Read` and `Seek`
[INFO] [stdout]    --> src/model.rs:312:25
[INFO] [stdout]     |
[INFO] [stdout] 312 |         io::{BufReader, Read, Seek},
[INFO] [stdout]     |                         ^^^^  ^^^^
[INFO] [stdout] 
[INFO] [stdout] 
[INFO] [stdout] warning: type `BlockQ6_K` should have an upper camel case name
[INFO] [stdout]   --> src/quant.rs:19:12
[INFO] [stdout]    |
[INFO] [stdout] 19 | pub struct BlockQ6_K {
[INFO] [stdout]    |            ^^^^^^^^^ help: convert the identifier to upper camel case: `BlockQ6K`
[INFO] [stdout]    |
[INFO] [stdout]    = note: `#[warn(non_camel_case_types)]` on by default
[INFO] [stdout] 
[INFO] [stdout] 
[INFO] [stdout] warning: unused imports: `f32x32`, `ops::Mul`, and `time::Instant`
[INFO] [stdout]  --> src/tensor.rs:5:5
[INFO] [stdout]   |
[INFO] [stdout] 5 |     ops::Mul,
[INFO] [stdout]   |     ^^^^^^^^
[INFO] [stdout] 6 |     simd::{f32x32, f32x8, num::SimdFloat, StdFloat},
[INFO] [stdout]   |            ^^^^^^
[INFO] [stdout] 7 |     time::Instant,
[INFO] [stdout]   |     ^^^^^^^^^^^^^
[INFO] [stdout] 
[INFO] [stdout] 
[INFO] [stdout] warning: unused import: `avx::vec_dot_q8_0_q8_0`
[INFO] [stdout]   --> src/tensor.rs:14:13
[INFO] [stdout]    |
[INFO] [stdout] 14 | use crate::{avx::vec_dot_q8_0_q8_0, errors::PllmError};
[INFO] [stdout]    |             ^^^^^^^^^^^^^^^^^^^^^^
[INFO] [stdout] 
[INFO] [stdout] 
[INFO] [stdout] warning: unused imports: `f32x32`, `f32x8`, `num::SimdFloat`, and `time::Instant`
[INFO] [stdout]  --> src/util.rs:3:12
[INFO] [stdout]   |
[INFO] [stdout] 3 |     simd::{f32x32, f32x8, num::SimdFloat, StdFloat},
[INFO] [stdout]   |            ^^^^^^  ^^^^^  ^^^^^^^^^^^^^^
[INFO] [stdout] 4 |     time::Instant,
[INFO] [stdout]   |     ^^^^^^^^^^^^^
[INFO] [stdout] 
[INFO] [stdout] 
[INFO] [stdout] warning: variable `N` should have a snake case name
[INFO] [stdout]   --> examples/dot.rs:26:9
[INFO] [stdout]    |
[INFO] [stdout] 26 |     let N = 2048;
[INFO] [stdout]    |         ^ help: convert the identifier to snake case: `n`
[INFO] [stdout]    |
[INFO] [stdout]    = note: `#[warn(non_snake_case)]` on by default
[INFO] [stdout] 
[INFO] [stdout] 
[INFO] [stdout] warning: variable `K` should have a snake case name
[INFO] [stdout]   --> examples/dot.rs:27:9
[INFO] [stdout]    |
[INFO] [stdout] 27 |     let K = 256128;
[INFO] [stdout]    |         ^ help: convert the identifier to snake case (notice the capitalization): `k`
[INFO] [stdout] 
[INFO] [stdout] 
[INFO] [stdout] warning: variable `N` should have a snake case name
[INFO] [stdout]   --> examples/dot.rs:75:9
[INFO] [stdout]    |
[INFO] [stdout] 75 |     let N = 2048;
[INFO] [stdout]    |         ^ help: convert the identifier to snake case: `n`
[INFO] [stdout] 
[INFO] [stdout] 
[INFO] [stdout] warning: variable `K` should have a snake case name
[INFO] [stdout]   --> examples/dot.rs:76:9
[INFO] [stdout]    |
[INFO] [stdout] 76 |     let K = 256128;
[INFO] [stdout]    |         ^ help: convert the identifier to snake case (notice the capitalization): `k`
[INFO] [stdout] 
[INFO] [stdout] 
[INFO] [stdout] warning: variable `N` should have a snake case name
[INFO] [stdout]    --> examples/dot.rs:103:9
[INFO] [stdout]     |
[INFO] [stdout] 103 |     let N = 2048;
[INFO] [stdout]     |         ^ help: convert the identifier to snake case: `n`
[INFO] [stdout] 
[INFO] [stdout] 
[INFO] [stdout] warning: variable `K` should have a snake case name
[INFO] [stdout]    --> examples/dot.rs:104:9
[INFO] [stdout]     |
[INFO] [stdout] 104 |     let K = 256128;
[INFO] [stdout]     |         ^ help: convert the identifier to snake case (notice the capitalization): `k`
[INFO] [stdout] 
[INFO] [stdout] 
[INFO] [stdout] warning: unused import: `StdFloat`
[INFO] [stdout]  --> src/util.rs:3:43
[INFO] [stdout]   |
[INFO] [stdout] 3 |     simd::{f32x32, f32x8, num::SimdFloat, StdFloat},
[INFO] [stdout]   |                                           ^^^^^^^^
[INFO] [stdout] 
[INFO] [stdout] 
[INFO] [stdout] warning: unused import: `iter::Sum`
[INFO] [stdout]  --> src/util.rs:2:5
[INFO] [stdout]   |
[INFO] [stdout] 2 |     iter::Sum,
[INFO] [stdout]   |     ^^^^^^^^^
[INFO] [stdout] 
[INFO] [stdout] 
[INFO] [stdout] warning: unused import: `StdFloat`
[INFO] [stdout]  --> src/tensor.rs:6:43
[INFO] [stdout]   |
[INFO] [stdout] 6 |     simd::{f32x32, f32x8, num::SimdFloat, StdFloat},
[INFO] [stdout]   |                                           ^^^^^^^^
[INFO] [stdout] 
[INFO] [stdout] 
[INFO] [stdout] warning: unused import: `rayon::prelude`
[INFO] [stdout]  --> src/util.rs:8:5
[INFO] [stdout]   |
[INFO] [stdout] 8 | use rayon::prelude::*;
[INFO] [stdout]   |     ^^^^^^^^^^^^^^
[INFO] [stdout] 
[INFO] [stdout] 
[INFO] [stdout] warning: unused variable: `scale_offset`
[INFO] [stdout]    --> src/tensor.rs:199:13
[INFO] [stdout]     |
[INFO] [stdout] 199 |         let scale_offset = offset / Q8_0_GROUP_SIZE;
[INFO] [stdout]     |             ^^^^^^^^^^^^ help: if this is intentional, prefix it with an underscore: `_scale_offset`
[INFO] [stdout]     |
[INFO] [stdout]     = note: `#[warn(unused_variables)]` on by default
[INFO] [stdout] 
[INFO] [stdout] 
[INFO] [stdout] warning: unused variable: `layers`
[INFO] [stdout]    --> src/transformer.rs:267:13
[INFO] [stdout]     |
[INFO] [stdout] 267 |         let layers = vec![Layer::new(&config); config.n_layers as usize];
[INFO] [stdout]     |             ^^^^^^ help: if this is intentional, prefix it with an underscore: `_layers`
[INFO] [stdout] 
[INFO] [stdout] 
[INFO] [stdout] warning: unused variable: `before`
[INFO] [stdout]    --> src/transformer.rs:293:17
[INFO] [stdout]     |
[INFO] [stdout] 293 |             let before = Instant::now();
[INFO] [stdout]     |                 ^^^^^^ help: if this is intentional, prefix it with an underscore: `_before`
[INFO] [stdout] 
[INFO] [stdout] 
[INFO] [stdout] warning: function `sum_i16_pairs_float` is never used
[INFO] [stdout]   --> src/avx.rs:12:22
[INFO] [stdout]    |
[INFO] [stdout] 12 | pub(crate) unsafe fn sum_i16_pairs_float(x: __m256i) -> __m256 {
[INFO] [stdout]    |                      ^^^^^^^^^^^^^^^^^^^
[INFO] [stdout]    |
[INFO] [stdout]    = note: `#[warn(dead_code)]` on by default
[INFO] [stdout] 
[INFO] [stdout] 
[INFO] [stdout] warning: function `mul_sum_us8_pairs_float` is never used
[INFO] [stdout]   --> src/avx.rs:19:22
[INFO] [stdout]    |
[INFO] [stdout] 19 | pub(crate) unsafe fn mul_sum_us8_pairs_float(ax: __m256i, sy: __m256i) -> __m256 {
[INFO] [stdout]    |                      ^^^^^^^^^^^^^^^^^^^^^^^
[INFO] [stdout] 
[INFO] [stdout] 
[INFO] [stdout] warning: function `hsum_float_8` is never used
[INFO] [stdout]   --> src/avx.rs:25:22
[INFO] [stdout]    |
[INFO] [stdout] 25 | pub(crate) unsafe fn hsum_float_8(x: __m256) -> f32 {
[INFO] [stdout]    |                      ^^^^^^^^^^^^
[INFO] [stdout] 
[INFO] [stdout] 
[INFO] [stdout] warning: function `bytes_from_nibbles_32` is never used
[INFO] [stdout]   --> src/avx.rs:34:22
[INFO] [stdout]    |
[INFO] [stdout] 34 | pub(crate) unsafe fn bytes_from_nibbles_32(rsi: *const u8) -> __m256i {
[INFO] [stdout]    |                      ^^^^^^^^^^^^^^^^^^^^^
[INFO] [stdout] 
[INFO] [stdout] 
[INFO] [stdout] warning: function `mul_sum_i8_pairs_float` is never used
[INFO] [stdout]   --> src/avx.rs:42:22
[INFO] [stdout]    |
[INFO] [stdout] 42 | pub(crate) unsafe fn mul_sum_i8_pairs_float(x: __m256i, y: __m256i) -> __m256 {
[INFO] [stdout]    |                      ^^^^^^^^^^^^^^^^^^^^^^
[INFO] [stdout] 
[INFO] [stdout] 
[INFO] [stdout] warning: function `vec_dot_q4_0_q8_0` is never used
[INFO] [stdout]   --> src/avx.rs:49:15
[INFO] [stdout]    |
[INFO] [stdout] 49 | pub(crate) fn vec_dot_q4_0_q8_0(xs: &[BlockQ4_0], ys: &[BlockQ8_0]) -> f32 {
[INFO] [stdout]    |               ^^^^^^^^^^^^^^^^^
[INFO] [stdout] 
[INFO] [stdout] 
[INFO] [stdout] warning: function `vec_dot_q8_0_q8_0` is never used
[INFO] [stdout]   --> src/avx.rs:66:15
[INFO] [stdout]    |
[INFO] [stdout] 66 | pub(crate) fn vec_dot_q8_0_q8_0(xs: &[BlockQ8_0], ys: &[BlockQ8_0]) -> f32 {
[INFO] [stdout]    |               ^^^^^^^^^^^^^^^^^
[INFO] [stdout] 
[INFO] [stdout] 
[INFO] [stdout] warning: struct `BlockQ6_K` is never constructed
[INFO] [stdout]   --> src/quant.rs:19:12
[INFO] [stdout]    |
[INFO] [stdout] 19 | pub struct BlockQ6_K {
[INFO] [stdout]    |            ^^^^^^^^^
[INFO] [stdout]    |
[INFO] [stdout]    = note: `BlockQ6_K` has derived impls for the traits `Clone` and `Debug`, but these are intentionally ignored during dead code analysis
[INFO] [stdout] 
[INFO] [stdout] 
[INFO] [stdout] warning: methods `get_slice` and `dot_product_q4_0` are never used
[INFO] [stdout]   --> src/tensor.rs:51:8
[INFO] [stdout]    |
[INFO] [stdout] 19 | impl TensorQ4_0 {
[INFO] [stdout]    | --------------- methods in this implementation
[INFO] [stdout] ...
[INFO] [stdout] 51 |     fn get_slice(&self, offset: usize, len: usize) -> &[BlockQ4_0] {
[INFO] [stdout]    |        ^^^^^^^^^
[INFO] [stdout] ...
[INFO] [stdout] 55 |     fn dot_product_q4_0(&self, other: &TensorQ4_0) -> f32 {
[INFO] [stdout]    |        ^^^^^^^^^^^^^^^^
[INFO] [stdout] 
[INFO] [stdout] 
[INFO] [stdout] warning: method `get_slice` is never used
[INFO] [stdout]    --> src/tensor.rs:168:8
[INFO] [stdout]     |
[INFO] [stdout] 135 | impl TensorQ8_0 {
[INFO] [stdout]     | --------------- method in this implementation
[INFO] [stdout] ...
[INFO] [stdout] 168 |     fn get_slice(&self, offset: usize, len: usize) -> &[BlockQ8_0] {
[INFO] [stdout]     |        ^^^^^^^^^
[INFO] [stdout] 
[INFO] [stdout] 
[INFO] [stderr]     Finished `test` profile [unoptimized + debuginfo] target(s) in 1.41s
[INFO] running `Command { std: "docker" "inspect" "0f86f0baea4dd8fae554604382cef5a1e3dcf6768ee58375561e485037ee3d8d", kill_on_drop: false }`
[INFO] running `Command { std: "docker" "rm" "-f" "0f86f0baea4dd8fae554604382cef5a1e3dcf6768ee58375561e485037ee3d8d", kill_on_drop: false }`
[INFO] [stdout] 0f86f0baea4dd8fae554604382cef5a1e3dcf6768ee58375561e485037ee3d8d
[INFO] running `Command { std: "docker" "create" "-v" "/var/lib/crater-agent-workspace/builds/worker-5-tc2/target:/opt/rustwide/target:rw,Z" "-v" "/var/lib/crater-agent-workspace/builds/worker-5-tc2/source:/opt/rustwide/workdir:ro,Z" "-v" "/var/lib/crater-agent-workspace/cargo-home:/opt/rustwide/cargo-home:ro,Z" "-v" "/var/lib/crater-agent-workspace/rustup-home:/opt/rustwide/rustup-home:ro,Z" "-e" "SOURCE_DIR=/opt/rustwide/workdir" "-e" "CARGO_TARGET_DIR=/opt/rustwide/target" "-e" "CARGO_INCREMENTAL=0" "-e" "RUST_BACKTRACE=full" "-e" "RUSTFLAGS=--cap-lints=forbid -Zrandomize-layout" "-e" "RUSTDOCFLAGS=--cap-lints=forbid" "-e" "CARGO_HOME=/opt/rustwide/cargo-home" "-e" "RUSTUP_HOME=/opt/rustwide/rustup-home" "-w" "/opt/rustwide/workdir" "-m" "1610612736" "--user" "0:0" "--network" "none" "ghcr.io/rust-lang/crates-build-env/linux@sha256:819108c5571ea2e421544af4d832f968d213c87fbe3707a016657f43d2f853bc" "/opt/rustwide/cargo-home/bin/cargo" "+nightly-2025-01-18" "test" "--frozen", kill_on_drop: false }`
[INFO] [stdout] d08f26b765a59455f8a9962d64a0bca68a3256915c28273a2163e7b204c086e0
[INFO] running `Command { std: "docker" "start" "-a" "d08f26b765a59455f8a9962d64a0bca68a3256915c28273a2163e7b204c086e0", kill_on_drop: false }`
[INFO] [stderr] warning: unused imports: `Read` and `Seek`
[INFO] [stderr]  --> src/llm.rs:3:10
[INFO] [stderr]   |
[INFO] [stderr] 3 |     io::{Read, Seek},
[INFO] [stderr]   |          ^^^^  ^^^^
[INFO] [stderr]   |
[INFO] [stderr]   = note: `#[warn(unused_imports)]` on by default
[INFO] [stderr] 
[INFO] [stderr] warning: type `BlockQ6_K` should have an upper camel case name
[INFO] [stderr]   --> src/quant.rs:19:12
[INFO] [stderr]    |
[INFO] [stderr] 19 | pub struct BlockQ6_K {
[INFO] [stderr]    |            ^^^^^^^^^ help: convert the identifier to upper camel case: `BlockQ6K`
[INFO] [stderr]    |
[INFO] [stderr]    = note: `#[warn(non_camel_case_types)]` on by default
[INFO] [stderr] 
[INFO] [stderr] warning: unused imports: `f32x32`, `ops::Mul`, and `time::Instant`
[INFO] [stderr]  --> src/tensor.rs:5:5
[INFO] [stderr]   |
[INFO] [stderr] 5 |     ops::Mul,
[INFO] [stderr]   |     ^^^^^^^^
[INFO] [stderr] 6 |     simd::{f32x32, f32x8, num::SimdFloat, StdFloat},
[INFO] [stderr]   |            ^^^^^^
[INFO] [stderr] 7 |     time::Instant,
[INFO] [stderr]   |     ^^^^^^^^^^^^^
[INFO] [stderr] 
[INFO] [stderr] warning: unused import: `avx::vec_dot_q8_0_q8_0`
[INFO] [stderr]   --> src/tensor.rs:14:13
[INFO] [stderr]    |
[INFO] [stderr] 14 | use crate::{avx::vec_dot_q8_0_q8_0, errors::PllmError};
[INFO] [stderr]    |             ^^^^^^^^^^^^^^^^^^^^^^
[INFO] [stderr] 
[INFO] [stderr] warning: unused imports: `f32x32`, `f32x8`, `num::SimdFloat`, and `time::Instant`
[INFO] [stderr]  --> src/util.rs:3:12
[INFO] [stderr]   |
[INFO] [stderr] 3 |     simd::{f32x32, f32x8, num::SimdFloat, StdFloat},
[INFO] [stderr]   |            ^^^^^^  ^^^^^  ^^^^^^^^^^^^^^
[INFO] [stderr] 4 |     time::Instant,
[INFO] [stderr]   |     ^^^^^^^^^^^^^
[INFO] [stderr] 
[INFO] [stderr] warning: unused import: `StdFloat`
[INFO] [stderr]  --> src/util.rs:3:43
[INFO] [stderr]   |
[INFO] [stderr] 3 |     simd::{f32x32, f32x8, num::SimdFloat, StdFloat},
[INFO] [stderr]   |                                           ^^^^^^^^
[INFO] [stderr] 
[INFO] [stderr] warning: unused import: `iter::Sum`
[INFO] [stderr]  --> src/util.rs:2:5
[INFO] [stderr]   |
[INFO] [stderr] 2 |     iter::Sum,
[INFO] [stderr]   |     ^^^^^^^^^
[INFO] [stderr] 
[INFO] [stderr] warning: unused import: `StdFloat`
[INFO] [stderr]  --> src/tensor.rs:6:43
[INFO] [stderr]   |
[INFO] [stderr] 6 |     simd::{f32x32, f32x8, num::SimdFloat, StdFloat},
[INFO] [stderr]   |                                           ^^^^^^^^
[INFO] [stderr] 
[INFO] [stderr] warning: unused import: `rayon::prelude`
[INFO] [stderr]  --> src/util.rs:8:5
[INFO] [stderr]   |
[INFO] [stderr] 8 | use rayon::prelude::*;
[INFO] [stderr]   |     ^^^^^^^^^^^^^^
[INFO] [stderr] 
[INFO] [stderr] warning: unused variable: `scale_offset`
[INFO] [stderr]    --> src/tensor.rs:199:13
[INFO] [stderr]     |
[INFO] [stderr] 199 |         let scale_offset = offset / Q8_0_GROUP_SIZE;
[INFO] [stderr]     |             ^^^^^^^^^^^^ help: if this is intentional, prefix it with an underscore: `_scale_offset`
[INFO] [stderr]     |
[INFO] [stderr]     = note: `#[warn(unused_variables)]` on by default
[INFO] [stderr] 
[INFO] [stderr] warning: unused variable: `layers`
[INFO] [stderr]    --> src/transformer.rs:267:13
[INFO] [stderr]     |
[INFO] [stderr] 267 |         let layers = vec![Layer::new(&config); config.n_layers as usize];
[INFO] [stderr]     |             ^^^^^^ help: if this is intentional, prefix it with an underscore: `_layers`
[INFO] [stderr] 
[INFO] [stderr] warning: unused variable: `before`
[INFO] [stderr]    --> src/transformer.rs:293:17
[INFO] [stderr]     |
[INFO] [stderr] 293 |             let before = Instant::now();
[INFO] [stderr]     |                 ^^^^^^ help: if this is intentional, prefix it with an underscore: `_before`
[INFO] [stderr] 
[INFO] [stderr] warning: function `sum_i16_pairs_float` is never used
[INFO] [stderr]   --> src/avx.rs:12:22
[INFO] [stderr]    |
[INFO] [stderr] 12 | pub(crate) unsafe fn sum_i16_pairs_float(x: __m256i) -> __m256 {
[INFO] [stderr]    |                      ^^^^^^^^^^^^^^^^^^^
[INFO] [stderr]    |
[INFO] [stderr]    = note: `#[warn(dead_code)]` on by default
[INFO] [stderr] 
[INFO] [stderr] warning: function `mul_sum_us8_pairs_float` is never used
[INFO] [stderr]   --> src/avx.rs:19:22
[INFO] [stderr]    |
[INFO] [stderr] 19 | pub(crate) unsafe fn mul_sum_us8_pairs_float(ax: __m256i, sy: __m256i) -> __m256 {
[INFO] [stderr]    |                      ^^^^^^^^^^^^^^^^^^^^^^^
[INFO] [stderr] 
[INFO] [stderr] warning: function `hsum_float_8` is never used
[INFO] [stderr]   --> src/avx.rs:25:22
[INFO] [stderr]    |
[INFO] [stderr] 25 | pub(crate) unsafe fn hsum_float_8(x: __m256) -> f32 {
[INFO] [stderr]    |                      ^^^^^^^^^^^^
[INFO] [stderr] 
[INFO] [stderr] warning: function `bytes_from_nibbles_32` is never used
[INFO] [stderr]   --> src/avx.rs:34:22
[INFO] [stderr]    |
[INFO] [stderr] 34 | pub(crate) unsafe fn bytes_from_nibbles_32(rsi: *const u8) -> __m256i {
[INFO] [stderr]    |                      ^^^^^^^^^^^^^^^^^^^^^
[INFO] [stderr] 
[INFO] [stderr] warning: function `mul_sum_i8_pairs_float` is never used
[INFO] [stderr]   --> src/avx.rs:42:22
[INFO] [stderr]    |
[INFO] [stderr] 42 | pub(crate) unsafe fn mul_sum_i8_pairs_float(x: __m256i, y: __m256i) -> __m256 {
[INFO] [stderr]    |                      ^^^^^^^^^^^^^^^^^^^^^^
[INFO] [stderr] 
[INFO] [stderr] warning: function `vec_dot_q4_0_q8_0` is never used
[INFO] [stderr]   --> src/avx.rs:49:15
[INFO] [stderr]    |
[INFO] [stderr] 49 | pub(crate) fn vec_dot_q4_0_q8_0(xs: &[BlockQ4_0], ys: &[BlockQ8_0]) -> f32 {
[INFO] [stderr]    |               ^^^^^^^^^^^^^^^^^
[INFO] [stderr] 
[INFO] [stderr] warning: function `vec_dot_q8_0_q8_0` is never used
[INFO] [stderr]   --> src/avx.rs:66:15
[INFO] [stderr]    |
[INFO] [stderr] 66 | pub(crate) fn vec_dot_q8_0_q8_0(xs: &[BlockQ8_0], ys: &[BlockQ8_0]) -> f32 {
[INFO] [stderr]    |               ^^^^^^^^^^^^^^^^^
[INFO] [stderr] 
[INFO] [stderr] warning: struct `BlockQ6_K` is never constructed
[INFO] [stderr]   --> src/quant.rs:19:12
[INFO] [stderr]    |
[INFO] [stderr] 19 | pub struct BlockQ6_K {
[INFO] [stderr]    |            ^^^^^^^^^
[INFO] [stderr]    |
[INFO] [stderr]    = note: `BlockQ6_K` has derived impls for the traits `Clone` and `Debug`, but these are intentionally ignored during dead code analysis
[INFO] [stderr] 
[INFO] [stderr] warning: methods `get_slice` and `dot_product_q4_0` are never used
[INFO] [stderr]   --> src/tensor.rs:51:8
[INFO] [stderr]    |
[INFO] [stderr] 19 | impl TensorQ4_0 {
[INFO] [stderr]    | --------------- methods in this implementation
[INFO] [stderr] ...
[INFO] [stderr] 51 |     fn get_slice(&self, offset: usize, len: usize) -> &[BlockQ4_0] {
[INFO] [stderr]    |        ^^^^^^^^^
[INFO] [stderr] ...
[INFO] [stderr] 55 |     fn dot_product_q4_0(&self, other: &TensorQ4_0) -> f32 {
[INFO] [stderr]    |        ^^^^^^^^^^^^^^^^
[INFO] [stderr] 
[INFO] [stderr] warning: method `get_slice` is never used
[INFO] [stderr]    --> src/tensor.rs:168:8
[INFO] [stderr]     |
[INFO] [stderr] 135 | impl TensorQ8_0 {
[INFO] [stderr]     | --------------- method in this implementation
[INFO] [stderr] ...
[INFO] [stderr] 168 |     fn get_slice(&self, offset: usize, len: usize) -> &[BlockQ8_0] {
[INFO] [stderr]     |        ^^^^^^^^^
[INFO] [stderr] 
[INFO] [stderr] warning: unused imports: `Read` and `Seek`
[INFO] [stderr]    --> src/model.rs:312:25
[INFO] [stderr]     |
[INFO] [stderr] 312 |         io::{BufReader, Read, Seek},
[INFO] [stderr]     |                         ^^^^  ^^^^
[INFO] [stderr] 
[INFO] [stderr] warning: `pllm` (lib) generated 22 warnings (run `cargo fix --lib -p pllm` to apply 4 suggestions)
[INFO] [stderr] warning: `pllm` (lib test) generated 23 warnings (22 duplicates) (run `cargo fix --lib -p pllm --tests` to apply 1 suggestion)
[INFO] [stderr] warning: variable `N` should have a snake case name
[INFO] [stderr]   --> examples/dot.rs:26:9
[INFO] [stderr]    |
[INFO] [stderr] 26 |     let N = 2048;
[INFO] [stderr]    |         ^ help: convert the identifier to snake case: `n`
[INFO] [stderr]    |
[INFO] [stderr]    = note: `#[warn(non_snake_case)]` on by default
[INFO] [stderr] 
[INFO] [stderr] warning: variable `K` should have a snake case name
[INFO] [stderr]   --> examples/dot.rs:27:9
[INFO] [stderr]    |
[INFO] [stderr] 27 |     let K = 256128;
[INFO] [stderr]    |         ^ help: convert the identifier to snake case (notice the capitalization): `k`
[INFO] [stderr] 
[INFO] [stderr] warning: variable `N` should have a snake case name
[INFO] [stderr]   --> examples/dot.rs:75:9
[INFO] [stderr]    |
[INFO] [stderr] 75 |     let N = 2048;
[INFO] [stderr]    |         ^ help: convert the identifier to snake case: `n`
[INFO] [stderr] 
[INFO] [stderr] warning: variable `K` should have a snake case name
[INFO] [stderr]   --> examples/dot.rs:76:9
[INFO] [stderr]    |
[INFO] [stderr] 76 |     let K = 256128;
[INFO] [stderr]    |         ^ help: convert the identifier to snake case (notice the capitalization): `k`
[INFO] [stderr] 
[INFO] [stderr] warning: variable `N` should have a snake case name
[INFO] [stderr]    --> examples/dot.rs:103:9
[INFO] [stderr]     |
[INFO] [stderr] 103 |     let N = 2048;
[INFO] [stderr]     |         ^ help: convert the identifier to snake case: `n`
[INFO] [stderr] 
[INFO] [stderr] warning: variable `K` should have a snake case name
[INFO] [stderr]    --> examples/dot.rs:104:9
[INFO] [stderr]     |
[INFO] [stderr] 104 |     let K = 256128;
[INFO] [stderr]     |         ^ help: convert the identifier to snake case (notice the capitalization): `k`
[INFO] [stderr] 
[INFO] [stderr] warning: `pllm` (example "dot") generated 6 warnings
[INFO] [stderr]     Finished `test` profile [unoptimized + debuginfo] target(s) in 0.05s
[INFO] [stderr]      Running unittests src/lib.rs (/opt/rustwide/target/debug/deps/pllm-08c01b0384ad3b50)
[INFO] [stdout] 
[INFO] [stdout] running 9 tests
[INFO] [stdout] test tensor::tests::test_dot_product ... ok
[INFO] [stdout] test tensor::tests::test_vec_q8_0 ... ok
[INFO] [stdout] test tensor::tests::test_vec_q4_0 ... ok
[INFO] [stdout] test tensor::tests::test_tensor_mul ... ok
[INFO] [stdout] test gguf::tests::test_gguf_file ... FAILED
[INFO] [stdout] test llm::tests::test_reader ... FAILED
[INFO] [stdout] test model::tests::test_config_from_gguf ... FAILED
[INFO] [stdout] test llm::tests::test_gguf ... FAILED
[INFO] [stdout] test tokenizer::tests::test_tokenizer_from_gguf ... FAILED
[INFO] [stdout] 
[INFO] [stdout] failures:
[INFO] [stdout] 
[INFO] [stdout] ---- gguf::tests::test_gguf_file stdout ----
[INFO] [stdout] 
[INFO] [stdout] thread 'gguf::tests::test_gguf_file' panicked at src/gguf.rs:538:47:
[INFO] [stdout] called `Result::unwrap()` on an `Err` value: Os { code: 2, kind: NotFound, message: "No such file or directory" }
[INFO] [stdout] stack backtrace:
[INFO] [stdout]    0:     0x5b332d586e2a - std::backtrace_rs::backtrace::libunwind::trace::hb059275cfc8d6126
[INFO] [stdout]                                at /rustc/6067b36314ab5eb2eb47cecc464545ba58e1ad24/library/std/src/../../backtrace/src/backtrace/libunwind.rs:116:5
[INFO] [stdout]    1:     0x5b332d586e2a - std::backtrace_rs::backtrace::trace_unsynchronized::h2da071e4327ce3ee
[INFO] [stdout]                                at /rustc/6067b36314ab5eb2eb47cecc464545ba58e1ad24/library/std/src/../../backtrace/src/backtrace/mod.rs:66:5
[INFO] [stdout]    2:     0x5b332d586e2a - std::sys::backtrace::_print_fmt::h842a1474e6f8d23f
[INFO] [stdout]                                at /rustc/6067b36314ab5eb2eb47cecc464545ba58e1ad24/library/std/src/sys/backtrace.rs:66:9
[INFO] [stdout]    3:     0x5b332d586e2a - <std::sys::backtrace::BacktraceLock::print::DisplayBacktrace as core::fmt::Display>::fmt::h71a62eb3b9696b12
[INFO] [stdout]                                at /rustc/6067b36314ab5eb2eb47cecc464545ba58e1ad24/library/std/src/sys/backtrace.rs:39:26
[INFO] [stdout]    4:     0x5b332d5af733 - core::fmt::rt::Argument::fmt::hdb6b616786b41dc1
[INFO] [stdout]                                at /rustc/6067b36314ab5eb2eb47cecc464545ba58e1ad24/library/core/src/fmt/rt.rs:177:76
[INFO] [stdout]    5:     0x5b332d5af733 - core::fmt::write::h2cc1698af7e2d686
[INFO] [stdout]                                at /rustc/6067b36314ab5eb2eb47cecc464545ba58e1ad24/library/core/src/fmt/mod.rs:1440:21
[INFO] [stdout]    6:     0x5b332d583913 - std::io::Write::write_fmt::hab1b4cd059a79022
[INFO] [stdout]                                at /rustc/6067b36314ab5eb2eb47cecc464545ba58e1ad24/library/std/src/io/mod.rs:1887:15
[INFO] [stdout]    7:     0x5b332d586c72 - std::sys::backtrace::BacktraceLock::print::h147fe35b4ea13b08
[INFO] [stdout]                                at /rustc/6067b36314ab5eb2eb47cecc464545ba58e1ad24/library/std/src/sys/backtrace.rs:42:9
[INFO] [stdout]    8:     0x5b332d58824f - std::panicking::default_hook::{{closure}}::hbd44223dbdc0d208
[INFO] [stdout]                                at /rustc/6067b36314ab5eb2eb47cecc464545ba58e1ad24/library/std/src/panicking.rs:298:22
[INFO] [stdout]    9:     0x5b332d588068 - std::panicking::default_hook::h20f81eb0576efcec
[INFO] [stdout]                                at /rustc/6067b36314ab5eb2eb47cecc464545ba58e1ad24/library/std/src/panicking.rs:322:9
[INFO] [stdout]   10:     0x5b332d4eac53 - <alloc::boxed::Box<F,A> as core::ops::function::Fn<Args>>::call::hdb53814c496a4d34
[INFO] [stdout]                                at /rustc/6067b36314ab5eb2eb47cecc464545ba58e1ad24/library/alloc/src/boxed.rs:2027:9
[INFO] [stdout]   11:     0x5b332d4eac53 - test::test_main::{{closure}}::hc0a4963c59427c24
[INFO] [stdout]                                at /rustc/6067b36314ab5eb2eb47cecc464545ba58e1ad24/library/test/src/lib.rs:134:21
[INFO] [stdout]   12:     0x5b332d588d43 - <alloc::boxed::Box<F,A> as core::ops::function::Fn<Args>>::call::h591b2225413a77e9
[INFO] [stdout]                                at /rustc/6067b36314ab5eb2eb47cecc464545ba58e1ad24/library/alloc/src/boxed.rs:2027:9
[INFO] [stdout]   13:     0x5b332d588d43 - std::panicking::rust_panic_with_hook::h625eea43051b2edc
[INFO] [stdout]                                at /rustc/6067b36314ab5eb2eb47cecc464545ba58e1ad24/library/std/src/panicking.rs:839:13
[INFO] [stdout]   14:     0x5b332d5889fa - std::panicking::begin_panic_handler::{{closure}}::h4f9159cfbc3f6bd3
[INFO] [stdout]                                at /rustc/6067b36314ab5eb2eb47cecc464545ba58e1ad24/library/std/src/panicking.rs:704:13
[INFO] [stdout]   15:     0x5b332d587329 - std::sys::backtrace::__rust_end_short_backtrace::h0390abce48353151
[INFO] [stdout]                                at /rustc/6067b36314ab5eb2eb47cecc464545ba58e1ad24/library/std/src/sys/backtrace.rs:168:18
[INFO] [stdout]   16:     0x5b332d58868d - rust_begin_unwind
[INFO] [stdout]                                at /rustc/6067b36314ab5eb2eb47cecc464545ba58e1ad24/library/std/src/panicking.rs:695:5
[INFO] [stdout]   17:     0x5b332d5ad6b0 - core::panicking::panic_fmt::h9e7c637e9e5f29c9
[INFO] [stdout]                                at /rustc/6067b36314ab5eb2eb47cecc464545ba58e1ad24/library/core/src/panicking.rs:75:14
[INFO] [stdout]   18:     0x5b332d5adb26 - core::result::unwrap_failed::h7979f09313fe1849
[INFO] [stdout]                                at /rustc/6067b36314ab5eb2eb47cecc464545ba58e1ad24/library/core/src/result.rs:1704:5
[INFO] [stdout]   19:     0x5b332d4adc77 - core::result::Result<T,E>::unwrap::h5197625e09200b07
[INFO] [stdout]                                at /rustc/6067b36314ab5eb2eb47cecc464545ba58e1ad24/library/core/src/result.rs:1109:23
[INFO] [stdout]   20:     0x5b332d4adc77 - pllm::gguf::tests::test_gguf_file::h795709c203532ee5
[INFO] [stdout]                                at /opt/rustwide/workdir/src/gguf.rs:538:17
[INFO] [stdout]   21:     0x5b332d4adbf7 - pllm::gguf::tests::test_gguf_file::{{closure}}::h772b32f46524a320
[INFO] [stdout]                                at /opt/rustwide/workdir/src/gguf.rs:537:24
[INFO] [stdout]   22:     0x5b332d49d526 - core::ops::function::FnOnce::call_once::h6cef0d9d8f0414bc
[INFO] [stdout]                                at /rustc/6067b36314ab5eb2eb47cecc464545ba58e1ad24/library/core/src/ops/function.rs:250:5
[INFO] [stdout]   23:     0x5b332d4f03ab - core::ops::function::FnOnce::call_once::he27718dfdd183f43
[INFO] [stdout]                                at /rustc/6067b36314ab5eb2eb47cecc464545ba58e1ad24/library/core/src/ops/function.rs:250:5
[INFO] [stdout]   24:     0x5b332d4f03ab - test::__rust_begin_short_backtrace::h4e84902998457a5d
[INFO] [stdout]                                at /rustc/6067b36314ab5eb2eb47cecc464545ba58e1ad24/library/test/src/lib.rs:632:18
[INFO] [stdout]   25:     0x5b332d4ef2e3 - test::run_test_in_process::{{closure}}::h7176fd18fc1feca0
[INFO] [stdout]                                at /rustc/6067b36314ab5eb2eb47cecc464545ba58e1ad24/library/test/src/lib.rs:655:60
[INFO] [stdout]   26:     0x5b332d4ef2e3 - <core::panic::unwind_safe::AssertUnwindSafe<F> as core::ops::function::FnOnce<()>>::call_once::hf79cff2a624d8cf7
[INFO] [stdout]                                at /rustc/6067b36314ab5eb2eb47cecc464545ba58e1ad24/library/core/src/panic/unwind_safe.rs:272:9
[INFO] [stdout]   27:     0x5b332d4ef2e3 - std::panicking::try::do_call::h3da0561d9ab99c25
[INFO] [stdout]                                at /rustc/6067b36314ab5eb2eb47cecc464545ba58e1ad24/library/std/src/panicking.rs:587:40
[INFO] [stdout]   28:     0x5b332d4ef2e3 - std::panicking::try::h41c9fa508bc61df6
[INFO] [stdout]                                at /rustc/6067b36314ab5eb2eb47cecc464545ba58e1ad24/library/std/src/panicking.rs:550:19
[INFO] [stdout]   29:     0x5b332d4ef2e3 - std::panic::catch_unwind::h6b3ff07bb5afad93
[INFO] [stdout]                                at /rustc/6067b36314ab5eb2eb47cecc464545ba58e1ad24/library/std/src/panic.rs:358:14
[INFO] [stdout]   30:     0x5b332d4ef2e3 - test::run_test_in_process::hc7253dd11b39b9f4
[INFO] [stdout]                                at /rustc/6067b36314ab5eb2eb47cecc464545ba58e1ad24/library/test/src/lib.rs:655:27
[INFO] [stdout]   31:     0x5b332d4ef2e3 - test::run_test::{{closure}}::hfb2007f8649c30bb
[INFO] [stdout]                                at /rustc/6067b36314ab5eb2eb47cecc464545ba58e1ad24/library/test/src/lib.rs:576:43
[INFO] [stdout]   32:     0x5b332d4b23c5 - test::run_test::{{closure}}::h56a17aa7a282a9f4
[INFO] [stdout]                                at /rustc/6067b36314ab5eb2eb47cecc464545ba58e1ad24/library/test/src/lib.rs:606:41
[INFO] [stdout]   33:     0x5b332d4b23c5 - std::sys::backtrace::__rust_begin_short_backtrace::hd2d2d2fb8e8c6aac
[INFO] [stdout]                                at /rustc/6067b36314ab5eb2eb47cecc464545ba58e1ad24/library/std/src/sys/backtrace.rs:152:18
[INFO] [stdout]   34:     0x5b332d4b5caa - std::thread::Builder::spawn_unchecked_::{{closure}}::{{closure}}::h4faa3f9db6133423
[INFO] [stdout]                                at /rustc/6067b36314ab5eb2eb47cecc464545ba58e1ad24/library/std/src/thread/mod.rs:559:17
[INFO] [stdout]   35:     0x5b332d4b5caa - <core::panic::unwind_safe::AssertUnwindSafe<F> as core::ops::function::FnOnce<()>>::call_once::hf2e855a36a4ea846
[INFO] [stdout]                                at /rustc/6067b36314ab5eb2eb47cecc464545ba58e1ad24/library/core/src/panic/unwind_safe.rs:272:9
[INFO] [stdout]   36:     0x5b332d4b5caa - std::panicking::try::do_call::h2f73af3616c35465
[INFO] [stdout]                                at /rustc/6067b36314ab5eb2eb47cecc464545ba58e1ad24/library/std/src/panicking.rs:587:40
[INFO] [stdout]   37:     0x5b332d4b5caa - std::panicking::try::hd1660ce9efadef5a
[INFO] [stdout]                                at /rustc/6067b36314ab5eb2eb47cecc464545ba58e1ad24/library/std/src/panicking.rs:550:19
[INFO] [stdout]   38:     0x5b332d4b5caa - std::panic::catch_unwind::h5ee8d7823b8ca744
[INFO] [stdout]                                at /rustc/6067b36314ab5eb2eb47cecc464545ba58e1ad24/library/std/src/panic.rs:358:14
[INFO] [stdout]   39:     0x5b332d4b5caa - std::thread::Builder::spawn_unchecked_::{{closure}}::h53c3a1894dce8407
[INFO] [stdout]                                at /rustc/6067b36314ab5eb2eb47cecc464545ba58e1ad24/library/std/src/thread/mod.rs:557:30
[INFO] [stdout]   40:     0x5b332d4b5caa - core::ops::function::FnOnce::call_once{{vtable.shim}}::h048ce291ad4f62bf
[INFO] [stdout]                                at /rustc/6067b36314ab5eb2eb47cecc464545ba58e1ad24/library/core/src/ops/function.rs:250:5
[INFO] [stdout]   41:     0x5b332d58cd8b - <alloc::boxed::Box<F,A> as core::ops::function::FnOnce<Args>>::call_once::ha52bedf99a3b4981
[INFO] [stdout]                                at /rustc/6067b36314ab5eb2eb47cecc464545ba58e1ad24/library/alloc/src/boxed.rs:2013:9
[INFO] [stdout]   42:     0x5b332d58cd8b - <alloc::boxed::Box<F,A> as core::ops::function::FnOnce<Args>>::call_once::h567748934d80ccf8
[INFO] [stdout]                                at /rustc/6067b36314ab5eb2eb47cecc464545ba58e1ad24/library/alloc/src/boxed.rs:2013:9
[INFO] [stdout]   43:     0x5b332d58cd8b - std::sys::pal::unix::thread::Thread::new::thread_start::h2d970728ae887adc
[INFO] [stdout]                                at /rustc/6067b36314ab5eb2eb47cecc464545ba58e1ad24/library/std/src/sys/pal/unix/thread.rs:106:17
[INFO] [stdout]   44:     0x7d41fc4a0ac3 - <unknown>
[INFO] [stdout]   45:     0x7d41fc531a04 - clone
[INFO] [stdout]   46:                0x0 - <unknown>
[INFO] [stdout] 
[INFO] [stdout] ---- llm::tests::test_reader stdout ----
[INFO] [stdout] 
[INFO] [stdout] thread 'llm::tests::test_reader' panicked at src/llm.rs:153:55:
[INFO] [stdout] called `Result::unwrap()` on an `Err` value: Os { code: 2, kind: NotFound, message: "No such file or directory" }
[INFO] [stdout] stack backtrace:
[INFO] [stdout]    0:     0x5b332d586e2a - std::backtrace_rs::backtrace::libunwind::trace::hb059275cfc8d6126
[INFO] [stdout]                                at /rustc/6067b36314ab5eb2eb47cecc464545ba58e1ad24/library/std/src/../../backtrace/src/backtrace/libunwind.rs:116:5
[INFO] [stdout]    1:     0x5b332d586e2a - std::backtrace_rs::backtrace::trace_unsynchronized::h2da071e4327ce3ee
[INFO] [stdout]                                at /rustc/6067b36314ab5eb2eb47cecc464545ba58e1ad24/library/std/src/../../backtrace/src/backtrace/mod.rs:66:5
[INFO] [stdout]    2:     0x5b332d586e2a - std::sys::backtrace::_print_fmt::h842a1474e6f8d23f
[INFO] [stdout]                                at /rustc/6067b36314ab5eb2eb47cecc464545ba58e1ad24/library/std/src/sys/backtrace.rs:66:9
[INFO] [stdout]    3:     0x5b332d586e2a - <std::sys::backtrace::BacktraceLock::print::DisplayBacktrace as core::fmt::Display>::fmt::h71a62eb3b9696b12
[INFO] [stdout]                                at /rustc/6067b36314ab5eb2eb47cecc464545ba58e1ad24/library/std/src/sys/backtrace.rs:39:26
[INFO] [stdout]    4:     0x5b332d5af733 - core::fmt::rt::Argument::fmt::hdb6b616786b41dc1
[INFO] [stdout]                                at /rustc/6067b36314ab5eb2eb47cecc464545ba58e1ad24/library/core/src/fmt/rt.rs:177:76
[INFO] [stdout]    5:     0x5b332d5af733 - core::fmt::write::h2cc1698af7e2d686
[INFO] [stdout]                                at /rustc/6067b36314ab5eb2eb47cecc464545ba58e1ad24/library/core/src/fmt/mod.rs:1440:21
[INFO] [stdout]    6:     0x5b332d583913 - std::io::Write::write_fmt::hab1b4cd059a79022
[INFO] [stdout]                                at /rustc/6067b36314ab5eb2eb47cecc464545ba58e1ad24/library/std/src/io/mod.rs:1887:15
[INFO] [stdout]    7:     0x5b332d586c72 - std::sys::backtrace::BacktraceLock::print::h147fe35b4ea13b08
[INFO] [stdout]                                at /rustc/6067b36314ab5eb2eb47cecc464545ba58e1ad24/library/std/src/sys/backtrace.rs:42:9
[INFO] [stdout]    8:     0x5b332d58824f - std::panicking::default_hook::{{closure}}::hbd44223dbdc0d208
[INFO] [stdout]                                at /rustc/6067b36314ab5eb2eb47cecc464545ba58e1ad24/library/std/src/panicking.rs:298:22
[INFO] [stdout]    9:     0x5b332d588068 - std::panicking::default_hook::h20f81eb0576efcec
[INFO] [stdout]                                at /rustc/6067b36314ab5eb2eb47cecc464545ba58e1ad24/library/std/src/panicking.rs:322:9
[INFO] [stdout]   10:     0x5b332d4eac53 - <alloc::boxed::Box<F,A> as core::ops::function::Fn<Args>>::call::hdb53814c496a4d34
[INFO] [stdout]                                at /rustc/6067b36314ab5eb2eb47cecc464545ba58e1ad24/library/alloc/src/boxed.rs:2027:9
[INFO] [stdout]   11:     0x5b332d4eac53 - test::test_main::{{closure}}::hc0a4963c59427c24
[INFO] [stdout]                                at /rustc/6067b36314ab5eb2eb47cecc464545ba58e1ad24/library/test/src/lib.rs:134:21
[INFO] [stdout]   12:     0x5b332d588d43 - <alloc::boxed::Box<F,A> as core::ops::function::Fn<Args>>::call::h591b2225413a77e9
[INFO] [stdout]                                at /rustc/6067b36314ab5eb2eb47cecc464545ba58e1ad24/library/alloc/src/boxed.rs:2027:9
[INFO] [stdout]   13:     0x5b332d588d43 - std::panicking::rust_panic_with_hook::h625eea43051b2edc
[INFO] [stdout]                                at /rustc/6067b36314ab5eb2eb47cecc464545ba58e1ad24/library/std/src/panicking.rs:839:13
[INFO] [stdout]   14:     0x5b332d5889fa - std::panicking::begin_panic_handler::{{closure}}::h4f9159cfbc3f6bd3
[INFO] [stdout]                                at /rustc/6067b36314ab5eb2eb47cecc464545ba58e1ad24/library/std/src/panicking.rs:704:13
[INFO] [stdout]   15:     0x5b332d587329 - std::sys::backtrace::__rust_end_short_backtrace::h0390abce48353151
[INFO] [stdout]                                at /rustc/6067b36314ab5eb2eb47cecc464545ba58e1ad24/library/std/src/sys/backtrace.rs:168:18
[INFO] [stdout]   16:     0x5b332d58868d - rust_begin_unwind
[INFO] [stdout]                                at /rustc/6067b36314ab5eb2eb47cecc464545ba58e1ad24/library/std/src/panicking.rs:695:5
[INFO] [stdout]   17:     0x5b332d5ad6b0 - core::panicking::panic_fmt::h9e7c637e9e5f29c9
[INFO] [stdout]                                at /rustc/6067b36314ab5eb2eb47cecc464545ba58e1ad24/library/core/src/panicking.rs:75:14
[INFO] [stdout]   18:     0x5b332d5adb26 - core::result::unwrap_failed::h7979f09313fe1849
[INFO] [stdout]                                at /rustc/6067b36314ab5eb2eb47cecc464545ba58e1ad24/library/core/src/result.rs:1704:5
[INFO] [stdout]   19:     0x5b332d4ae433 - core::result::Result<T,E>::unwrap::h5197625e09200b07
[INFO] [stdout]                                at /rustc/6067b36314ab5eb2eb47cecc464545ba58e1ad24/library/core/src/result.rs:1109:23
[INFO] [stdout]   20:     0x5b332d4ae433 - pllm::llm::tests::test_reader::ha3a8e4160826fb29
[INFO] [stdout]                                at /opt/rustwide/workdir/src/llm.rs:153:17
[INFO] [stdout]   21:     0x5b332d4ae377 - pllm::llm::tests::test_reader::{{closure}}::h8aab6cc0f867d454
[INFO] [stdout]                                at /opt/rustwide/workdir/src/llm.rs:152:21
[INFO] [stdout]   22:     0x5b332d49d636 - core::ops::function::FnOnce::call_once::ha99bdc748d278063
[INFO] [stdout]                                at /rustc/6067b36314ab5eb2eb47cecc464545ba58e1ad24/library/core/src/ops/function.rs:250:5
[INFO] [stdout]   23:     0x5b332d4f03ab - core::ops::function::FnOnce::call_once::he27718dfdd183f43
[INFO] [stdout]                                at /rustc/6067b36314ab5eb2eb47cecc464545ba58e1ad24/library/core/src/ops/function.rs:250:5
[INFO] [stdout]   24:     0x5b332d4f03ab - test::__rust_begin_short_backtrace::h4e84902998457a5d
[INFO] [stdout]                                at /rustc/6067b36314ab5eb2eb47cecc464545ba58e1ad24/library/test/src/lib.rs:632:18
[INFO] [stdout]   25:     0x5b332d4ef2e3 - test::run_test_in_process::{{closure}}::h7176fd18fc1feca0
[INFO] [stdout]                                at /rustc/6067b36314ab5eb2eb47cecc464545ba58e1ad24/library/test/src/lib.rs:655:60
[INFO] [stdout]   26:     0x5b332d4ef2e3 - <core::panic::unwind_safe::AssertUnwindSafe<F> as core::ops::function::FnOnce<()>>::call_once::hf79cff2a624d8cf7
[INFO] [stdout]                                at /rustc/6067b36314ab5eb2eb47cecc464545ba58e1ad24/library/core/src/panic/unwind_safe.rs:272:9
[INFO] [stdout]   27:     0x5b332d4ef2e3 - std::panicking::try::do_call::h3da0561d9ab99c25
[INFO] [stdout]                                at /rustc/6067b36314ab5eb2eb47cecc464545ba58e1ad24/library/std/src/panicking.rs:587:40
[INFO] [stdout]   28:     0x5b332d4ef2e3 - std::panicking::try::h41c9fa508bc61df6
[INFO] [stdout]                                at /rustc/6067b36314ab5eb2eb47cecc464545ba58e1ad24/library/std/src/panicking.rs:550:19
[INFO] [stdout]   29:     0x5b332d4ef2e3 - std::panic::catch_unwind::h6b3ff07bb5afad93
[INFO] [stdout]                                at /rustc/6067b36314ab5eb2eb47cecc464545ba58e1ad24/library/std/src/panic.rs:358:14
[INFO] [stdout]   30:     0x5b332d4ef2e3 - test::run_test_in_process::hc7253dd11b39b9f4
[INFO] [stdout]                                at /rustc/6067b36314ab5eb2eb47cecc464545ba58e1ad24/library/test/src/lib.rs:655:27
[INFO] [stdout]   31:     0x5b332d4ef2e3 - test::run_test::{{closure}}::hfb2007f8649c30bb
[INFO] [stdout]                                at /rustc/6067b36314ab5eb2eb47cecc464545ba58e1ad24/library/test/src/lib.rs:576:43
[INFO] [stdout]   32:     0x5b332d4b23c5 - test::run_test::{{closure}}::h56a17aa7a282a9f4
[INFO] [stdout]                                at /rustc/6067b36314ab5eb2eb47cecc464545ba58e1ad24/library/test/src/lib.rs:606:41
[INFO] [stdout]   33:     0x5b332d4b23c5 - std::sys::backtrace::__rust_begin_short_backtrace::hd2d2d2fb8e8c6aac
[INFO] [stdout]                                at /rustc/6067b36314ab5eb2eb47cecc464545ba58e1ad24/library/std/src/sys/backtrace.rs:152:18
[INFO] [stdout]   34:     0x5b332d4b5caa - std::thread::Builder::spawn_unchecked_::{{closure}}::{{closure}}::h4faa3f9db6133423
[INFO] [stdout]                                at /rustc/6067b36314ab5eb2eb47cecc464545ba58e1ad24/library/std/src/thread/mod.rs:559:17
[INFO] [stdout]   35:     0x5b332d4b5caa - <core::panic::unwind_safe::AssertUnwindSafe<F> as core::ops::function::FnOnce<()>>::call_once::hf2e855a36a4ea846
[INFO] [stdout]                                at /rustc/6067b36314ab5eb2eb47cecc464545ba58e1ad24/library/core/src/panic/unwind_safe.rs:272:9
[INFO] [stdout]   36:     0x5b332d4b5caa - std::panicking::try::do_call::h2f73af3616c35465
[INFO] [stdout]                                at /rustc/6067b36314ab5eb2eb47cecc464545ba58e1ad24/library/std/src/panicking.rs:587:40
[INFO] [stdout]   37:     0x5b332d4b5caa - std::panicking::try::hd1660ce9efadef5a
[INFO] [stdout]                                at /rustc/6067b36314ab5eb2eb47cecc464545ba58e1ad24/library/std/src/panicking.rs:550:19
[INFO] [stdout]   38:     0x5b332d4b5caa - std::panic::catch_unwind::h5ee8d7823b8ca744
[INFO] [stdout]                                at /rustc/6067b36314ab5eb2eb47cecc464545ba58e1ad24/library/std/src/panic.rs:358:14
[INFO] [stdout]   39:     0x5b332d4b5caa - std::thread::Builder::spawn_unchecked_::{{closure}}::h53c3a1894dce8407
[INFO] [stdout]                                at /rustc/6067b36314ab5eb2eb47cecc464545ba58e1ad24/library/std/src/thread/mod.rs:557:30
[INFO] [stdout]   40:     0x5b332d4b5caa - core::ops::function::FnOnce::call_once{{vtable.shim}}::h048ce291ad4f62bf
[INFO] [stdout]                                at /rustc/6067b36314ab5eb2eb47cecc464545ba58e1ad24/library/core/src/ops/function.rs:250:5
[INFO] [stdout]   41:     0x5b332d58cd8b - <alloc::boxed::Box<F,A> as core::ops::function::FnOnce<Args>>::call_once::ha52bedf99a3b4981
[INFO] [stdout]                                at /rustc/6067b36314ab5eb2eb47cecc464545ba58e1ad24/library/alloc/src/boxed.rs:2013:9
[INFO] [stdout]   42:     0x5b332d58cd8b - <alloc::boxed::Box<F,A> as core::ops::function::FnOnce<Args>>::call_once::h567748934d80ccf8
[INFO] [stdout]                                at /rustc/6067b36314ab5eb2eb47cecc464545ba58e1ad24/library/alloc/src/boxed.rs:2013:9
[INFO] [stdout]   43:     0x5b332d58cd8b - std::sys::pal::unix::thread::Thread::new::thread_start::h2d970728ae887adc
[INFO] [stdout]                                at /rustc/6067b36314ab5eb2eb47cecc464545ba58e1ad24/library/std/src/sys/pal/unix/thread.rs:106:17
[INFO] [stdout]   44:     0x7d41fc4a0ac3 - <unknown>
[INFO] [stdout]   45:     0x7d41fc531a04 - clone
[INFO] [stdout]   46:                0x0 - <unknown>
[INFO] [stdout] 
[INFO] [stdout] ---- model::tests::test_config_from_gguf stdout ----
[INFO] [stdout] 
[INFO] [stdout] thread 'model::tests::test_config_from_gguf' panicked at src/model.rs:318:48:
[INFO] [stdout] called `Result::unwrap()` on an `Err` value: Os { code: 2, kind: NotFound, message: "No such file or directory" }
[INFO] [stdout] stack backtrace:
[INFO] [stdout]    0:     0x5b332d586e2a - std::backtrace_rs::backtrace::libunwind::trace::hb059275cfc8d6126
[INFO] [stdout]                                at /rustc/6067b36314ab5eb2eb47cecc464545ba58e1ad24/library/std/src/../../backtrace/src/backtrace/libunwind.rs:116:5
[INFO] [stdout]    1:     0x5b332d586e2a - std::backtrace_rs::backtrace::trace_unsynchronized::h2da071e4327ce3ee
[INFO] [stdout]                                at /rustc/6067b36314ab5eb2eb47cecc464545ba58e1ad24/library/std/src/../../backtrace/src/backtrace/mod.rs:66:5
[INFO] [stdout]    2:     0x5b332d586e2a - std::sys::backtrace::_print_fmt::h842a1474e6f8d23f
[INFO] [stdout]                                at /rustc/6067b36314ab5eb2eb47cecc464545ba58e1ad24/library/std/src/sys/backtrace.rs:66:9
[INFO] [stdout]    3:     0x5b332d586e2a - <std::sys::backtrace::BacktraceLock::print::DisplayBacktrace as core::fmt::Display>::fmt::h71a62eb3b9696b12
[INFO] [stdout]                                at /rustc/6067b36314ab5eb2eb47cecc464545ba58e1ad24/library/std/src/sys/backtrace.rs:39:26
[INFO] [stdout]    4:     0x5b332d5af733 - core::fmt::rt::Argument::fmt::hdb6b616786b41dc1
[INFO] [stdout]                                at /rustc/6067b36314ab5eb2eb47cecc464545ba58e1ad24/library/core/src/fmt/rt.rs:177:76
[INFO] [stdout]    5:     0x5b332d5af733 - core::fmt::write::h2cc1698af7e2d686
[INFO] [stdout]                                at /rustc/6067b36314ab5eb2eb47cecc464545ba58e1ad24/library/core/src/fmt/mod.rs:1440:21
[INFO] [stdout]    6:     0x5b332d583913 - std::io::Write::write_fmt::hab1b4cd059a79022
[INFO] [stdout]                                at /rustc/6067b36314ab5eb2eb47cecc464545ba58e1ad24/library/std/src/io/mod.rs:1887:15
[INFO] [stdout]    7:     0x5b332d586c72 - std::sys::backtrace::BacktraceLock::print::h147fe35b4ea13b08
[INFO] [stdout]                                at /rustc/6067b36314ab5eb2eb47cecc464545ba58e1ad24/library/std/src/sys/backtrace.rs:42:9
[INFO] [stdout]    8:     0x5b332d58824f - std::panicking::default_hook::{{closure}}::hbd44223dbdc0d208
[INFO] [stdout]                                at /rustc/6067b36314ab5eb2eb47cecc464545ba58e1ad24/library/std/src/panicking.rs:298:22
[INFO] [stdout]    9:     0x5b332d588068 - std::panicking::default_hook::h20f81eb0576efcec
[INFO] [stdout]                                at /rustc/6067b36314ab5eb2eb47cecc464545ba58e1ad24/library/std/src/panicking.rs:322:9
[INFO] [stdout]   10:     0x5b332d4eac53 - <alloc::boxed::Box<F,A> as core::ops::function::Fn<Args>>::call::hdb53814c496a4d34
[INFO] [stdout]                                at /rustc/6067b36314ab5eb2eb47cecc464545ba58e1ad24/library/alloc/src/boxed.rs:2027:9
[INFO] [stdout]   11:     0x5b332d4eac53 - test::test_main::{{closure}}::hc0a4963c59427c24
[INFO] [stdout]                                at /rustc/6067b36314ab5eb2eb47cecc464545ba58e1ad24/library/test/src/lib.rs:134:21
[INFO] [stdout]   12:     0x5b332d588d43 - <alloc::boxed::Box<F,A> as core::ops::function::Fn<Args>>::call::h591b2225413a77e9
[INFO] [stdout]                                at /rustc/6067b36314ab5eb2eb47cecc464545ba58e1ad24/library/alloc/src/boxed.rs:2027:9
[INFO] [stdout]   13:     0x5b332d588d43 - std::panicking::rust_panic_with_hook::h625eea43051b2edc
[INFO] [stdout]                                at /rustc/6067b36314ab5eb2eb47cecc464545ba58e1ad24/library/std/src/panicking.rs:839:13
[INFO] [stdout]   14:     0x5b332d5889fa - std::panicking::begin_panic_handler::{{closure}}::h4f9159cfbc3f6bd3
[INFO] [stdout]                                at /rustc/6067b36314ab5eb2eb47cecc464545ba58e1ad24/library/std/src/panicking.rs:704:13
[INFO] [stdout]   15:     0x5b332d587329 - std::sys::backtrace::__rust_end_short_backtrace::h0390abce48353151
[INFO] [stdout]                                at /rustc/6067b36314ab5eb2eb47cecc464545ba58e1ad24/library/std/src/sys/backtrace.rs:168:18
[INFO] [stdout]   16:     0x5b332d58868d - rust_begin_unwind
[INFO] [stdout]                                at /rustc/6067b36314ab5eb2eb47cecc464545ba58e1ad24/library/std/src/panicking.rs:695:5
[INFO] [stdout]   17:     0x5b332d5ad6b0 - core::panicking::panic_fmt::h9e7c637e9e5f29c9
[INFO] [stdout]                                at /rustc/6067b36314ab5eb2eb47cecc464545ba58e1ad24/library/core/src/panicking.rs:75:14
[INFO] [stdout]   18:     0x5b332d5adb26 - core::result::unwrap_failed::h7979f09313fe1849
[INFO] [stdout]                                at /rustc/6067b36314ab5eb2eb47cecc464545ba58e1ad24/library/core/src/result.rs:1704:5
[INFO] [stdout]   19:     0x5b332d4ada99 - core::result::Result<T,E>::unwrap::h5197625e09200b07
[INFO] [stdout]                                at /rustc/6067b36314ab5eb2eb47cecc464545ba58e1ad24/library/core/src/result.rs:1109:23
[INFO] [stdout]   20:     0x5b332d4ada99 - pllm::model::tests::get_gguf::hd6469be8f4fe016e
[INFO] [stdout]                                at /opt/rustwide/workdir/src/model.rs:318:17
[INFO] [stdout]   21:     0x5b332d4b0286 - pllm::model::tests::test_config_from_gguf::h9d58b7a1f6e588b7
[INFO] [stdout]                                at /opt/rustwide/workdir/src/model.rs:325:18
[INFO] [stdout]   22:     0x5b332d4b0257 - pllm::model::tests::test_config_from_gguf::{{closure}}::hd48172d29ee9c27e
[INFO] [stdout]                                at /opt/rustwide/workdir/src/model.rs:324:31
[INFO] [stdout]   23:     0x5b332d49d5f6 - core::ops::function::FnOnce::call_once::ha30cc1e473843b86
[INFO] [stdout]                                at /rustc/6067b36314ab5eb2eb47cecc464545ba58e1ad24/library/core/src/ops/function.rs:250:5
[INFO] [stdout]   24:     0x5b332d4f03ab - core::ops::function::FnOnce::call_once::he27718dfdd183f43
[INFO] [stdout]                                at /rustc/6067b36314ab5eb2eb47cecc464545ba58e1ad24/library/core/src/ops/function.rs:250:5
[INFO] [stdout]   25:     0x5b332d4f03ab - test::__rust_begin_short_backtrace::h4e84902998457a5d
[INFO] [stdout]                                at /rustc/6067b36314ab5eb2eb47cecc464545ba58e1ad24/library/test/src/lib.rs:632:18
[INFO] [stdout]   26:     0x5b332d4ef2e3 - test::run_test_in_process::{{closure}}::h7176fd18fc1feca0
[INFO] [stdout]                                at /rustc/6067b36314ab5eb2eb47cecc464545ba58e1ad24/library/test/src/lib.rs:655:60
[INFO] [stdout]   27:     0x5b332d4ef2e3 - <core::panic::unwind_safe::AssertUnwindSafe<F> as core::ops::function::FnOnce<()>>::call_once::hf79cff2a624d8cf7
[INFO] [stdout]                                at /rustc/6067b36314ab5eb2eb47cecc464545ba58e1ad24/library/core/src/panic/unwind_safe.rs:272:9
[INFO] [stdout]   28:     0x5b332d4ef2e3 - std::panicking::try::do_call::h3da0561d9ab99c25
[INFO] [stdout]                                at /rustc/6067b36314ab5eb2eb47cecc464545ba58e1ad24/library/std/src/panicking.rs:587:40
[INFO] [stdout]   29:     0x5b332d4ef2e3 - std::panicking::try::h41c9fa508bc61df6
[INFO] [stdout]                                at /rustc/6067b36314ab5eb2eb47cecc464545ba58e1ad24/library/std/src/panicking.rs:550:19
[INFO] [stdout]   30:     0x5b332d4ef2e3 - std::panic::catch_unwind::h6b3ff07bb5afad93
[INFO] [stdout]                                at /rustc/6067b36314ab5eb2eb47cecc464545ba58e1ad24/library/std/src/panic.rs:358:14
[INFO] [stdout]   31:     0x5b332d4ef2e3 - test::run_test_in_process::hc7253dd11b39b9f4
[INFO] [stdout]                                at /rustc/6067b36314ab5eb2eb47cecc464545ba58e1ad24/library/test/src/lib.rs:655:27
[INFO] [stdout]   32:     0x5b332d4ef2e3 - test::run_test::{{closure}}::hfb2007f8649c30bb
[INFO] [stdout]                                at /rustc/6067b36314ab5eb2eb47cecc464545ba58e1ad24/library/test/src/lib.rs:576:43
[INFO] [stdout]   33:     0x5b332d4b23c5 - test::run_test::{{closure}}::h56a17aa7a282a9f4
[INFO] [stdout]                                at /rustc/6067b36314ab5eb2eb47cecc464545ba58e1ad24/library/test/src/lib.rs:606:41
[INFO] [stdout]   34:     0x5b332d4b23c5 - std::sys::backtrace::__rust_begin_short_backtrace::hd2d2d2fb8e8c6aac
[INFO] [stdout]                                at /rustc/6067b36314ab5eb2eb47cecc464545ba58e1ad24/library/std/src/sys/backtrace.rs:152:18
[INFO] [stdout]   35:     0x5b332d4b5caa - std::thread::Builder::spawn_unchecked_::{{closure}}::{{closure}}::h4faa3f9db6133423
[INFO] [stdout]                                at /rustc/6067b36314ab5eb2eb47cecc464545ba58e1ad24/library/std/src/thread/mod.rs:559:17
[INFO] [stdout]   36:     0x5b332d4b5caa - <core::panic::unwind_safe::AssertUnwindSafe<F> as core::ops::function::FnOnce<()>>::call_once::hf2e855a36a4ea846
[INFO] [stdout]                                at /rustc/6067b36314ab5eb2eb47cecc464545ba58e1ad24/library/core/src/panic/unwind_safe.rs:272:9
[INFO] [stdout]   37:     0x5b332d4b5caa - std::panicking::try::do_call::h2f73af3616c35465
[INFO] [stdout]                                at /rustc/6067b36314ab5eb2eb47cecc464545ba58e1ad24/library/std/src/panicking.rs:587:40
[INFO] [stdout]   38:     0x5b332d4b5caa - std::panicking::try::hd1660ce9efadef5a
[INFO] [stdout]                                at /rustc/6067b36314ab5eb2eb47cecc464545ba58e1ad24/library/std/src/panicking.rs:550:19
[INFO] [stdout]   39:     0x5b332d4b5caa - std::panic::catch_unwind::h5ee8d7823b8ca744
[INFO] [stdout]                                at /rustc/6067b36314ab5eb2eb47cecc464545ba58e1ad24/library/std/src/panic.rs:358:14
[INFO] [stdout]   40:     0x5b332d4b5caa - std::thread::Builder::spawn_unchecked_::{{closure}}::h53c3a1894dce8407
[INFO] [stdout]                                at /rustc/6067b36314ab5eb2eb47cecc464545ba58e1ad24/library/std/src/thread/mod.rs:557:30
[INFO] [stdout]   41:     0x5b332d4b5caa - core::ops::function::FnOnce::call_once{{vtable.shim}}::h048ce291ad4f62bf
[INFO] [stdout]                                at /rustc/6067b36314ab5eb2eb47cecc464545ba58e1ad24/library/core/src/ops/function.rs:250:5
[INFO] [stdout]   42:     0x5b332d58cd8b - <alloc::boxed::Box<F,A> as core::ops::function::FnOnce<Args>>::call_once::ha52bedf99a3b4981
[INFO] [stdout]                                at /rustc/6067b36314ab5eb2eb47cecc464545ba58e1ad24/library/alloc/src/boxed.rs:2013:9
[INFO] [stdout]   43:     0x5b332d58cd8b - <alloc::boxed::Box<F,A> as core::ops::function::FnOnce<Args>>::call_once::h567748934d80ccf8
[INFO] [stdout]                                at /rustc/6067b36314ab5eb2eb47cecc464545ba58e1ad24/library/alloc/src/boxed.rs:2013:9
[INFO] [stdout]   44:     0x5b332d58cd8b - std::sys::pal::unix::thread::Thread::new::thread_start::h2d970728ae887adc
[INFO] [stdout]                                at /rustc/6067b36314ab5eb2eb47cecc464545ba58e1ad24/library/std/src/sys/pal/unix/thread.rs:106:17
[INFO] [stdout]   45:     0x7d41fc4a0ac3 - <unknown>
[INFO] [stdout]   46:     0x7d41fc531a04 - clone
[INFO] [stdout]   47:                0x0 - <unknown>
[INFO] [stdout] 
[INFO] [stdout] ---- llm::tests::test_gguf stdout ----
[INFO] [stdout] 
[INFO] [stdout] thread 'llm::tests::test_gguf' panicked at src/llm.rs:185:48:
[INFO] [stdout] called `Result::unwrap()` on an `Err` value: Os { code: 2, kind: NotFound, message: "No such file or directory" }
[INFO] [stdout] stack backtrace:
[INFO] [stdout]    0:     0x5b332d586e2a - std::backtrace_rs::backtrace::libunwind::trace::hb059275cfc8d6126
[INFO] [stdout]                                at /rustc/6067b36314ab5eb2eb47cecc464545ba58e1ad24/library/std/src/../../backtrace/src/backtrace/libunwind.rs:116:5
[INFO] [stdout]    1:     0x5b332d586e2a - std::backtrace_rs::backtrace::trace_unsynchronized::h2da071e4327ce3ee
[INFO] [stdout]                                at /rustc/6067b36314ab5eb2eb47cecc464545ba58e1ad24/library/std/src/../../backtrace/src/backtrace/mod.rs:66:5
[INFO] [stdout]    2:     0x5b332d586e2a - std::sys::backtrace::_print_fmt::h842a1474e6f8d23f
[INFO] [stdout]                                at /rustc/6067b36314ab5eb2eb47cecc464545ba58e1ad24/library/std/src/sys/backtrace.rs:66:9
[INFO] [stdout]    3:     0x5b332d586e2a - <std::sys::backtrace::BacktraceLock::print::DisplayBacktrace as core::fmt::Display>::fmt::h71a62eb3b9696b12
[INFO] [stdout]                                at /rustc/6067b36314ab5eb2eb47cecc464545ba58e1ad24/library/std/src/sys/backtrace.rs:39:26
[INFO] [stdout]    4:     0x5b332d5af733 - core::fmt::rt::Argument::fmt::hdb6b616786b41dc1
[INFO] [stdout]                                at /rustc/6067b36314ab5eb2eb47cecc464545ba58e1ad24/library/core/src/fmt/rt.rs:177:76
[INFO] [stdout]    5:     0x5b332d5af733 - core::fmt::write::h2cc1698af7e2d686
[INFO] [stdout]                                at /rustc/6067b36314ab5eb2eb47cecc464545ba58e1ad24/library/core/src/fmt/mod.rs:1440:21
[INFO] [stdout]    6:     0x5b332d583913 - std::io::Write::write_fmt::hab1b4cd059a79022
[INFO] [stdout]                                at /rustc/6067b36314ab5eb2eb47cecc464545ba58e1ad24/library/std/src/io/mod.rs:1887:15
[INFO] [stdout]    7:     0x5b332d586c72 - std::sys::backtrace::BacktraceLock::print::h147fe35b4ea13b08
[INFO] [stdout]                                at /rustc/6067b36314ab5eb2eb47cecc464545ba58e1ad24/library/std/src/sys/backtrace.rs:42:9
[INFO] [stdout]    8:     0x5b332d58824f - std::panicking::default_hook::{{closure}}::hbd44223dbdc0d208
[INFO] [stdout]                                at /rustc/6067b36314ab5eb2eb47cecc464545ba58e1ad24/library/std/src/panicking.rs:298:22
[INFO] [stdout]    9:     0x5b332d588068 - std::panicking::default_hook::h20f81eb0576efcec
[INFO] [stdout]                                at /rustc/6067b36314ab5eb2eb47cecc464545ba58e1ad24/library/std/src/panicking.rs:322:9
[INFO] [stdout]   10:     0x5b332d4eac53 - <alloc::boxed::Box<F,A> as core::ops::function::Fn<Args>>::call::hdb53814c496a4d34
[INFO] [stdout]                                at /rustc/6067b36314ab5eb2eb47cecc464545ba58e1ad24/library/alloc/src/boxed.rs:2027:9
[INFO] [stdout]   11:     0x5b332d4eac53 - test::test_main::{{closure}}::hc0a4963c59427c24
[INFO] [stdout]                                at /rustc/6067b36314ab5eb2eb47cecc464545ba58e1ad24/library/test/src/lib.rs:134:21
[INFO] [stdout]   12:     0x5b332d588d43 - <alloc::boxed::Box<F,A> as core::ops::function::Fn<Args>>::call::h591b2225413a77e9
[INFO] [stdout]                                at /rustc/6067b36314ab5eb2eb47cecc464545ba58e1ad24/library/alloc/src/boxed.rs:2027:9
[INFO] [stdout]   13:     0x5b332d588d43 - std::panicking::rust_panic_with_hook::h625eea43051b2edc
[INFO] [stdout]                                at /rustc/6067b36314ab5eb2eb47cecc464545ba58e1ad24/library/std/src/panicking.rs:839:13
[INFO] [stdout]   14:     0x5b332d5889fa - std::panicking::begin_panic_handler::{{closure}}::h4f9159cfbc3f6bd3
[INFO] [stdout]                                at /rustc/6067b36314ab5eb2eb47cecc464545ba58e1ad24/library/std/src/panicking.rs:704:13
[INFO] [stdout]   15:     0x5b332d587329 - std::sys::backtrace::__rust_end_short_backtrace::h0390abce48353151
[INFO] [stdout]                                at /rustc/6067b36314ab5eb2eb47cecc464545ba58e1ad24/library/std/src/sys/backtrace.rs:168:18
[INFO] [stdout]   16:     0x5b332d58868d - rust_begin_unwind
[INFO] [stdout]                                at /rustc/6067b36314ab5eb2eb47cecc464545ba58e1ad24/library/std/src/panicking.rs:695:5
[INFO] [stdout]   17:     0x5b332d5ad6b0 - core::panicking::panic_fmt::h9e7c637e9e5f29c9
[INFO] [stdout]                                at /rustc/6067b36314ab5eb2eb47cecc464545ba58e1ad24/library/core/src/panicking.rs:75:14
[INFO] [stdout]   18:     0x5b332d5adb26 - core::result::unwrap_failed::h7979f09313fe1849
[INFO] [stdout]                                at /rustc/6067b36314ab5eb2eb47cecc464545ba58e1ad24/library/core/src/result.rs:1704:5
[INFO] [stdout]   19:     0x5b332d4af383 - core::result::Result<T,E>::unwrap::h5197625e09200b07
[INFO] [stdout]                                at /rustc/6067b36314ab5eb2eb47cecc464545ba58e1ad24/library/core/src/result.rs:1109:23
[INFO] [stdout]   20:     0x5b332d4af383 - pllm::llm::tests::test_gguf::h26a20db8807cf44f
[INFO] [stdout]                                at /opt/rustwide/workdir/src/llm.rs:185:17
[INFO] [stdout]   21:     0x5b332d4af2c7 - pllm::llm::tests::test_gguf::{{closure}}::h94e438fff93d4c35
[INFO] [stdout]                                at /opt/rustwide/workdir/src/llm.rs:184:19
[INFO] [stdout]   22:     0x5b332d49d4a6 - core::ops::function::FnOnce::call_once::h63f380fd5f420c2c
[INFO] [stdout]                                at /rustc/6067b36314ab5eb2eb47cecc464545ba58e1ad24/library/core/src/ops/function.rs:250:5
[INFO] [stdout]   23:     0x5b332d4f03ab - core::ops::function::FnOnce::call_once::he27718dfdd183f43
[INFO] [stdout]                                at /rustc/6067b36314ab5eb2eb47cecc464545ba58e1ad24/library/core/src/ops/function.rs:250:5
[INFO] [stdout]   24:     0x5b332d4f03ab - test::__rust_begin_short_backtrace::h4e84902998457a5d
[INFO] [stdout]                                at /rustc/6067b36314ab5eb2eb47cecc464545ba58e1ad24/library/test/src/lib.rs:632:18
[INFO] [stdout]   25:     0x5b332d4ef2e3 - test::run_test_in_process::{{closure}}::h7176fd18fc1feca0
[INFO] [stdout]                                at /rustc/6067b36314ab5eb2eb47cecc464545ba58e1ad24/library/test/src/lib.rs:655:60
[INFO] [stdout]   26:     0x5b332d4ef2e3 - <core::panic::unwind_safe::AssertUnwindSafe<F> as core::ops::function::FnOnce<()>>::call_once::hf79cff2a624d8cf7
[INFO] [stdout]                                at /rustc/6067b36314ab5eb2eb47cecc464545ba58e1ad24/library/core/src/panic/unwind_safe.rs:272:9
[INFO] [stdout]   27:     0x5b332d4ef2e3 - std::panicking::try::do_call::h3da0561d9ab99c25
[INFO] [stdout]                                at /rustc/6067b36314ab5eb2eb47cecc464545ba58e1ad24/library/std/src/panicking.rs:587:40
[INFO] [stdout]   28:     0x5b332d4ef2e3 - std::panicking::try::h41c9fa508bc61df6
[INFO] [stdout]                                at /rustc/6067b36314ab5eb2eb47cecc464545ba58e1ad24/library/std/src/panicking.rs:550:19
[INFO] [stdout]   29:     0x5b332d4ef2e3 - std::panic::catch_unwind::h6b3ff07bb5afad93
[INFO] [stdout]                                at /rustc/6067b36314ab5eb2eb47cecc464545ba58e1ad24/library/std/src/panic.rs:358:14
[INFO] [stdout]   30:     0x5b332d4ef2e3 - test::run_test_in_process::hc7253dd11b39b9f4
[INFO] [stdout]                                at /rustc/6067b36314ab5eb2eb47cecc464545ba58e1ad24/library/test/src/lib.rs:655:27
[INFO] [stdout]   31:     0x5b332d4ef2e3 - test::run_test::{{closure}}::hfb2007f8649c30bb
[INFO] [stdout]                                at /rustc/6067b36314ab5eb2eb47cecc464545ba58e1ad24/library/test/src/lib.rs:576:43
[INFO] [stdout]   32:     0x5b332d4b23c5 - test::run_test::{{closure}}::h56a17aa7a282a9f4
[INFO] [stdout]                                at /rustc/6067b36314ab5eb2eb47cecc464545ba58e1ad24/library/test/src/lib.rs:606:41
[INFO] [stdout]   33:     0x5b332d4b23c5 - std::sys::backtrace::__rust_begin_short_backtrace::hd2d2d2fb8e8c6aac
[INFO] [stdout]                                at /rustc/6067b36314ab5eb2eb47cecc464545ba58e1ad24/library/std/src/sys/backtrace.rs:152:18
[INFO] [stdout]   34:     0x5b332d4b5caa - std::thread::Builder::spawn_unchecked_::{{closure}}::{{closure}}::h4faa3f9db6133423
[INFO] [stdout]                                at /rustc/6067b36314ab5eb2eb47cecc464545ba58e1ad24/library/std/src/thread/mod.rs:559:17
[INFO] [stdout]   35:     0x5b332d4b5caa - <core::panic::unwind_safe::AssertUnwindSafe<F> as core::ops::function::FnOnce<()>>::call_once::hf2e855a36a4ea846
[INFO] [stdout]                                at /rustc/6067b36314ab5eb2eb47cecc464545ba58e1ad24/library/core/src/panic/unwind_safe.rs:272:9
[INFO] [stdout]   36:     0x5b332d4b5caa - std::panicking::try::do_call::h2f73af3616c35465
[INFO] [stdout]                                at /rustc/6067b36314ab5eb2eb47cecc464545ba58e1ad24/library/std/src/panicking.rs:587:40
[INFO] [stdout]   37:     0x5b332d4b5caa - std::panicking::try::hd1660ce9efadef5a
[INFO] [stdout]                                at /rustc/6067b36314ab5eb2eb47cecc464545ba58e1ad24/library/std/src/panicking.rs:550:19
[INFO] [stdout]   38:     0x5b332d4b5caa - std::panic::catch_unwind::h5ee8d7823b8ca744
[INFO] [stdout]                                at /rustc/6067b36314ab5eb2eb47cecc464545ba58e1ad24/library/std/src/panic.rs:358:14
[INFO] [stdout]   39:     0x5b332d4b5caa - std::thread::Builder::spawn_unchecked_::{{closure}}::h53c3a1894dce8407
[INFO] [stdout]                                at /rustc/6067b36314ab5eb2eb47cecc464545ba58e1ad24/library/std/src/thread/mod.rs:557:30
[INFO] [stdout]   40:     0x5b332d4b5caa - core::ops::function::FnOnce::call_once{{vtable.shim}}::h048ce291ad4f62bf
[INFO] [stdout]                                at /rustc/6067b36314ab5eb2eb47cecc464545ba58e1ad24/library/core/src/ops/function.rs:250:5
[INFO] [stdout]   41:     0x5b332d58cd8b - <alloc::boxed::Box<F,A> as core::ops::function::FnOnce<Args>>::call_once::ha52bedf99a3b4981
[INFO] [stdout]                                at /rustc/6067b36314ab5eb2eb47cecc464545ba58e1ad24/library/alloc/src/boxed.rs:2013:9
[INFO] [stdout]   42:     0x5b332d58cd8b - <alloc::boxed::Box<F,A> as core::ops::function::FnOnce<Args>>::call_once::h567748934d80ccf8
[INFO] [stdout]                                at /rustc/6067b36314ab5eb2eb47cecc464545ba58e1ad24/library/alloc/src/boxed.rs:2013:9
[INFO] [stdout]   43:     0x5b332d58cd8b - std::sys::pal::unix::thread::Thread::new::thread_start::h2d970728ae887adc
[INFO] [stdout]                                at /rustc/6067b36314ab5eb2eb47cecc464545ba58e1ad24/library/std/src/sys/pal/unix/thread.rs:106:17
[INFO] [stdout]   44:     0x7d41fc4a0ac3 - <unknown>
[INFO] [stdout]   45:     0x7d41fc531a04 - clone
[INFO] [stdout]   46:                0x0 - <unknown>
[INFO] [stdout] 
[INFO] [stdout] ---- tokenizer::tests::test_tokenizer_from_gguf stdout ----
[INFO] [stdout] 
[INFO] [stdout] thread 'tokenizer::tests::test_tokenizer_from_gguf' panicked at src/tokenizer.rs:162:48:
[INFO] [stdout] called `Result::unwrap()` on an `Err` value: Os { code: 2, kind: NotFound, message: "No such file or directory" }
[INFO] [stdout] stack backtrace:
[INFO] [stdout]    0:     0x5b332d586e2a - std::backtrace_rs::backtrace::libunwind::trace::hb059275cfc8d6126
[INFO] [stdout]                                at /rustc/6067b36314ab5eb2eb47cecc464545ba58e1ad24/library/std/src/../../backtrace/src/backtrace/libunwind.rs:116:5
[INFO] [stdout]    1:     0x5b332d586e2a - std::backtrace_rs::backtrace::trace_unsynchronized::h2da071e4327ce3ee
[INFO] [stdout]                                at /rustc/6067b36314ab5eb2eb47cecc464545ba58e1ad24/library/std/src/../../backtrace/src/backtrace/mod.rs:66:5
[INFO] [stdout]    2:     0x5b332d586e2a - std::sys::backtrace::_print_fmt::h842a1474e6f8d23f
[INFO] [stdout]                                at /rustc/6067b36314ab5eb2eb47cecc464545ba58e1ad24/library/std/src/sys/backtrace.rs:66:9
[INFO] [stdout]    3:     0x5b332d586e2a - <std::sys::backtrace::BacktraceLock::print::DisplayBacktrace as core::fmt::Display>::fmt::h71a62eb3b9696b12
[INFO] [stdout]                                at /rustc/6067b36314ab5eb2eb47cecc464545ba58e1ad24/library/std/src/sys/backtrace.rs:39:26
[INFO] [stdout]    4:     0x5b332d5af733 - core::fmt::rt::Argument::fmt::hdb6b616786b41dc1
[INFO] [stdout]                                at /rustc/6067b36314ab5eb2eb47cecc464545ba58e1ad24/library/core/src/fmt/rt.rs:177:76
[INFO] [stdout]    5:     0x5b332d5af733 - core::fmt::write::h2cc1698af7e2d686
[INFO] [stdout]                                at /rustc/6067b36314ab5eb2eb47cecc464545ba58e1ad24/library/core/src/fmt/mod.rs:1440:21
[INFO] [stdout]    6:     0x5b332d583913 - std::io::Write::write_fmt::hab1b4cd059a79022
[INFO] [stdout]                                at /rustc/6067b36314ab5eb2eb47cecc464545ba58e1ad24/library/std/src/io/mod.rs:1887:15
[INFO] [stdout]    7:     0x5b332d586c72 - std::sys::backtrace::BacktraceLock::print::h147fe35b4ea13b08
[INFO] [stdout]                                at /rustc/6067b36314ab5eb2eb47cecc464545ba58e1ad24/library/std/src/sys/backtrace.rs:42:9
[INFO] [stdout]    8:     0x5b332d58824f - std::panicking::default_hook::{{closure}}::hbd44223dbdc0d208
[INFO] [stdout]                                at /rustc/6067b36314ab5eb2eb47cecc464545ba58e1ad24/library/std/src/panicking.rs:298:22
[INFO] [stdout]    9:     0x5b332d588068 - std::panicking::default_hook::h20f81eb0576efcec
[INFO] [stdout]                                at /rustc/6067b36314ab5eb2eb47cecc464545ba58e1ad24/library/std/src/panicking.rs:322:9
[INFO] [stdout]   10:     0x5b332d4eac53 - <alloc::boxed::Box<F,A> as core::ops::function::Fn<Args>>::call::hdb53814c496a4d34
[INFO] [stdout]                                at /rustc/6067b36314ab5eb2eb47cecc464545ba58e1ad24/library/alloc/src/boxed.rs:2027:9
[INFO] [stdout]   11:     0x5b332d4eac53 - test::test_main::{{closure}}::hc0a4963c59427c24
[INFO] [stdout]                                at /rustc/6067b36314ab5eb2eb47cecc464545ba58e1ad24/library/test/src/lib.rs:134:21
[INFO] [stdout]   12:     0x5b332d588d43 - <alloc::boxed::Box<F,A> as core::ops::function::Fn<Args>>::call::h591b2225413a77e9
[INFO] [stdout]                                at /rustc/6067b36314ab5eb2eb47cecc464545ba58e1ad24/library/alloc/src/boxed.rs:2027:9
[INFO] [stdout]   13:     0x5b332d588d43 - std::panicking::rust_panic_with_hook::h625eea43051b2edc
[INFO] [stdout]                                at /rustc/6067b36314ab5eb2eb47cecc464545ba58e1ad24/library/std/src/panicking.rs:839:13
[INFO] [stdout]   14:     0x5b332d5889fa - std::panicking::begin_panic_handler::{{closure}}::h4f9159cfbc3f6bd3
[INFO] [stdout]                                at /rustc/6067b36314ab5eb2eb47cecc464545ba58e1ad24/library/std/src/panicking.rs:704:13
[INFO] [stdout]   15:     0x5b332d587329 - std::sys::backtrace::__rust_end_short_backtrace::h0390abce48353151
[INFO] [stdout]                                at /rustc/6067b36314ab5eb2eb47cecc464545ba58e1ad24/library/std/src/sys/backtrace.rs:168:18
[INFO] [stdout]   16:     0x5b332d58868d - rust_begin_unwind
[INFO] [stdout]                                at /rustc/6067b36314ab5eb2eb47cecc464545ba58e1ad24/library/std/src/panicking.rs:695:5
[INFO] [stdout]   17:     0x5b332d5ad6b0 - core::panicking::panic_fmt::h9e7c637e9e5f29c9
[INFO] [stdout]                                at /rustc/6067b36314ab5eb2eb47cecc464545ba58e1ad24/library/core/src/panicking.rs:75:14
[INFO] [stdout]   18:     0x5b332d5adb26 - core::result::unwrap_failed::h7979f09313fe1849
[INFO] [stdout]                                at /rustc/6067b36314ab5eb2eb47cecc464545ba58e1ad24/library/core/src/result.rs:1704:5
[INFO] [stdout]   19:     0x5b332d4b07cf - core::result::Result<T,E>::unwrap::h5197625e09200b07
[INFO] [stdout]                                at /rustc/6067b36314ab5eb2eb47cecc464545ba58e1ad24/library/core/src/result.rs:1109:23
[INFO] [stdout]   20:     0x5b332d4b07cf - pllm::tokenizer::tests::test_tokenizer_from_gguf::ha0825e390cc9bd35
[INFO] [stdout]                                at /opt/rustwide/workdir/src/tokenizer.rs:162:17
[INFO] [stdout]   21:     0x5b332d4b0757 - pllm::tokenizer::tests::test_tokenizer_from_gguf::{{closure}}::h06567cfce7120ce4
[INFO] [stdout]                                at /opt/rustwide/workdir/src/tokenizer.rs:161:34
[INFO] [stdout]   22:     0x5b332d49d7f6 - core::ops::function::FnOnce::call_once::hfcbe63b2c72e2f91
[INFO] [stdout]                                at /rustc/6067b36314ab5eb2eb47cecc464545ba58e1ad24/library/core/src/ops/function.rs:250:5
[INFO] [stdout]   23:     0x5b332d4f03ab - core::ops::function::FnOnce::call_once::he27718dfdd183f43
[INFO] [stdout]                                at /rustc/6067b36314ab5eb2eb47cecc464545ba58e1ad24/library/core/src/ops/function.rs:250:5
[INFO] [stdout]   24:     0x5b332d4f03ab - test::__rust_begin_short_backtrace::h4e84902998457a5d
[INFO] [stdout]                                at /rustc/6067b36314ab5eb2eb47cecc464545ba58e1ad24/library/test/src/lib.rs:632:18
[INFO] [stdout]   25:     0x5b332d4ef2e3 - test::run_test_in_process::{{closure}}::h7176fd18fc1feca0
[INFO] [stdout]                                at /rustc/6067b36314ab5eb2eb47cecc464545ba58e1ad24/library/test/src/lib.rs:655:60
[INFO] [stdout]   26:     0x5b332d4ef2e3 - <core::panic::unwind_safe::AssertUnwindSafe<F> as core::ops::function::FnOnce<()>>::call_once::hf79cff2a624d8cf7
[INFO] [stdout]                                at /rustc/6067b36314ab5eb2eb47cecc464545ba58e1ad24/library/core/src/panic/unwind_safe.rs:272:9
[INFO] [stdout]   27:     0x5b332d4ef2e3 - std::panicking::try::do_call::h3da0561d9ab99c25
[INFO] [stdout]                                at /rustc/6067b36314ab5eb2eb47cecc464545ba58e1ad24/library/std/src/panicking.rs:587:40
[INFO] [stdout]   28:     0x5b332d4ef2e3 - std::panicking::try::h41c9fa508bc61df6
[INFO] [stdout]                                at /rustc/6067b36314ab5eb2eb47cecc464545ba58e1ad24/library/std/src/panicking.rs:550:19
[INFO] [stdout]   29:     0x5b332d4ef2e3 - std::panic::catch_unwind::h6b3ff07bb5afad93
[INFO] [stdout]                                at /rustc/6067b36314ab5eb2eb47cecc464545ba58e1ad24/library/std/src/panic.rs:358:14
[INFO] [stdout]   30:     0x5b332d4ef2e3 - test::run_test_in_process::hc7253dd11b39b9f4
[INFO] [stdout]                                at /rustc/6067b36314ab5eb2eb47cecc464545ba58e1ad24/library/test/src/lib.rs:655:27
[INFO] [stdout]   31:     0x5b332d4ef2e3 - test::run_test::{{closure}}::hfb2007f8649c30bb
[INFO] [stdout]                                at /rustc/6067b36314ab5eb2eb47cecc464545ba58e1ad24/library/test/src/lib.rs:576:43
[INFO] [stdout]   32:     0x5b332d4b23c5 - test::run_test::{{closure}}::h56a17aa7a282a9f4
[INFO] [stdout]                                at /rustc/6067b36314ab5eb2eb47cecc464545ba58e1ad24/library/test/src/lib.rs:606:41
[INFO] [stdout]   33:     0x5b332d4b23c5 - std::sys::backtrace::__rust_begin_short_backtrace::hd2d2d2fb8e8c6aac
[INFO] [stdout]                                at /rustc/6067b36314ab5eb2eb47cecc464545ba58e1ad24/library/std/src/sys/backtrace.rs:152:18
[INFO] [stdout]   34:     0x5b332d4b5caa - std::thread::Builder::spawn_unchecked_::{{closure}}::{{closure}}::h4faa3f9db6133423
[INFO] [stdout]                                at /rustc/6067b36314ab5eb2eb47cecc464545ba58e1ad24/library/std/src/thread/mod.rs:559:17
[INFO] [stdout]   35:     0x5b332d4b5caa - <core::panic::unwind_safe::AssertUnwindSafe<F> as core::ops::function::FnOnce<()>>::call_once::hf2e855a36a4ea846
[INFO] [stdout]                                at /rustc/6067b36314ab5eb2eb47cecc464545ba58e1ad24/library/core/src/panic/unwind_safe.rs:272:9
[INFO] [stdout]   36:     0x5b332d4b5caa - std::panicking::try::do_call::h2f73af3616c35465
[INFO] [stdout]                                at /rustc/6067b36314ab5eb2eb47cecc464545ba58e1ad24/library/std/src/panicking.rs:587:40
[INFO] [stdout]   37:     0x5b332d4b5caa - std::panicking::try::hd1660ce9efadef5a
[INFO] [stdout]                                at /rustc/6067b36314ab5eb2eb47cecc464545ba58e1ad24/library/std/src/panicking.rs:550:19
[INFO] [stdout]   38:     0x5b332d4b5caa - std::panic::catch_unwind::h5ee8d7823b8ca744
[INFO] [stdout]                                at /rustc/6067b36314ab5eb2eb47cecc464545ba58e1ad24/library/std/src/panic.rs:358:14
[INFO] [stdout]   39:     0x5b332d4b5caa - std::thread::Builder::spawn_unchecked_::{{closure}}::h53c3a1894dce8407
[INFO] [stdout]                                at /rustc/6067b36314ab5eb2eb47cecc464545ba58e1ad24/library/std/src/thread/mod.rs:557:30
[INFO] [stdout]   40:     0x5b332d4b5caa - core::ops::function::FnOnce::call_once{{vtable.shim}}::h048ce291ad4f62bf
[INFO] [stdout]                                at /rustc/6067b36314ab5eb2eb47cecc464545ba58e1ad24/library/core/src/ops/function.rs:250:5
[INFO] [stdout]   41:     0x5b332d58cd8b - <alloc::boxed::Box<F,A> as core::ops::function::FnOnce<Args>>::call_once::ha52bedf99a3b4981
[INFO] [stdout]                                at /rustc/6067b36314ab5eb2eb47cecc464545ba58e1ad24/library/alloc/src/boxed.rs:2013:9
[INFO] [stdout]   42:     0x5b332d58cd8b - <alloc::boxed::Box<F,A> as core::ops::function::FnOnce<Args>>::call_once::h567748934d80ccf8
[INFO] [stdout]                                at /rustc/6067b36314ab5eb2eb47cecc464545ba58e1ad24/library/alloc/src/boxed.rs:2013:9
[INFO] [stdout]   43:     0x5b332d58cd8b - std::sys::pal::unix::thread::Thread::new::thread_start::h2d970728ae887adc
[INFO] [stdout]                                at /rustc/6067b36314ab5eb2eb47cecc464545ba58e1ad24/library/std/src/sys/pal/unix/thread.rs:106:17
[INFO] [stdout]   44:     0x7d41fc4a0ac3 - <unknown>
[INFO] [stdout]   45:     0x7d41fc531a04 - clone
[INFO] [stdout]   46:                0x0 - <unknown>
[INFO] [stdout] 
[INFO] [stdout] 
[INFO] [stdout] failures:
[INFO] [stdout]     gguf::tests::test_gguf_file
[INFO] [stdout]     llm::tests::test_gguf
[INFO] [stdout]     llm::tests::test_reader
[INFO] [stdout]     model::tests::test_config_from_gguf
[INFO] [stdout]     tokenizer::tests::test_tokenizer_from_gguf
[INFO] [stdout] 
[INFO] [stdout] test result: FAILED. 4 passed; 5 failed; 0 ignored; 0 measured; 0 filtered out; finished in 0.04s
[INFO] [stdout] 
[INFO] [stderr] error: test failed, to rerun pass `--lib`
[INFO] running `Command { std: "docker" "inspect" "d08f26b765a59455f8a9962d64a0bca68a3256915c28273a2163e7b204c086e0", kill_on_drop: false }`
[INFO] running `Command { std: "docker" "rm" "-f" "d08f26b765a59455f8a9962d64a0bca68a3256915c28273a2163e7b204c086e0", kill_on_drop: false }`
[INFO] [stdout] d08f26b765a59455f8a9962d64a0bca68a3256915c28273a2163e7b204c086e0
