[INFO] fetching crate playerctl-rust-wrapper 0.1.0...
[INFO] testing playerctl-rust-wrapper-0.1.0 against nightly-2025-01-18+rustflags=-Zrandomize-layout for randomize-layout-2
[INFO] extracting crate playerctl-rust-wrapper 0.1.0 into /workspace/builds/worker-3-tc2/source
[INFO] validating manifest of crates.io crate playerctl-rust-wrapper 0.1.0 on toolchain nightly-2025-01-18
[INFO] running `Command { std: CARGO_HOME="/workspace/cargo-home" RUSTUP_HOME="/workspace/rustup-home" "/workspace/cargo-home/bin/cargo" "+nightly-2025-01-18" "metadata" "--manifest-path" "Cargo.toml" "--no-deps", kill_on_drop: false }`
[INFO] started tweaking crates.io crate playerctl-rust-wrapper 0.1.0
[INFO] removed 0 missing examples
[INFO] finished tweaking crates.io crate playerctl-rust-wrapper 0.1.0
[INFO] tweaked toml for crates.io crate playerctl-rust-wrapper 0.1.0 written to /workspace/builds/worker-3-tc2/source/Cargo.toml
[INFO] crate crates.io crate playerctl-rust-wrapper 0.1.0 already has a lockfile, it will not be regenerated
[INFO] running `Command { std: CARGO_HOME="/workspace/cargo-home" RUSTUP_HOME="/workspace/rustup-home" "/workspace/cargo-home/bin/cargo" "+nightly-2025-01-18" "fetch" "--manifest-path" "Cargo.toml", kill_on_drop: false }`
[INFO] running `Command { std: "docker" "create" "-v" "/var/lib/crater-agent-workspace/builds/worker-3-tc2/target:/opt/rustwide/target:rw,Z" "-v" "/var/lib/crater-agent-workspace/builds/worker-3-tc2/source:/opt/rustwide/workdir:ro,Z" "-v" "/var/lib/crater-agent-workspace/cargo-home:/opt/rustwide/cargo-home:ro,Z" "-v" "/var/lib/crater-agent-workspace/rustup-home:/opt/rustwide/rustup-home:ro,Z" "-e" "SOURCE_DIR=/opt/rustwide/workdir" "-e" "CARGO_TARGET_DIR=/opt/rustwide/target" "-e" "CARGO_HOME=/opt/rustwide/cargo-home" "-e" "RUSTUP_HOME=/opt/rustwide/rustup-home" "-w" "/opt/rustwide/workdir" "-m" "1610612736" "--user" "0:0" "--network" "none" "ghcr.io/rust-lang/crates-build-env/linux@sha256:819108c5571ea2e421544af4d832f968d213c87fbe3707a016657f43d2f853bc" "/opt/rustwide/cargo-home/bin/cargo" "+nightly-2025-01-18" "metadata" "--no-deps" "--format-version=1", kill_on_drop: false }`
[INFO] [stdout] 95c0b7ee4f75af5eae4886afd044934af6a74a542101b53eefdb06edc0f1d6bf
[INFO] running `Command { std: "docker" "start" "-a" "95c0b7ee4f75af5eae4886afd044934af6a74a542101b53eefdb06edc0f1d6bf", kill_on_drop: false }`
[INFO] running `Command { std: "docker" "inspect" "95c0b7ee4f75af5eae4886afd044934af6a74a542101b53eefdb06edc0f1d6bf", kill_on_drop: false }`
[INFO] running `Command { std: "docker" "rm" "-f" "95c0b7ee4f75af5eae4886afd044934af6a74a542101b53eefdb06edc0f1d6bf", kill_on_drop: false }`
[INFO] [stdout] 95c0b7ee4f75af5eae4886afd044934af6a74a542101b53eefdb06edc0f1d6bf
[INFO] running `Command { std: "docker" "create" "-v" "/var/lib/crater-agent-workspace/builds/worker-3-tc2/target:/opt/rustwide/target:rw,Z" "-v" "/var/lib/crater-agent-workspace/builds/worker-3-tc2/source:/opt/rustwide/workdir:ro,Z" "-v" "/var/lib/crater-agent-workspace/cargo-home:/opt/rustwide/cargo-home:ro,Z" "-v" "/var/lib/crater-agent-workspace/rustup-home:/opt/rustwide/rustup-home:ro,Z" "-e" "SOURCE_DIR=/opt/rustwide/workdir" "-e" "CARGO_TARGET_DIR=/opt/rustwide/target" "-e" "CARGO_INCREMENTAL=0" "-e" "RUST_BACKTRACE=full" "-e" "RUSTFLAGS=--cap-lints=forbid -Zrandomize-layout" "-e" "RUSTDOCFLAGS=--cap-lints=forbid" "-e" "CARGO_HOME=/opt/rustwide/cargo-home" "-e" "RUSTUP_HOME=/opt/rustwide/rustup-home" "-w" "/opt/rustwide/workdir" "-m" "1610612736" "--user" "0:0" "--network" "none" "ghcr.io/rust-lang/crates-build-env/linux@sha256:819108c5571ea2e421544af4d832f968d213c87fbe3707a016657f43d2f853bc" "/opt/rustwide/cargo-home/bin/cargo" "+nightly-2025-01-18" "build" "--frozen" "--message-format=json", kill_on_drop: false }`
[INFO] [stdout] 7b317df1be51a3f228d2d9fb04d7d51adb87c9cb9e041366c06781b81b03ecd6
[INFO] running `Command { std: "docker" "start" "-a" "7b317df1be51a3f228d2d9fb04d7d51adb87c9cb9e041366c06781b81b03ecd6", kill_on_drop: false }`
[INFO] [stderr]    Compiling proc-macro2 v1.0.92
[INFO] [stderr]    Compiling unicode-ident v1.0.14
[INFO] [stderr]    Compiling thiserror v2.0.11
[INFO] [stderr]    Compiling quote v1.0.38
[INFO] [stderr]    Compiling syn v2.0.96
[INFO] [stderr]    Compiling thiserror-impl v2.0.11
[INFO] [stderr]    Compiling playerctl-rust-wrapper v0.1.0 (/opt/rustwide/workdir)
[INFO] [stderr]     Finished `dev` profile [unoptimized + debuginfo] target(s) in 5.57s
[INFO] running `Command { std: "docker" "inspect" "7b317df1be51a3f228d2d9fb04d7d51adb87c9cb9e041366c06781b81b03ecd6", kill_on_drop: false }`
[INFO] running `Command { std: "docker" "rm" "-f" "7b317df1be51a3f228d2d9fb04d7d51adb87c9cb9e041366c06781b81b03ecd6", kill_on_drop: false }`
[INFO] [stdout] 7b317df1be51a3f228d2d9fb04d7d51adb87c9cb9e041366c06781b81b03ecd6
[INFO] running `Command { std: "docker" "create" "-v" "/var/lib/crater-agent-workspace/builds/worker-3-tc2/target:/opt/rustwide/target:rw,Z" "-v" "/var/lib/crater-agent-workspace/builds/worker-3-tc2/source:/opt/rustwide/workdir:ro,Z" "-v" "/var/lib/crater-agent-workspace/cargo-home:/opt/rustwide/cargo-home:ro,Z" "-v" "/var/lib/crater-agent-workspace/rustup-home:/opt/rustwide/rustup-home:ro,Z" "-e" "SOURCE_DIR=/opt/rustwide/workdir" "-e" "CARGO_TARGET_DIR=/opt/rustwide/target" "-e" "CARGO_INCREMENTAL=0" "-e" "RUST_BACKTRACE=full" "-e" "RUSTFLAGS=--cap-lints=forbid -Zrandomize-layout" "-e" "RUSTDOCFLAGS=--cap-lints=forbid" "-e" "CARGO_HOME=/opt/rustwide/cargo-home" "-e" "RUSTUP_HOME=/opt/rustwide/rustup-home" "-w" "/opt/rustwide/workdir" "-m" "1610612736" "--user" "0:0" "--network" "none" "ghcr.io/rust-lang/crates-build-env/linux@sha256:819108c5571ea2e421544af4d832f968d213c87fbe3707a016657f43d2f853bc" "/opt/rustwide/cargo-home/bin/cargo" "+nightly-2025-01-18" "test" "--frozen" "--no-run" "--message-format=json", kill_on_drop: false }`
[INFO] [stdout] 2f2c795fa2110dc8bf3c2a82e63ee41ec391a2f93b7de7c6ff92484ab01f3713
[INFO] running `Command { std: "docker" "start" "-a" "2f2c795fa2110dc8bf3c2a82e63ee41ec391a2f93b7de7c6ff92484ab01f3713", kill_on_drop: false }`
[INFO] [stderr]    Compiling playerctl-rust-wrapper v0.1.0 (/opt/rustwide/workdir)
[INFO] [stderr]     Finished `test` profile [unoptimized + debuginfo] target(s) in 0.41s
[INFO] running `Command { std: "docker" "inspect" "2f2c795fa2110dc8bf3c2a82e63ee41ec391a2f93b7de7c6ff92484ab01f3713", kill_on_drop: false }`
[INFO] running `Command { std: "docker" "rm" "-f" "2f2c795fa2110dc8bf3c2a82e63ee41ec391a2f93b7de7c6ff92484ab01f3713", kill_on_drop: false }`
[INFO] [stdout] 2f2c795fa2110dc8bf3c2a82e63ee41ec391a2f93b7de7c6ff92484ab01f3713
[INFO] running `Command { std: "docker" "create" "-v" "/var/lib/crater-agent-workspace/builds/worker-3-tc2/target:/opt/rustwide/target:rw,Z" "-v" "/var/lib/crater-agent-workspace/builds/worker-3-tc2/source:/opt/rustwide/workdir:ro,Z" "-v" "/var/lib/crater-agent-workspace/cargo-home:/opt/rustwide/cargo-home:ro,Z" "-v" "/var/lib/crater-agent-workspace/rustup-home:/opt/rustwide/rustup-home:ro,Z" "-e" "SOURCE_DIR=/opt/rustwide/workdir" "-e" "CARGO_TARGET_DIR=/opt/rustwide/target" "-e" "CARGO_INCREMENTAL=0" "-e" "RUST_BACKTRACE=full" "-e" "RUSTFLAGS=--cap-lints=forbid -Zrandomize-layout" "-e" "RUSTDOCFLAGS=--cap-lints=forbid" "-e" "CARGO_HOME=/opt/rustwide/cargo-home" "-e" "RUSTUP_HOME=/opt/rustwide/rustup-home" "-w" "/opt/rustwide/workdir" "-m" "1610612736" "--user" "0:0" "--network" "none" "ghcr.io/rust-lang/crates-build-env/linux@sha256:819108c5571ea2e421544af4d832f968d213c87fbe3707a016657f43d2f853bc" "/opt/rustwide/cargo-home/bin/cargo" "+nightly-2025-01-18" "test" "--frozen", kill_on_drop: false }`
[INFO] [stdout] 805219f0f26e9e709ac4d3899cc0b8c9e65fba5b783ee4f7a548b6ec0f301a30
[INFO] running `Command { std: "docker" "start" "-a" "805219f0f26e9e709ac4d3899cc0b8c9e65fba5b783ee4f7a548b6ec0f301a30", kill_on_drop: false }`
[INFO] [stderr]     Finished `test` profile [unoptimized + debuginfo] target(s) in 0.01s
[INFO] [stderr]      Running unittests src/lib.rs (/opt/rustwide/target/debug/deps/playerctl_rust_wrapper-8469ea3680994d70)
[INFO] [stdout] 
[INFO] [stdout] running 0 tests
[INFO] [stdout] 
[INFO] [stdout] test result: ok. 0 passed; 0 failed; 0 ignored; 0 measured; 0 filtered out; finished in 0.00s
[INFO] [stdout] 
[INFO] [stderr]    Doc-tests playerctl_rust_wrapper
[INFO] [stdout] 
[INFO] [stdout] running 14 tests
[INFO] [stdout] test src/lib.rs - Playerctl::play_pause (line 102) ... FAILED
[INFO] [stdout] test src/lib.rs - Playerctl (line 65) ... FAILED
[INFO] [stdout] test src/lib.rs - run_command (line 211) ... FAILED
[INFO] [stdout] test src/lib.rs - Playerctl::previous (line 132) ... FAILED
[INFO] [stdout] test src/lib.rs - Playerctl::pause (line 92) ... FAILED
[INFO] [stdout] test src/lib.rs - Playerctl::play (line 82) ... FAILED
[INFO] [stdout] test src/lib.rs - Playerctl (line 72) ... FAILED
[INFO] [stdout] test src/lib.rs - Playerctl::metadata (line 187) ... FAILED
[INFO] [stdout] test src/lib.rs - Playerctl::stop (line 112) ... FAILED
[INFO] [stdout] test src/lib.rs - Playerctl::status (line 172) ... FAILED
[INFO] [stdout] test src/lib.rs - Playerctl (line 59) ... FAILED
[INFO] [stdout] test src/lib.rs - Playerctl::next (line 122) ... FAILED
[INFO] [stdout] test src/lib.rs - Playerctl::position (line 142) ... FAILED
[INFO] [stdout] test src/lib.rs - Playerctl::volume (line 157) ... FAILED
[INFO] [stdout] 
[INFO] [stdout] failures:
[INFO] [stdout] 
[INFO] [stdout] ---- src/lib.rs - Playerctl::play_pause (line 102) stdout ----
[INFO] [stdout] error[E0433]: failed to resolve: use of undeclared type `Playerctl`
[INFO] [stdout]  --> src/lib.rs:103:1
[INFO] [stdout]   |
[INFO] [stdout] 3 | Playerctl::play_pause().unwrap();
[INFO] [stdout]   | ^^^^^^^^^ use of undeclared type `Playerctl`
[INFO] [stdout]   |
[INFO] [stdout] help: consider importing this struct
[INFO] [stdout]   |
[INFO] [stdout] 2 + use playerctl_rust_wrapper::Playerctl;
[INFO] [stdout]   |
[INFO] [stdout] 
[INFO] [stdout] error: aborting due to 1 previous error
[INFO] [stdout] 
[INFO] [stdout] For more information about this error, try `rustc --explain E0433`.
[INFO] [stdout] Couldn't compile the test.
[INFO] [stdout] ---- src/lib.rs - Playerctl (line 65) stdout ----
[INFO] [stdout] error[E0433]: failed to resolve: use of undeclared type `Playerctl`
[INFO] [stdout]  --> src/lib.rs:66:1
[INFO] [stdout]   |
[INFO] [stdout] 3 | Playerctl::position(10.).unwrap();
[INFO] [stdout]   | ^^^^^^^^^ use of undeclared type `Playerctl`
[INFO] [stdout]   |
[INFO] [stdout] help: consider importing this struct
[INFO] [stdout]   |
[INFO] [stdout] 2 + use playerctl_rust_wrapper::Playerctl;
[INFO] [stdout]   |
[INFO] [stdout] 
[INFO] [stdout] error[E0433]: failed to resolve: use of undeclared type `Playerctl`
[INFO] [stdout]  --> src/lib.rs:67:1
[INFO] [stdout]   |
[INFO] [stdout] 4 | Playerctl::position(-10.).unwrap();
[INFO] [stdout]   | ^^^^^^^^^ use of undeclared type `Playerctl`
[INFO] [stdout]   |
[INFO] [stdout] help: consider importing this struct
[INFO] [stdout]   |
[INFO] [stdout] 2 + use playerctl_rust_wrapper::Playerctl;
[INFO] [stdout]   |
[INFO] [stdout] 
[INFO] [stdout] error: aborting due to 2 previous errors
[INFO] [stdout] 
[INFO] [stdout] For more information about this error, try `rustc --explain E0433`.
[INFO] [stdout] Couldn't compile the test.
[INFO] [stdout] ---- src/lib.rs - run_command (line 211) stdout ----
[INFO] [stdout] error[E0433]: failed to resolve: use of undeclared type `Playerctl`
[INFO] [stdout]  --> src/lib.rs:212:1
[INFO] [stdout]   |
[INFO] [stdout] 3 | Playerctl::play().expect("Failed to run command");
[INFO] [stdout]   | ^^^^^^^^^ use of undeclared type `Playerctl`
[INFO] [stdout]   |
[INFO] [stdout] help: consider importing this struct
[INFO] [stdout]   |
[INFO] [stdout] 2 + use playerctl_rust_wrapper::Playerctl;
[INFO] [stdout]   |
[INFO] [stdout] 
[INFO] [stdout] error: aborting due to 1 previous error
[INFO] [stdout] 
[INFO] [stdout] For more information about this error, try `rustc --explain E0433`.
[INFO] [stdout] Couldn't compile the test.
[INFO] [stdout] ---- src/lib.rs - Playerctl::previous (line 132) stdout ----
[INFO] [stdout] error[E0433]: failed to resolve: use of undeclared type `Playerctl`
[INFO] [stdout]  --> src/lib.rs:133:1
[INFO] [stdout]   |
[INFO] [stdout] 3 | Playerctl::previous().unwrap();
[INFO] [stdout]   | ^^^^^^^^^ use of undeclared type `Playerctl`
[INFO] [stdout]   |
[INFO] [stdout] help: consider importing this struct
[INFO] [stdout]   |
[INFO] [stdout] 2 + use playerctl_rust_wrapper::Playerctl;
[INFO] [stdout]   |
[INFO] [stdout] 
[INFO] [stdout] error: aborting due to 1 previous error
[INFO] [stdout] 
[INFO] [stdout] For more information about this error, try `rustc --explain E0433`.
[INFO] [stdout] Couldn't compile the test.
[INFO] [stdout] ---- src/lib.rs - Playerctl::pause (line 92) stdout ----
[INFO] [stdout] error[E0433]: failed to resolve: use of undeclared type `Playerctl`
[INFO] [stdout]  --> src/lib.rs:93:1
[INFO] [stdout]   |
[INFO] [stdout] 3 | Playerctl::pause().unwrap();
[INFO] [stdout]   | ^^^^^^^^^ use of undeclared type `Playerctl`
[INFO] [stdout]   |
[INFO] [stdout] help: consider importing this struct
[INFO] [stdout]   |
[INFO] [stdout] 2 + use playerctl_rust_wrapper::Playerctl;
[INFO] [stdout]   |
[INFO] [stdout] 
[INFO] [stdout] error: aborting due to 1 previous error
[INFO] [stdout] 
[INFO] [stdout] For more information about this error, try `rustc --explain E0433`.
[INFO] [stdout] Couldn't compile the test.
[INFO] [stdout] ---- src/lib.rs - Playerctl::play (line 82) stdout ----
[INFO] [stdout] error[E0433]: failed to resolve: use of undeclared type `Playerctl`
[INFO] [stdout]  --> src/lib.rs:83:1
[INFO] [stdout]   |
[INFO] [stdout] 3 | Playerctl::play().unwrap();
[INFO] [stdout]   | ^^^^^^^^^ use of undeclared type `Playerctl`
[INFO] [stdout]   |
[INFO] [stdout] help: consider importing this struct
[INFO] [stdout]   |
[INFO] [stdout] 2 + use playerctl_rust_wrapper::Playerctl;
[INFO] [stdout]   |
[INFO] [stdout] 
[INFO] [stdout] error: aborting due to 1 previous error
[INFO] [stdout] 
[INFO] [stdout] For more information about this error, try `rustc --explain E0433`.
[INFO] [stdout] Couldn't compile the test.
[INFO] [stdout] ---- src/lib.rs - Playerctl (line 72) stdout ----
[INFO] [stdout] error[E0433]: failed to resolve: use of undeclared type `Playerctl`
[INFO] [stdout]  --> src/lib.rs:73:16
[INFO] [stdout]   |
[INFO] [stdout] 3 | let metadata = Playerctl::metadata().unwrap();
[INFO] [stdout]   |                ^^^^^^^^^ use of undeclared type `Playerctl`
[INFO] [stdout]   |
[INFO] [stdout] help: consider importing this struct
[INFO] [stdout]   |
[INFO] [stdout] 2 + use playerctl_rust_wrapper::Playerctl;
[INFO] [stdout]   |
[INFO] [stdout] 
[INFO] [stdout] error: aborting due to 1 previous error
[INFO] [stdout] 
[INFO] [stdout] For more information about this error, try `rustc --explain E0433`.
[INFO] [stdout] Couldn't compile the test.
[INFO] [stdout] ---- src/lib.rs - Playerctl::metadata (line 187) stdout ----
[INFO] [stdout] error[E0433]: failed to resolve: use of undeclared type `Playerctl`
[INFO] [stdout]  --> src/lib.rs:188:16
[INFO] [stdout]   |
[INFO] [stdout] 3 | let metadata = Playerctl::metadata().unwrap();
[INFO] [stdout]   |                ^^^^^^^^^ use of undeclared type `Playerctl`
[INFO] [stdout]   |
[INFO] [stdout] help: consider importing this struct
[INFO] [stdout]   |
[INFO] [stdout] 2 + use playerctl_rust_wrapper::Playerctl;
[INFO] [stdout]   |
[INFO] [stdout] 
[INFO] [stdout] error: aborting due to 1 previous error
[INFO] [stdout] 
[INFO] [stdout] For more information about this error, try `rustc --explain E0433`.
[INFO] [stdout] Couldn't compile the test.
[INFO] [stdout] ---- src/lib.rs - Playerctl::stop (line 112) stdout ----
[INFO] [stdout] error[E0433]: failed to resolve: use of undeclared type `Playerctl`
[INFO] [stdout]  --> src/lib.rs:113:1
[INFO] [stdout]   |
[INFO] [stdout] 3 | Playerctl::stop().unwrap();
[INFO] [stdout]   | ^^^^^^^^^ use of undeclared type `Playerctl`
[INFO] [stdout]   |
[INFO] [stdout] help: consider importing this struct
[INFO] [stdout]   |
[INFO] [stdout] 2 + use playerctl_rust_wrapper::Playerctl;
[INFO] [stdout]   |
[INFO] [stdout] 
[INFO] [stdout] error: aborting due to 1 previous error
[INFO] [stdout] 
[INFO] [stdout] For more information about this error, try `rustc --explain E0433`.
[INFO] [stdout] Couldn't compile the test.
[INFO] [stdout] ---- src/lib.rs - Playerctl::status (line 172) stdout ----
[INFO] [stdout] error[E0433]: failed to resolve: use of undeclared type `Playerctl`
[INFO] [stdout]  --> src/lib.rs:173:1
[INFO] [stdout]   |
[INFO] [stdout] 3 | Playerctl::status(10.).unwrap();
[INFO] [stdout]   | ^^^^^^^^^ use of undeclared type `Playerctl`
[INFO] [stdout]   |
[INFO] [stdout] help: consider importing this struct
[INFO] [stdout]   |
[INFO] [stdout] 2 + use playerctl_rust_wrapper::Playerctl;
[INFO] [stdout]   |
[INFO] [stdout] 
[INFO] [stdout] error: aborting due to 1 previous error
[INFO] [stdout] 
[INFO] [stdout] For more information about this error, try `rustc --explain E0433`.
[INFO] [stdout] Couldn't compile the test.
[INFO] [stdout] ---- src/lib.rs - Playerctl (line 59) stdout ----
[INFO] [stdout] error[E0433]: failed to resolve: use of undeclared type `Playerctl`
[INFO] [stdout]  --> src/lib.rs:60:1
[INFO] [stdout]   |
[INFO] [stdout] 3 | Playerctl::stop().unwrap();
[INFO] [stdout]   | ^^^^^^^^^ use of undeclared type `Playerctl`
[INFO] [stdout]   |
[INFO] [stdout] help: consider importing this struct
[INFO] [stdout]   |
[INFO] [stdout] 2 + use playerctl_rust_wrapper::Playerctl;
[INFO] [stdout]   |
[INFO] [stdout] 
[INFO] [stdout] error: aborting due to 1 previous error
[INFO] [stdout] 
[INFO] [stdout] For more information about this error, try `rustc --explain E0433`.
[INFO] [stdout] Couldn't compile the test.
[INFO] [stdout] ---- src/lib.rs - Playerctl::next (line 122) stdout ----
[INFO] [stdout] error[E0433]: failed to resolve: use of undeclared type `Playerctl`
[INFO] [stdout]  --> src/lib.rs:123:1
[INFO] [stdout]   |
[INFO] [stdout] 3 | Playerctl::next().unwrap();
[INFO] [stdout]   | ^^^^^^^^^ use of undeclared type `Playerctl`
[INFO] [stdout]   |
[INFO] [stdout] help: consider importing this struct
[INFO] [stdout]   |
[INFO] [stdout] 2 + use playerctl_rust_wrapper::Playerctl;
[INFO] [stdout]   |
[INFO] [stdout] 
[INFO] [stdout] error: aborting due to 1 previous error
[INFO] [stdout] 
[INFO] [stdout] For more information about this error, try `rustc --explain E0433`.
[INFO] [stdout] Couldn't compile the test.
[INFO] [stdout] ---- src/lib.rs - Playerctl::position (line 142) stdout ----
[INFO] [stdout] error[E0433]: failed to resolve: use of undeclared type `Playerctl`
[INFO] [stdout]  --> src/lib.rs:143:1
[INFO] [stdout]   |
[INFO] [stdout] 3 | Playerctl::position(10.).unwrap();
[INFO] [stdout]   | ^^^^^^^^^ use of undeclared type `Playerctl`
[INFO] [stdout]   |
[INFO] [stdout] help: consider importing this struct
[INFO] [stdout]   |
[INFO] [stdout] 2 + use playerctl_rust_wrapper::Playerctl;
[INFO] [stdout]   |
[INFO] [stdout] 
[INFO] [stdout] error: aborting due to 1 previous error
[INFO] [stdout] 
[INFO] [stdout] For more information about this error, try `rustc --explain E0433`.
[INFO] [stdout] Couldn't compile the test.
[INFO] [stdout] ---- src/lib.rs - Playerctl::volume (line 157) stdout ----
[INFO] [stdout] error[E0433]: failed to resolve: use of undeclared type `Playerctl`
[INFO] [stdout]  --> src/lib.rs:158:1
[INFO] [stdout]   |
[INFO] [stdout] 3 | Playerctl::volume(10.).unwrap();
[INFO] [stdout]   | ^^^^^^^^^ use of undeclared type `Playerctl`
[INFO] [stdout]   |
[INFO] [stdout] help: consider importing this struct
[INFO] [stdout]   |
[INFO] [stdout] 2 + use playerctl_rust_wrapper::Playerctl;
[INFO] [stdout]   |
[INFO] [stdout] 
[INFO] [stdout] error: aborting due to 1 previous error
[INFO] [stdout] 
[INFO] [stdout] For more information about this error, try `rustc --explain E0433`.
[INFO] [stdout] Couldn't compile the test.
[INFO] [stdout] 
[INFO] [stdout] failures:
[INFO] [stdout]     src/lib.rs - Playerctl (line 59)
[INFO] [stdout]     src/lib.rs - Playerctl (line 65)
[INFO] [stdout]     src/lib.rs - Playerctl (line 72)
[INFO] [stdout]     src/lib.rs - Playerctl::metadata (line 187)
[INFO] [stdout]     src/lib.rs - Playerctl::next (line 122)
[INFO] [stdout]     src/lib.rs - Playerctl::pause (line 92)
[INFO] [stdout]     src/lib.rs - Playerctl::play (line 82)
[INFO] [stdout]     src/lib.rs - Playerctl::play_pause (line 102)
[INFO] [stdout]     src/lib.rs - Playerctl::position (line 142)
[INFO] [stdout]     src/lib.rs - Playerctl::previous (line 132)
[INFO] [stdout]     src/lib.rs - Playerctl::status (line 172)
[INFO] [stdout]     src/lib.rs - Playerctl::stop (line 112)
[INFO] [stdout]     src/lib.rs - Playerctl::volume (line 157)
[INFO] [stdout]     src/lib.rs - run_command (line 211)
[INFO] [stdout] 
[INFO] [stdout] test result: FAILED. 0 passed; 14 failed; 0 ignored; 0 measured; 0 filtered out; finished in 0.13s
[INFO] [stdout] 
[INFO] [stderr] error: doctest failed, to rerun pass `--doc`
[INFO] running `Command { std: "docker" "inspect" "805219f0f26e9e709ac4d3899cc0b8c9e65fba5b783ee4f7a548b6ec0f301a30", kill_on_drop: false }`
[INFO] running `Command { std: "docker" "rm" "-f" "805219f0f26e9e709ac4d3899cc0b8c9e65fba5b783ee4f7a548b6ec0f301a30", kill_on_drop: false }`
[INFO] [stdout] 805219f0f26e9e709ac4d3899cc0b8c9e65fba5b783ee4f7a548b6ec0f301a30
