[INFO] fetching crate pixel_loop 0.3.0...
[INFO] testing pixel_loop-0.3.0 against nightly-2025-01-18 for randomize-layout-2
[INFO] extracting crate pixel_loop 0.3.0 into /workspace/builds/worker-3-tc1/source
[INFO] validating manifest of crates.io crate pixel_loop 0.3.0 on toolchain nightly-2025-01-18
[INFO] running `Command { std: CARGO_HOME="/workspace/cargo-home" RUSTUP_HOME="/workspace/rustup-home" "/workspace/cargo-home/bin/cargo" "+nightly-2025-01-18" "metadata" "--manifest-path" "Cargo.toml" "--no-deps", kill_on_drop: false }`
[INFO] started tweaking crates.io crate pixel_loop 0.3.0
[INFO] finished tweaking crates.io crate pixel_loop 0.3.0
[INFO] tweaked toml for crates.io crate pixel_loop 0.3.0 written to /workspace/builds/worker-3-tc1/source/Cargo.toml
[INFO] running `Command { std: CARGO_HOME="/workspace/cargo-home" RUSTUP_HOME="/workspace/rustup-home" "/workspace/cargo-home/bin/cargo" "+nightly-2025-01-18" "generate-lockfile" "--manifest-path" "Cargo.toml", kill_on_drop: false }`
[INFO] [stderr]     Updating crates.io index
[INFO] [stderr]      Locking 223 packages to latest compatible versions
[INFO] [stderr]       Adding block-sys v0.1.0-beta.1 (available: v0.1.0-beta.2)
[INFO] [stderr]       Adding block2 v0.2.0-alpha.6 (available: v0.2.0)
[INFO] [stderr]       Adding objc-sys v0.2.0-beta.2 (available: v0.2.0-beta.3)
[INFO] [stderr]       Adding objc2 v0.3.0-beta.3.patch-leaks.3 (available: v0.3.0-beta.5)
[INFO] [stderr]       Adding objc2-encode v2.0.0-pre.2 (available: v2.0.0)
[INFO] [stderr]       Adding pixels v0.13.0 (available: v0.15.0)
[INFO] [stderr]       Adding wasm-bindgen-futures v0.4.45 (available: v0.4.50)
[INFO] [stderr]       Adding web-sys v0.3.72 (available: v0.3.77)
[INFO] [stderr]       Adding winit v0.28.7 (available: v0.30.8)
[INFO] [stderr]       Adding winit_input_helper v0.14.1 (available: v0.16.0)
[INFO] running `Command { std: CARGO_HOME="/workspace/cargo-home" RUSTUP_HOME="/workspace/rustup-home" "/workspace/cargo-home/bin/cargo" "+nightly-2025-01-18" "fetch" "--manifest-path" "Cargo.toml", kill_on_drop: false }`
[INFO] [stderr]  Downloading crates ...
[INFO] [stderr]   Downloaded stb_image v0.3.0
[INFO] running `Command { std: "docker" "create" "-v" "/var/lib/crater-agent-workspace/builds/worker-3-tc1/target:/opt/rustwide/target:rw,Z" "-v" "/var/lib/crater-agent-workspace/builds/worker-3-tc1/source:/opt/rustwide/workdir:ro,Z" "-v" "/var/lib/crater-agent-workspace/cargo-home:/opt/rustwide/cargo-home:ro,Z" "-v" "/var/lib/crater-agent-workspace/rustup-home:/opt/rustwide/rustup-home:ro,Z" "-e" "SOURCE_DIR=/opt/rustwide/workdir" "-e" "CARGO_TARGET_DIR=/opt/rustwide/target" "-e" "CARGO_HOME=/opt/rustwide/cargo-home" "-e" "RUSTUP_HOME=/opt/rustwide/rustup-home" "-w" "/opt/rustwide/workdir" "-m" "1610612736" "--user" "0:0" "--network" "none" "ghcr.io/rust-lang/crates-build-env/linux@sha256:819108c5571ea2e421544af4d832f968d213c87fbe3707a016657f43d2f853bc" "/opt/rustwide/cargo-home/bin/cargo" "+nightly-2025-01-18" "metadata" "--no-deps" "--format-version=1", kill_on_drop: false }`
[INFO] [stdout] 44f4904015fe89d233eac9e24cfeba465bb88122c0be408be102a78e88e1d474
[INFO] running `Command { std: "docker" "start" "-a" "44f4904015fe89d233eac9e24cfeba465bb88122c0be408be102a78e88e1d474", kill_on_drop: false }`
[INFO] running `Command { std: "docker" "inspect" "44f4904015fe89d233eac9e24cfeba465bb88122c0be408be102a78e88e1d474", kill_on_drop: false }`
[INFO] running `Command { std: "docker" "rm" "-f" "44f4904015fe89d233eac9e24cfeba465bb88122c0be408be102a78e88e1d474", kill_on_drop: false }`
[INFO] [stdout] 44f4904015fe89d233eac9e24cfeba465bb88122c0be408be102a78e88e1d474
[INFO] running `Command { std: "docker" "create" "-v" "/var/lib/crater-agent-workspace/builds/worker-3-tc1/target:/opt/rustwide/target:rw,Z" "-v" "/var/lib/crater-agent-workspace/builds/worker-3-tc1/source:/opt/rustwide/workdir:ro,Z" "-v" "/var/lib/crater-agent-workspace/cargo-home:/opt/rustwide/cargo-home:ro,Z" "-v" "/var/lib/crater-agent-workspace/rustup-home:/opt/rustwide/rustup-home:ro,Z" "-e" "SOURCE_DIR=/opt/rustwide/workdir" "-e" "CARGO_TARGET_DIR=/opt/rustwide/target" "-e" "CARGO_INCREMENTAL=0" "-e" "RUST_BACKTRACE=full" "-e" "RUSTFLAGS=--cap-lints=forbid" "-e" "RUSTDOCFLAGS=--cap-lints=forbid" "-e" "CARGO_HOME=/opt/rustwide/cargo-home" "-e" "RUSTUP_HOME=/opt/rustwide/rustup-home" "-w" "/opt/rustwide/workdir" "-m" "1610612736" "--user" "0:0" "--network" "none" "ghcr.io/rust-lang/crates-build-env/linux@sha256:819108c5571ea2e421544af4d832f968d213c87fbe3707a016657f43d2f853bc" "/opt/rustwide/cargo-home/bin/cargo" "+nightly-2025-01-18" "build" "--frozen" "--message-format=json", kill_on_drop: false }`
[INFO] [stdout] f6f100a9a0cac8690dd233ccf895fcc211bbb23b2c58f6b0185f008f0cd33fd9
[INFO] running `Command { std: "docker" "start" "-a" "f6f100a9a0cac8690dd233ccf895fcc211bbb23b2c58f6b0185f008f0cd33fd9", kill_on_drop: false }`
[INFO] [stderr]    Compiling cfg-if v1.0.0
[INFO] [stderr]    Compiling proc-macro2 v1.0.93
[INFO] [stderr]    Compiling libc v0.2.169
[INFO] [stderr]    Compiling unicode-ident v1.0.14
[INFO] [stderr]    Compiling autocfg v1.4.0
[INFO] [stderr]    Compiling bitflags v1.3.2
[INFO] [stderr]    Compiling version_check v0.9.5
[INFO] [stderr]    Compiling pkg-config v0.3.31
[INFO] [stderr]    Compiling once_cell v1.20.2
[INFO] [stderr]    Compiling smallvec v1.13.2
[INFO] [stderr]    Compiling libloading v0.8.6
[INFO] [stderr]    Compiling log v0.4.25
[INFO] [stderr]    Compiling xml-rs v0.8.25
[INFO] [stderr]    Compiling thiserror v1.0.69
[INFO] [stderr]    Compiling byteorder v1.5.0
[INFO] [stderr]    Compiling dlib v0.5.2
[INFO] [stderr]    Compiling bitflags v2.8.0
[INFO] [stderr]    Compiling lazy_static v1.5.0
[INFO] [stderr]    Compiling bytemuck v1.21.0
[INFO] [stderr]    Compiling simd-adler32 v0.3.7
[INFO] [stderr]    Compiling parking_lot_core v0.9.10
[INFO] [stderr]    Compiling quote v1.0.38
[INFO] [stderr]    Compiling arrayvec v0.7.6
[INFO] [stderr]    Compiling syn v2.0.96
[INFO] [stderr]    Compiling memoffset v0.6.5
[INFO] [stderr]    Compiling wayland-scanner v0.29.5
[INFO] [stderr]    Compiling ahash v0.8.11
[INFO] [stderr]    Compiling wayland-sys v0.29.5
[INFO] [stderr]    Compiling num-traits v0.2.19
[INFO] [stderr]    Compiling lock_api v0.4.12
[INFO] [stderr]    Compiling slotmap v1.0.7
[INFO] [stderr]    Compiling indexmap v1.9.3
[INFO] [stderr]    Compiling scoped-tls v1.0.1
[INFO] [stderr]    Compiling nix v0.24.3
[INFO] [stderr]    Compiling scopeguard v1.2.0
[INFO] [stderr]    Compiling downcast-rs v1.2.1
[INFO] [stderr]    Compiling adler2 v2.0.0
[INFO] [stderr]    Compiling miniz_oxide v0.8.3
[INFO] [stderr]    Compiling crc32fast v1.4.2
[INFO] [stderr]    Compiling libloading v0.7.4
[INFO] [stderr]    Compiling wayland-commons v0.29.5
[INFO] [stderr]    Compiling bit-vec v0.6.3
[INFO] [stderr]    Compiling ash v0.37.3+1.3.251
[INFO] [stderr]    Compiling termcolor v1.4.1
[INFO] [stderr]    Compiling khronos-egl v4.1.0
[INFO] [stderr]    Compiling raw-window-handle v0.5.2
[INFO] [stderr]    Compiling allocator-api2 v0.2.21
[INFO] [stderr]    Compiling unicode-width v0.1.14
[INFO] [stderr]    Compiling hashbrown v0.12.3
[INFO] [stderr]    Compiling codespan-reporting v0.11.1
[INFO] [stderr]    Compiling spirv v0.2.0+1.5.4
[INFO] [stderr]    Compiling bit-set v0.5.3
[INFO] [stderr]    Compiling flate2 v1.0.35
[INFO] [stderr]    Compiling parking_lot v0.12.3
[INFO] [stderr]    Compiling nix v0.25.1
[INFO] [stderr]    Compiling smithay-client-toolkit v0.16.1
[INFO] [stderr]    Compiling fdeflate v0.3.7
[INFO] [stderr]    Compiling wayland-client v0.29.5
[INFO] [stderr]    Compiling wayland-protocols v0.29.5
[INFO] [stderr]    Compiling gpu-descriptor-types v0.1.2
[INFO] [stderr]    Compiling gpu-alloc-types v0.2.0
[INFO] [stderr]    Compiling arrayref v0.3.9
[INFO] [stderr]    Compiling hexf-parse v0.2.1
[INFO] [stderr]    Compiling rustc-hash v1.1.0
[INFO] [stderr]    Compiling xcursor v0.3.8
[INFO] [stderr]    Compiling unicode-xid v0.2.6
[INFO] [stderr]    Compiling ttf-parser v0.25.1
[INFO] [stderr]    Compiling vec_map v0.8.2
[INFO] [stderr]    Compiling strict-num v0.1.1
[INFO] [stderr]    Compiling tiny-skia-path v0.8.4
[INFO] [stderr]    Compiling gpu-alloc v0.5.4
[INFO] [stderr]    Compiling png v0.17.16
[INFO] [stderr]    Compiling getrandom v0.2.15
[INFO] [stderr]    Compiling owned_ttf_parser v0.25.0
[INFO] [stderr]    Compiling memmap2 v0.5.10
[INFO] [stderr]    Compiling x11-dl v2.21.0
[INFO] [stderr]    Compiling wgpu-types v0.16.1
[INFO] [stderr]    Compiling shlex v1.3.0
[INFO] [stderr]    Compiling ab_glyph_rasterizer v0.1.8
[INFO] [stderr]    Compiling profiling v1.0.16
[INFO] [stderr]    Compiling cfg_aliases v0.1.1
[INFO] [stderr]    Compiling renderdoc-sys v1.1.0
[INFO] [stderr]    Compiling signal-hook v0.3.17
[INFO] [stderr]    Compiling glow v0.12.3
[INFO] [stderr]    Compiling winit v0.28.7
[INFO] [stderr]    Compiling wayland-cursor v0.29.5
[INFO] [stderr]    Compiling ab_glyph v0.2.29
[INFO] [stderr]    Compiling cc v1.2.10
[INFO] [stderr]    Compiling rand_core v0.6.4
[INFO] [stderr]    Compiling tiny-skia v0.8.4
[INFO] [stderr]    Compiling signal-hook-registry v1.4.2
[INFO] [stderr]    Compiling safe_arch v0.7.4
[INFO] [stderr]    Compiling rustix v0.38.43
[INFO] [stderr]    Compiling wide v0.7.32
[INFO] [stderr]    Compiling thiserror-impl v1.0.69
[INFO] [stderr]    Compiling zerocopy-derive v0.7.35
[INFO] [stderr]    Compiling stb_image v0.3.0
[INFO] [stderr]    Compiling mio v1.0.3
[INFO] [stderr]    Compiling mio v0.8.11
[INFO] [stderr]    Compiling instant v0.1.13
[INFO] [stderr]    Compiling static_assertions v1.1.0
[INFO] [stderr]    Compiling anyhow v1.0.95
[INFO] [stderr]    Compiling linux-raw-sys v0.4.15
[INFO] [stderr]    Compiling percent-encoding v2.3.1
[INFO] [stderr]    Compiling zerocopy v0.7.35
[INFO] [stderr]    Compiling signal-hook-mio v0.2.4
[INFO] [stderr]    Compiling ultraviolet v0.9.2
[INFO] [stderr]    Compiling hashbrown v0.14.5
[INFO] [stderr]    Compiling ppv-lite86 v0.2.20
[INFO] [stderr]    Compiling gpu-descriptor v0.2.4
[INFO] [stderr]    Compiling rand_chacha v0.3.1
[INFO] [stderr]    Compiling pollster v0.3.0
[INFO] [stderr]    Compiling rand v0.8.5
[INFO] [stderr]    Compiling crossterm v0.28.1
[INFO] [stderr]    Compiling naga v0.12.3
[INFO] [stderr]    Compiling calloop v0.10.6
[INFO] [stderr]    Compiling rand_xoshiro v0.6.0
[INFO] [stderr]    Compiling wgpu-hal v0.16.2
[INFO] [stderr]    Compiling wgpu-core v0.16.1
[INFO] [stderr]    Compiling wgpu v0.16.3
[INFO] [stderr]    Compiling pixels v0.13.0
[INFO] [stderr]    Compiling sctk-adwaita v0.5.4
[INFO] [stderr]    Compiling winit_input_helper v0.14.1
[INFO] [stderr]    Compiling pixel_loop v0.3.0 (/opt/rustwide/workdir)
[INFO] [stdout] warning: unused variable: `scale_factor`
[INFO] [stdout]    --> src/pixel_loop/canvas/crossterm.rs:324:59
[INFO] [stdout]     |
[INFO] [stdout] 324 |     fn resize_surface(&mut self, width: u32, height: u32, scale_factor: Option<f64>) {
[INFO] [stdout]     |                                                           ^^^^^^^^^^^^ help: if this is intentional, prefix it with an underscore: `_scale_factor`
[INFO] [stdout]     |
[INFO] [stdout]     = note: `#[warn(unused_variables)]` on by default
[INFO] [stdout] 
[INFO] [stdout] 
[INFO] [stdout] warning: unused variable: `code`
[INFO] [stdout]    --> src/pixel_loop/canvas/mod.rs:254:26
[INFO] [stdout]     |
[INFO] [stdout] 254 |     fn finish(&mut self, code: i32) -> Result<()> {
[INFO] [stdout]     |                          ^^^^ help: if this is intentional, prefix it with an underscore: `_code`
[INFO] [stdout] 
[INFO] [stdout] 
[INFO] [stdout] warning: unused variable: `keys_pressed_last_update`
[INFO] [stdout]    --> src/pixel_loop/input/crossterm.rs:219:13
[INFO] [stdout]     |
[INFO] [stdout] 219 |         let keys_pressed_last_update = std::mem::take(&mut self.keys_pressed_this_update);
[INFO] [stdout]     |             ^^^^^^^^^^^^^^^^^^^^^^^^ help: if this is intentional, prefix it with an underscore: `_keys_pressed_last_update`
[INFO] [stdout] 
[INFO] [stdout] 
[INFO] [stdout] warning: unused variable: `keys_released_last_update`
[INFO] [stdout]    --> src/pixel_loop/input/crossterm.rs:220:13
[INFO] [stdout]     |
[INFO] [stdout] 220 |         let keys_released_last_update = std::mem::take(&mut self.keys_released_this_update);
[INFO] [stdout]     |             ^^^^^^^^^^^^^^^^^^^^^^^^^ help: if this is intentional, prefix it with an underscore: `_keys_released_last_update`
[INFO] [stdout] 
[INFO] [stdout] 
[INFO] [stdout] warning: field `input_helper` is never read
[INFO] [stdout]   --> src/pixel_loop/canvas/pixels.rs:23:5
[INFO] [stdout]    |
[INFO] [stdout] 21 | struct WinitContext {
[INFO] [stdout]    |        ------------ field in this struct
[INFO] [stdout] 22 |     event_loop: EventLoop<()>,
[INFO] [stdout] 23 |     input_helper: WinitInputHelper,
[INFO] [stdout]    |     ^^^^^^^^^^^^
[INFO] [stdout]    |
[INFO] [stdout]    = note: `#[warn(dead_code)]` on by default
[INFO] [stdout] 
[INFO] [stdout] 
[INFO] [stderr]     Finished `dev` profile [optimized + debuginfo] target(s) in 8m 09s
[INFO] running `Command { std: "docker" "inspect" "f6f100a9a0cac8690dd233ccf895fcc211bbb23b2c58f6b0185f008f0cd33fd9", kill_on_drop: false }`
[INFO] running `Command { std: "docker" "rm" "-f" "f6f100a9a0cac8690dd233ccf895fcc211bbb23b2c58f6b0185f008f0cd33fd9", kill_on_drop: false }`
[INFO] [stdout] f6f100a9a0cac8690dd233ccf895fcc211bbb23b2c58f6b0185f008f0cd33fd9
[INFO] running `Command { std: "docker" "create" "-v" "/var/lib/crater-agent-workspace/builds/worker-3-tc1/target:/opt/rustwide/target:rw,Z" "-v" "/var/lib/crater-agent-workspace/builds/worker-3-tc1/source:/opt/rustwide/workdir:ro,Z" "-v" "/var/lib/crater-agent-workspace/cargo-home:/opt/rustwide/cargo-home:ro,Z" "-v" "/var/lib/crater-agent-workspace/rustup-home:/opt/rustwide/rustup-home:ro,Z" "-e" "SOURCE_DIR=/opt/rustwide/workdir" "-e" "CARGO_TARGET_DIR=/opt/rustwide/target" "-e" "CARGO_INCREMENTAL=0" "-e" "RUST_BACKTRACE=full" "-e" "RUSTFLAGS=--cap-lints=forbid" "-e" "RUSTDOCFLAGS=--cap-lints=forbid" "-e" "CARGO_HOME=/opt/rustwide/cargo-home" "-e" "RUSTUP_HOME=/opt/rustwide/rustup-home" "-w" "/opt/rustwide/workdir" "-m" "1610612736" "--user" "0:0" "--network" "none" "ghcr.io/rust-lang/crates-build-env/linux@sha256:819108c5571ea2e421544af4d832f968d213c87fbe3707a016657f43d2f853bc" "/opt/rustwide/cargo-home/bin/cargo" "+nightly-2025-01-18" "test" "--frozen" "--no-run" "--message-format=json", kill_on_drop: false }`
[INFO] [stdout] c409e1c7cb83200c3c5fd28b4b8077b7e05f6f7b5f0e4e664cba2827884c0c62
[INFO] running `Command { std: "docker" "start" "-a" "c409e1c7cb83200c3c5fd28b4b8077b7e05f6f7b5f0e4e664cba2827884c0c62", kill_on_drop: false }`
[INFO] [stderr]    Compiling pixel_loop v0.3.0 (/opt/rustwide/workdir)
[INFO] [stdout] warning: unused variable: `scale_factor`
[INFO] [stdout]    --> src/pixel_loop/canvas/crossterm.rs:324:59
[INFO] [stdout]     |
[INFO] [stdout] 324 |     fn resize_surface(&mut self, width: u32, height: u32, scale_factor: Option<f64>) {
[INFO] [stdout]     |                                                           ^^^^^^^^^^^^ help: if this is intentional, prefix it with an underscore: `_scale_factor`
[INFO] [stdout]     |
[INFO] [stdout]     = note: `#[warn(unused_variables)]` on by default
[INFO] [stdout] 
[INFO] [stdout] 
[INFO] [stdout] warning: unused variable: `code`
[INFO] [stdout]    --> src/pixel_loop/canvas/mod.rs:254:26
[INFO] [stdout]     |
[INFO] [stdout] 254 |     fn finish(&mut self, code: i32) -> Result<()> {
[INFO] [stdout]     |                          ^^^^ help: if this is intentional, prefix it with an underscore: `_code`
[INFO] [stdout] 
[INFO] [stdout] 
[INFO] [stdout] warning: unused variable: `keys_pressed_last_update`
[INFO] [stdout]    --> src/pixel_loop/input/crossterm.rs:219:13
[INFO] [stdout]     |
[INFO] [stdout] 219 |         let keys_pressed_last_update = std::mem::take(&mut self.keys_pressed_this_update);
[INFO] [stdout]     |             ^^^^^^^^^^^^^^^^^^^^^^^^ help: if this is intentional, prefix it with an underscore: `_keys_pressed_last_update`
[INFO] [stdout] 
[INFO] [stdout] 
[INFO] [stdout] warning: unused variable: `keys_released_last_update`
[INFO] [stdout]    --> src/pixel_loop/input/crossterm.rs:220:13
[INFO] [stdout]     |
[INFO] [stdout] 220 |         let keys_released_last_update = std::mem::take(&mut self.keys_released_this_update);
[INFO] [stdout]     |             ^^^^^^^^^^^^^^^^^^^^^^^^^ help: if this is intentional, prefix it with an underscore: `_keys_released_last_update`
[INFO] [stdout] 
[INFO] [stdout] 
[INFO] [stdout] warning: field `input_helper` is never read
[INFO] [stdout]   --> src/pixel_loop/canvas/pixels.rs:23:5
[INFO] [stdout]    |
[INFO] [stdout] 21 | struct WinitContext {
[INFO] [stdout]    |        ------------ field in this struct
[INFO] [stdout] 22 |     event_loop: EventLoop<()>,
[INFO] [stdout] 23 |     input_helper: WinitInputHelper,
[INFO] [stdout]    |     ^^^^^^^^^^^^
[INFO] [stdout]    |
[INFO] [stdout]    = note: `#[warn(dead_code)]` on by default
[INFO] [stdout] 
[INFO] [stdout] 
[INFO] [stdout] warning: unused variable: `scale_factor`
[INFO] [stdout]    --> src/pixel_loop/canvas/crossterm.rs:324:59
[INFO] [stdout]     |
[INFO] [stdout] 324 |     fn resize_surface(&mut self, width: u32, height: u32, scale_factor: Option<f64>) {
[INFO] [stdout]     |                                                           ^^^^^^^^^^^^ help: if this is intentional, prefix it with an underscore: `_scale_factor`
[INFO] [stdout]     |
[INFO] [stdout]     = note: `#[warn(unused_variables)]` on by default
[INFO] [stdout] 
[INFO] [stdout] 
[INFO] [stdout] warning: unused variable: `code`
[INFO] [stdout]    --> src/pixel_loop/canvas/mod.rs:254:26
[INFO] [stdout]     |
[INFO] [stdout] 254 |     fn finish(&mut self, code: i32) -> Result<()> {
[INFO] [stdout]     |                          ^^^^ help: if this is intentional, prefix it with an underscore: `_code`
[INFO] [stdout] 
[INFO] [stdout] 
[INFO] [stdout] warning: unused variable: `keys_pressed_last_update`
[INFO] [stdout]    --> src/pixel_loop/input/crossterm.rs:219:13
[INFO] [stdout]     |
[INFO] [stdout] 219 |         let keys_pressed_last_update = std::mem::take(&mut self.keys_pressed_this_update);
[INFO] [stdout]     |             ^^^^^^^^^^^^^^^^^^^^^^^^ help: if this is intentional, prefix it with an underscore: `_keys_pressed_last_update`
[INFO] [stdout] 
[INFO] [stdout] 
[INFO] [stdout] warning: unused variable: `keys_released_last_update`
[INFO] [stdout]    --> src/pixel_loop/input/crossterm.rs:220:13
[INFO] [stdout]     |
[INFO] [stdout] 220 |         let keys_released_last_update = std::mem::take(&mut self.keys_released_this_update);
[INFO] [stdout]     |             ^^^^^^^^^^^^^^^^^^^^^^^^^ help: if this is intentional, prefix it with an underscore: `_keys_released_last_update`
[INFO] [stdout] 
[INFO] [stdout] 
[INFO] [stdout] warning: field `input_helper` is never read
[INFO] [stdout]   --> src/pixel_loop/canvas/pixels.rs:23:5
[INFO] [stdout]    |
[INFO] [stdout] 21 | struct WinitContext {
[INFO] [stdout]    |        ------------ field in this struct
[INFO] [stdout] 22 |     event_loop: EventLoop<()>,
[INFO] [stdout] 23 |     input_helper: WinitInputHelper,
[INFO] [stdout]    |     ^^^^^^^^^^^^
[INFO] [stdout]    |
[INFO] [stdout]    = note: `#[warn(dead_code)]` on by default
[INFO] [stdout] 
[INFO] [stdout] 
[INFO] [stderr]     Finished `test` profile [optimized + debuginfo] target(s) in 1.30s
[INFO] running `Command { std: "docker" "inspect" "c409e1c7cb83200c3c5fd28b4b8077b7e05f6f7b5f0e4e664cba2827884c0c62", kill_on_drop: false }`
[INFO] running `Command { std: "docker" "rm" "-f" "c409e1c7cb83200c3c5fd28b4b8077b7e05f6f7b5f0e4e664cba2827884c0c62", kill_on_drop: false }`
[INFO] [stdout] c409e1c7cb83200c3c5fd28b4b8077b7e05f6f7b5f0e4e664cba2827884c0c62
[INFO] running `Command { std: "docker" "create" "-v" "/var/lib/crater-agent-workspace/builds/worker-3-tc1/target:/opt/rustwide/target:rw,Z" "-v" "/var/lib/crater-agent-workspace/builds/worker-3-tc1/source:/opt/rustwide/workdir:ro,Z" "-v" "/var/lib/crater-agent-workspace/cargo-home:/opt/rustwide/cargo-home:ro,Z" "-v" "/var/lib/crater-agent-workspace/rustup-home:/opt/rustwide/rustup-home:ro,Z" "-e" "SOURCE_DIR=/opt/rustwide/workdir" "-e" "CARGO_TARGET_DIR=/opt/rustwide/target" "-e" "CARGO_INCREMENTAL=0" "-e" "RUST_BACKTRACE=full" "-e" "RUSTFLAGS=--cap-lints=forbid" "-e" "RUSTDOCFLAGS=--cap-lints=forbid" "-e" "CARGO_HOME=/opt/rustwide/cargo-home" "-e" "RUSTUP_HOME=/opt/rustwide/rustup-home" "-w" "/opt/rustwide/workdir" "-m" "1610612736" "--user" "0:0" "--network" "none" "ghcr.io/rust-lang/crates-build-env/linux@sha256:819108c5571ea2e421544af4d832f968d213c87fbe3707a016657f43d2f853bc" "/opt/rustwide/cargo-home/bin/cargo" "+nightly-2025-01-18" "test" "--frozen", kill_on_drop: false }`
[INFO] [stdout] 60cbe2bff9b05e2469d565975dcd1384a17e768f13edf8bac9f6c89fc84124d5
[INFO] running `Command { std: "docker" "start" "-a" "60cbe2bff9b05e2469d565975dcd1384a17e768f13edf8bac9f6c89fc84124d5", kill_on_drop: false }`
[INFO] [stderr] warning: unused variable: `scale_factor`
[INFO] [stderr]    --> src/pixel_loop/canvas/crossterm.rs:324:59
[INFO] [stderr]     |
[INFO] [stderr] 324 |     fn resize_surface(&mut self, width: u32, height: u32, scale_factor: Option<f64>) {
[INFO] [stderr]     |                                                           ^^^^^^^^^^^^ help: if this is intentional, prefix it with an underscore: `_scale_factor`
[INFO] [stderr]     |
[INFO] [stderr]     = note: `#[warn(unused_variables)]` on by default
[INFO] [stderr] 
[INFO] [stderr] warning: unused variable: `code`
[INFO] [stderr]    --> src/pixel_loop/canvas/mod.rs:254:26
[INFO] [stderr]     |
[INFO] [stderr] 254 |     fn finish(&mut self, code: i32) -> Result<()> {
[INFO] [stderr]     |                          ^^^^ help: if this is intentional, prefix it with an underscore: `_code`
[INFO] [stderr] 
[INFO] [stderr] warning: unused variable: `keys_pressed_last_update`
[INFO] [stderr]    --> src/pixel_loop/input/crossterm.rs:219:13
[INFO] [stderr]     |
[INFO] [stderr] 219 |         let keys_pressed_last_update = std::mem::take(&mut self.keys_pressed_this_update);
[INFO] [stderr]     |             ^^^^^^^^^^^^^^^^^^^^^^^^ help: if this is intentional, prefix it with an underscore: `_keys_pressed_last_update`
[INFO] [stderr] 
[INFO] [stderr] warning: unused variable: `keys_released_last_update`
[INFO] [stderr]    --> src/pixel_loop/input/crossterm.rs:220:13
[INFO] [stderr]     |
[INFO] [stderr] 220 |         let keys_released_last_update = std::mem::take(&mut self.keys_released_this_update);
[INFO] [stderr]     |             ^^^^^^^^^^^^^^^^^^^^^^^^^ help: if this is intentional, prefix it with an underscore: `_keys_released_last_update`
[INFO] [stderr] 
[INFO] [stderr] warning: field `input_helper` is never read
[INFO] [stderr]   --> src/pixel_loop/canvas/pixels.rs:23:5
[INFO] [stderr]    |
[INFO] [stderr] 21 | struct WinitContext {
[INFO] [stderr]    |        ------------ field in this struct
[INFO] [stderr] 22 |     event_loop: EventLoop<()>,
[INFO] [stderr] 23 |     input_helper: WinitInputHelper,
[INFO] [stderr]    |     ^^^^^^^^^^^^
[INFO] [stderr]    |
[INFO] [stderr]    = note: `#[warn(dead_code)]` on by default
[INFO] [stderr] 
[INFO] [stderr] warning: `pixel_loop` (lib) generated 5 warnings
[INFO] [stderr] warning: `pixel_loop` (lib test) generated 5 warnings (5 duplicates)
[INFO] [stderr]     Finished `test` profile [optimized + debuginfo] target(s) in 0.17s
[INFO] [stderr]      Running unittests src/pixel_loop/lib.rs (/opt/rustwide/target/debug/deps/pixel_loop-ca41260b56ee0977)
[INFO] [stdout] 
[INFO] [stdout] running 0 tests
[INFO] [stdout] 
[INFO] [stderr]    Doc-tests pixel_loop
[INFO] [stdout] test result: ok. 0 passed; 0 failed; 0 ignored; 0 measured; 0 filtered out; finished in 0.00s
[INFO] [stdout] 
[INFO] [stdout] 
[INFO] [stdout] running 18 tests
[INFO] [stdout] test src/pixel_loop/canvas/crossterm.rs - canvas::crossterm::CrosstermCanvas::with_refresh_limit (line 123) ... FAILED
[INFO] [stdout] test src/pixel_loop/canvas/crossterm.rs - canvas::crossterm::CrosstermCanvas (line 25) ... FAILED
[INFO] [stdout] test src/pixel_loop/canvas/crossterm.rs - canvas::crossterm::CrosstermCanvas::new_with_size (line 88) ... FAILED
[INFO] [stdout] test src/pixel_loop/canvas/mod.rs - canvas::RenderableCanvas::run (line 236) ... FAILED
[INFO] [stdout] test src/pixel_loop/canvas/pixels.rs - canvas::pixels::PixelsCanvas (line 35) ... FAILED
[INFO] [stdout] test src/pixel_loop/canvas/in_memory.rs - canvas::in_memory::InMemoryCanvas::from_in_memory_image (line 74) ... FAILED
[INFO] [stdout] test src/pixel_loop/color.rs - color::Color::from_bytes (line 56) ... FAILED
[INFO] [stdout] test src/pixel_loop/color.rs - color::Color::from_rgb (line 110) ... ok
[INFO] [stdout] test src/pixel_loop/color.rs - color::Color::from_rgba (line 93) ... ok
[INFO] [stdout] test src/pixel_loop/color.rs - color::HslColor::new (line 273) ... ok
[INFO] [stdout] test src/pixel_loop/lib.rs - (line 8) ... FAILED
[INFO] [stdout] test src/pixel_loop/canvas/in_memory.rs - canvas::in_memory::InMemoryCanvas::new (line 39) ... ok
[INFO] [stdout] test src/pixel_loop/color.rs - color::HslColor::new (line 280) ... ok
[INFO] [stdout] test src/pixel_loop/input/crossterm.rs - input::crossterm::CrosstermInputState::new (line 41) ... ok
[INFO] [stdout] test src/pixel_loop/color.rs - color::Color::as_hsl (line 140) ... ok
[INFO] [stdout] test src/pixel_loop/canvas/crossterm.rs - canvas::crossterm::CrosstermCanvas::new (line 69) ... FAILED
[INFO] [stdout] test src/pixel_loop/color.rs - color::HslColor::new (line 289) ... ok
[INFO] [stdout] test src/pixel_loop/input/crossterm.rs - input::crossterm::CrosstermInputState::with_event_cycles_before_released (line 70) ... ok
[INFO] [stdout] 
[INFO] [stdout] failures:
[INFO] [stdout] 
[INFO] [stdout] ---- src/pixel_loop/canvas/crossterm.rs - canvas::crossterm::CrosstermCanvas::with_refresh_limit (line 123) stdout ----
[INFO] [stdout] error[E0061]: this function takes 0 arguments but 2 arguments were supplied
[INFO] [stdout]   --> src/pixel_loop/canvas/crossterm.rs:128:18
[INFO] [stdout]    |
[INFO] [stdout] 8  | let mut canvas = CrosstermCanvas::new(80, 24).with_refresh_limit(30);
[INFO] [stdout]    |                  ^^^^^^^^^^^^^^^^^^^^ --  -- unexpected argument #2 of type `{integer}`
[INFO] [stdout]    |                                       |
[INFO] [stdout]    |                                       unexpected argument #1 of type `{integer}`
[INFO] [stdout]    |
[INFO] [stdout] note: associated function defined here
[INFO] [stdout]   --> /opt/rustwide/workdir/src/pixel_loop/canvas/crossterm.rs:74:12
[INFO] [stdout]    |
[INFO] [stdout] 74 |     pub fn new() -> Self {
[INFO] [stdout]    |            ^^^
[INFO] [stdout] help: remove the extra arguments
[INFO] [stdout]    |
[INFO] [stdout] 8  - let mut canvas = CrosstermCanvas::new(80, 24).with_refresh_limit(30);
[INFO] [stdout] 8  + let mut canvas = CrosstermCanvas::new().with_refresh_limit(30);
[INFO] [stdout]    |
[INFO] [stdout] 
[INFO] [stdout] error: aborting due to 1 previous error
[INFO] [stdout] 
[INFO] [stdout] For more information about this error, try `rustc --explain E0061`.
[INFO] [stdout] Couldn't compile the test.
[INFO] [stdout] ---- src/pixel_loop/canvas/crossterm.rs - canvas::crossterm::CrosstermCanvas (line 25) stdout ----
[INFO] [stdout] error[E0061]: this function takes 0 arguments but 2 arguments were supplied
[INFO] [stdout]   --> src/pixel_loop/canvas/crossterm.rs:35:20
[INFO] [stdout]    |
[INFO] [stdout] 12 |   let mut canvas = CrosstermCanvas::new(80, 24);
[INFO] [stdout]    |                    ^^^^^^^^^^^^^^^^^^^^ --  -- unexpected argument #2 of type `{integer}`
[INFO] [stdout]    |                                         |
[INFO] [stdout]    |                                         unexpected argument #1 of type `{integer}`
[INFO] [stdout]    |
[INFO] [stdout] note: associated function defined here
[INFO] [stdout]   --> /opt/rustwide/workdir/src/pixel_loop/canvas/crossterm.rs:74:12
[INFO] [stdout]    |
[INFO] [stdout] 74 |     pub fn new() -> Self {
[INFO] [stdout]    |            ^^^
[INFO] [stdout] help: remove the extra arguments
[INFO] [stdout]    |
[INFO] [stdout] 12 -   let mut canvas = CrosstermCanvas::new(80, 24);
[INFO] [stdout] 12 +   let mut canvas = CrosstermCanvas::new();
[INFO] [stdout]    |
[INFO] [stdout] 
[INFO] [stdout] error: aborting due to 1 previous error
[INFO] [stdout] 
[INFO] [stdout] For more information about this error, try `rustc --explain E0061`.
[INFO] [stdout] Couldn't compile the test.
[INFO] [stdout] ---- src/pixel_loop/canvas/crossterm.rs - canvas::crossterm::CrosstermCanvas::new_with_size (line 88) stdout ----
[INFO] [stdout] error[E0061]: this function takes 0 arguments but 2 arguments were supplied
[INFO] [stdout]   --> src/pixel_loop/canvas/crossterm.rs:92:14
[INFO] [stdout]    |
[INFO] [stdout] 7  | let canvas = CrosstermCanvas::new(80, 42);
[INFO] [stdout]    |              ^^^^^^^^^^^^^^^^^^^^ --  -- unexpected argument #2 of type `{integer}`
[INFO] [stdout]    |                                   |
[INFO] [stdout]    |                                   unexpected argument #1 of type `{integer}`
[INFO] [stdout]    |
[INFO] [stdout] note: associated function defined here
[INFO] [stdout]   --> /opt/rustwide/workdir/src/pixel_loop/canvas/crossterm.rs:74:12
[INFO] [stdout]    |
[INFO] [stdout] 74 |     pub fn new() -> Self {
[INFO] [stdout]    |            ^^^
[INFO] [stdout] help: remove the extra arguments
[INFO] [stdout]    |
[INFO] [stdout] 7  - let canvas = CrosstermCanvas::new(80, 42);
[INFO] [stdout] 7  + let canvas = CrosstermCanvas::new();
[INFO] [stdout]    |
[INFO] [stdout] 
[INFO] [stdout] error: aborting due to 1 previous error
[INFO] [stdout] 
[INFO] [stdout] For more information about this error, try `rustc --explain E0061`.
[INFO] [stdout] Couldn't compile the test.
[INFO] [stdout] ---- src/pixel_loop/canvas/mod.rs - canvas::RenderableCanvas::run (line 236) stdout ----
[INFO] [stdout] error[E0423]: expected value, found crate `pixel_loop`
[INFO] [stdout]  --> src/pixel_loop/canvas/mod.rs:239:4
[INFO] [stdout]   |
[INFO] [stdout] 6 |    pixel_loop.begin().expect("begin pixel_loop");
[INFO] [stdout]   |    ^^^^^^^^^^
[INFO] [stdout]   |
[INFO] [stdout] help: use the path separator to refer to an item
[INFO] [stdout]   |
[INFO] [stdout] 6 |    pixel_loop::begin().expect("begin pixel_loop");
[INFO] [stdout]   |              ~~
[INFO] [stdout] 
[INFO] [stdout] error[E0423]: expected value, found crate `pixel_loop`
[INFO] [stdout]  --> src/pixel_loop/canvas/mod.rs:241:8
[INFO] [stdout]   |
[INFO] [stdout] 8 |        pixel_loop.next_loop().expect("next_loop pixel_loop");
[INFO] [stdout]   |        ^^^^^^^^^^
[INFO] [stdout]   |
[INFO] [stdout] help: use the path separator to refer to an item
[INFO] [stdout]   |
[INFO] [stdout] 8 |        pixel_loop::next_loop().expect("next_loop pixel_loop");
[INFO] [stdout]   |                  ~~
[INFO] [stdout] 
[INFO] [stdout] error: aborting due to 2 previous errors
[INFO] [stdout] 
[INFO] [stdout] For more information about this error, try `rustc --explain E0423`.
[INFO] [stdout] Couldn't compile the test.
[INFO] [stdout] ---- src/pixel_loop/canvas/pixels.rs - canvas::pixels::PixelsCanvas (line 35) stdout ----
[INFO] [stdout] error[E0433]: failed to resolve: use of undeclared type `PixelsCanvas`
[INFO] [stdout]  --> src/pixel_loop/canvas/pixels.rs:36:14
[INFO] [stdout]   |
[INFO] [stdout] 3 | let canvas = PixelsCanvas::new(640, 480, "pixel loop", false)?;
[INFO] [stdout]   |              ^^^^^^^^^^^^ use of undeclared type `PixelsCanvas`
[INFO] [stdout]   |
[INFO] [stdout] help: consider importing this struct
[INFO] [stdout]   |
[INFO] [stdout] 2 + use pixel_loop::canvas::PixelsCanvas;
[INFO] [stdout]   |
[INFO] [stderr] error: doctest failed, to rerun pass `--doc`
[INFO] [stdout] 
[INFO] [stdout] error: aborting due to 1 previous error
[INFO] [stdout] 
[INFO] [stdout] For more information about this error, try `rustc --explain E0433`.
[INFO] [stdout] Couldn't compile the test.
[INFO] [stdout] ---- src/pixel_loop/canvas/in_memory.rs - canvas::in_memory::InMemoryCanvas::from_in_memory_image (line 74) stdout ----
[INFO] [stdout] error[E0277]: the `?` operator can only be used in a function that returns `Result` or `Option` (or another type that implements `FromResidual`)
[INFO] [stdout]  --> src/pixel_loop/canvas/in_memory.rs:79:64
[INFO] [stdout]   |
[INFO] [stdout] 4 | fn main() { #[allow(non_snake_case)] fn _doctest_main_src_pixel_loop_canvas_in_memory_rs_74_0() {
[INFO] [stdout]   |                                      ---------------------------------------------------------- this function should return `Result` or `Option` to accept `?`
[INFO] [stdout] ...
[INFO] [stdout] 8 | let canvas = InMemoryCanvas::from_in_memory_image(&image_bytes)?;
[INFO] [stdout]   |                                                                ^ cannot use the `?` operator in a function that returns `()`
[INFO] [stdout]   |
[INFO] [stdout]   = help: the trait `FromResidual<Result<Infallible, anyhow::Error>>` is not implemented for `()`
[INFO] [stdout] help: consider adding return type
[INFO] [stdout]   |
[INFO] [stdout] 4 ~ fn main() { #[allow(non_snake_case)] fn _doctest_main_src_pixel_loop_canvas_in_memory_rs_74_0() -> Result<(), Box<dyn std::error::Error>> {
[INFO] [stdout] 5 | use pixel_loop::canvas::InMemoryCanvas;
[INFO] [stdout] ...
[INFO] [stdout] 8 | let canvas = InMemoryCanvas::from_in_memory_image(&image_bytes)?;
[INFO] [stdout] 9 +     Ok(())
[INFO] [stdout]   |
[INFO] [stdout] 
[INFO] [stdout] error: aborting due to 1 previous error
[INFO] [stdout] 
[INFO] [stdout] For more information about this error, try `rustc --explain E0277`.
[INFO] [stdout] Couldn't compile the test.
[INFO] [stdout] ---- src/pixel_loop/color.rs - color::Color::from_bytes (line 56) stdout ----
[INFO] [stdout] error[E0432]: unresolved import `my_crate`
[INFO] [stdout]  --> src/pixel_loop/color.rs:57:5
[INFO] [stdout]   |
[INFO] [stdout] 3 | use my_crate::Color;
[INFO] [stdout]   |     ^^^^^^^^ use of undeclared crate or module `my_crate`
[INFO] [stdout] 
[INFO] [stdout] error: aborting due to 1 previous error
[INFO] [stdout] 
[INFO] [stdout] For more information about this error, try `rustc --explain E0432`.
[INFO] [stdout] Couldn't compile the test.
[INFO] [stdout] ---- src/pixel_loop/lib.rs - (line 8) stdout ----
[INFO] [stdout] error[E0308]: arguments to this function are incorrect
[INFO] [stdout]    --> src/pixel_loop/lib.rs:74:1
[INFO] [stdout]     |
[INFO] [stdout] 69  | run(60, state, input, canvas, update, render)?;
[INFO] [stdout]     | ^^^
[INFO] [stdout]     |
[INFO] [stdout] note: expected fn pointer, found fn item
[INFO] [stdout]    --> src/pixel_loop/lib.rs:74:31
[INFO] [stdout]     |
[INFO] [stdout] 69  | run(60, state, input, canvas, update, render)?;
[INFO] [stdout]     |                               ^^^^^^
[INFO] [stdout]     = note: expected fn pointer `for<'a, 'b, 'c, 'd> fn(&'a mut EngineEnvironment, &'b mut State, &'c CrosstermInputState, &'d mut CrosstermCanvas) -> Result<NextLoopState, _>`
[INFO] [stdout]                   found fn item `for<'a, 'b, 'c, 'd> fn(&'a mut EngineEnvironment, &'b mut State, &'c CrosstermInputState, &'d mut CrosstermCanvas) -> Result<(), _> {update}`
[INFO] [stdout] note: expected fn pointer, found fn item
[INFO] [stdout]    --> src/pixel_loop/lib.rs:74:39
[INFO] [stdout]     |
[INFO] [stdout] 69  | run(60, state, input, canvas, update, render)?;
[INFO] [stdout]     |                                       ^^^^^^
[INFO] [stdout]     = note: expected fn pointer `for<'a, 'b, 'c, 'd> fn(&'a mut EngineEnvironment, &'b mut State, &'c CrosstermInputState, &'d mut CrosstermCanvas, Duration) -> Result<NextLoopState, _>`
[INFO] [stdout]                   found fn item `fn(&mut EngineEnvironment, &mut State, &..., ..., ...) -> ... {render}`
[INFO] [stdout] note: function defined here
[INFO] [stdout]    --> /opt/rustwide/workdir/src/pixel_loop/lib.rs:294:8
[INFO] [stdout]     |
[INFO] [stdout] 294 | pub fn run<State: 'static, CanvasImpl: RenderableCanvas + 'static>(
[INFO] [stdout]     |        ^^^
[INFO] [stdout] 
[INFO] [stdout] error: aborting due to 1 previous error
[INFO] [stdout] 
[INFO] [stdout] For more information about this error, try `rustc --explain E0308`.
[INFO] [stdout] Couldn't compile the test.
[INFO] [stdout] ---- src/pixel_loop/canvas/crossterm.rs - canvas::crossterm::CrosstermCanvas::new (line 69) stdout ----
[INFO] [stdout] Test executable failed (exit status: 101).
[INFO] [stdout] 
[INFO] [stdout] stderr:
[INFO] [stdout] 
[INFO] [stdout] thread 'main' panicked at src/pixel_loop/canvas/crossterm.rs:75:59:
[INFO] [stdout] called `Result::unwrap()` on an `Err` value: Os { code: 2, kind: NotFound, message: "No such file or directory" }
[INFO] [stdout] stack backtrace:
[INFO] [stdout]    0:     0x64273af6901a - std::backtrace_rs::backtrace::libunwind::trace::hb059275cfc8d6126
[INFO] [stdout]                                at /rustc/6067b36314ab5eb2eb47cecc464545ba58e1ad24/library/std/src/../../backtrace/src/backtrace/libunwind.rs:116:5
[INFO] [stdout]    1:     0x64273af6901a - std::backtrace_rs::backtrace::trace_unsynchronized::h2da071e4327ce3ee
[INFO] [stdout]                                at /rustc/6067b36314ab5eb2eb47cecc464545ba58e1ad24/library/std/src/../../backtrace/src/backtrace/mod.rs:66:5
[INFO] [stdout]    2:     0x64273af6901a - std::sys::backtrace::_print_fmt::h842a1474e6f8d23f
[INFO] [stdout]                                at /rustc/6067b36314ab5eb2eb47cecc464545ba58e1ad24/library/std/src/sys/backtrace.rs:66:9
[INFO] [stdout]    3:     0x64273af6901a - <std::sys::backtrace::BacktraceLock::print::DisplayBacktrace as core::fmt::Display>::fmt::h71a62eb3b9696b12
[INFO] [stdout]                                at /rustc/6067b36314ab5eb2eb47cecc464545ba58e1ad24/library/std/src/sys/backtrace.rs:39:26
[INFO] [stdout]    4:     0x64273af89f53 - core::fmt::rt::Argument::fmt::hdb6b616786b41dc1
[INFO] [stdout]                                at /rustc/6067b36314ab5eb2eb47cecc464545ba58e1ad24/library/core/src/fmt/rt.rs:177:76
[INFO] [stdout]    5:     0x64273af89f53 - core::fmt::write::h2cc1698af7e2d686
[INFO] [stdout]                                at /rustc/6067b36314ab5eb2eb47cecc464545ba58e1ad24/library/core/src/fmt/mod.rs:1440:21
[INFO] [stdout]    6:     0x64273af66313 - std::io::Write::write_fmt::h00c8700df393f328
[INFO] [stdout]                                at /rustc/6067b36314ab5eb2eb47cecc464545ba58e1ad24/library/std/src/io/mod.rs:1887:15
[INFO] [stdout]    7:     0x64273af68e62 - std::sys::backtrace::BacktraceLock::print::h147fe35b4ea13b08
[INFO] [stdout]                                at /rustc/6067b36314ab5eb2eb47cecc464545ba58e1ad24/library/std/src/sys/backtrace.rs:42:9
[INFO] [stdout]    8:     0x64273af69daf - std::panicking::default_hook::{{closure}}::hbd44223dbdc0d208
[INFO] [stdout]                                at /rustc/6067b36314ab5eb2eb47cecc464545ba58e1ad24/library/std/src/panicking.rs:298:22
[INFO] [stdout]    9:     0x64273af69c1a - std::panicking::default_hook::h20f81eb0576efcec
[INFO] [stdout]                                at /rustc/6067b36314ab5eb2eb47cecc464545ba58e1ad24/library/std/src/panicking.rs:325:9
[INFO] [stdout]   10:     0x64273af6a682 - std::panicking::rust_panic_with_hook::h625eea43051b2edc
[INFO] [stdout]                                at /rustc/6067b36314ab5eb2eb47cecc464545ba58e1ad24/library/std/src/panicking.rs:831:13
[INFO] [stdout]   11:     0x64273af6a51a - std::panicking::begin_panic_handler::{{closure}}::h4f9159cfbc3f6bd3
[INFO] [stdout]                                at /rustc/6067b36314ab5eb2eb47cecc464545ba58e1ad24/library/std/src/panicking.rs:704:13
[INFO] [stdout]   12:     0x64273af69519 - std::sys::backtrace::__rust_end_short_backtrace::h0390abce48353151
[INFO] [stdout]                                at /rustc/6067b36314ab5eb2eb47cecc464545ba58e1ad24/library/std/src/sys/backtrace.rs:168:18
[INFO] [stdout]   13:     0x64273af6a1ad - rust_begin_unwind
[INFO] [stdout]                                at /rustc/6067b36314ab5eb2eb47cecc464545ba58e1ad24/library/std/src/panicking.rs:695:5
[INFO] [stdout]   14:     0x64273af89180 - core::panicking::panic_fmt::h9e7c637e9e5f29c9
[INFO] [stdout]                                at /rustc/6067b36314ab5eb2eb47cecc464545ba58e1ad24/library/core/src/panicking.rs:75:14
[INFO] [stdout]   15:     0x64273af89526 - core::result::unwrap_failed::h7979f09313fe1849
[INFO] [stdout]                                at /rustc/6067b36314ab5eb2eb47cecc464545ba58e1ad24/library/core/src/result.rs:1704:5
[INFO] [stdout]   16:     0x64273af42f53 - core::result::Result<T,E>::unwrap::h9ab56e51e1f38abc
[INFO] [stdout]                                at /rustc/6067b36314ab5eb2eb47cecc464545ba58e1ad24/library/core/src/result.rs:1109:23
[INFO] [stdout]   17:     0x64273af42f53 - pixel_loop::canvas::crossterm::CrosstermCanvas::new::hbfae368aedea08c6
[INFO] [stdout]                                at /opt/rustwide/workdir/src/pixel_loop/canvas/crossterm.rs:75:31
[INFO] [stdout]   18:     0x64273af42a5f - rust_out::main::_doctest_main_src_pixel_loop_canvas_crossterm_rs_69_0::hdcb0459688af53d8
[INFO] [stdout]   19:     0x64273af42a46 - rust_out::main::he88f0b9b281d54e0
[INFO] [stdout]   20:     0x64273af42923 - core::ops::function::FnOnce::call_once::hcf3829d8b58d0254
[INFO] [stdout]   21:     0x64273af42906 - std::sys::backtrace::__rust_begin_short_backtrace::h5e1527399e8d5bd4
[INFO] [stdout]   22:     0x64273af428e9 - std::rt::lang_start::{{closure}}::h2c234101ed7b1b74
[INFO] [stdout]   23:     0x64273af639e0 - core::ops::function::impls::<impl core::ops::function::FnOnce<A> for &F>::call_once::h1b085b6c1d2518b2
[INFO] [stdout]                                at /rustc/6067b36314ab5eb2eb47cecc464545ba58e1ad24/library/core/src/ops/function.rs:284:13
[INFO] [stdout]   24:     0x64273af639e0 - std::panicking::try::do_call::h382f964a5a23b565
[INFO] [stdout]                                at /rustc/6067b36314ab5eb2eb47cecc464545ba58e1ad24/library/std/src/panicking.rs:587:40
[INFO] [stdout]   25:     0x64273af639e0 - std::panicking::try::h57f991055eb622f9
[INFO] [stdout]                                at /rustc/6067b36314ab5eb2eb47cecc464545ba58e1ad24/library/std/src/panicking.rs:550:19
[INFO] [stdout]   26:     0x64273af639e0 - std::panic::catch_unwind::h4d9a74ef04456343
[INFO] [stdout]                                at /rustc/6067b36314ab5eb2eb47cecc464545ba58e1ad24/library/std/src/panic.rs:358:14
[INFO] [stdout]   27:     0x64273af639e0 - std::rt::lang_start_internal::{{closure}}::h2faa8ae84a93f314
[INFO] [stdout]                                at /rustc/6067b36314ab5eb2eb47cecc464545ba58e1ad24/library/std/src/rt.rs:163:24
[INFO] [stdout]   28:     0x64273af639e0 - std::panicking::try::do_call::h0f8932bf638a9bf5
[INFO] [stdout]                                at /rustc/6067b36314ab5eb2eb47cecc464545ba58e1ad24/library/std/src/panicking.rs:587:40
[INFO] [stdout]   29:     0x64273af639e0 - std::panicking::try::h683416ea756b175d
[INFO] [stdout]                                at /rustc/6067b36314ab5eb2eb47cecc464545ba58e1ad24/library/std/src/panicking.rs:550:19
[INFO] [stdout]   30:     0x64273af639e0 - std::panic::catch_unwind::h56189fac8994979f
[INFO] [stdout]                                at /rustc/6067b36314ab5eb2eb47cecc464545ba58e1ad24/library/std/src/panic.rs:358:14
[INFO] [stdout]   31:     0x64273af639e0 - std::rt::lang_start_internal::h8bbc1061691274fe
[INFO] [stdout]                                at /rustc/6067b36314ab5eb2eb47cecc464545ba58e1ad24/library/std/src/rt.rs:159:5
[INFO] [stdout]   32:     0x64273af428d1 - std::rt::lang_start::h601b10a269c70ef7
[INFO] [stdout]   33:     0x64273af42a85 - main
[INFO] [stdout]   34:     0x7acefd8b2d90 - <unknown>
[INFO] [stdout]   35:     0x7acefd8b2e40 - __libc_start_main
[INFO] [stdout]   36:     0x64273af427e5 - _start
[INFO] [stdout]   37:                0x0 - <unknown>
[INFO] [stdout] 
[INFO] [stdout] 
[INFO] [stdout] 
[INFO] [stdout] failures:
[INFO] [stdout]     src/pixel_loop/canvas/crossterm.rs - canvas::crossterm::CrosstermCanvas (line 25)
[INFO] [stdout]     src/pixel_loop/canvas/crossterm.rs - canvas::crossterm::CrosstermCanvas::new (line 69)
[INFO] [stdout]     src/pixel_loop/canvas/crossterm.rs - canvas::crossterm::CrosstermCanvas::new_with_size (line 88)
[INFO] [stdout]     src/pixel_loop/canvas/crossterm.rs - canvas::crossterm::CrosstermCanvas::with_refresh_limit (line 123)
[INFO] [stdout]     src/pixel_loop/canvas/in_memory.rs - canvas::in_memory::InMemoryCanvas::from_in_memory_image (line 74)
[INFO] [stdout]     src/pixel_loop/canvas/mod.rs - canvas::RenderableCanvas::run (line 236)
[INFO] [stdout]     src/pixel_loop/canvas/pixels.rs - canvas::pixels::PixelsCanvas (line 35)
[INFO] [stdout]     src/pixel_loop/color.rs - color::Color::from_bytes (line 56)
[INFO] [stdout]     src/pixel_loop/lib.rs - (line 8)
[INFO] [stdout] 
[INFO] [stdout] test result: FAILED. 9 passed; 9 failed; 0 ignored; 0 measured; 0 filtered out; finished in 9.29s
[INFO] [stdout] 
[INFO] running `Command { std: "docker" "inspect" "60cbe2bff9b05e2469d565975dcd1384a17e768f13edf8bac9f6c89fc84124d5", kill_on_drop: false }`
[INFO] running `Command { std: "docker" "rm" "-f" "60cbe2bff9b05e2469d565975dcd1384a17e768f13edf8bac9f6c89fc84124d5", kill_on_drop: false }`
[INFO] [stdout] 60cbe2bff9b05e2469d565975dcd1384a17e768f13edf8bac9f6c89fc84124d5
