[INFO] fetching crate pintfmt 0.2.0...
[INFO] testing pintfmt-0.2.0 against nightly-2025-01-18 for randomize-layout-2
[INFO] extracting crate pintfmt 0.2.0 into /workspace/builds/worker-3-tc1/source
[INFO] validating manifest of crates.io crate pintfmt 0.2.0 on toolchain nightly-2025-01-18
[INFO] running `Command { std: CARGO_HOME="/workspace/cargo-home" RUSTUP_HOME="/workspace/rustup-home" "/workspace/cargo-home/bin/cargo" "+nightly-2025-01-18" "metadata" "--manifest-path" "Cargo.toml" "--no-deps", kill_on_drop: false }`
[INFO] started tweaking crates.io crate pintfmt 0.2.0
[INFO] removed 0 missing tests
[INFO] finished tweaking crates.io crate pintfmt 0.2.0
[INFO] tweaked toml for crates.io crate pintfmt 0.2.0 written to /workspace/builds/worker-3-tc1/source/Cargo.toml
[INFO] crate crates.io crate pintfmt 0.2.0 already has a lockfile, it will not be regenerated
[INFO] running `Command { std: CARGO_HOME="/workspace/cargo-home" RUSTUP_HOME="/workspace/rustup-home" "/workspace/cargo-home/bin/cargo" "+nightly-2025-01-18" "fetch" "--manifest-path" "Cargo.toml", kill_on_drop: false }`
[INFO] [stderr]     Updating crates.io index
[INFO] [stderr]  Downloading crates ...
[INFO] [stderr]   Downloaded test_bin v0.4.0
[INFO] [stderr]   Downloaded logos-codegen v0.14.3
[INFO] [stderr]   Downloaded logos-derive v0.14.3
[INFO] [stderr]   Downloaded logos v0.14.3
[INFO] running `Command { std: "docker" "create" "-v" "/var/lib/crater-agent-workspace/builds/worker-3-tc1/target:/opt/rustwide/target:rw,Z" "-v" "/var/lib/crater-agent-workspace/builds/worker-3-tc1/source:/opt/rustwide/workdir:ro,Z" "-v" "/var/lib/crater-agent-workspace/cargo-home:/opt/rustwide/cargo-home:ro,Z" "-v" "/var/lib/crater-agent-workspace/rustup-home:/opt/rustwide/rustup-home:ro,Z" "-e" "SOURCE_DIR=/opt/rustwide/workdir" "-e" "CARGO_TARGET_DIR=/opt/rustwide/target" "-e" "CARGO_HOME=/opt/rustwide/cargo-home" "-e" "RUSTUP_HOME=/opt/rustwide/rustup-home" "-w" "/opt/rustwide/workdir" "-m" "1610612736" "--user" "0:0" "--network" "none" "ghcr.io/rust-lang/crates-build-env/linux@sha256:819108c5571ea2e421544af4d832f968d213c87fbe3707a016657f43d2f853bc" "/opt/rustwide/cargo-home/bin/cargo" "+nightly-2025-01-18" "metadata" "--no-deps" "--format-version=1", kill_on_drop: false }`
[INFO] [stdout] b772206457e21f2757bb8f82333ab713e4d7824c162891f0ee22b2a861854071
[INFO] running `Command { std: "docker" "start" "-a" "b772206457e21f2757bb8f82333ab713e4d7824c162891f0ee22b2a861854071", kill_on_drop: false }`
[INFO] running `Command { std: "docker" "inspect" "b772206457e21f2757bb8f82333ab713e4d7824c162891f0ee22b2a861854071", kill_on_drop: false }`
[INFO] running `Command { std: "docker" "rm" "-f" "b772206457e21f2757bb8f82333ab713e4d7824c162891f0ee22b2a861854071", kill_on_drop: false }`
[INFO] [stdout] b772206457e21f2757bb8f82333ab713e4d7824c162891f0ee22b2a861854071
[INFO] running `Command { std: "docker" "create" "-v" "/var/lib/crater-agent-workspace/builds/worker-3-tc1/target:/opt/rustwide/target:rw,Z" "-v" "/var/lib/crater-agent-workspace/builds/worker-3-tc1/source:/opt/rustwide/workdir:ro,Z" "-v" "/var/lib/crater-agent-workspace/cargo-home:/opt/rustwide/cargo-home:ro,Z" "-v" "/var/lib/crater-agent-workspace/rustup-home:/opt/rustwide/rustup-home:ro,Z" "-e" "SOURCE_DIR=/opt/rustwide/workdir" "-e" "CARGO_TARGET_DIR=/opt/rustwide/target" "-e" "CARGO_INCREMENTAL=0" "-e" "RUST_BACKTRACE=full" "-e" "RUSTFLAGS=--cap-lints=forbid" "-e" "RUSTDOCFLAGS=--cap-lints=forbid" "-e" "CARGO_HOME=/opt/rustwide/cargo-home" "-e" "RUSTUP_HOME=/opt/rustwide/rustup-home" "-w" "/opt/rustwide/workdir" "-m" "1610612736" "--user" "0:0" "--network" "none" "ghcr.io/rust-lang/crates-build-env/linux@sha256:819108c5571ea2e421544af4d832f968d213c87fbe3707a016657f43d2f853bc" "/opt/rustwide/cargo-home/bin/cargo" "+nightly-2025-01-18" "build" "--frozen" "--message-format=json", kill_on_drop: false }`
[INFO] [stdout] 52ef7b5889085924a5d7edb3c2bf8aef159ad10d4099af08693188a197ac8f35
[INFO] running `Command { std: "docker" "start" "-a" "52ef7b5889085924a5d7edb3c2bf8aef159ad10d4099af08693188a197ac8f35", kill_on_drop: false }`
[INFO] [stderr]    Compiling proc-macro2 v1.0.92
[INFO] [stderr]    Compiling unicode-ident v1.0.14
[INFO] [stderr]    Compiling semver v1.0.23
[INFO] [stderr]    Compiling shlex v1.3.0
[INFO] [stderr]    Compiling version_check v0.9.5
[INFO] [stderr]    Compiling once_cell v1.20.2
[INFO] [stderr]    Compiling utf8parse v0.2.2
[INFO] [stderr]    Compiling libc v0.2.167
[INFO] [stderr]    Compiling cfg-if v1.0.0
[INFO] [stderr]    Compiling anstyle-parse v0.2.6
[INFO] [stderr]    Compiling beef v0.5.2
[INFO] [stderr]    Compiling cc v1.2.2
[INFO] [stderr]    Compiling colorchoice v1.0.3
[INFO] [stderr]    Compiling fnv v1.0.7
[INFO] [stderr]    Compiling anstyle v1.0.10
[INFO] [stderr]    Compiling zerocopy v0.7.35
[INFO] [stderr]    Compiling lazy_static v1.5.0
[INFO] [stderr]    Compiling anstyle-query v1.1.2
[INFO] [stderr]    Compiling is_terminal_polyfill v1.70.1
[INFO] [stderr]    Compiling regex-syntax v0.8.5
[INFO] [stderr]    Compiling ahash v0.8.11
[INFO] [stderr]    Compiling rustc_version v0.4.1
[INFO] [stderr]    Compiling anstream v0.6.18
[INFO] [stderr]    Compiling allocator-api2 v0.2.21
[INFO] [stderr]    Compiling quote v1.0.37
[INFO] [stderr]    Compiling logos-codegen v0.14.3
[INFO] [stderr]    Compiling strsim v0.11.1
[INFO] [stderr]    Compiling clap_lex v0.7.3
[INFO] [stderr]    Compiling thiserror v2.0.4
[INFO] [stderr]    Compiling heck v0.5.0
[INFO] [stderr]    Compiling anyhow v1.0.94
[INFO] [stderr]    Compiling syn v2.0.90
[INFO] [stderr]    Compiling clap_builder v4.5.22
[INFO] [stderr]    Compiling hashbrown v0.14.5
[INFO] [stderr]    Compiling yansi v1.0.1
[INFO] [stderr]    Compiling dissimilar v1.0.9
[INFO] [stderr]    Compiling unicode-width v0.1.14
[INFO] [stderr]    Compiling either v1.13.0
[INFO] [stderr]    Compiling ariadne v0.4.1
[INFO] [stderr]    Compiling expect-test v1.5.0
[INFO] [stderr]    Compiling itertools v0.13.0
[INFO] [stderr]    Compiling psm v0.1.24
[INFO] [stderr]    Compiling stacker v0.1.17
[INFO] [stderr]    Compiling chumsky v0.9.3
[INFO] [stderr]    Compiling clap_derive v4.5.18
[INFO] [stderr]    Compiling thiserror-impl v2.0.4
[INFO] [stderr]    Compiling logos-derive v0.14.3
[INFO] [stderr]    Compiling logos v0.14.3
[INFO] [stderr]    Compiling clap v4.5.22
[INFO] [stderr]    Compiling pintfmt v0.2.0 (/opt/rustwide/workdir)
[INFO] [stderr]     Finished `dev` profile [unoptimized + debuginfo] target(s) in 35.95s
[INFO] running `Command { std: "docker" "inspect" "52ef7b5889085924a5d7edb3c2bf8aef159ad10d4099af08693188a197ac8f35", kill_on_drop: false }`
[INFO] running `Command { std: "docker" "rm" "-f" "52ef7b5889085924a5d7edb3c2bf8aef159ad10d4099af08693188a197ac8f35", kill_on_drop: false }`
[INFO] [stdout] 52ef7b5889085924a5d7edb3c2bf8aef159ad10d4099af08693188a197ac8f35
[INFO] running `Command { std: "docker" "create" "-v" "/var/lib/crater-agent-workspace/builds/worker-3-tc1/target:/opt/rustwide/target:rw,Z" "-v" "/var/lib/crater-agent-workspace/builds/worker-3-tc1/source:/opt/rustwide/workdir:ro,Z" "-v" "/var/lib/crater-agent-workspace/cargo-home:/opt/rustwide/cargo-home:ro,Z" "-v" "/var/lib/crater-agent-workspace/rustup-home:/opt/rustwide/rustup-home:ro,Z" "-e" "SOURCE_DIR=/opt/rustwide/workdir" "-e" "CARGO_TARGET_DIR=/opt/rustwide/target" "-e" "CARGO_INCREMENTAL=0" "-e" "RUST_BACKTRACE=full" "-e" "RUSTFLAGS=--cap-lints=forbid" "-e" "RUSTDOCFLAGS=--cap-lints=forbid" "-e" "CARGO_HOME=/opt/rustwide/cargo-home" "-e" "RUSTUP_HOME=/opt/rustwide/rustup-home" "-w" "/opt/rustwide/workdir" "-m" "1610612736" "--user" "0:0" "--network" "none" "ghcr.io/rust-lang/crates-build-env/linux@sha256:819108c5571ea2e421544af4d832f968d213c87fbe3707a016657f43d2f853bc" "/opt/rustwide/cargo-home/bin/cargo" "+nightly-2025-01-18" "test" "--frozen" "--no-run" "--message-format=json", kill_on_drop: false }`
[INFO] [stdout] 9195669adbfc525af99eb4ecb82a5853d4426b1eb3906ebd19f9a6fad8c53f9e
[INFO] running `Command { std: "docker" "start" "-a" "9195669adbfc525af99eb4ecb82a5853d4426b1eb3906ebd19f9a6fad8c53f9e", kill_on_drop: false }`
[INFO] [stderr]    Compiling regex-syntax v0.8.5
[INFO] [stderr]    Compiling rustix v0.38.41
[INFO] [stderr]    Compiling memchr v2.7.4
[INFO] [stderr]    Compiling bitflags v2.6.0
[INFO] [stderr]    Compiling linux-raw-sys v0.4.14
[INFO] [stderr]    Compiling fastrand v2.2.0
[INFO] [stderr]    Compiling test_bin v0.4.0
[INFO] [stderr]    Compiling aho-corasick v1.1.3
[INFO] [stderr]    Compiling tempfile v3.14.0
[INFO] [stderr]    Compiling logos-codegen v0.14.3
[INFO] [stderr]    Compiling regex-automata v0.4.9
[INFO] [stderr]    Compiling logos-derive v0.14.3
[INFO] [stderr]    Compiling logos v0.14.3
[INFO] [stderr]    Compiling pintfmt v0.2.0 (/opt/rustwide/workdir)
[INFO] [stderr]    Compiling regex v1.11.1
[INFO] [stderr]     Finished `test` profile [unoptimized + debuginfo] target(s) in 33.44s
[INFO] running `Command { std: "docker" "inspect" "9195669adbfc525af99eb4ecb82a5853d4426b1eb3906ebd19f9a6fad8c53f9e", kill_on_drop: false }`
[INFO] running `Command { std: "docker" "rm" "-f" "9195669adbfc525af99eb4ecb82a5853d4426b1eb3906ebd19f9a6fad8c53f9e", kill_on_drop: false }`
[INFO] [stdout] 9195669adbfc525af99eb4ecb82a5853d4426b1eb3906ebd19f9a6fad8c53f9e
[INFO] running `Command { std: "docker" "create" "-v" "/var/lib/crater-agent-workspace/builds/worker-3-tc1/target:/opt/rustwide/target:rw,Z" "-v" "/var/lib/crater-agent-workspace/builds/worker-3-tc1/source:/opt/rustwide/workdir:ro,Z" "-v" "/var/lib/crater-agent-workspace/cargo-home:/opt/rustwide/cargo-home:ro,Z" "-v" "/var/lib/crater-agent-workspace/rustup-home:/opt/rustwide/rustup-home:ro,Z" "-e" "SOURCE_DIR=/opt/rustwide/workdir" "-e" "CARGO_TARGET_DIR=/opt/rustwide/target" "-e" "CARGO_INCREMENTAL=0" "-e" "RUST_BACKTRACE=full" "-e" "RUSTFLAGS=--cap-lints=forbid" "-e" "RUSTDOCFLAGS=--cap-lints=forbid" "-e" "CARGO_HOME=/opt/rustwide/cargo-home" "-e" "RUSTUP_HOME=/opt/rustwide/rustup-home" "-w" "/opt/rustwide/workdir" "-m" "1610612736" "--user" "0:0" "--network" "none" "ghcr.io/rust-lang/crates-build-env/linux@sha256:819108c5571ea2e421544af4d832f968d213c87fbe3707a016657f43d2f853bc" "/opt/rustwide/cargo-home/bin/cargo" "+nightly-2025-01-18" "test" "--frozen", kill_on_drop: false }`
[INFO] [stdout] 770194bb2a71da30087da593523c10235333c7aab49f4e3072ce5b3eb474ca70
[INFO] running `Command { std: "docker" "start" "-a" "770194bb2a71da30087da593523c10235333c7aab49f4e3072ce5b3eb474ca70", kill_on_drop: false }`
[INFO] [stderr]     Finished `test` profile [unoptimized + debuginfo] target(s) in 0.14s
[INFO] [stderr]      Running unittests src/main.rs (/opt/rustwide/target/debug/deps/pintfmt-8b0c9d844eeee32b)
[INFO] [stdout] 
[INFO] [stdout] running 36 tests
[INFO] [stdout] test ast::tests::array_types ... ok
[INFO] [stdout] test ast::tests::call_expressions ... ok
[INFO] [stdout] test ast::tests::array_element_accesses ... ok
[INFO] [stdout] test ast::tests::blank_lines ... ok
[INFO] [stdout] test ast::tests::custom_types ... ok
[INFO] [stdout] test ast::tests::func_decl ... ok
[INFO] [stdout] test ast::tests::constraint_decls ... ok
[INFO] [stdout] test ast::tests::cond_exprs ... ok
[INFO] [stdout] test ast::tests::enum_decl ... ok
[INFO] [stdout] test ast::tests::errors ... ok
[INFO] [stdout] test ast::tests::if_exprs ... ok
[INFO] [stdout] test ast::tests::casting ... ok
[INFO] [stdout] test ast::tests::binary_op_exprs ... ok
[INFO] [stdout] test ast::tests::array_expressions ... ok
[INFO] [stdout] test ast::tests::range_expressions ... ok
[INFO] [stdout] test ast::tests::paths ... ok
[INFO] [stdout] test ast::tests::solve_decls ... ok
[INFO] [stdout] test ast::tests::let_decls ... ok
[INFO] [stdout] test ast::tests::in_expressions ... ok
[INFO] [stdout] test ast::tests::single_line_comments ... ok
[INFO] [stdout] test ast::tests::state_decl ... ok
[INFO] [stdout] test ast::tests::use_statements ... ok
[INFO] [stdout] test ast::tests::tuple_expressions ... ok
[INFO] [stdout] test ast::tests::tuple_field_accesses ... ok
[INFO] [stdout] test lexer::tests::bool_literals ... ok
[INFO] [stdout] test lexer::tests::comments ... ok
[INFO] [stdout] test ast::tests::unary_op_exprs ... ok
[INFO] [stdout] test lexer::tests::idents ... ok
[INFO] [stdout] test lexer::tests::newlines ... ok
[INFO] [stdout] test lexer::tests::number_literals ... ok
[INFO] [stdout] test lexer::tests::control_tokens ... ok
[INFO] [stdout] test lexer::tests::primitives ... ok
[INFO] [stdout] test lexer::tests::string_literals ... ok
[INFO] [stdout] test lexer::tests::keywords ... ok
[INFO] [stdout] test lexer::tests::operators ... ok
[INFO] [stdout] test lexer::tests::solve_tokens ... ok
[INFO] [stdout] 
[INFO] [stdout] test result: ok. 36 passed; 0 failed; 0 ignored; 0 measured; 0 filtered out; finished in 0.09s
[INFO] [stdout] 
[INFO] [stderr]      Running tests/cli.rs (/opt/rustwide/target/debug/deps/cli-fbe00ca425d385b0)
[INFO] [stdout] 
[INFO] [stdout] running 4 tests
[INFO] [stdout] test single_file ... ok
[INFO] [stdout] test multiple_file ... ok
[INFO] [stdout] test compile_errors ... FAILED
[INFO] [stdout] test err ... FAILED
[INFO] [stdout] 
[INFO] [stdout] failures:
[INFO] [stdout] 
[INFO] [stdout] ---- compile_errors stdout ----
[INFO] [stdout] 
[INFO] [stdout] 
[INFO] [stdout] [1m[91merror[97m: expect test failed[0m
[INFO] [stdout]    [1m[34m-->[0m tests/cli.rs:67:9
[INFO] [stdout] 
[INFO] [stdout] You can update all `expect!` tests by running:
[INFO] [stdout] 
[INFO] [stdout]     env UPDATE_EXPECT=1 cargo test
[INFO] [stdout] 
[INFO] [stdout] To update a single test, place the cursor on `expect` token and use `run` feature of rust-analyzer.
[INFO] [stdout] 
[INFO] [stdout] [1mExpect[0m:
[INFO] [stdout] ----
[INFO] [stdout] Error: 
[INFO] [stdout]    ╭─[filepath:1:6]
[INFO] [stdout]    │
[INFO] [stdout]  1 │ let t
[INFO] [stdout]    │      │ 
[INFO] [stdout]    │      ╰─ Error formatting starting at location 5 and ending at location 5
[INFO] [stdout] ───╯
[INFO] [stdout] Error: could not format "filepath" due to previous error
[INFO] [stdout] 
[INFO] [stdout] ----
[INFO] [stdout] 
[INFO] [stdout] [1mActual[0m:
[INFO] [stdout] ----
[INFO] [stdout] Error: 
[INFO] [stdout]    ╭─[filepath:1:6]
[INFO] [stdout]    │
[INFO] [stdout]  1 │ let t
[INFO] [stdout]    │      │ 
[INFO] [stdout]    │      ╰─ Error formatting starting at location 5 and ending at location 5
[INFO] [stdout] ───╯
[INFO] [stdout] Error: could not format "filepath" due to previous error
[INFO] [stdout] 
[INFO] [stdout] Stack backtrace:
[INFO] [stdout]    0: anyhow::error::<impl anyhow::Error>::msg
[INFO] [stdout]              at /opt/rustwide/cargo-home/registry/src/index.crates.io-1949cf8c6b5b557f/anyhow-1.0.94/src/backtrace.rs:27:14
[INFO] [stdout]    1: pintfmt::format_file
[INFO] [stdout]              at ./src/error.rs:94:13
[INFO] [stdout]    2: pintfmt::main::{{closure}}
[INFO] [stdout]              at ./src/main.rs:23:20
[INFO] [stdout]    3: core::iter::adapters::map::map_try_fold::{{closure}}
[INFO] [stdout]              at /rustc/6067b36314ab5eb2eb47cecc464545ba58e1ad24/library/core/src/iter/adapters/map.rs:95:28
[INFO] [stdout]    4: core::iter::traits::iterator::Iterator::try_fold
[INFO] [stdout]              at /rustc/6067b36314ab5eb2eb47cecc464545ba58e1ad24/library/core/src/iter/traits/iterator.rs:2370:21
[INFO] [stdout]    5: <core::iter::adapters::map::Map<I,F> as core::iter::traits::iterator::Iterator>::try_fold
[INFO] [stdout]              at /rustc/6067b36314ab5eb2eb47cecc464545ba58e1ad24/library/core/src/iter/adapters/map.rs:121:9
[INFO] [stdout]    6: <core::iter::adapters::GenericShunt<I,R> as core::iter::traits::iterator::Iterator>::try_fold
[INFO] [stdout]              at /rustc/6067b36314ab5eb2eb47cecc464545ba58e1ad24/library/core/src/iter/adapters/mod.rs:191:9
[INFO] [stdout]    7: core::iter::traits::iterator::Iterator::try_for_each
[INFO] [stdout]              at /rustc/6067b36314ab5eb2eb47cecc464545ba58e1ad24/library/core/src/iter/traits/iterator.rs:2431:9
[INFO] [stdout]    8: <core::iter::adapters::GenericShunt<I,R> as core::iter::traits::iterator::Iterator>::next
[INFO] [stdout]              at /rustc/6067b36314ab5eb2eb47cecc464545ba58e1ad24/library/core/src/iter/adapters/mod.rs:174:14
[INFO] [stdout]    9: <alloc::vec::Vec<T> as alloc::vec::spec_from_iter_nested::SpecFromIterNested<T,I>>::from_iter
[INFO] [stdout]              at /rustc/6067b36314ab5eb2eb47cecc464545ba58e1ad24/library/alloc/src/vec/spec_from_iter_nested.rs:25:32
[INFO] [stdout]   10: <alloc::vec::Vec<T> as alloc::vec::spec_from_iter::SpecFromIter<T,I>>::from_iter
[INFO] [stdout]              at /rustc/6067b36314ab5eb2eb47cecc464545ba58e1ad24/library/alloc/src/vec/spec_from_iter.rs:34:9
[INFO] [stdout]   11: <alloc::vec::Vec<T> as core::iter::traits::collect::FromIterator<T>>::from_iter
[INFO] [stdout]              at /rustc/6067b36314ab5eb2eb47cecc464545ba58e1ad24/library/alloc/src/vec/mod.rs:3427:9
[INFO] [stdout]   12: core::iter::traits::iterator::Iterator::collect
[INFO] [stderr] error: test failed, to rerun pass `--test cli`
[INFO] [stdout]              at /rustc/6067b36314ab5eb2eb47cecc464545ba58e1ad24/library/core/src/iter/traits/iterator.rs:1971:9
[INFO] [stdout]   13: <core::result::Result<V,E> as core::iter::traits::collect::FromIterator<core::result::Result<A,E>>>::from_iter::{{closure}}
[INFO] [stdout]              at /rustc/6067b36314ab5eb2eb47cecc464545ba58e1ad24/library/core/src/result.rs:1985:51
[INFO] [stdout]   14: core::iter::adapters::try_process
[INFO] [stdout]              at /rustc/6067b36314ab5eb2eb47cecc464545ba58e1ad24/library/core/src/iter/adapters/mod.rs:160:17
[INFO] [stdout]   15: <core::result::Result<V,E> as core::iter::traits::collect::FromIterator<core::result::Result<A,E>>>::from_iter
[INFO] [stdout]              at /rustc/6067b36314ab5eb2eb47cecc464545ba58e1ad24/library/core/src/result.rs:1985:9
[INFO] [stdout]   16: core::iter::traits::iterator::Iterator::collect
[INFO] [stdout]              at /rustc/6067b36314ab5eb2eb47cecc464545ba58e1ad24/library/core/src/iter/traits/iterator.rs:1971:9
[INFO] [stdout]   17: pintfmt::main
[INFO] [stdout]              at ./src/main.rs:21:5
[INFO] [stdout]   18: core::ops::function::FnOnce::call_once
[INFO] [stdout]              at /rustc/6067b36314ab5eb2eb47cecc464545ba58e1ad24/library/core/src/ops/function.rs:250:5
[INFO] [stdout]   19: std::sys::backtrace::__rust_begin_short_backtrace
[INFO] [stdout]              at /rustc/6067b36314ab5eb2eb47cecc464545ba58e1ad24/library/std/src/sys/backtrace.rs:152:18
[INFO] [stdout]   20: std::rt::lang_start::{{closure}}
[INFO] [stdout]              at /rustc/6067b36314ab5eb2eb47cecc464545ba58e1ad24/library/std/src/rt.rs:194:18
[INFO] [stdout]   21: core::ops::function::impls::<impl core::ops::function::FnOnce<A> for &F>::call_once
[INFO] [stdout]              at /rustc/6067b36314ab5eb2eb47cecc464545ba58e1ad24/library/core/src/ops/function.rs:284:13
[INFO] [stdout]   22: std::panicking::try::do_call
[INFO] [stdout]              at /rustc/6067b36314ab5eb2eb47cecc464545ba58e1ad24/library/std/src/panicking.rs:587:40
[INFO] [stdout]   23: std::panicking::try
[INFO] [stdout]              at /rustc/6067b36314ab5eb2eb47cecc464545ba58e1ad24/library/std/src/panicking.rs:550:19
[INFO] [stdout]   24: std::panic::catch_unwind
[INFO] [stdout]              at /rustc/6067b36314ab5eb2eb47cecc464545ba58e1ad24/library/std/src/panic.rs:358:14
[INFO] [stdout]   25: std::rt::lang_start_internal::{{closure}}
[INFO] [stdout]              at /rustc/6067b36314ab5eb2eb47cecc464545ba58e1ad24/library/std/src/rt.rs:163:24
[INFO] [stdout]   26: std::panicking::try::do_call
[INFO] [stdout]              at /rustc/6067b36314ab5eb2eb47cecc464545ba58e1ad24/library/std/src/panicking.rs:587:40
[INFO] [stdout]   27: std::panicking::try
[INFO] [stdout]              at /rustc/6067b36314ab5eb2eb47cecc464545ba58e1ad24/library/std/src/panicking.rs:550:19
[INFO] [stdout]   28: std::panic::catch_unwind
[INFO] [stdout]              at /rustc/6067b36314ab5eb2eb47cecc464545ba58e1ad24/library/std/src/panic.rs:358:14
[INFO] [stdout]   29: std::rt::lang_start_internal
[INFO] [stdout]              at /rustc/6067b36314ab5eb2eb47cecc464545ba58e1ad24/library/std/src/rt.rs:159:5
[INFO] [stdout]   30: std::rt::lang_start
[INFO] [stdout]              at /rustc/6067b36314ab5eb2eb47cecc464545ba58e1ad24/library/std/src/rt.rs:193:5
[INFO] [stdout]   31: main
[INFO] [stdout]   32: <unknown>
[INFO] [stdout]   33: __libc_start_main
[INFO] [stdout]   34: _start
[INFO] [stdout] 
[INFO] [stdout] ----
[INFO] [stdout] 
[INFO] [stdout] [1mDiff[0m:
[INFO] [stdout] ----
[INFO] [stdout] Error: 
[INFO] [stdout]    ╭─[filepath:1:6]
[INFO] [stdout]    │
[INFO] [stdout]  1 │ let t
[INFO] [stdout]    │      │ 
[INFO] [stdout]    │      ╰─ Error formatting starting at location 5 and ending at location 5
[INFO] [stdout] ───╯
[INFO] [stdout] Error: could not format "filepath" due to previous error
[INFO] [stdout] [4m[32m
[INFO] [stdout] Stack backtrace:
[INFO] [stdout]    0: anyhow::error::<impl anyhow::Error>::msg
[INFO] [stdout]              at /opt/rustwide/cargo-home/registry/src/index.crates.io-1949cf8c6b5b557f/anyhow-1.0.94/src/backtrace.rs:27:14
[INFO] [stdout]    1: pintfmt::format_file
[INFO] [stdout]              at ./src/error.rs:94:13
[INFO] [stdout]    2: pintfmt::main::{{closure}}
[INFO] [stdout]              at ./src/main.rs:23:20
[INFO] [stdout]    3: core::iter::adapters::map::map_try_fold::{{closure}}
[INFO] [stdout]              at /rustc/6067b36314ab5eb2eb47cecc464545ba58e1ad24/library/core/src/iter/adapters/map.rs:95:28
[INFO] [stdout]    4: core::iter::traits::iterator::Iterator::try_fold
[INFO] [stdout]              at /rustc/6067b36314ab5eb2eb47cecc464545ba58e1ad24/library/core/src/iter/traits/iterator.rs:2370:21
[INFO] [stdout]    5: <core::iter::adapters::map::Map<I,F> as core::iter::traits::iterator::Iterator>::try_fold
[INFO] [stdout]              at /rustc/6067b36314ab5eb2eb47cecc464545ba58e1ad24/library/core/src/iter/adapters/map.rs:121:9
[INFO] [stdout]    6: <core::iter::adapters::GenericShunt<I,R> as core::iter::traits::iterator::Iterator>::try_fold
[INFO] [stdout]              at /rustc/6067b36314ab5eb2eb47cecc464545ba58e1ad24/library/core/src/iter/adapters/mod.rs:191:9
[INFO] [stdout]    7: core::iter::traits::iterator::Iterator::try_for_each
[INFO] [stdout]              at /rustc/6067b36314ab5eb2eb47cecc464545ba58e1ad24/library/core/src/iter/traits/iterator.rs:2431:9
[INFO] [stdout]    8: <core::iter::adapters::GenericShunt<I,R> as core::iter::traits::iterator::Iterator>::next
[INFO] [stdout]              at /rustc/6067b36314ab5eb2eb47cecc464545ba58e1ad24/library/core/src/iter/adapters/mod.rs:174:14
[INFO] [stdout]    9: <alloc::vec::Vec<T> as alloc::vec::spec_from_iter_nested::SpecFromIterNested<T,I>>::from_iter
[INFO] [stdout]              at /rustc/6067b36314ab5eb2eb47cecc464545ba58e1ad24/library/alloc/src/vec/spec_from_iter_nested.rs:25:32
[INFO] [stdout]   10: <alloc::vec::Vec<T> as alloc::vec::spec_from_iter::SpecFromIter<T,I>>::from_iter
[INFO] [stdout]              at /rustc/6067b36314ab5eb2eb47cecc464545ba58e1ad24/library/alloc/src/vec/spec_from_iter.rs:34:9
[INFO] [stdout]   11: <alloc::vec::Vec<T> as core::iter::traits::collect::FromIterator<T>>::from_iter
[INFO] [stdout]              at /rustc/6067b36314ab5eb2eb47cecc464545ba58e1ad24/library/alloc/src/vec/mod.rs:3427:9
[INFO] [stdout]   12: core::iter::traits::iterator::Iterator::collect
[INFO] [stdout]              at /rustc/6067b36314ab5eb2eb47cecc464545ba58e1ad24/library/core/src/iter/traits/iterator.rs:1971:9
[INFO] [stdout]   13: <core::result::Result<V,E> as core::iter::traits::collect::FromIterator<core::result::Result<A,E>>>::from_iter::{{closure}}
[INFO] [stdout]              at /rustc/6067b36314ab5eb2eb47cecc464545ba58e1ad24/library/core/src/result.rs:1985:51
[INFO] [stdout]   14: core::iter::adapters::try_process
[INFO] [stdout]              at /rustc/6067b36314ab5eb2eb47cecc464545ba58e1ad24/library/core/src/iter/adapters/mod.rs:160:17
[INFO] [stdout]   15: <core::result::Result<V,E> as core::iter::traits::collect::FromIterator<core::result::Result<A,E>>>::from_iter
[INFO] [stdout]              at /rustc/6067b36314ab5eb2eb47cecc464545ba58e1ad24/library/core/src/result.rs:1985:9
[INFO] [stdout]   16: core::iter::traits::iterator::Iterator::collect
[INFO] [stdout]              at /rustc/6067b36314ab5eb2eb47cecc464545ba58e1ad24/library/core/src/iter/traits/iterator.rs:1971:9
[INFO] [stdout]   17: pintfmt::main
[INFO] [stdout]              at ./src/main.rs:21:5
[INFO] [stdout]   18: core::ops::function::FnOnce::call_once
[INFO] [stdout]              at /rustc/6067b36314ab5eb2eb47cecc464545ba58e1ad24/library/core/src/ops/function.rs:250:5
[INFO] [stdout]   19: std::sys::backtrace::__rust_begin_short_backtrace
[INFO] [stdout]              at /rustc/6067b36314ab5eb2eb47cecc464545ba58e1ad24/library/std/src/sys/backtrace.rs:152:18
[INFO] [stdout]   20: std::rt::lang_start::{{closure}}
[INFO] [stdout]              at /rustc/6067b36314ab5eb2eb47cecc464545ba58e1ad24/library/std/src/rt.rs:194:18
[INFO] [stdout]   21: core::ops::function::impls::<impl core::ops::function::FnOnce<A> for &F>::call_once
[INFO] [stdout]              at /rustc/6067b36314ab5eb2eb47cecc464545ba58e1ad24/library/core/src/ops/function.rs:284:13
[INFO] [stdout]   22: std::panicking::try::do_call
[INFO] [stdout]              at /rustc/6067b36314ab5eb2eb47cecc464545ba58e1ad24/library/std/src/panicking.rs:587:40
[INFO] [stdout]   23: std::panicking::try
[INFO] [stdout]              at /rustc/6067b36314ab5eb2eb47cecc464545ba58e1ad24/library/std/src/panicking.rs:550:19
[INFO] [stdout]   24: std::panic::catch_unwind
[INFO] [stdout]              at /rustc/6067b36314ab5eb2eb47cecc464545ba58e1ad24/library/std/src/panic.rs:358:14
[INFO] [stdout]   25: std::rt::lang_start_internal::{{closure}}
[INFO] [stdout]              at /rustc/6067b36314ab5eb2eb47cecc464545ba58e1ad24/library/std/src/rt.rs:163:24
[INFO] [stdout]   26: std::panicking::try::do_call
[INFO] [stdout]              at /rustc/6067b36314ab5eb2eb47cecc464545ba58e1ad24/library/std/src/panicking.rs:587:40
[INFO] [stdout]   27: std::panicking::try
[INFO] [stdout]              at /rustc/6067b36314ab5eb2eb47cecc464545ba58e1ad24/library/std/src/panicking.rs:550:19
[INFO] [stdout]   28: std::panic::catch_unwind
[INFO] [stdout]              at /rustc/6067b36314ab5eb2eb47cecc464545ba58e1ad24/library/std/src/panic.rs:358:14
[INFO] [stdout]   29: std::rt::lang_start_internal
[INFO] [stdout]              at /rustc/6067b36314ab5eb2eb47cecc464545ba58e1ad24/library/std/src/rt.rs:159:5
[INFO] [stdout]   30: std::rt::lang_start
[INFO] [stdout]              at /rustc/6067b36314ab5eb2eb47cecc464545ba58e1ad24/library/std/src/rt.rs:193:5
[INFO] [stdout]   31: main
[INFO] [stdout]   32: <unknown>
[INFO] [stdout]   33: __libc_start_main
[INFO] [stdout]   34: _start
[INFO] [stdout] [0m
[INFO] [stdout] ----
[INFO] [stdout] 
[INFO] [stdout] 
[INFO] [stdout] ---- err stdout ----
[INFO] [stdout] 
[INFO] [stdout] 
[INFO] [stdout] [1m[91merror[97m: expect test failed[0m
[INFO] [stdout]    [1m[34m-->[0m tests/cli.rs:49:9
[INFO] [stdout] 
[INFO] [stdout] [1mExpect[0m:
[INFO] [stdout] ----
[INFO] [stdout] Error: No such file or directory (os error 2)
[INFO] [stdout] 
[INFO] [stdout] ----
[INFO] [stdout] 
[INFO] [stdout] [1mActual[0m:
[INFO] [stdout] ----
[INFO] [stdout] Error: No such file or directory (os error 2)
[INFO] [stdout] 
[INFO] [stdout] Stack backtrace:
[INFO] [stdout]    0: anyhow::error::<impl core::convert::From<E> for anyhow::Error>::from
[INFO] [stdout]              at /opt/rustwide/cargo-home/registry/src/index.crates.io-1949cf8c6b5b557f/anyhow-1.0.94/src/backtrace.rs:27:14
[INFO] [stdout]    1: <core::result::Result<T,F> as core::ops::try_trait::FromResidual<core::result::Result<core::convert::Infallible,E>>>::from_residual
[INFO] [stdout]              at /rustc/6067b36314ab5eb2eb47cecc464545ba58e1ad24/library/core/src/result.rs:2014:27
[INFO] [stdout]    2: pintfmt::format_file
[INFO] [stdout]              at ./src/main.rs:30:15
[INFO] [stdout]    3: pintfmt::main::{{closure}}
[INFO] [stdout]              at ./src/main.rs:23:20
[INFO] [stdout]    4: core::iter::adapters::map::map_try_fold::{{closure}}
[INFO] [stdout]              at /rustc/6067b36314ab5eb2eb47cecc464545ba58e1ad24/library/core/src/iter/adapters/map.rs:95:28
[INFO] [stdout]    5: core::iter::traits::iterator::Iterator::try_fold
[INFO] [stdout]              at /rustc/6067b36314ab5eb2eb47cecc464545ba58e1ad24/library/core/src/iter/traits/iterator.rs:2370:21
[INFO] [stdout]    6: <core::iter::adapters::map::Map<I,F> as core::iter::traits::iterator::Iterator>::try_fold
[INFO] [stdout]              at /rustc/6067b36314ab5eb2eb47cecc464545ba58e1ad24/library/core/src/iter/adapters/map.rs:121:9
[INFO] [stdout]    7: <core::iter::adapters::GenericShunt<I,R> as core::iter::traits::iterator::Iterator>::try_fold
[INFO] [stdout]              at /rustc/6067b36314ab5eb2eb47cecc464545ba58e1ad24/library/core/src/iter/adapters/mod.rs:191:9
[INFO] [stdout]    8: core::iter::traits::iterator::Iterator::try_for_each
[INFO] [stdout]              at /rustc/6067b36314ab5eb2eb47cecc464545ba58e1ad24/library/core/src/iter/traits/iterator.rs:2431:9
[INFO] [stdout]    9: <core::iter::adapters::GenericShunt<I,R> as core::iter::traits::iterator::Iterator>::next
[INFO] [stdout]              at /rustc/6067b36314ab5eb2eb47cecc464545ba58e1ad24/library/core/src/iter/adapters/mod.rs:174:14
[INFO] [stdout]   10: <alloc::vec::Vec<T> as alloc::vec::spec_from_iter_nested::SpecFromIterNested<T,I>>::from_iter
[INFO] [stdout]              at /rustc/6067b36314ab5eb2eb47cecc464545ba58e1ad24/library/alloc/src/vec/spec_from_iter_nested.rs:25:32
[INFO] [stdout]   11: <alloc::vec::Vec<T> as alloc::vec::spec_from_iter::SpecFromIter<T,I>>::from_iter
[INFO] [stdout]              at /rustc/6067b36314ab5eb2eb47cecc464545ba58e1ad24/library/alloc/src/vec/spec_from_iter.rs:34:9
[INFO] [stdout]   12: <alloc::vec::Vec<T> as core::iter::traits::collect::FromIterator<T>>::from_iter
[INFO] [stdout]              at /rustc/6067b36314ab5eb2eb47cecc464545ba58e1ad24/library/alloc/src/vec/mod.rs:3427:9
[INFO] [stdout]   13: core::iter::traits::iterator::Iterator::collect
[INFO] [stdout]              at /rustc/6067b36314ab5eb2eb47cecc464545ba58e1ad24/library/core/src/iter/traits/iterator.rs:1971:9
[INFO] [stdout]   14: <core::result::Result<V,E> as core::iter::traits::collect::FromIterator<core::result::Result<A,E>>>::from_iter::{{closure}}
[INFO] [stdout]              at /rustc/6067b36314ab5eb2eb47cecc464545ba58e1ad24/library/core/src/result.rs:1985:51
[INFO] [stdout]   15: core::iter::adapters::try_process
[INFO] [stdout]              at /rustc/6067b36314ab5eb2eb47cecc464545ba58e1ad24/library/core/src/iter/adapters/mod.rs:160:17
[INFO] [stdout]   16: <core::result::Result<V,E> as core::iter::traits::collect::FromIterator<core::result::Result<A,E>>>::from_iter
[INFO] [stdout]              at /rustc/6067b36314ab5eb2eb47cecc464545ba58e1ad24/library/core/src/result.rs:1985:9
[INFO] [stdout]   17: core::iter::traits::iterator::Iterator::collect
[INFO] [stdout]              at /rustc/6067b36314ab5eb2eb47cecc464545ba58e1ad24/library/core/src/iter/traits/iterator.rs:1971:9
[INFO] [stdout]   18: pintfmt::main
[INFO] [stdout]              at ./src/main.rs:21:5
[INFO] [stdout]   19: core::ops::function::FnOnce::call_once
[INFO] [stdout]              at /rustc/6067b36314ab5eb2eb47cecc464545ba58e1ad24/library/core/src/ops/function.rs:250:5
[INFO] [stdout]   20: std::sys::backtrace::__rust_begin_short_backtrace
[INFO] [stdout]              at /rustc/6067b36314ab5eb2eb47cecc464545ba58e1ad24/library/std/src/sys/backtrace.rs:152:18
[INFO] [stdout]   21: std::rt::lang_start::{{closure}}
[INFO] [stdout]              at /rustc/6067b36314ab5eb2eb47cecc464545ba58e1ad24/library/std/src/rt.rs:194:18
[INFO] [stdout]   22: core::ops::function::impls::<impl core::ops::function::FnOnce<A> for &F>::call_once
[INFO] [stdout]              at /rustc/6067b36314ab5eb2eb47cecc464545ba58e1ad24/library/core/src/ops/function.rs:284:13
[INFO] [stdout]   23: std::panicking::try::do_call
[INFO] [stdout]              at /rustc/6067b36314ab5eb2eb47cecc464545ba58e1ad24/library/std/src/panicking.rs:587:40
[INFO] [stdout]   24: std::panicking::try
[INFO] [stdout]              at /rustc/6067b36314ab5eb2eb47cecc464545ba58e1ad24/library/std/src/panicking.rs:550:19
[INFO] [stdout]   25: std::panic::catch_unwind
[INFO] [stdout]              at /rustc/6067b36314ab5eb2eb47cecc464545ba58e1ad24/library/std/src/panic.rs:358:14
[INFO] [stdout]   26: std::rt::lang_start_internal::{{closure}}
[INFO] [stdout]              at /rustc/6067b36314ab5eb2eb47cecc464545ba58e1ad24/library/std/src/rt.rs:163:24
[INFO] [stdout]   27: std::panicking::try::do_call
[INFO] [stdout]              at /rustc/6067b36314ab5eb2eb47cecc464545ba58e1ad24/library/std/src/panicking.rs:587:40
[INFO] [stdout]   28: std::panicking::try
[INFO] [stdout]              at /rustc/6067b36314ab5eb2eb47cecc464545ba58e1ad24/library/std/src/panicking.rs:550:19
[INFO] [stdout]   29: std::panic::catch_unwind
[INFO] [stdout]              at /rustc/6067b36314ab5eb2eb47cecc464545ba58e1ad24/library/std/src/panic.rs:358:14
[INFO] [stdout]   30: std::rt::lang_start_internal
[INFO] [stdout]              at /rustc/6067b36314ab5eb2eb47cecc464545ba58e1ad24/library/std/src/rt.rs:159:5
[INFO] [stdout]   31: std::rt::lang_start
[INFO] [stdout]              at /rustc/6067b36314ab5eb2eb47cecc464545ba58e1ad24/library/std/src/rt.rs:193:5
[INFO] [stdout]   32: main
[INFO] [stdout]   33: <unknown>
[INFO] [stdout]   34: __libc_start_main
[INFO] [stdout]   35: _start
[INFO] [stdout] 
[INFO] [stdout] ----
[INFO] [stdout] 
[INFO] [stdout] [1mDiff[0m:
[INFO] [stdout] ----
[INFO] [stdout] Error: No such file or directory (os error 2)
[INFO] [stdout] [4m[32m
[INFO] [stdout] Stack backtrace:
[INFO] [stdout]    0: anyhow::error::<impl core::convert::From<E> for anyhow::Error>::from
[INFO] [stdout]              at /opt/rustwide/cargo-home/registry/src/index.crates.io-1949cf8c6b5b557f/anyhow-1.0.94/src/backtrace.rs:27:14
[INFO] [stdout]    1: <core::result::Result<T,F> as core::ops::try_trait::FromResidual<core::result::Result<core::convert::Infallible,E>>>::from_residual
[INFO] [stdout]              at /rustc/6067b36314ab5eb2eb47cecc464545ba58e1ad24/library/core/src/result.rs:2014:27
[INFO] [stdout]    2: pintfmt::format_file
[INFO] [stdout]              at ./src/main.rs:30:15
[INFO] [stdout]    3: pintfmt::main::{{closure}}
[INFO] [stdout]              at ./src/main.rs:23:20
[INFO] [stdout]    4: core::iter::adapters::map::map_try_fold::{{closure}}
[INFO] [stdout]              at /rustc/6067b36314ab5eb2eb47cecc464545ba58e1ad24/library/core/src/iter/adapters/map.rs:95:28
[INFO] [stdout]    5: core::iter::traits::iterator::Iterator::try_fold
[INFO] [stdout]              at /rustc/6067b36314ab5eb2eb47cecc464545ba58e1ad24/library/core/src/iter/traits/iterator.rs:2370:21
[INFO] [stdout]    6: <core::iter::adapters::map::Map<I,F> as core::iter::traits::iterator::Iterator>::try_fold
[INFO] [stdout]              at /rustc/6067b36314ab5eb2eb47cecc464545ba58e1ad24/library/core/src/iter/adapters/map.rs:121:9
[INFO] [stdout]    7: <core::iter::adapters::GenericShunt<I,R> as core::iter::traits::iterator::Iterator>::try_fold
[INFO] [stdout]              at /rustc/6067b36314ab5eb2eb47cecc464545ba58e1ad24/library/core/src/iter/adapters/mod.rs:191:9
[INFO] [stdout]    8: core::iter::traits::iterator::Iterator::try_for_each
[INFO] [stdout]              at /rustc/6067b36314ab5eb2eb47cecc464545ba58e1ad24/library/core/src/iter/traits/iterator.rs:2431:9
[INFO] [stdout]    9: <core::iter::adapters::GenericShunt<I,R> as core::iter::traits::iterator::Iterator>::next
[INFO] [stdout]              at /rustc/6067b36314ab5eb2eb47cecc464545ba58e1ad24/library/core/src/iter/adapters/mod.rs:174:14
[INFO] [stdout]   10: <alloc::vec::Vec<T> as alloc::vec::spec_from_iter_nested::SpecFromIterNested<T,I>>::from_iter
[INFO] [stdout]              at /rustc/6067b36314ab5eb2eb47cecc464545ba58e1ad24/library/alloc/src/vec/spec_from_iter_nested.rs:25:32
[INFO] [stdout]   11: <alloc::vec::Vec<T> as alloc::vec::spec_from_iter::SpecFromIter<T,I>>::from_iter
[INFO] [stdout]              at /rustc/6067b36314ab5eb2eb47cecc464545ba58e1ad24/library/alloc/src/vec/spec_from_iter.rs:34:9
[INFO] [stdout]   12: <alloc::vec::Vec<T> as core::iter::traits::collect::FromIterator<T>>::from_iter
[INFO] [stdout]              at /rustc/6067b36314ab5eb2eb47cecc464545ba58e1ad24/library/alloc/src/vec/mod.rs:3427:9
[INFO] [stdout]   13: core::iter::traits::iterator::Iterator::collect
[INFO] [stdout]              at /rustc/6067b36314ab5eb2eb47cecc464545ba58e1ad24/library/core/src/iter/traits/iterator.rs:1971:9
[INFO] [stdout]   14: <core::result::Result<V,E> as core::iter::traits::collect::FromIterator<core::result::Result<A,E>>>::from_iter::{{closure}}
[INFO] [stdout]              at /rustc/6067b36314ab5eb2eb47cecc464545ba58e1ad24/library/core/src/result.rs:1985:51
[INFO] [stdout]   15: core::iter::adapters::try_process
[INFO] [stdout]              at /rustc/6067b36314ab5eb2eb47cecc464545ba58e1ad24/library/core/src/iter/adapters/mod.rs:160:17
[INFO] [stdout]   16: <core::result::Result<V,E> as core::iter::traits::collect::FromIterator<core::result::Result<A,E>>>::from_iter
[INFO] [stdout]              at /rustc/6067b36314ab5eb2eb47cecc464545ba58e1ad24/library/core/src/result.rs:1985:9
[INFO] [stdout]   17: core::iter::traits::iterator::Iterator::collect
[INFO] [stdout]              at /rustc/6067b36314ab5eb2eb47cecc464545ba58e1ad24/library/core/src/iter/traits/iterator.rs:1971:9
[INFO] [stdout]   18: pintfmt::main
[INFO] [stdout]              at ./src/main.rs:21:5
[INFO] [stdout]   19: core::ops::function::FnOnce::call_once
[INFO] [stdout]              at /rustc/6067b36314ab5eb2eb47cecc464545ba58e1ad24/library/core/src/ops/function.rs:250:5
[INFO] [stdout]   20: std::sys::backtrace::__rust_begin_short_backtrace
[INFO] [stdout]              at /rustc/6067b36314ab5eb2eb47cecc464545ba58e1ad24/library/std/src/sys/backtrace.rs:152:18
[INFO] [stdout]   21: std::rt::lang_start::{{closure}}
[INFO] [stdout]              at /rustc/6067b36314ab5eb2eb47cecc464545ba58e1ad24/library/std/src/rt.rs:194:18
[INFO] [stdout]   22: core::ops::function::impls::<impl core::ops::function::FnOnce<A> for &F>::call_once
[INFO] [stdout]              at /rustc/6067b36314ab5eb2eb47cecc464545ba58e1ad24/library/core/src/ops/function.rs:284:13
[INFO] [stdout]   23: std::panicking::try::do_call
[INFO] [stdout]              at /rustc/6067b36314ab5eb2eb47cecc464545ba58e1ad24/library/std/src/panicking.rs:587:40
[INFO] [stdout]   24: std::panicking::try
[INFO] [stdout]              at /rustc/6067b36314ab5eb2eb47cecc464545ba58e1ad24/library/std/src/panicking.rs:550:19
[INFO] [stdout]   25: std::panic::catch_unwind
[INFO] [stdout]              at /rustc/6067b36314ab5eb2eb47cecc464545ba58e1ad24/library/std/src/panic.rs:358:14
[INFO] [stdout]   26: std::rt::lang_start_internal::{{closure}}
[INFO] [stdout]              at /rustc/6067b36314ab5eb2eb47cecc464545ba58e1ad24/library/std/src/rt.rs:163:24
[INFO] [stdout]   27: std::panicking::try::do_call
[INFO] [stdout]              at /rustc/6067b36314ab5eb2eb47cecc464545ba58e1ad24/library/std/src/panicking.rs:587:40
[INFO] [stdout]   28: std::panicking::try
[INFO] [stdout]              at /rustc/6067b36314ab5eb2eb47cecc464545ba58e1ad24/library/std/src/panicking.rs:550:19
[INFO] [stdout]   29: std::panic::catch_unwind
[INFO] [stdout]              at /rustc/6067b36314ab5eb2eb47cecc464545ba58e1ad24/library/std/src/panic.rs:358:14
[INFO] [stdout]   30: std::rt::lang_start_internal
[INFO] [stdout]              at /rustc/6067b36314ab5eb2eb47cecc464545ba58e1ad24/library/std/src/rt.rs:159:5
[INFO] [stdout]   31: std::rt::lang_start
[INFO] [stdout]              at /rustc/6067b36314ab5eb2eb47cecc464545ba58e1ad24/library/std/src/rt.rs:193:5
[INFO] [stdout]   32: main
[INFO] [stdout]   33: <unknown>
[INFO] [stdout]   34: __libc_start_main
[INFO] [stdout]   35: _start
[INFO] [stdout] [0m
[INFO] [stdout] ----
[INFO] [stdout] 
[INFO] [stdout] 
[INFO] [stdout] 
[INFO] [stdout] failures:
[INFO] [stdout]     compile_errors
[INFO] [stdout]     err
[INFO] [stdout] 
[INFO] [stdout] test result: FAILED. 2 passed; 2 failed; 0 ignored; 0 measured; 0 filtered out; finished in 0.10s
[INFO] [stdout] 
[INFO] running `Command { std: "docker" "inspect" "770194bb2a71da30087da593523c10235333c7aab49f4e3072ce5b3eb474ca70", kill_on_drop: false }`
[INFO] running `Command { std: "docker" "rm" "-f" "770194bb2a71da30087da593523c10235333c7aab49f4e3072ce5b3eb474ca70", kill_on_drop: false }`
[INFO] [stdout] 770194bb2a71da30087da593523c10235333c7aab49f4e3072ce5b3eb474ca70
