[INFO] fetching crate pinned-init 0.0.9...
[INFO] testing pinned-init-0.0.9 against nightly-2025-01-18 for randomize-layout-2
[INFO] extracting crate pinned-init 0.0.9 into /workspace/builds/worker-3-tc1/source
[INFO] validating manifest of crates.io crate pinned-init 0.0.9 on toolchain nightly-2025-01-18
[INFO] running `Command { std: CARGO_HOME="/workspace/cargo-home" RUSTUP_HOME="/workspace/rustup-home" "/workspace/cargo-home/bin/cargo" "+nightly-2025-01-18" "metadata" "--manifest-path" "Cargo.toml" "--no-deps", kill_on_drop: false }`
[INFO] started tweaking crates.io crate pinned-init 0.0.9
[INFO] removed 0 missing examples
[INFO] removed 0 missing tests
[INFO] finished tweaking crates.io crate pinned-init 0.0.9
[INFO] tweaked toml for crates.io crate pinned-init 0.0.9 written to /workspace/builds/worker-3-tc1/source/Cargo.toml
[INFO] crate crates.io crate pinned-init 0.0.9 already has a lockfile, it will not be regenerated
[INFO] running `Command { std: CARGO_HOME="/workspace/cargo-home" RUSTUP_HOME="/workspace/rustup-home" "/workspace/cargo-home/bin/cargo" "+nightly-2025-01-18" "fetch" "--manifest-path" "Cargo.toml", kill_on_drop: false }`
[INFO] [stderr]     Updating crates.io index
[INFO] [stderr]  Downloading crates ...
[INFO] [stderr]   Downloaded trybuild v1.0.91
[INFO] [stderr]   Downloaded macrotest v1.0.11
[INFO] [stderr]   Downloaded pinned-init-macro v0.0.5
[INFO] running `Command { std: "docker" "create" "-v" "/var/lib/crater-agent-workspace/builds/worker-3-tc1/target:/opt/rustwide/target:rw,Z" "-v" "/var/lib/crater-agent-workspace/builds/worker-3-tc1/source:/opt/rustwide/workdir:ro,Z" "-v" "/var/lib/crater-agent-workspace/cargo-home:/opt/rustwide/cargo-home:ro,Z" "-v" "/var/lib/crater-agent-workspace/rustup-home:/opt/rustwide/rustup-home:ro,Z" "-e" "SOURCE_DIR=/opt/rustwide/workdir" "-e" "CARGO_TARGET_DIR=/opt/rustwide/target" "-e" "CARGO_HOME=/opt/rustwide/cargo-home" "-e" "RUSTUP_HOME=/opt/rustwide/rustup-home" "-w" "/opt/rustwide/workdir" "-m" "1610612736" "--user" "0:0" "--network" "none" "ghcr.io/rust-lang/crates-build-env/linux@sha256:819108c5571ea2e421544af4d832f968d213c87fbe3707a016657f43d2f853bc" "/opt/rustwide/cargo-home/bin/cargo" "+nightly-2025-01-18" "metadata" "--no-deps" "--format-version=1", kill_on_drop: false }`
[INFO] [stdout] 77ef3290dc1f5a656de92b030a45815340c3aa3b4d3fe568d32f12f0e64a3ddf
[INFO] running `Command { std: "docker" "start" "-a" "77ef3290dc1f5a656de92b030a45815340c3aa3b4d3fe568d32f12f0e64a3ddf", kill_on_drop: false }`
[INFO] running `Command { std: "docker" "inspect" "77ef3290dc1f5a656de92b030a45815340c3aa3b4d3fe568d32f12f0e64a3ddf", kill_on_drop: false }`
[INFO] running `Command { std: "docker" "rm" "-f" "77ef3290dc1f5a656de92b030a45815340c3aa3b4d3fe568d32f12f0e64a3ddf", kill_on_drop: false }`
[INFO] [stdout] 77ef3290dc1f5a656de92b030a45815340c3aa3b4d3fe568d32f12f0e64a3ddf
[INFO] running `Command { std: "docker" "create" "-v" "/var/lib/crater-agent-workspace/builds/worker-3-tc1/target:/opt/rustwide/target:rw,Z" "-v" "/var/lib/crater-agent-workspace/builds/worker-3-tc1/source:/opt/rustwide/workdir:ro,Z" "-v" "/var/lib/crater-agent-workspace/cargo-home:/opt/rustwide/cargo-home:ro,Z" "-v" "/var/lib/crater-agent-workspace/rustup-home:/opt/rustwide/rustup-home:ro,Z" "-e" "SOURCE_DIR=/opt/rustwide/workdir" "-e" "CARGO_TARGET_DIR=/opt/rustwide/target" "-e" "CARGO_INCREMENTAL=0" "-e" "RUST_BACKTRACE=full" "-e" "RUSTFLAGS=--cap-lints=forbid" "-e" "RUSTDOCFLAGS=--cap-lints=forbid" "-e" "CARGO_HOME=/opt/rustwide/cargo-home" "-e" "RUSTUP_HOME=/opt/rustwide/rustup-home" "-w" "/opt/rustwide/workdir" "-m" "1610612736" "--user" "0:0" "--network" "none" "ghcr.io/rust-lang/crates-build-env/linux@sha256:819108c5571ea2e421544af4d832f968d213c87fbe3707a016657f43d2f853bc" "/opt/rustwide/cargo-home/bin/cargo" "+nightly-2025-01-18" "build" "--frozen" "--message-format=json", kill_on_drop: false }`
[INFO] [stdout] 9dc7ac66e05c4ff44aae22e05528fcb7bbb5021aea1598a7087693dc780ec6eb
[INFO] running `Command { std: "docker" "start" "-a" "9dc7ac66e05c4ff44aae22e05528fcb7bbb5021aea1598a7087693dc780ec6eb", kill_on_drop: false }`
[INFO] [stderr]    Compiling proc-macro2 v1.0.79
[INFO] [stderr]    Compiling unicode-ident v1.0.12
[INFO] [stderr]    Compiling paste v1.0.14
[INFO] [stderr]    Compiling quote v1.0.35
[INFO] [stderr]    Compiling pinned-init-macro v0.0.5
[INFO] [stderr]    Compiling pinned-init v0.0.9 (/opt/rustwide/workdir)
[INFO] [stderr]     Finished `dev` profile [unoptimized + debuginfo] target(s) in 1.26s
[INFO] running `Command { std: "docker" "inspect" "9dc7ac66e05c4ff44aae22e05528fcb7bbb5021aea1598a7087693dc780ec6eb", kill_on_drop: false }`
[INFO] running `Command { std: "docker" "rm" "-f" "9dc7ac66e05c4ff44aae22e05528fcb7bbb5021aea1598a7087693dc780ec6eb", kill_on_drop: false }`
[INFO] [stdout] 9dc7ac66e05c4ff44aae22e05528fcb7bbb5021aea1598a7087693dc780ec6eb
[INFO] running `Command { std: "docker" "create" "-v" "/var/lib/crater-agent-workspace/builds/worker-3-tc1/target:/opt/rustwide/target:rw,Z" "-v" "/var/lib/crater-agent-workspace/builds/worker-3-tc1/source:/opt/rustwide/workdir:ro,Z" "-v" "/var/lib/crater-agent-workspace/cargo-home:/opt/rustwide/cargo-home:ro,Z" "-v" "/var/lib/crater-agent-workspace/rustup-home:/opt/rustwide/rustup-home:ro,Z" "-e" "SOURCE_DIR=/opt/rustwide/workdir" "-e" "CARGO_TARGET_DIR=/opt/rustwide/target" "-e" "CARGO_INCREMENTAL=0" "-e" "RUST_BACKTRACE=full" "-e" "RUSTFLAGS=--cap-lints=forbid" "-e" "RUSTDOCFLAGS=--cap-lints=forbid" "-e" "CARGO_HOME=/opt/rustwide/cargo-home" "-e" "RUSTUP_HOME=/opt/rustwide/rustup-home" "-w" "/opt/rustwide/workdir" "-m" "1610612736" "--user" "0:0" "--network" "none" "ghcr.io/rust-lang/crates-build-env/linux@sha256:819108c5571ea2e421544af4d832f968d213c87fbe3707a016657f43d2f853bc" "/opt/rustwide/cargo-home/bin/cargo" "+nightly-2025-01-18" "test" "--frozen" "--no-run" "--message-format=json", kill_on_drop: false }`
[INFO] [stdout] e4ff3a5dd189dfe2ab10a2c52263b4ee472ea4b290602222fbdbfa355baa30e0
[INFO] running `Command { std: "docker" "start" "-a" "e4ff3a5dd189dfe2ab10a2c52263b4ee472ea4b290602222fbdbfa355baa30e0", kill_on_drop: false }`
[INFO] [stderr]    Compiling unicode-ident v1.0.12
[INFO] [stderr]    Compiling serde v1.0.197
[INFO] [stderr]    Compiling proc-macro2 v1.0.79
[INFO] [stderr]    Compiling equivalent v1.0.1
[INFO] [stderr]    Compiling hashbrown v0.14.3
[INFO] [stderr]    Compiling serde_json v1.0.115
[INFO] [stderr]    Compiling winnow v0.6.5
[INFO] [stderr]    Compiling ryu v1.0.17
[INFO] [stderr]    Compiling prettyplease v0.2.17
[INFO] [stderr]    Compiling itoa v1.0.11
[INFO] [stderr]    Compiling glob v0.3.1
[INFO] [stderr]    Compiling trybuild v1.0.91
[INFO] [stderr]    Compiling libc v0.2.153
[INFO] [stderr]    Compiling termcolor v1.4.1
[INFO] [stderr]    Compiling dissimilar v1.0.7
[INFO] [stderr]    Compiling once_cell v1.19.0
[INFO] [stderr]    Compiling diff v0.1.13
[INFO] [stderr]    Compiling quote v1.0.35
[INFO] [stderr]    Compiling indexmap v2.2.6
[INFO] [stderr]    Compiling syn v2.0.58
[INFO] [stderr]    Compiling pinned-init-macro v0.0.5
[INFO] [stderr]    Compiling pinned-init v0.0.9 (/opt/rustwide/workdir)
[INFO] [stderr]    Compiling serde_derive v1.0.197
[INFO] [stderr]    Compiling toml_datetime v0.6.5
[INFO] [stderr]    Compiling serde_spanned v0.6.5
[INFO] [stderr]    Compiling basic-toml v0.1.9
[INFO] [stderr]    Compiling toml_edit v0.22.9
[INFO] [stderr]    Compiling macrotest v1.0.11
[INFO] [stderr]    Compiling toml v0.8.12
[INFO] [stdout] warning: crate-level attribute should be in the root module
[INFO] [stdout]  --> examples/error.rs:1:32
[INFO] [stdout]   |
[INFO] [stdout] 1 | #![cfg_attr(feature = "alloc", feature(allocator_api))]
[INFO] [stdout]   |                                ^^^^^^^^^^^^^^^^^^^^^^
[INFO] [stdout]   |
[INFO] [stdout]   = note: `#[warn(unused_attributes)]` on by default
[INFO] [stdout] 
[INFO] [stdout] 
[INFO] [stdout] warning: function `main` is never used
[INFO] [stdout]   --> examples/error.rs:24:4
[INFO] [stdout]    |
[INFO] [stdout] 24 | fn main() {}
[INFO] [stdout]    |    ^^^^
[INFO] [stdout]    |
[INFO] [stdout]    = note: `#[warn(dead_code)]` on by default
[INFO] [stdout] 
[INFO] [stdout] 
[INFO] [stdout] warning: unused import: `core::convert::Infallible`
[INFO] [stdout]  --> tests/alloc_fail.rs:6:5
[INFO] [stdout]   |
[INFO] [stdout] 6 | use core::convert::Infallible;
[INFO] [stdout]   |     ^^^^^^^^^^^^^^^^^^^^^^^^^
[INFO] [stdout]   |
[INFO] [stdout]   = note: `#[warn(unused_imports)]` on by default
[INFO] [stdout] 
[INFO] [stdout] 
[INFO] [stdout] warning: unused import: `linked_list::Error`
[INFO] [stdout]   --> tests/../examples/mutex.rs:20:9
[INFO] [stdout]    |
[INFO] [stdout] 20 | pub use linked_list::Error;
[INFO] [stdout]    |         ^^^^^^^^^^^^^^^^^^
[INFO] [stdout] 
[INFO] [stdout] 
[INFO] [stdout] warning: unused import: `linked_list::Error`
[INFO] [stdout]   --> tests/../examples/mutex.rs:20:9
[INFO] [stdout]    |
[INFO] [stdout] 20 | pub use linked_list::Error;
[INFO] [stdout]    |         ^^^^^^^^^^^^^^^^^^
[INFO] [stdout]    |
[INFO] [stdout]    = note: `#[warn(unused_imports)]` on by default
[INFO] [stdout] 
[INFO] [stdout] 
[INFO] [stdout] warning: crate-level attribute should be in the root module
[INFO] [stdout]  --> tests/./ring_buf.rs:1:32
[INFO] [stdout]   |
[INFO] [stdout] 1 | #![cfg_attr(feature = "alloc", feature(allocator_api))]
[INFO] [stdout]   |                                ^^^^^^^^^^^^^^^^^^^^^^
[INFO] [stdout]   |
[INFO] [stdout]   = note: `#[warn(unused_attributes)]` on by default
[INFO] [stdout] 
[INFO] [stdout] 
[INFO] [stdout] warning: crate-level attribute should be in the root module
[INFO] [stdout]  --> tests/../examples/mutex.rs:1:32
[INFO] [stdout]   |
[INFO] [stdout] 1 | #![cfg_attr(feature = "alloc", feature(allocator_api))]
[INFO] [stdout]   |                                ^^^^^^^^^^^^^^^^^^^^^^
[INFO] [stdout] 
[INFO] [stdout] 
[INFO] [stdout] warning: crate-level attribute should be in the root module
[INFO] [stdout]  --> tests/../examples/error.rs:1:32
[INFO] [stdout]   |
[INFO] [stdout] 1 | #![cfg_attr(feature = "alloc", feature(allocator_api))]
[INFO] [stdout]   |                                ^^^^^^^^^^^^^^^^^^^^^^
[INFO] [stdout] 
[INFO] [stdout] 
[INFO] [stdout] warning: crate-level attribute should be in the root module
[INFO] [stdout]  --> tests/../examples/mutex.rs:1:32
[INFO] [stdout]   |
[INFO] [stdout] 1 | #![cfg_attr(feature = "alloc", feature(allocator_api))]
[INFO] [stdout]   |                                ^^^^^^^^^^^^^^^^^^^^^^
[INFO] [stdout]   |
[INFO] [stdout]   = note: `#[warn(unused_attributes)]` on by default
[INFO] [stdout] 
[INFO] [stdout] 
[INFO] [stdout] warning: crate-level attribute should be in the root module
[INFO] [stdout]  --> tests/../examples/error.rs:1:32
[INFO] [stdout]   |
[INFO] [stdout] 1 | #![cfg_attr(feature = "alloc", feature(allocator_api))]
[INFO] [stdout]   |                                ^^^^^^^^^^^^^^^^^^^^^^
[INFO] [stdout] 
[INFO] [stdout] 
[INFO] [stdout] warning: unused import: `linked_list::Error`
[INFO] [stdout]   --> examples/mutex.rs:20:9
[INFO] [stdout]    |
[INFO] [stdout] 20 | pub use linked_list::Error;
[INFO] [stdout]    |         ^^^^^^^^^^^^^^^^^^
[INFO] [stdout]    |
[INFO] [stdout]    = note: `#[warn(unused_imports)]` on by default
[INFO] [stdout] 
[INFO] [stdout] 
[INFO] [stdout] warning: crate-level attribute should be in the root module
[INFO] [stdout]  --> examples/mutex.rs:1:32
[INFO] [stdout]   |
[INFO] [stdout] 1 | #![cfg_attr(feature = "alloc", feature(allocator_api))]
[INFO] [stdout]   |                                ^^^^^^^^^^^^^^^^^^^^^^
[INFO] [stdout]   |
[INFO] [stdout]   = note: `#[warn(unused_attributes)]` on by default
[INFO] [stdout] 
[INFO] [stdout] 
[INFO] [stdout] warning: field `0` is never read
[INFO] [stdout]   --> examples/pthread_mutex.rs:40:12
[INFO] [stdout]    |
[INFO] [stdout] 40 |         IO(std::io::Error),
[INFO] [stdout]    |         -- ^^^^^^^^^^^^^^
[INFO] [stdout]    |         |
[INFO] [stdout]    |         field in this variant
[INFO] [stdout]    |
[INFO] [stdout]    = note: `Error` has a derived impl for the trait `Debug`, but this is intentionally ignored during dead code analysis
[INFO] [stdout]    = note: `#[warn(dead_code)]` on by default
[INFO] [stdout] help: consider changing the field to be of unit type to suppress this warning while preserving the field numbering, or remove the field
[INFO] [stdout]    |
[INFO] [stdout] 40 |         IO(()),
[INFO] [stdout]    |            ~~
[INFO] [stdout] 
[INFO] [stdout] 
[INFO] [stdout] warning: method `get_data_mut` is never used
[INFO] [stdout]    --> tests/../examples/mutex.rs:104:12
[INFO] [stdout]     |
[INFO] [stdout] 69  | impl<T> CMutex<T> {
[INFO] [stdout]     | ----------------- method in this implementation
[INFO] [stdout] ...
[INFO] [stdout] 104 |     pub fn get_data_mut(self: Pin<&mut Self>) -> &mut T {
[INFO] [stdout]     |            ^^^^^^^^^^^^
[INFO] [stdout]     |
[INFO] [stdout]     = note: `#[warn(dead_code)]` on by default
[INFO] [stdout] 
[INFO] [stdout] 
[INFO] [stdout] warning: function `main` is never used
[INFO] [stdout]   --> tests/../examples/error.rs:24:4
[INFO] [stdout]    |
[INFO] [stdout] 24 | fn main() {}
[INFO] [stdout]    |    ^^^^
[INFO] [stdout] 
[INFO] [stdout] 
[INFO] [stdout] warning: function `main` is never used
[INFO] [stdout]   --> examples/error.rs:24:4
[INFO] [stdout]    |
[INFO] [stdout] 24 | fn main() {}
[INFO] [stdout]    |    ^^^^
[INFO] [stdout]    |
[INFO] [stdout]    = note: `#[warn(dead_code)]` on by default
[INFO] [stdout] 
[INFO] [stdout] 
[INFO] [stdout] warning: function `main` is never used
[INFO] [stdout]   --> examples/error.rs:24:4
[INFO] [stdout]    |
[INFO] [stdout] 24 | fn main() {}
[INFO] [stdout]    |    ^^^^
[INFO] [stdout]    |
[INFO] [stdout]    = note: `#[warn(dead_code)]` on by default
[INFO] [stdout] 
[INFO] [stdout] 
[INFO] [stdout] warning: method `get_data_mut` is never used
[INFO] [stdout]    --> tests/../examples/mutex.rs:104:12
[INFO] [stdout]     |
[INFO] [stdout] 69  | impl<T> CMutex<T> {
[INFO] [stdout]     | ----------------- method in this implementation
[INFO] [stdout] ...
[INFO] [stdout] 104 |     pub fn get_data_mut(self: Pin<&mut Self>) -> &mut T {
[INFO] [stdout]     |            ^^^^^^^^^^^^
[INFO] [stdout]     |
[INFO] [stdout]     = note: `#[warn(dead_code)]` on by default
[INFO] [stdout] 
[INFO] [stdout] 
[INFO] [stdout] warning: function `main` is never used
[INFO] [stdout]   --> tests/../examples/error.rs:24:4
[INFO] [stdout]    |
[INFO] [stdout] 24 | fn main() {}
[INFO] [stdout]    |    ^^^^
[INFO] [stdout] 
[INFO] [stdout] 
[INFO] [stderr]     Finished `test` profile [unoptimized + debuginfo] target(s) in 11.84s
[INFO] running `Command { std: "docker" "inspect" "e4ff3a5dd189dfe2ab10a2c52263b4ee472ea4b290602222fbdbfa355baa30e0", kill_on_drop: false }`
[INFO] running `Command { std: "docker" "rm" "-f" "e4ff3a5dd189dfe2ab10a2c52263b4ee472ea4b290602222fbdbfa355baa30e0", kill_on_drop: false }`
[INFO] [stdout] e4ff3a5dd189dfe2ab10a2c52263b4ee472ea4b290602222fbdbfa355baa30e0
[INFO] running `Command { std: "docker" "create" "-v" "/var/lib/crater-agent-workspace/builds/worker-3-tc1/target:/opt/rustwide/target:rw,Z" "-v" "/var/lib/crater-agent-workspace/builds/worker-3-tc1/source:/opt/rustwide/workdir:ro,Z" "-v" "/var/lib/crater-agent-workspace/cargo-home:/opt/rustwide/cargo-home:ro,Z" "-v" "/var/lib/crater-agent-workspace/rustup-home:/opt/rustwide/rustup-home:ro,Z" "-e" "SOURCE_DIR=/opt/rustwide/workdir" "-e" "CARGO_TARGET_DIR=/opt/rustwide/target" "-e" "CARGO_INCREMENTAL=0" "-e" "RUST_BACKTRACE=full" "-e" "RUSTFLAGS=--cap-lints=forbid" "-e" "RUSTDOCFLAGS=--cap-lints=forbid" "-e" "CARGO_HOME=/opt/rustwide/cargo-home" "-e" "RUSTUP_HOME=/opt/rustwide/rustup-home" "-w" "/opt/rustwide/workdir" "-m" "1610612736" "--user" "0:0" "--network" "none" "ghcr.io/rust-lang/crates-build-env/linux@sha256:819108c5571ea2e421544af4d832f968d213c87fbe3707a016657f43d2f853bc" "/opt/rustwide/cargo-home/bin/cargo" "+nightly-2025-01-18" "test" "--frozen", kill_on_drop: false }`
[INFO] [stdout] d4f43e2550c3c6644cb1acfa01601f1e9259f12b4d853a01d31b261d8a9c29b5
[INFO] running `Command { std: "docker" "start" "-a" "d4f43e2550c3c6644cb1acfa01601f1e9259f12b4d853a01d31b261d8a9c29b5", kill_on_drop: false }`
[INFO] [stderr] warning: unused import: `linked_list::Error`
[INFO] [stderr]   --> tests/../examples/mutex.rs:20:9
[INFO] [stderr]    |
[INFO] [stderr] 20 | pub use linked_list::Error;
[INFO] [stderr]    |         ^^^^^^^^^^^^^^^^^^
[INFO] [stderr]    |
[INFO] [stderr]    = note: `#[warn(unused_imports)]` on by default
[INFO] [stderr] 
[INFO] [stderr] warning: crate-level attribute should be in the root module
[INFO] [stderr]  --> tests/../examples/mutex.rs:1:32
[INFO] [stderr]   |
[INFO] [stderr] 1 | #![cfg_attr(feature = "alloc", feature(allocator_api))]
[INFO] [stderr]   |                                ^^^^^^^^^^^^^^^^^^^^^^
[INFO] [stderr]   |
[INFO] [stderr]   = note: `#[warn(unused_attributes)]` on by default
[INFO] [stderr] 
[INFO] [stderr] warning: crate-level attribute should be in the root module
[INFO] [stderr]  --> tests/../examples/error.rs:1:32
[INFO] [stderr]   |
[INFO] [stderr] 1 | #![cfg_attr(feature = "alloc", feature(allocator_api))]
[INFO] [stderr]   |                                ^^^^^^^^^^^^^^^^^^^^^^
[INFO] [stderr] 
[INFO] [stderr] warning: method `get_data_mut` is never used
[INFO] [stderr]    --> tests/../examples/mutex.rs:104:12
[INFO] [stderr]     |
[INFO] [stderr] 69  | impl<T> CMutex<T> {
[INFO] [stderr]     | ----------------- method in this implementation
[INFO] [stderr] ...
[INFO] [stderr] 104 |     pub fn get_data_mut(self: Pin<&mut Self>) -> &mut T {
[INFO] [stderr]     |            ^^^^^^^^^^^^
[INFO] [stderr]     |
[INFO] [stderr]     = note: `#[warn(dead_code)]` on by default
[INFO] [stderr] 
[INFO] [stderr] warning: function `main` is never used
[INFO] [stderr]   --> tests/../examples/error.rs:24:4
[INFO] [stderr]    |
[INFO] [stderr] 24 | fn main() {}
[INFO] [stderr]    |    ^^^^
[INFO] [stderr] 
[INFO] [stderr] warning: unused import: `core::convert::Infallible`
[INFO] [stderr]  --> tests/alloc_fail.rs:6:5
[INFO] [stderr]   |
[INFO] [stderr] 6 | use core::convert::Infallible;
[INFO] [stderr]   |     ^^^^^^^^^^^^^^^^^^^^^^^^^
[INFO] [stderr]   |
[INFO] [stderr]   = note: `#[warn(unused_imports)]` on by default
[INFO] [stderr] 
[INFO] [stderr] warning: unused import: `linked_list::Error`
[INFO] [stderr]   --> tests/../examples/mutex.rs:20:9
[INFO] [stderr]    |
[INFO] [stderr] 20 | pub use linked_list::Error;
[INFO] [stderr]    |         ^^^^^^^^^^^^^^^^^^
[INFO] [stderr] 
[INFO] [stderr] warning: crate-level attribute should be in the root module
[INFO] [stderr]  --> tests/./ring_buf.rs:1:32
[INFO] [stderr]   |
[INFO] [stderr] 1 | #![cfg_attr(feature = "alloc", feature(allocator_api))]
[INFO] [stderr]   |                                ^^^^^^^^^^^^^^^^^^^^^^
[INFO] [stderr]   |
[INFO] [stderr]   = note: `#[warn(unused_attributes)]` on by default
[INFO] [stderr] 
[INFO] [stderr] warning: crate-level attribute should be in the root module
[INFO] [stderr]  --> tests/../examples/mutex.rs:1:32
[INFO] [stderr]   |
[INFO] [stderr] 1 | #![cfg_attr(feature = "alloc", feature(allocator_api))]
[INFO] [stderr]   |                                ^^^^^^^^^^^^^^^^^^^^^^
[INFO] [stderr] 
[INFO] [stderr] warning: function `main` is never used
[INFO] [stderr]   --> examples/error.rs:24:4
[INFO] [stderr]    |
[INFO] [stderr] 24 | fn main() {}
[INFO] [stderr]    |    ^^^^
[INFO] [stderr]    |
[INFO] [stderr]    = note: `#[warn(dead_code)]` on by default
[INFO] [stderr] 
[INFO] [stderr] warning: crate-level attribute should be in the root module
[INFO] [stderr]  --> examples/error.rs:1:32
[INFO] [stderr]   |
[INFO] [stderr] 1 | #![cfg_attr(feature = "alloc", feature(allocator_api))]
[INFO] [stderr]   |                                ^^^^^^^^^^^^^^^^^^^^^^
[INFO] [stderr]   |
[INFO] [stderr]   = note: `#[warn(unused_attributes)]` on by default
[INFO] [stderr] 
[INFO] [stderr] warning: unused import: `linked_list::Error`
[INFO] [stderr]   --> examples/mutex.rs:20:9
[INFO] [stderr]    |
[INFO] [stderr] 20 | pub use linked_list::Error;
[INFO] [stderr]    |         ^^^^^^^^^^^^^^^^^^
[INFO] [stderr]    |
[INFO] [stderr]    = note: `#[warn(unused_imports)]` on by default
[INFO] [stderr] 
[INFO] [stderr] warning: crate-level attribute should be in the root module
[INFO] [stderr]  --> examples/mutex.rs:1:32
[INFO] [stderr]   |
[INFO] [stderr] 1 | #![cfg_attr(feature = "alloc", feature(allocator_api))]
[INFO] [stderr]   |                                ^^^^^^^^^^^^^^^^^^^^^^
[INFO] [stderr]   |
[INFO] [stderr]   = note: `#[warn(unused_attributes)]` on by default
[INFO] [stderr] 
[INFO] [stderr] warning: field `0` is never read
[INFO] [stderr]   --> examples/pthread_mutex.rs:40:12
[INFO] [stderr]    |
[INFO] [stderr] 40 |         IO(std::io::Error),
[INFO] [stderr]    |         -- ^^^^^^^^^^^^^^
[INFO] [stderr]    |         |
[INFO] [stderr]    |         field in this variant
[INFO] [stderr]    |
[INFO] [stderr]    = note: `Error` has a derived impl for the trait `Debug`, but this is intentionally ignored during dead code analysis
[INFO] [stderr]    = note: `#[warn(dead_code)]` on by default
[INFO] [stderr] help: consider changing the field to be of unit type to suppress this warning while preserving the field numbering, or remove the field
[INFO] [stderr]    |
[INFO] [stderr] 40 |         IO(()),
[INFO] [stderr]    |            ~~
[INFO] [stderr] 
[INFO] [stderr] warning: `pinned-init` (test "ring_buf") generated 5 warnings (run `cargo fix --test "ring_buf"` to apply 1 suggestion)
[INFO] [stderr] warning: `pinned-init` (test "alloc_fail") generated 7 warnings (3 duplicates) (run `cargo fix --test "alloc_fail"` to apply 2 suggestions)
[INFO] [stderr] warning: `pinned-init` (example "mutex") generated 1 warning
[INFO] [stderr] warning: `pinned-init` (example "linked_list") generated 2 warnings (1 duplicate)
[INFO] [stderr] warning: `pinned-init` (example "static_init") generated 3 warnings (1 duplicate) (run `cargo fix --example "static_init"` to apply 1 suggestion)
[INFO] [stderr] warning: `pinned-init` (example "pthread_mutex") generated 1 warning
[INFO] [stderr]     Finished `test` profile [unoptimized + debuginfo] target(s) in 0.05s
[INFO] [stderr]      Running unittests src/lib.rs (/opt/rustwide/target/debug/deps/pinned_init-b2e3ef7806681553)
[INFO] [stdout] 
[INFO] [stdout] running 1 test
[INFO] [stdout] test __internal::stack_init_reuse ... ok
[INFO] [stdout] 
[INFO] [stdout] test result: ok. 1 passed; 0 failed; 0 ignored; 0 measured; 0 filtered out; finished in 0.00s
[INFO] [stdout] 
[INFO] [stderr]      Running tests/alloc_fail.rs (/opt/rustwide/target/debug/deps/alloc_fail-ca4762f7a268b150)
[INFO] [stdout] 
[INFO] [stdout] running 10 tests
[INFO] [stdout] test ring_buf::even_failing ... ok
[INFO] [stdout] test ring_buf::even_stack ... ok
[INFO] [stdout] test ring_buf::with_failing_inner ... ok
[INFO] [stdout] test ring_buf::mutex::linked_list::main ... ok
[INFO] [stdout] test too_big_in_place ... ok
[INFO] [stdout] test ring_buf::on_stack ... ok
[INFO] [stdout] test too_big_pinned ... ok
[INFO] [stdout] test ring_buf::with_big_struct ... ok
[INFO] [stdout] test ring_buf::big_struct ... ok
[INFO] [stdout] test ring_buf::mutex::main ... ok
[INFO] [stdout] 
[INFO] [stdout] test result: ok. 10 passed; 0 failed; 0 ignored; 0 measured; 0 filtered out; finished in 0.20s
[INFO] [stdout] 
[INFO] [stderr]      Running tests/const-generic-default.rs (/opt/rustwide/target/debug/deps/const_generic_default-dfecebc852676621)
[INFO] [stdout] 
[INFO] [stdout] running 1 test
[INFO] [stdout] test create_array ... ok
[INFO] [stderr]      Running tests/many_generics.rs (/opt/rustwide/target/debug/deps/many_generics-40b769278f14e0ce)
[INFO] [stdout] 
[INFO] [stdout] test result: ok. 1 passed; 0 failed; 0 ignored; 0 measured; 0 filtered out; finished in 0.00s
[INFO] [stdout] 
[INFO] [stdout] 
[INFO] [stdout] running 0 tests
[INFO] [stderr]      Running tests/ring_buf.rs (/opt/rustwide/target/debug/deps/ring_buf-e6b9d623e6e5d896)
[INFO] [stdout] 
[INFO] [stdout] test result: ok. 0 passed; 0 failed; 0 ignored; 0 measured; 0 filtered out; finished in 0.00s
[INFO] [stdout] 
[INFO] [stdout] 
[INFO] [stdout] running 8 tests
[INFO] [stdout] test even_stack ... ok
[INFO] [stdout] test even_failing ... ok
[INFO] [stdout] test mutex::linked_list::main ... ok
[INFO] [stdout] test on_stack ... ok
[INFO] [stdout] test with_failing_inner ... ok
[INFO] [stdout] test with_big_struct ... ok
[INFO] [stdout] test big_struct ... ok
[INFO] [stdout] test mutex::main ... ok
[INFO] [stdout] 
[INFO] [stdout] test result: ok. 8 passed; 0 failed; 0 ignored; 0 measured; 0 filtered out; finished in 0.20s
[INFO] [stdout] 
[INFO] [stderr]      Running tests/ui.rs (/opt/rustwide/target/debug/deps/ui-f4bc6b2ce7fd44d1)
[INFO] [stdout] 
[INFO] [stdout] running 2 tests
[INFO] [stderr] error: no such command: `expand`
[INFO] [stderr] 
[INFO] [stderr] 	View all installed commands with `cargo --list`
[INFO] [stderr] 	Find a package to install `expand` with `cargo search cargo-expand`
[INFO] [stderr]    Compiling proc-macro2 v1.0.79
[INFO] [stderr]    Compiling unicode-ident v1.0.12
[INFO] [stderr]    Compiling serde v1.0.197
[INFO] [stderr]    Compiling serde_json v1.0.115
[INFO] [stderr]    Compiling prettyplease v0.2.17
[INFO] [stderr]    Compiling paste v1.0.14
[INFO] [stderr]    Compiling libc v0.2.153
[INFO] [stderr]     Checking ryu v1.0.17
[INFO] [stderr]     Checking itoa v1.0.11
[INFO] [stderr]     Checking diff v0.1.13
[INFO] [stderr]     Checking glob v0.3.1
[INFO] [stdout] test expand ... FAILED
[INFO] [stderr]     Checking quote v1.0.35
[INFO] [stderr]     Checking syn v2.0.58
[INFO] [stderr]    Compiling pinned-init-macro v0.0.5
[INFO] [stderr]     Checking pinned-init v0.0.9 (/opt/rustwide/workdir)
[INFO] [stderr]     Checking basic-toml v0.1.9
[INFO] [stderr]    Compiling serde_derive v1.0.197
[INFO] [stderr]     Checking macrotest v1.0.11
[INFO] [stderr]     Checking pinned-init-tests v0.0.0 (/opt/rustwide/target/tests/trybuild/pinned-init)
[INFO] [stderr]     Finished `dev` profile [unoptimized + debuginfo] target(s) in 10.44s
[INFO] [stderr] 
[INFO] [stderr] 
[INFO] [stderr] test tests/ui/compile-fail/pinned_drop/no_fn.rs ... ok
[INFO] [stderr] test tests/ui/compile-fail/pinned_drop/no_pin_data_but_pinned_drop.rs ... ok
[INFO] [stderr] test tests/ui/compile-fail/pinned_drop/unexpected_additional_item.rs ... ok
[INFO] [stderr] test tests/ui/compile-fail/pinned_drop/unexpected_generics.rs ... ok
[INFO] [stderr] test tests/ui/compile-fail/pinned_drop/unexpected_item.rs ... ok
[INFO] [stderr] test tests/ui/compile-fail/pinned_drop/useless_pinned_drop.rs ... ok
[INFO] [stderr] test tests/ui/compile-fail/pinned_drop/wrong_receiver.rs ... ok
[INFO] [stderr] test tests/ui/compile-fail/pin_data/missing_comma.rs ... ok
[INFO] [stderr] test tests/ui/compile-fail/pin_data/missing_pin.rs ... ok
[INFO] [stderr] test tests/ui/compile-fail/pin_data/no_pin_on_phantompinned.rs ... ok
[INFO] [stderr] test tests/ui/compile-fail/pin_data/pin_data_but_drop.rs ... ok
[INFO] [stderr] test tests/ui/compile-fail/pin_data/twice.rs ... ok
[INFO] [stderr] test tests/ui/compile-fail/pin_data/unexpected_args.rs ... ok
[INFO] [stderr] test tests/ui/compile-fail/pin_data/unexpected_item.rs ... ok
[INFO] [stderr] test tests/ui/compile-fail/init/colon_instead_of_arrow.rs ... mismatch
[INFO] [stderr] 
[INFO] [stderr] EXPECTED:
[INFO] [stderr] ┈┈┈┈┈┈┈┈┈┈┈┈┈┈┈┈┈┈┈┈┈┈┈┈┈┈┈┈┈┈┈┈┈┈┈┈┈┈┈┈┈┈┈┈┈┈┈┈┈┈┈┈┈┈┈┈┈┈┈┈
[INFO] [stderr] error[E0308]: mismatched types
[INFO] [stderr]   --> tests/ui/compile-fail/init/colon_instead_of_arrow.rs:21:9
[INFO] [stderr]    |
[INFO] [stderr] 14 |     fn new() -> impl PinInit<Self> {
[INFO] [stderr]    |                 ------------------ the found opaque type
[INFO] [stderr] ...
[INFO] [stderr] 21 |         pin_init!(Self { bar: Bar::new() })
[INFO] [stderr]    |         ^^^^^^^^^^^^^^^^^^^^^^^^^^^^^^^^^^^
[INFO] [stderr]    |         |
[INFO] [stderr]    |         expected `Bar`, found opaque type
[INFO] [stderr]    |         arguments to this function are incorrect
[INFO] [stderr]    |
[INFO] [stderr]    = note:   expected struct `Bar`
[INFO] [stderr]            found opaque type `impl pinned_init::PinInit<Bar>`
[INFO] [stderr] note: function defined here
[INFO] [stderr]   --> $RUST/core/src/ptr/mod.rs
[INFO] [stderr]    |
[INFO] [stderr]    | pub const unsafe fn write<T>(dst: *mut T, src: T) {
[INFO] [stderr]    |                     ^^^^^
[INFO] [stderr]    = note: this error originates in the macro `$crate::__init_internal` which comes from the expansion of the macro `pin_init` (in Nightly builds, run with -Z macro-backtrace for more info)
[INFO] [stderr] ┈┈┈┈┈┈┈┈┈┈┈┈┈┈┈┈┈┈┈┈┈┈┈┈┈┈┈┈┈┈┈┈┈┈┈┈┈┈┈┈┈┈┈┈┈┈┈┈┈┈┈┈┈┈┈┈┈┈┈┈
[INFO] [stderr] 
[INFO] [stderr] ACTUAL OUTPUT:
[INFO] [stderr] ┈┈┈┈┈┈┈┈┈┈┈┈┈┈┈┈┈┈┈┈┈┈┈┈┈┈┈┈┈┈┈┈┈┈┈┈┈┈┈┈┈┈┈┈┈┈┈┈┈┈┈┈┈┈┈┈┈┈┈┈
[INFO] [stderr] error[E0308]: mismatched types
[INFO] [stderr]   --> tests/ui/compile-fail/init/colon_instead_of_arrow.rs:21:9
[INFO] [stderr]    |
[INFO] [stderr] 14 |     fn new() -> impl PinInit<Self> {
[INFO] [stderr]    |                 ------------------ the found opaque type
[INFO] [stderr] ...
[INFO] [stderr] 21 |         pin_init!(Self { bar: Bar::new() })
[INFO] [stderr]    |         ^^^^^^^^^^^^^^^^^^^^^^^^^^^^^^^^^^^
[INFO] [stderr]    |         |
[INFO] [stderr]    |         expected `Bar`, found opaque type
[INFO] [stderr]    |         arguments to this function are incorrect
[INFO] [stderr]    |
[INFO] [stderr]    = note:   expected struct `Bar`
[INFO] [stderr]            found opaque type `impl pinned_init::PinInit<Bar>`
[INFO] [stderr] note: function defined here
[INFO] [stderr]   --> $RUST/core/src/ptr/mod.rs
[INFO] [stderr]    = note: this error originates in the macro `$crate::__init_internal` which comes from the expansion of the macro `pin_init` (in Nightly builds, run with -Z macro-backtrace for more info)
[INFO] [stderr] ┈┈┈┈┈┈┈┈┈┈┈┈┈┈┈┈┈┈┈┈┈┈┈┈┈┈┈┈┈┈┈┈┈┈┈┈┈┈┈┈┈┈┈┈┈┈┈┈┈┈┈┈┈┈┈┈┈┈┈┈
[INFO] [stderr] note: If the actual output is the correct output you can bless it by rerunning
[INFO] [stderr]       your test with the environment variable TRYBUILD=overwrite
[INFO] [stderr] 
[INFO] [stderr] test tests/ui/compile-fail/init/field_value_wrong_type.rs ... mismatch
[INFO] [stderr] 
[INFO] [stderr] EXPECTED:
[INFO] [stderr] ┈┈┈┈┈┈┈┈┈┈┈┈┈┈┈┈┈┈┈┈┈┈┈┈┈┈┈┈┈┈┈┈┈┈┈┈┈┈┈┈┈┈┈┈┈┈┈┈┈┈┈┈┈┈┈┈┈┈┈┈
[INFO] [stderr] error[E0308]: mismatched types
[INFO] [stderr]  --> tests/ui/compile-fail/init/field_value_wrong_type.rs:8:13
[INFO] [stderr]   |
[INFO] [stderr] 8 |     let _ = init!(Foo { a: () });
[INFO] [stderr]   |             ^^^^^^^^^^^^^^^^^^^^
[INFO] [stderr]   |             |
[INFO] [stderr]   |             expected `usize`, found `()`
[INFO] [stderr]   |             arguments to this function are incorrect
[INFO] [stderr]   |
[INFO] [stderr] note: function defined here
[INFO] [stderr]  --> $RUST/core/src/ptr/mod.rs
[INFO] [stderr]   |
[INFO] [stderr]   | pub const unsafe fn write<T>(dst: *mut T, src: T) {
[INFO] [stderr]   |                     ^^^^^
[INFO] [stderr]   = note: this error originates in the macro `$crate::__init_internal` which comes from the expansion of the macro `init` (in Nightly builds, run with -Z macro-backtrace for more info)
[INFO] [stderr] ┈┈┈┈┈┈┈┈┈┈┈┈┈┈┈┈┈┈┈┈┈┈┈┈┈┈┈┈┈┈┈┈┈┈┈┈┈┈┈┈┈┈┈┈┈┈┈┈┈┈┈┈┈┈┈┈┈┈┈┈
[INFO] [stderr] 
[INFO] [stderr] ACTUAL OUTPUT:
[INFO] [stderr] ┈┈┈┈┈┈┈┈┈┈┈┈┈┈┈┈┈┈┈┈┈┈┈┈┈┈┈┈┈┈┈┈┈┈┈┈┈┈┈┈┈┈┈┈┈┈┈┈┈┈┈┈┈┈┈┈┈┈┈┈
[INFO] [stderr] error[E0308]: mismatched types
[INFO] [stderr]  --> tests/ui/compile-fail/init/field_value_wrong_type.rs:8:13
[INFO] [stderr]   |
[INFO] [stderr] 8 |     let _ = init!(Foo { a: () });
[INFO] [stderr]   |             ^^^^^^^^^^^^^^^^^^^^
[INFO] [stderr]   |             |
[INFO] [stderr]   |             expected `usize`, found `()`
[INFO] [stderr]   |             arguments to this function are incorrect
[INFO] [stderr]   |
[INFO] [stderr] note: function defined here
[INFO] [stderr]  --> $RUST/core/src/ptr/mod.rs
[INFO] [stderr]   = note: this error originates in the macro `$crate::__init_internal` which comes from the expansion of the macro `init` (in Nightly builds, run with -Z macro-backtrace for more info)
[INFO] [stderr] ┈┈┈┈┈┈┈┈┈┈┈┈┈┈┈┈┈┈┈┈┈┈┈┈┈┈┈┈┈┈┈┈┈┈┈┈┈┈┈┈┈┈┈┈┈┈┈┈┈┈┈┈┈┈┈┈┈┈┈┈
[INFO] [stderr] note: If the actual output is the correct output you can bless it by rerunning
[INFO] [stderr]       your test with the environment variable TRYBUILD=overwrite
[INFO] [stderr] 
[INFO] [stderr] test tests/ui/compile-fail/init/invalid_init.rs ... ok
[INFO] [stderr] test tests/ui/compile-fail/init/missing_comma.rs ... ok
[INFO] [stderr] test tests/ui/compile-fail/init/missing_comma_with_zeroable.rs ... mismatch
[INFO] [stderr] 
[INFO] [stderr] EXPECTED:
[INFO] [stderr] ┈┈┈┈┈┈┈┈┈┈┈┈┈┈┈┈┈┈┈┈┈┈┈┈┈┈┈┈┈┈┈┈┈┈┈┈┈┈┈┈┈┈┈┈┈┈┈┈┈┈┈┈┈┈┈┈┈┈┈┈
[INFO] [stderr] error[E0782]: expected a type, found a trait
[INFO] [stderr]   --> tests/ui/compile-fail/init/missing_comma_with_zeroable.rs:12:15
[INFO] [stderr]    |
[INFO] [stderr] 12 |         a: 0..Zeroable::zeroed()
[INFO] [stderr]    |               ^^^^^^^^
[INFO] [stderr]    |
[INFO] [stderr] help: you can add the `dyn` keyword if you want a trait object
[INFO] [stderr]    |
[INFO] [stderr] 12 |         a: 0..<dyn Zeroable>::zeroed()
[INFO] [stderr]    |               ++++         +
[INFO] [stderr] 
[INFO] [stderr] error[E0308]: mismatched types
[INFO] [stderr]   --> tests/ui/compile-fail/init/missing_comma_with_zeroable.rs:11:13
[INFO] [stderr]    |
[INFO] [stderr] 11 |       let _ = init!(Foo {
[INFO] [stderr]    |  _____________^
[INFO] [stderr] 12 | |         a: 0..Zeroable::zeroed()
[INFO] [stderr] 13 | |     });
[INFO] [stderr]    | |      ^
[INFO] [stderr]    | |      |
[INFO] [stderr]    | |______expected `usize`, found `Range<{integer}>`
[INFO] [stderr]    |        arguments to this function are incorrect
[INFO] [stderr]    |
[INFO] [stderr]    = note: expected type `usize`
[INFO] [stderr]             found struct `std::ops::Range<{integer}>`
[INFO] [stderr] note: function defined here
[INFO] [stderr]   --> $RUST/core/src/ptr/mod.rs
[INFO] [stderr]    |
[INFO] [stderr]    | pub const unsafe fn write<T>(dst: *mut T, src: T) {
[INFO] [stderr]    |                     ^^^^^
[INFO] [stderr]    = note: this error originates in the macro `$crate::__init_internal` which comes from the expansion of the macro `init` (in Nightly builds, run with -Z macro-backtrace for more info)
[INFO] [stderr] 
[INFO] [stderr] error[E0063]: missing field `b` in initializer of `Foo`
[INFO] [stderr]   --> tests/ui/compile-fail/init/missing_comma_with_zeroable.rs:11:19
[INFO] [stderr]    |
[INFO] [stderr] 11 |     let _ = init!(Foo {
[INFO] [stderr]    |                   ^^^ missing `b`
[INFO] [stderr] ┈┈┈┈┈┈┈┈┈┈┈┈┈┈┈┈┈┈┈┈┈┈┈┈┈┈┈┈┈┈┈┈┈┈┈┈┈┈┈┈┈┈┈┈┈┈┈┈┈┈┈┈┈┈┈┈┈┈┈┈
[INFO] [stderr] 
[INFO] [stderr] ACTUAL OUTPUT:
[INFO] [stderr] ┈┈┈┈┈┈┈┈┈┈┈┈┈┈┈┈┈┈┈┈┈┈┈┈┈┈┈┈┈┈┈┈┈┈┈┈┈┈┈┈┈┈┈┈┈┈┈┈┈┈┈┈┈┈┈┈┈┈┈┈
[INFO] [stderr] error[E0782]: expected a type, found a trait
[INFO] [stderr]   --> tests/ui/compile-fail/init/missing_comma_with_zeroable.rs:12:15
[INFO] [stderr]    |
[INFO] [stderr] 12 |         a: 0..Zeroable::zeroed()
[INFO] [stderr]    |               ^^^^^^^^
[INFO] [stderr]    |
[INFO] [stderr] help: you can add the `dyn` keyword if you want a trait object
[INFO] [stderr]    |
[INFO] [stderr] 12 |         a: 0..<dyn Zeroable>::zeroed()
[INFO] [stderr]    |               ++++         +
[INFO] [stderr] 
[INFO] [stderr] error[E0308]: mismatched types
[INFO] [stderr]   --> tests/ui/compile-fail/init/missing_comma_with_zeroable.rs:11:13
[INFO] [stderr]    |
[INFO] [stderr] 11 |       let _ = init!(Foo {
[INFO] [stderr]    |  _____________^
[INFO] [stderr] 12 | |         a: 0..Zeroable::zeroed()
[INFO] [stderr] 13 | |     });
[INFO] [stderr]    | |      ^
[INFO] [stderr]    | |      |
[INFO] [stderr]    | |______expected `usize`, found `Range<{integer}>`
[INFO] [stderr]    |        arguments to this function are incorrect
[INFO] [stderr]    |
[INFO] [stderr]    = note: expected type `usize`
[INFO] [stderr]             found struct `std::ops::Range<{integer}>`
[INFO] [stderr] note: function defined here
[INFO] [stderr]   --> $RUST/core/src/ptr/mod.rs
[INFO] [stderr]    = note: this error originates in the macro `$crate::__init_internal` which comes from the expansion of the macro `init` (in Nightly builds, run with -Z macro-backtrace for more info)
[INFO] [stderr] 
[INFO] [stderr] error[E0063]: missing field `b` in initializer of `Foo`
[INFO] [stderr]   --> tests/ui/compile-fail/init/missing_comma_with_zeroable.rs:11:19
[INFO] [stderr]    |
[INFO] [stderr] 11 |     let _ = init!(Foo {
[INFO] [stderr]    |                   ^^^ missing `b`
[INFO] [stderr] ┈┈┈┈┈┈┈┈┈┈┈┈┈┈┈┈┈┈┈┈┈┈┈┈┈┈┈┈┈┈┈┈┈┈┈┈┈┈┈┈┈┈┈┈┈┈┈┈┈┈┈┈┈┈┈┈┈┈┈┈
[INFO] [stderr] note: If the actual output is the correct output you can bless it by rerunning
[INFO] [stderr]       your test with the environment variable TRYBUILD=overwrite
[INFO] [stderr] 
[INFO] [stderr] test tests/ui/compile-fail/init/missing_error_type.rs ... ok
[INFO] [stderr] test tests/ui/compile-fail/init/missing_field.rs ... ok
[INFO] [stderr] test tests/ui/compile-fail/init/missing_pin_data.rs ... ok
[INFO] [stderr] test tests/ui/compile-fail/init/no_error_coercion.rs ... ok
[INFO] [stderr] test tests/ui/compile-fail/init/wrong_generics.rs ... ok
[INFO] [stderr] test tests/ui/compile-fail/init/wrong_generics2.rs ... mismatch
[INFO] [stderr] 
[INFO] [stderr] EXPECTED:
[INFO] [stderr] ┈┈┈┈┈┈┈┈┈┈┈┈┈┈┈┈┈┈┈┈┈┈┈┈┈┈┈┈┈┈┈┈┈┈┈┈┈┈┈┈┈┈┈┈┈┈┈┈┈┈┈┈┈┈┈┈┈┈┈┈
[INFO] [stderr] error: struct literal body without path
[INFO] [stderr]  --> tests/ui/compile-fail/init/wrong_generics2.rs:7:13
[INFO] [stderr]   |
[INFO] [stderr] 7 |       let _ = init!(Foo::<(), ()> {
[INFO] [stderr]   |  _____________^
[INFO] [stderr] 8 | |         value <- (),
[INFO] [stderr] 9 | |     });
[INFO] [stderr]   | |______^
[INFO] [stderr]   |
[INFO] [stderr]   = note: this error originates in the macro `$crate::__init_internal` which comes from the expansion of the macro `init` (in Nightly builds, run with -Z macro-backtrace for more info)
[INFO] [stderr] help: you might have forgotten to add the struct literal inside the block
[INFO] [stderr]  --> src/macros.rs
[INFO] [stderr]   |
[INFO] [stderr]   ~                 ::core::ptr::write($slot, $t { SomeStruct {
[INFO] [stderr]   |4                    $($acc)*
[INFO] [stderr]   ~                 } });
[INFO] [stderr]   |
[INFO] [stderr] 
[INFO] [stderr] error: expected one of `)`, `,`, `.`, `?`, or an operator, found `{`
[INFO] [stderr]  --> tests/ui/compile-fail/init/wrong_generics2.rs:7:13
[INFO] [stderr]   |
[INFO] [stderr] 7 |       let _ = init!(Foo::<(), ()> {
[INFO] [stderr]   |  _____________^
[INFO] [stderr] 8 | |         value <- (),
[INFO] [stderr] 9 | |     });
[INFO] [stderr]   | |      ^
[INFO] [stderr]   | |      |
[INFO] [stderr]   | |______expected one of `)`, `,`, `.`, `?`, or an operator
[INFO] [stderr]   |        help: missing `,`
[INFO] [stderr]   |
[INFO] [stderr]   = note: this error originates in the macro `$crate::__init_internal` which comes from the expansion of the macro `init` (in Nightly builds, run with -Z macro-backtrace for more info)
[INFO] [stderr] 
[INFO] [stderr] error[E0423]: expected value, found struct `Foo`
[INFO] [stderr]  --> tests/ui/compile-fail/init/wrong_generics2.rs:7:13
[INFO] [stderr]   |
[INFO] [stderr] 3 | / struct Foo<T> {
[INFO] [stderr] 4 | |     value: T,
[INFO] [stderr] 5 | | }
[INFO] [stderr]   | |_- `Foo` defined here
[INFO] [stderr] 6 |   fn main() {
[INFO] [stderr] 7 |       let _ = init!(Foo::<(), ()> {
[INFO] [stderr]   |  _____________^
[INFO] [stderr] 8 | |         value <- (),
[INFO] [stderr] 9 | |     });
[INFO] [stderr]   | |______^ help: use struct literal syntax instead: `Foo { value: val }`
[INFO] [stderr]   |
[INFO] [stderr]   = note: this error originates in the macro `$crate::try_init` which comes from the expansion of the macro `init` (in Nightly builds, run with -Z macro-backtrace for more info)
[INFO] [stderr] 
[INFO] [stderr] error[E0107]: struct takes 1 generic argument but 2 generic arguments were supplied
[INFO] [stderr]  --> tests/ui/compile-fail/init/wrong_generics2.rs:7:19
[INFO] [stderr]   |
[INFO] [stderr] 7 |     let _ = init!(Foo::<(), ()> {
[INFO] [stderr]   |                   ^^^     ---- help: remove the unnecessary generic argument
[INFO] [stderr]   |                   |
[INFO] [stderr]   |                   expected 1 generic argument
[INFO] [stderr]   |
[INFO] [stderr] note: struct defined here, with 1 generic parameter: `T`
[INFO] [stderr]  --> tests/ui/compile-fail/init/wrong_generics2.rs:3:8
[INFO] [stderr]   |
[INFO] [stderr] 3 | struct Foo<T> {
[INFO] [stderr]   |        ^^^ -
[INFO] [stderr] 
[INFO] [stderr] error[E0061]: this function takes 2 arguments but 3 arguments were supplied
[INFO] [stderr]  --> tests/ui/compile-fail/init/wrong_generics2.rs:7:13
[INFO] [stderr]   |
[INFO] [stderr] 7 |       let _ = init!(Foo::<(), ()> {
[INFO] [stderr]   |  _____________^
[INFO] [stderr] 8 | |         value <- (),
[INFO] [stderr] 9 | |     });
[INFO] [stderr]   | |______^ unexpected argument #3
[INFO] [stderr]   |
[INFO] [stderr] note: function defined here
[INFO] [stderr]  --> $RUST/core/src/ptr/mod.rs
[INFO] [stderr]   |
[INFO] [stderr]   | pub const unsafe fn write<T>(dst: *mut T, src: T) {
[INFO] [stderr]   |                     ^^^^^
[INFO] [stderr]   = note: this error originates in the macro `$crate::__init_internal` which comes from the expansion of the macro `init` (in Nightly builds, run with -Z macro-backtrace for more info)
[INFO] [stderr] ┈┈┈┈┈┈┈┈┈┈┈┈┈┈┈┈┈┈┈┈┈┈┈┈┈┈┈┈┈┈┈┈┈┈┈┈┈┈┈┈┈┈┈┈┈┈┈┈┈┈┈┈┈┈┈┈┈┈┈┈
[INFO] [stderr] 
[INFO] [stderr] ACTUAL OUTPUT:
[INFO] [stderr] ┈┈┈┈┈┈┈┈┈┈┈┈┈┈┈┈┈┈┈┈┈┈┈┈┈┈┈┈┈┈┈┈┈┈┈┈┈┈┈┈┈┈┈┈┈┈┈┈┈┈┈┈┈┈┈┈┈┈┈┈
[INFO] [stderr] error: struct literal body without path
[INFO] [stderr]  --> tests/ui/compile-fail/init/wrong_generics2.rs:7:13
[INFO] [stdout] test compile_fail ... FAILED
[INFO] [stderr]   |
[INFO] [stdout] 
[INFO] [stderr] 7 |       let _ = init!(Foo::<(), ()> {
[INFO] [stdout] failures:
[INFO] [stderr]   |  _____________^
[INFO] [stdout] 
[INFO] [stderr] 8 | |         value <- (),
[INFO] [stdout] ---- expand stdout ----
[INFO] [stderr] 9 | |     });
[INFO] [stdout] Running 4 macro expansion tests
[INFO] [stderr]   | |______^
[INFO] [stdout] Expansion error:
[INFO] [stderr]   |
[INFO] [stdout] error: no such command: `expand`
[INFO] [stderr]   = note: this error originates in the macro `$crate::__init_internal` which comes from the expansion of the macro `init` (in Nightly builds, run with -Z macro-backtrace for more info)
[INFO] [stdout] 
[INFO] [stderr] help: you might have forgotten to add the struct literal inside the block
[INFO] [stdout] 	View all installed commands with `cargo --list`
[INFO] [stderr]  --> src/macros.rs
[INFO] [stdout] 	Find a package to install `expand` with `cargo search cargo-expand`
[INFO] [stderr]   |
[INFO] [stdout] 
[INFO] [stderr]   ~                 ::core::ptr::write($slot, $t { SomeStruct {
[INFO] [stdout] Expansion error:
[INFO] [stderr]   |4                    $($acc)*
[INFO] [stdout] error: no such command: `expand`
[INFO] [stderr]   ~                 } });
[INFO] [stdout] 
[INFO] [stderr]   |
[INFO] [stdout] 	View all installed commands with `cargo --list`
[INFO] [stderr] 
[INFO] [stdout] 	Find a package to install `expand` with `cargo search cargo-expand`
[INFO] [stderr] error: expected one of `)`, `,`, `.`, `?`, or an operator, found `{`
[INFO] [stdout] 
[INFO] [stderr]  --> tests/ui/compile-fail/init/wrong_generics2.rs:7:13
[INFO] [stdout] Expansion error:
[INFO] [stderr]   |
[INFO] [stdout] error: no such command: `expand`
[INFO] [stderr] 7 |       let _ = init!(Foo::<(), ()> {
[INFO] [stdout] 
[INFO] [stderr]   |  _____________^
[INFO] [stdout] 	View all installed commands with `cargo --list`
[INFO] [stderr] 8 | |         value <- (),
[INFO] [stdout] 	Find a package to install `expand` with `cargo search cargo-expand`
[INFO] [stderr] 9 | |     });
[INFO] [stdout] 
[INFO] [stderr]   | |      ^
[INFO] [stdout] Expansion error:
[INFO] [stderr]   | |      |
[INFO] [stdout] error: no such command: `expand`
[INFO] [stderr]   | |______expected one of `)`, `,`, `.`, `?`, or an operator
[INFO] [stdout] 
[INFO] [stderr]   |        help: missing `,`
[INFO] [stdout] 	View all installed commands with `cargo --list`
[INFO] [stderr]   |
[INFO] [stdout] 	Find a package to install `expand` with `cargo search cargo-expand`
[INFO] [stderr]   = note: this error originates in the macro `$crate::__init_internal` which comes from the expansion of the macro `init` (in Nightly builds, run with -Z macro-backtrace for more info)
[INFO] [stdout] 
[INFO] [stderr] 
[INFO] [stdout] 
[INFO] [stderr] error[E0423]: expected value, found struct `Foo`
[INFO] [stdout] 
[INFO] [stderr]  --> tests/ui/compile-fail/init/wrong_generics2.rs:7:13
[INFO] [stdout] 
[INFO] [stderr]   |
[INFO] [stdout] 
[INFO] [stderr] 3 | / struct Foo<T> {
[INFO] [stdout] thread 'expand' panicked at /opt/rustwide/cargo-home/registry/src/index.crates.io-1949cf8c6b5b557f/macrotest-1.0.11/src/expand.rs:174:9:
[INFO] [stderr] 4 | |     value: T,
[INFO] [stdout] 4 of 4 tests failed
[INFO] [stderr] 5 | | }
[INFO] [stdout] stack backtrace:
[INFO] [stderr]   | |_- `Foo` defined here
[INFO] [stdout]    0:     0x6329cec785ea - std::backtrace_rs::backtrace::libunwind::trace::hb059275cfc8d6126
[INFO] [stderr] 6 |   fn main() {
[INFO] [stdout]                                at /rustc/6067b36314ab5eb2eb47cecc464545ba58e1ad24/library/std/src/../../backtrace/src/backtrace/libunwind.rs:116:5
[INFO] [stderr] 7 |       let _ = init!(Foo::<(), ()> {
[INFO] [stdout]    1:     0x6329cec785ea - std::backtrace_rs::backtrace::trace_unsynchronized::h2da071e4327ce3ee
[INFO] [stderr]   |  _____________^
[INFO] [stdout]                                at /rustc/6067b36314ab5eb2eb47cecc464545ba58e1ad24/library/std/src/../../backtrace/src/backtrace/mod.rs:66:5
[INFO] [stderr] 8 | |         value <- (),
[INFO] [stdout]    2:     0x6329cec785ea - std::sys::backtrace::_print_fmt::h842a1474e6f8d23f
[INFO] [stderr] 9 | |     });
[INFO] [stdout]                                at /rustc/6067b36314ab5eb2eb47cecc464545ba58e1ad24/library/std/src/sys/backtrace.rs:66:9
[INFO] [stderr]   | |______^ help: use struct literal syntax instead: `Foo { value: val }`
[INFO] [stdout]    3:     0x6329cec785ea - <std::sys::backtrace::BacktraceLock::print::DisplayBacktrace as core::fmt::Display>::fmt::h71a62eb3b9696b12
[INFO] [stderr]   |
[INFO] [stdout]                                at /rustc/6067b36314ab5eb2eb47cecc464545ba58e1ad24/library/std/src/sys/backtrace.rs:39:26
[INFO] [stderr]   = note: this error originates in the macro `$crate::try_init` which comes from the expansion of the macro `init` (in Nightly builds, run with -Z macro-backtrace for more info)
[INFO] [stdout]    4:     0x6329ceca3e63 - core::fmt::rt::Argument::fmt::hdb6b616786b41dc1
[INFO] [stderr] 
[INFO] [stdout]                                at /rustc/6067b36314ab5eb2eb47cecc464545ba58e1ad24/library/core/src/fmt/rt.rs:177:76
[INFO] [stderr] error[E0107]: struct takes 1 generic argument but 2 generic arguments were supplied
[INFO] [stdout]    5:     0x6329ceca3e63 - core::fmt::write::h2cc1698af7e2d686
[INFO] [stderr]  --> tests/ui/compile-fail/init/wrong_generics2.rs:7:19
[INFO] [stdout]                                at /rustc/6067b36314ab5eb2eb47cecc464545ba58e1ad24/library/core/src/fmt/mod.rs:1440:21
[INFO] [stderr]   |
[INFO] [stdout]    6:     0x6329cec74363 - std::io::Write::write_fmt::hab1b4cd059a79022
[INFO] [stderr] 7 |     let _ = init!(Foo::<(), ()> {
[INFO] [stdout]                                at /rustc/6067b36314ab5eb2eb47cecc464545ba58e1ad24/library/std/src/io/mod.rs:1887:15
[INFO] [stderr]   |                   ^^^     ---- help: remove the unnecessary generic argument
[INFO] [stdout]    7:     0x6329cec78432 - std::sys::backtrace::BacktraceLock::print::h147fe35b4ea13b08
[INFO] [stderr]   |                   |
[INFO] [stdout]                                at /rustc/6067b36314ab5eb2eb47cecc464545ba58e1ad24/library/std/src/sys/backtrace.rs:42:9
[INFO] [stderr]   |                   expected 1 generic argument
[INFO] [stdout]    8:     0x6329cec79a0f - std::panicking::default_hook::{{closure}}::hbd44223dbdc0d208
[INFO] [stderr]   |
[INFO] [stdout]                                at /rustc/6067b36314ab5eb2eb47cecc464545ba58e1ad24/library/std/src/panicking.rs:298:22
[INFO] [stderr] note: struct defined here, with 1 generic parameter: `T`
[INFO] [stdout]    9:     0x6329cec79828 - std::panicking::default_hook::h20f81eb0576efcec
[INFO] [stderr]  --> tests/ui/compile-fail/init/wrong_generics2.rs:3:8
[INFO] [stdout]                                at /rustc/6067b36314ab5eb2eb47cecc464545ba58e1ad24/library/std/src/panicking.rs:322:9
[INFO] [stderr]   |
[INFO] [stdout]   10:     0x6329cec3fbc3 - <alloc::boxed::Box<F,A> as core::ops::function::Fn<Args>>::call::hdb53814c496a4d34
[INFO] [stderr] 3 | struct Foo<T> {
[INFO] [stdout]                                at /rustc/6067b36314ab5eb2eb47cecc464545ba58e1ad24/library/alloc/src/boxed.rs:2027:9
[INFO] [stderr]   |        ^^^ -
[INFO] [stdout]   11:     0x6329cec3fbc3 - test::test_main::{{closure}}::hc0a4963c59427c24
[INFO] [stderr] 
[INFO] [stdout]                                at /rustc/6067b36314ab5eb2eb47cecc464545ba58e1ad24/library/test/src/lib.rs:134:21
[INFO] [stderr] error[E0061]: this function takes 2 arguments but 3 arguments were supplied
[INFO] [stdout]   12:     0x6329cec7a503 - <alloc::boxed::Box<F,A> as core::ops::function::Fn<Args>>::call::h591b2225413a77e9
[INFO] [stderr]  --> tests/ui/compile-fail/init/wrong_generics2.rs:7:13
[INFO] [stdout]                                at /rustc/6067b36314ab5eb2eb47cecc464545ba58e1ad24/library/alloc/src/boxed.rs:2027:9
[INFO] [stderr]   |
[INFO] [stdout]   13:     0x6329cec7a503 - std::panicking::rust_panic_with_hook::h625eea43051b2edc
[INFO] [stderr] 7 |       let _ = init!(Foo::<(), ()> {
[INFO] [stdout]                                at /rustc/6067b36314ab5eb2eb47cecc464545ba58e1ad24/library/std/src/panicking.rs:839:13
[INFO] [stderr]   |  _____________^
[INFO] [stdout]   14:     0x6329cec7a1ba - std::panicking::begin_panic_handler::{{closure}}::h4f9159cfbc3f6bd3
[INFO] [stderr] 8 | |         value <- (),
[INFO] [stdout]                                at /rustc/6067b36314ab5eb2eb47cecc464545ba58e1ad24/library/std/src/panicking.rs:704:13
[INFO] [stderr] 9 | |     });
[INFO] [stdout]   15:     0x6329cec78ae9 - std::sys::backtrace::__rust_end_short_backtrace::h0390abce48353151
[INFO] [stderr]   | |______^ unexpected argument #3
[INFO] [stdout]                                at /rustc/6067b36314ab5eb2eb47cecc464545ba58e1ad24/library/std/src/sys/backtrace.rs:168:18
[INFO] [stderr]   |
[INFO] [stdout]   16:     0x6329cec79e4d - rust_begin_unwind
[INFO] [stderr] note: function defined here
[INFO] [stdout]                                at /rustc/6067b36314ab5eb2eb47cecc464545ba58e1ad24/library/std/src/panicking.rs:695:5
[INFO] [stderr]  --> $RUST/core/src/ptr/mod.rs
[INFO] [stdout]   17:     0x6329ceca2160 - core::panicking::panic_fmt::h9e7c637e9e5f29c9
[INFO] [stderr]   = note: this error originates in the macro `$crate::__init_internal` which comes from the expansion of the macro `init` (in Nightly builds, run with -Z macro-backtrace for more info)
[INFO] [stdout]                                at /rustc/6067b36314ab5eb2eb47cecc464545ba58e1ad24/library/core/src/panicking.rs:75:14
[INFO] [stderr] ┈┈┈┈┈┈┈┈┈┈┈┈┈┈┈┈┈┈┈┈┈┈┈┈┈┈┈┈┈┈┈┈┈┈┈┈┈┈┈┈┈┈┈┈┈┈┈┈┈┈┈┈┈┈┈┈┈┈┈┈
[INFO] [stdout]   18:     0x6329ce6d03c2 - macrotest::expand::run_tests::h70fe75ca0c945b90
[INFO] [stderr] note: If the actual output is the correct output you can bless it by rerunning
[INFO] [stdout]                                at /opt/rustwide/cargo-home/registry/src/index.crates.io-1949cf8c6b5b557f/macrotest-1.0.11/src/expand.rs:174:9
[INFO] [stderr]       your test with the environment variable TRYBUILD=overwrite
[INFO] [stdout]   19:     0x6329ce6cff25 - macrotest::expand::expand::h4ea6f7d7b8ce9dbb
[INFO] [stderr] 
[INFO] [stdout]                                at /opt/rustwide/cargo-home/registry/src/index.crates.io-1949cf8c6b5b557f/macrotest-1.0.11/src/expand.rs:58:5
[INFO] [stderr] test tests/ui/compile-fail/zeroable/with_comma.rs ... ok
[INFO] [stdout]   20:     0x6329ce6d10b2 - ui::expand::h9d8803a7a81fc729
[INFO] [stderr] 
[INFO] [stdout]                                at /opt/rustwide/workdir/tests/ui.rs:12:5
[INFO] [stderr] 
[INFO] [stdout]   21:     0x6329ce6d1087 - ui::expand::{{closure}}::h922d5b5fd799e347
[INFO] [stdout]                                at /opt/rustwide/workdir/tests/ui.rs:11:12
[INFO] [stdout]   22:     0x6329ce6caf26 - core::ops::function::FnOnce::call_once::h0dc936542395563a
[INFO] [stdout]                                at /rustc/6067b36314ab5eb2eb47cecc464545ba58e1ad24/library/core/src/ops/function.rs:250:5
[INFO] [stdout]   23:     0x6329cec4531b - core::ops::function::FnOnce::call_once::he27718dfdd183f43
[INFO] [stdout]                                at /rustc/6067b36314ab5eb2eb47cecc464545ba58e1ad24/library/core/src/ops/function.rs:250:5
[INFO] [stdout]   24:     0x6329cec4531b - test::__rust_begin_short_backtrace::h4e84902998457a5d
[INFO] [stdout]                                at /rustc/6067b36314ab5eb2eb47cecc464545ba58e1ad24/library/test/src/lib.rs:632:18
[INFO] [stdout]   25:     0x6329cec44253 - test::run_test_in_process::{{closure}}::h7176fd18fc1feca0
[INFO] [stdout]                                at /rustc/6067b36314ab5eb2eb47cecc464545ba58e1ad24/library/test/src/lib.rs:655:60
[INFO] [stdout]   26:     0x6329cec44253 - <core::panic::unwind_safe::AssertUnwindSafe<F> as core::ops::function::FnOnce<()>>::call_once::hf79cff2a624d8cf7
[INFO] [stdout]                                at /rustc/6067b36314ab5eb2eb47cecc464545ba58e1ad24/library/core/src/panic/unwind_safe.rs:272:9
[INFO] [stdout]   27:     0x6329cec44253 - std::panicking::try::do_call::h3da0561d9ab99c25
[INFO] [stdout]                                at /rustc/6067b36314ab5eb2eb47cecc464545ba58e1ad24/library/std/src/panicking.rs:587:40
[INFO] [stdout]   28:     0x6329cec44253 - std::panicking::try::h41c9fa508bc61df6
[INFO] [stdout]                                at /rustc/6067b36314ab5eb2eb47cecc464545ba58e1ad24/library/std/src/panicking.rs:550:19
[INFO] [stdout]   29:     0x6329cec44253 - std::panic::catch_unwind::h6b3ff07bb5afad93
[INFO] [stdout]                                at /rustc/6067b36314ab5eb2eb47cecc464545ba58e1ad24/library/std/src/panic.rs:358:14
[INFO] [stdout]   30:     0x6329cec44253 - test::run_test_in_process::hc7253dd11b39b9f4
[INFO] [stdout]                                at /rustc/6067b36314ab5eb2eb47cecc464545ba58e1ad24/library/test/src/lib.rs:655:27
[INFO] [stdout]   31:     0x6329cec44253 - test::run_test::{{closure}}::hfb2007f8649c30bb
[INFO] [stdout]                                at /rustc/6067b36314ab5eb2eb47cecc464545ba58e1ad24/library/test/src/lib.rs:576:43
[INFO] [stdout]   32:     0x6329cec07335 - test::run_test::{{closure}}::h56a17aa7a282a9f4
[INFO] [stdout]                                at /rustc/6067b36314ab5eb2eb47cecc464545ba58e1ad24/library/test/src/lib.rs:606:41
[INFO] [stdout]   33:     0x6329cec07335 - std::sys::backtrace::__rust_begin_short_backtrace::hd2d2d2fb8e8c6aac
[INFO] [stdout]                                at /rustc/6067b36314ab5eb2eb47cecc464545ba58e1ad24/library/std/src/sys/backtrace.rs:152:18
[INFO] [stdout]   34:     0x6329cec0ac1a - std::thread::Builder::spawn_unchecked_::{{closure}}::{{closure}}::h4faa3f9db6133423
[INFO] [stdout]                                at /rustc/6067b36314ab5eb2eb47cecc464545ba58e1ad24/library/std/src/thread/mod.rs:559:17
[INFO] [stdout]   35:     0x6329cec0ac1a - <core::panic::unwind_safe::AssertUnwindSafe<F> as core::ops::function::FnOnce<()>>::call_once::hf2e855a36a4ea846
[INFO] [stdout]                                at /rustc/6067b36314ab5eb2eb47cecc464545ba58e1ad24/library/core/src/panic/unwind_safe.rs:272:9
[INFO] [stdout]   36:     0x6329cec0ac1a - std::panicking::try::do_call::h2f73af3616c35465
[INFO] [stdout]                                at /rustc/6067b36314ab5eb2eb47cecc464545ba58e1ad24/library/std/src/panicking.rs:587:40
[INFO] [stdout]   37:     0x6329cec0ac1a - std::panicking::try::hd1660ce9efadef5a
[INFO] [stdout]                                at /rustc/6067b36314ab5eb2eb47cecc464545ba58e1ad24/library/std/src/panicking.rs:550:19
[INFO] [stdout]   38:     0x6329cec0ac1a - std::panic::catch_unwind::h5ee8d7823b8ca744
[INFO] [stdout]                                at /rustc/6067b36314ab5eb2eb47cecc464545ba58e1ad24/library/std/src/panic.rs:358:14
[INFO] [stdout]   39:     0x6329cec0ac1a - std::thread::Builder::spawn_unchecked_::{{closure}}::h53c3a1894dce8407
[INFO] [stdout]                                at /rustc/6067b36314ab5eb2eb47cecc464545ba58e1ad24/library/std/src/thread/mod.rs:557:30
[INFO] [stdout]   40:     0x6329cec0ac1a - core::ops::function::FnOnce::call_once{{vtable.shim}}::h048ce291ad4f62bf
[INFO] [stdout]                                at /rustc/6067b36314ab5eb2eb47cecc464545ba58e1ad24/library/core/src/ops/function.rs:250:5
[INFO] [stdout]   41:     0x6329cec8003b - <alloc::boxed::Box<F,A> as core::ops::function::FnOnce<Args>>::call_once::ha52bedf99a3b4981
[INFO] [stdout]                                at /rustc/6067b36314ab5eb2eb47cecc464545ba58e1ad24/library/alloc/src/boxed.rs:2013:9
[INFO] [stdout]   42:     0x6329cec8003b - <alloc::boxed::Box<F,A> as core::ops::function::FnOnce<Args>>::call_once::h567748934d80ccf8
[INFO] [stdout]                                at /rustc/6067b36314ab5eb2eb47cecc464545ba58e1ad24/library/alloc/src/boxed.rs:2013:9
[INFO] [stdout]   43:     0x6329cec8003b - std::sys::pal::unix::thread::Thread::new::thread_start::h2d970728ae887adc
[INFO] [stdout]                                at /rustc/6067b36314ab5eb2eb47cecc464545ba58e1ad24/library/std/src/sys/pal/unix/thread.rs:106:17
[INFO] [stdout]   44:     0x788519860ac3 - <unknown>
[INFO] [stdout]   45:     0x7885198f1a04 - clone
[INFO] [stdout]   46:                0x0 - <unknown>
[INFO] [stdout] 
[INFO] [stdout] ---- compile_fail stdout ----
[INFO] [stdout] 
[INFO] [stdout] thread 'compile_fail' panicked at /opt/rustwide/cargo-home/registry/src/index.crates.io-1949cf8c6b5b557f/trybuild-1.0.91/src/run.rs:101:13:
[INFO] [stdout] 4 of 26 tests failed
[INFO] [stdout] stack backtrace:
[INFO] [stdout]    0:     0x6329cec785ea - std::backtrace_rs::backtrace::libunwind::trace::hb059275cfc8d6126
[INFO] [stdout]                                at /rustc/6067b36314ab5eb2eb47cecc464545ba58e1ad24/library/std/src/../../backtrace/src/backtrace/libunwind.rs:116:5
[INFO] [stdout]    1:     0x6329cec785ea - std::backtrace_rs::backtrace::trace_unsynchronized::h2da071e4327ce3ee
[INFO] [stdout]                                at /rustc/6067b36314ab5eb2eb47cecc464545ba58e1ad24/library/std/src/../../backtrace/src/backtrace/mod.rs:66:5
[INFO] [stdout]    2:     0x6329cec785ea - std::sys::backtrace::_print_fmt::h842a1474e6f8d23f
[INFO] [stdout]                                at /rustc/6067b36314ab5eb2eb47cecc464545ba58e1ad24/library/std/src/sys/backtrace.rs:66:9
[INFO] [stdout]    3:     0x6329cec785ea - <std::sys::backtrace::BacktraceLock::print::DisplayBacktrace as core::fmt::Display>::fmt::h71a62eb3b9696b12
[INFO] [stdout]                                at /rustc/6067b36314ab5eb2eb47cecc464545ba58e1ad24/library/std/src/sys/backtrace.rs:39:26
[INFO] [stdout]    4:     0x6329ceca3e63 - core::fmt::rt::Argument::fmt::hdb6b616786b41dc1
[INFO] [stdout]                                at /rustc/6067b36314ab5eb2eb47cecc464545ba58e1ad24/library/core/src/fmt/rt.rs:177:76
[INFO] [stdout]    5:     0x6329ceca3e63 - core::fmt::write::h2cc1698af7e2d686
[INFO] [stdout]                                at /rustc/6067b36314ab5eb2eb47cecc464545ba58e1ad24/library/core/src/fmt/mod.rs:1440:21
[INFO] [stdout]    6:     0x6329cec74363 - std::io::Write::write_fmt::hab1b4cd059a79022
[INFO] [stdout]                                at /rustc/6067b36314ab5eb2eb47cecc464545ba58e1ad24/library/std/src/io/mod.rs:1887:15
[INFO] [stdout]    7:     0x6329cec78432 - std::sys::backtrace::BacktraceLock::print::h147fe35b4ea13b08
[INFO] [stdout]                                at /rustc/6067b36314ab5eb2eb47cecc464545ba58e1ad24/library/std/src/sys/backtrace.rs:42:9
[INFO] [stdout]    8:     0x6329cec79a0f - std::panicking::default_hook::{{closure}}::hbd44223dbdc0d208
[INFO] [stdout]                                at /rustc/6067b36314ab5eb2eb47cecc464545ba58e1ad24/library/std/src/panicking.rs:298:22
[INFO] [stdout]    9:     0x6329cec79828 - std::panicking::default_hook::h20f81eb0576efcec
[INFO] [stdout]                                at /rustc/6067b36314ab5eb2eb47cecc464545ba58e1ad24/library/std/src/panicking.rs:322:9
[INFO] [stdout]   10:     0x6329cec3fbc3 - <alloc::boxed::Box<F,A> as core::ops::function::Fn<Args>>::call::hdb53814c496a4d34
[INFO] [stdout]                                at /rustc/6067b36314ab5eb2eb47cecc464545ba58e1ad24/library/alloc/src/boxed.rs:2027:9
[INFO] [stdout]   11:     0x6329cec3fbc3 - test::test_main::{{closure}}::hc0a4963c59427c24
[INFO] [stdout]                                at /rustc/6067b36314ab5eb2eb47cecc464545ba58e1ad24/library/test/src/lib.rs:134:21
[INFO] [stdout]   12:     0x6329cec7a503 - <alloc::boxed::Box<F,A> as core::ops::function::Fn<Args>>::call::h591b2225413a77e9
[INFO] [stdout]                                at /rustc/6067b36314ab5eb2eb47cecc464545ba58e1ad24/library/alloc/src/boxed.rs:2027:9
[INFO] [stdout]   13:     0x6329cec7a503 - std::panicking::rust_panic_with_hook::h625eea43051b2edc
[INFO] [stdout]                                at /rustc/6067b36314ab5eb2eb47cecc464545ba58e1ad24/library/std/src/panicking.rs:839:13
[INFO] [stdout]   14:     0x6329cec7a1ba - std::panicking::begin_panic_handler::{{closure}}::h4f9159cfbc3f6bd3
[INFO] [stdout]                                at /rustc/6067b36314ab5eb2eb47cecc464545ba58e1ad24/library/std/src/panicking.rs:704:13
[INFO] [stdout]   15:     0x6329cec78ae9 - std::sys::backtrace::__rust_end_short_backtrace::h0390abce48353151
[INFO] [stdout]                                at /rustc/6067b36314ab5eb2eb47cecc464545ba58e1ad24/library/std/src/sys/backtrace.rs:168:18
[INFO] [stdout]   16:     0x6329cec79e4d - rust_begin_unwind
[INFO] [stdout]                                at /rustc/6067b36314ab5eb2eb47cecc464545ba58e1ad24/library/std/src/panicking.rs:695:5
[INFO] [stdout]   17:     0x6329ceca2160 - core::panicking::panic_fmt::h9e7c637e9e5f29c9
[INFO] [stdout]                                at /rustc/6067b36314ab5eb2eb47cecc464545ba58e1ad24/library/core/src/panicking.rs:75:14
[INFO] [stdout]   18:     0x6329ce9635a4 - trybuild::run::<impl trybuild::Runner>::run::h8dd38ff3da06a867
[INFO] [stdout]                                at /opt/rustwide/cargo-home/registry/src/index.crates.io-1949cf8c6b5b557f/trybuild-1.0.91/src/run.rs:101:13
[INFO] [stdout]   19:     0x6329ce96aaf8 - <trybuild::TestCases as core::ops::drop::Drop>::drop::h7d63567f22d7d0ad
[INFO] [stdout]                                at /opt/rustwide/cargo-home/registry/src/index.crates.io-1949cf8c6b5b557f/trybuild-1.0.91/src/lib.rs:317:13
[INFO] [stdout]   20:     0x6329ce6cb047 - core::ptr::drop_in_place<trybuild::TestCases>::h1ca89cddde0e5031
[INFO] [stdout]                                at /rustc/6067b36314ab5eb2eb47cecc464545ba58e1ad24/library/core/src/ptr/mod.rs:523:1
[INFO] [stdout]   21:     0x6329ce6d104b - ui::compile_fail::h373d36d3ec7eb224
[INFO] [stdout]                                at /opt/rustwide/workdir/tests/ui.rs:8:1
[INFO] [stdout]   22:     0x6329ce6d0f97 - ui::compile_fail::{{closure}}::h4af8d4625a59502e
[INFO] [stdout]                                at /opt/rustwide/workdir/tests/ui.rs:2:18
[INFO] [stdout]   23:     0x6329ce6caf76 - core::ops::function::FnOnce::call_once::hb48e8b64dc9e5cde
[INFO] [stdout]                                at /rustc/6067b36314ab5eb2eb47cecc464545ba58e1ad24/library/core/src/ops/function.rs:250:5
[INFO] [stdout]   24:     0x6329cec4531b - core::ops::function::FnOnce::call_once::he27718dfdd183f43
[INFO] [stdout]                                at /rustc/6067b36314ab5eb2eb47cecc464545ba58e1ad24/library/core/src/ops/function.rs:250:5
[INFO] [stdout]   25:     0x6329cec4531b - test::__rust_begin_short_backtrace::h4e84902998457a5d
[INFO] [stdout]                                at /rustc/6067b36314ab5eb2eb47cecc464545ba58e1ad24/library/test/src/lib.rs:632:18
[INFO] [stdout]   26:     0x6329cec44253 - test::run_test_in_process::{{closure}}::h7176fd18fc1feca0
[INFO] [stdout]                                at /rustc/6067b36314ab5eb2eb47cecc464545ba58e1ad24/library/test/src/lib.rs:655:60
[INFO] [stdout]   27:     0x6329cec44253 - <core::panic::unwind_safe::AssertUnwindSafe<F> as core::ops::function::FnOnce<()>>::call_once::hf79cff2a624d8cf7
[INFO] [stdout]                                at /rustc/6067b36314ab5eb2eb47cecc464545ba58e1ad24/library/core/src/panic/unwind_safe.rs:272:9
[INFO] [stdout]   28:     0x6329cec44253 - std::panicking::try::do_call::h3da0561d9ab99c25
[INFO] [stdout]                                at /rustc/6067b36314ab5eb2eb47cecc464545ba58e1ad24/library/std/src/panicking.rs:587:40
[INFO] [stdout]   29:     0x6329cec44253 - std::panicking::try::h41c9fa508bc61df6
[INFO] [stdout]                                at /rustc/6067b36314ab5eb2eb47cecc464545ba58e1ad24/library/std/src/panicking.rs:550:19
[INFO] [stdout]   30:     0x6329cec44253 - std::panic::catch_unwind::h6b3ff07bb5afad93
[INFO] [stdout]                                at /rustc/6067b36314ab5eb2eb47cecc464545ba58e1ad24/library/std/src/panic.rs:358:14
[INFO] [stdout]   31:     0x6329cec44253 - test::run_test_in_process::hc7253dd11b39b9f4
[INFO] [stdout]                                at /rustc/6067b36314ab5eb2eb47cecc464545ba58e1ad24/library/test/src/lib.rs:655:27
[INFO] [stdout]   32:     0x6329cec44253 - test::run_test::{{closure}}::hfb2007f8649c30bb
[INFO] [stdout]                                at /rustc/6067b36314ab5eb2eb47cecc464545ba58e1ad24/library/test/src/lib.rs:576:43
[INFO] [stdout]   33:     0x6329cec07335 - test::run_test::{{closure}}::h56a17aa7a282a9f4
[INFO] [stdout]                                at /rustc/6067b36314ab5eb2eb47cecc464545ba58e1ad24/library/test/src/lib.rs:606:41
[INFO] [stdout]   34:     0x6329cec07335 - std::sys::backtrace::__rust_begin_short_backtrace::hd2d2d2fb8e8c6aac
[INFO] [stdout]                                at /rustc/6067b36314ab5eb2eb47cecc464545ba58e1ad24/library/std/src/sys/backtrace.rs:152:18
[INFO] [stdout]   35:     0x6329cec0ac1a - std::thread::Builder::spawn_unchecked_::{{closure}}::{{closure}}::h4faa3f9db6133423
[INFO] [stdout]                                at /rustc/6067b36314ab5eb2eb47cecc464545ba58e1ad24/library/std/src/thread/mod.rs:559:17
[INFO] [stdout]   36:     0x6329cec0ac1a - <core::panic::unwind_safe::AssertUnwindSafe<F> as core::ops::function::FnOnce<()>>::call_once::hf2e855a36a4ea846
[INFO] [stdout]                                at /rustc/6067b36314ab5eb2eb47cecc464545ba58e1ad24/library/core/src/panic/unwind_safe.rs:272:9
[INFO] [stdout]   37:     0x6329cec0ac1a - std::panicking::try::do_call::h2f73af3616c35465
[INFO] [stdout]                                at /rustc/6067b36314ab5eb2eb47cecc464545ba58e1ad24/library/std/src/panicking.rs:587:40
[INFO] [stdout]   38:     0x6329cec0ac1a - std::panicking::try::hd1660ce9efadef5a
[INFO] [stdout]                                at /rustc/6067b36314ab5eb2eb47cecc464545ba58e1ad24/library/std/src/panicking.rs:550:19
[INFO] [stdout]   39:     0x6329cec0ac1a - std::panic::catch_unwind::h5ee8d7823b8ca744
[INFO] [stdout]                                at /rustc/6067b36314ab5eb2eb47cecc464545ba58e1ad24/library/std/src/panic.rs:358:14
[INFO] [stdout]   40:     0x6329cec0ac1a - std::thread::Builder::spawn_unchecked_::{{closure}}::h53c3a1894dce8407
[INFO] [stdout]                                at /rustc/6067b36314ab5eb2eb47cecc464545ba58e1ad24/library/std/src/thread/mod.rs:557:30
[INFO] [stdout]   41:     0x6329cec0ac1a - core::ops::function::FnOnce::call_once{{vtable.shim}}::h048ce291ad4f62bf
[INFO] [stdout]                                at /rustc/6067b36314ab5eb2eb47cecc464545ba58e1ad24/library/core/src/ops/function.rs:250:5
[INFO] [stdout]   42:     0x6329cec8003b - <alloc::boxed::Box<F,A> as core::ops::function::FnOnce<Args>>::call_once::ha52bedf99a3b4981
[INFO] [stdout]                                at /rustc/6067b36314ab5eb2eb47cecc464545ba58e1ad24/library/alloc/src/boxed.rs:2013:9
[INFO] [stdout]   43:     0x6329cec8003b - <alloc::boxed::Box<F,A> as core::ops::function::FnOnce<Args>>::call_once::h567748934d80ccf8
[INFO] [stdout]                                at /rustc/6067b36314ab5eb2eb47cecc464545ba58e1ad24/library/alloc/src/boxed.rs:2013:9
[INFO] [stdout]   44:     0x6329cec8003b - std::sys::pal::unix::thread::Thread::new::thread_start::h2d970728ae887adc
[INFO] [stdout]                                at /rustc/6067b36314ab5eb2eb47cecc464545ba58e1ad24/library/std/src/sys/pal/unix/thread.rs:106:17
[INFO] [stdout]   45:     0x788519860ac3 - <unknown>
[INFO] [stdout]   46:     0x7885198f1a04 - clone
[INFO] [stdout]   47:                0x0 - <unknown>
[INFO] [stdout] 
[INFO] [stdout] 
[INFO] [stdout] failures:
[INFO] [stdout]     compile_fail
[INFO] [stdout]     expand
[INFO] [stdout] 
[INFO] [stdout] test result: FAILED. 0 passed; 2 failed; 0 ignored; 0 measured; 0 filtered out; finished in 11.43s
[INFO] [stdout] 
[INFO] [stderr] error: test failed, to rerun pass `--test ui`
[INFO] running `Command { std: "docker" "inspect" "d4f43e2550c3c6644cb1acfa01601f1e9259f12b4d853a01d31b261d8a9c29b5", kill_on_drop: false }`
[INFO] running `Command { std: "docker" "rm" "-f" "d4f43e2550c3c6644cb1acfa01601f1e9259f12b4d853a01d31b261d8a9c29b5", kill_on_drop: false }`
[INFO] [stdout] d4f43e2550c3c6644cb1acfa01601f1e9259f12b4d853a01d31b261d8a9c29b5
