[INFO] fetching crate pink-sidevm-macro 0.1.1...
[INFO] testing pink-sidevm-macro-0.1.1 against nightly-2025-01-18 for randomize-layout-2
[INFO] extracting crate pink-sidevm-macro 0.1.1 into /workspace/builds/worker-7-tc1/source
[INFO] validating manifest of crates.io crate pink-sidevm-macro 0.1.1 on toolchain nightly-2025-01-18
[INFO] running `Command { std: CARGO_HOME="/workspace/cargo-home" RUSTUP_HOME="/workspace/rustup-home" "/workspace/cargo-home/bin/cargo" "+nightly-2025-01-18" "metadata" "--manifest-path" "Cargo.toml" "--no-deps", kill_on_drop: false }`
[INFO] started tweaking crates.io crate pink-sidevm-macro 0.1.1
[INFO] finished tweaking crates.io crate pink-sidevm-macro 0.1.1
[INFO] tweaked toml for crates.io crate pink-sidevm-macro 0.1.1 written to /workspace/builds/worker-7-tc1/source/Cargo.toml
[INFO] running `Command { std: CARGO_HOME="/workspace/cargo-home" RUSTUP_HOME="/workspace/rustup-home" "/workspace/cargo-home/bin/cargo" "+nightly-2025-01-18" "generate-lockfile" "--manifest-path" "Cargo.toml", kill_on_drop: false }`
[INFO] [stderr]     Updating crates.io index
[INFO] [stderr]      Locking 31 packages to latest compatible versions
[INFO] [stderr]       Adding heck v0.4.1 (available: v0.5.0)
[INFO] [stderr]       Adding proc-macro-crate v1.3.1 (available: v3.2.0)
[INFO] [stderr]       Adding syn v1.0.109 (available: v2.0.96)
[INFO] running `Command { std: CARGO_HOME="/workspace/cargo-home" RUSTUP_HOME="/workspace/rustup-home" "/workspace/cargo-home/bin/cargo" "+nightly-2025-01-18" "fetch" "--manifest-path" "Cargo.toml", kill_on_drop: false }`
[INFO] [stderr]  Downloading crates ...
[INFO] [stderr]   Downloaded rustfmt-snippet v0.1.2
[INFO] running `Command { std: "docker" "create" "-v" "/var/lib/crater-agent-workspace/builds/worker-7-tc1/target:/opt/rustwide/target:rw,Z" "-v" "/var/lib/crater-agent-workspace/builds/worker-7-tc1/source:/opt/rustwide/workdir:ro,Z" "-v" "/var/lib/crater-agent-workspace/cargo-home:/opt/rustwide/cargo-home:ro,Z" "-v" "/var/lib/crater-agent-workspace/rustup-home:/opt/rustwide/rustup-home:ro,Z" "-e" "SOURCE_DIR=/opt/rustwide/workdir" "-e" "CARGO_TARGET_DIR=/opt/rustwide/target" "-e" "CARGO_HOME=/opt/rustwide/cargo-home" "-e" "RUSTUP_HOME=/opt/rustwide/rustup-home" "-w" "/opt/rustwide/workdir" "-m" "1610612736" "--user" "0:0" "--network" "none" "ghcr.io/rust-lang/crates-build-env/linux@sha256:819108c5571ea2e421544af4d832f968d213c87fbe3707a016657f43d2f853bc" "/opt/rustwide/cargo-home/bin/cargo" "+nightly-2025-01-18" "metadata" "--no-deps" "--format-version=1", kill_on_drop: false }`
[INFO] [stdout] 1fc170e0c8d023e903392b5b7ad898d88dd779631f6ab628f8402cf7aaed05dd
[INFO] running `Command { std: "docker" "start" "-a" "1fc170e0c8d023e903392b5b7ad898d88dd779631f6ab628f8402cf7aaed05dd", kill_on_drop: false }`
[INFO] running `Command { std: "docker" "inspect" "1fc170e0c8d023e903392b5b7ad898d88dd779631f6ab628f8402cf7aaed05dd", kill_on_drop: false }`
[INFO] running `Command { std: "docker" "rm" "-f" "1fc170e0c8d023e903392b5b7ad898d88dd779631f6ab628f8402cf7aaed05dd", kill_on_drop: false }`
[INFO] [stdout] 1fc170e0c8d023e903392b5b7ad898d88dd779631f6ab628f8402cf7aaed05dd
[INFO] running `Command { std: "docker" "create" "-v" "/var/lib/crater-agent-workspace/builds/worker-7-tc1/target:/opt/rustwide/target:rw,Z" "-v" "/var/lib/crater-agent-workspace/builds/worker-7-tc1/source:/opt/rustwide/workdir:ro,Z" "-v" "/var/lib/crater-agent-workspace/cargo-home:/opt/rustwide/cargo-home:ro,Z" "-v" "/var/lib/crater-agent-workspace/rustup-home:/opt/rustwide/rustup-home:ro,Z" "-e" "SOURCE_DIR=/opt/rustwide/workdir" "-e" "CARGO_TARGET_DIR=/opt/rustwide/target" "-e" "CARGO_INCREMENTAL=0" "-e" "RUST_BACKTRACE=full" "-e" "RUSTFLAGS=--cap-lints=forbid" "-e" "RUSTDOCFLAGS=--cap-lints=forbid" "-e" "CARGO_HOME=/opt/rustwide/cargo-home" "-e" "RUSTUP_HOME=/opt/rustwide/rustup-home" "-w" "/opt/rustwide/workdir" "-m" "1610612736" "--user" "0:0" "--network" "none" "ghcr.io/rust-lang/crates-build-env/linux@sha256:819108c5571ea2e421544af4d832f968d213c87fbe3707a016657f43d2f853bc" "/opt/rustwide/cargo-home/bin/cargo" "+nightly-2025-01-18" "build" "--frozen" "--message-format=json", kill_on_drop: false }`
[INFO] [stdout] 86ad9c55cdae283aeae4b642e086d6af3a3b17ee8daa07f3b0d2213a9182b9d6
[INFO] running `Command { std: "docker" "start" "-a" "86ad9c55cdae283aeae4b642e086d6af3a3b17ee8daa07f3b0d2213a9182b9d6", kill_on_drop: false }`
[INFO] [stderr]    Compiling proc-macro2 v1.0.93
[INFO] [stderr]    Compiling unicode-ident v1.0.14
[INFO] [stderr]    Compiling hashbrown v0.15.2
[INFO] [stderr]    Compiling equivalent v1.0.1
[INFO] [stderr]    Compiling toml_datetime v0.6.8
[INFO] [stderr]    Compiling winnow v0.5.40
[INFO] [stderr]    Compiling syn v1.0.109
[INFO] [stderr]    Compiling once_cell v1.20.2
[INFO] [stderr]    Compiling heck v0.4.1
[INFO] [stderr]    Compiling indexmap v2.7.1
[INFO] [stderr]    Compiling quote v1.0.38
[INFO] [stderr]    Compiling toml_edit v0.19.15
[INFO] [stderr]    Compiling proc-macro-crate v1.3.1
[INFO] [stderr]    Compiling pink-sidevm-macro v0.1.1 (/opt/rustwide/workdir)
[INFO] [stderr]     Finished `dev` profile [unoptimized + debuginfo] target(s) in 16.60s
[INFO] running `Command { std: "docker" "inspect" "86ad9c55cdae283aeae4b642e086d6af3a3b17ee8daa07f3b0d2213a9182b9d6", kill_on_drop: false }`
[INFO] running `Command { std: "docker" "rm" "-f" "86ad9c55cdae283aeae4b642e086d6af3a3b17ee8daa07f3b0d2213a9182b9d6", kill_on_drop: false }`
[INFO] [stdout] 86ad9c55cdae283aeae4b642e086d6af3a3b17ee8daa07f3b0d2213a9182b9d6
[INFO] running `Command { std: "docker" "create" "-v" "/var/lib/crater-agent-workspace/builds/worker-7-tc1/target:/opt/rustwide/target:rw,Z" "-v" "/var/lib/crater-agent-workspace/builds/worker-7-tc1/source:/opt/rustwide/workdir:ro,Z" "-v" "/var/lib/crater-agent-workspace/cargo-home:/opt/rustwide/cargo-home:ro,Z" "-v" "/var/lib/crater-agent-workspace/rustup-home:/opt/rustwide/rustup-home:ro,Z" "-e" "SOURCE_DIR=/opt/rustwide/workdir" "-e" "CARGO_TARGET_DIR=/opt/rustwide/target" "-e" "CARGO_INCREMENTAL=0" "-e" "RUST_BACKTRACE=full" "-e" "RUSTFLAGS=--cap-lints=forbid" "-e" "RUSTDOCFLAGS=--cap-lints=forbid" "-e" "CARGO_HOME=/opt/rustwide/cargo-home" "-e" "RUSTUP_HOME=/opt/rustwide/rustup-home" "-w" "/opt/rustwide/workdir" "-m" "1610612736" "--user" "0:0" "--network" "none" "ghcr.io/rust-lang/crates-build-env/linux@sha256:819108c5571ea2e421544af4d832f968d213c87fbe3707a016657f43d2f853bc" "/opt/rustwide/cargo-home/bin/cargo" "+nightly-2025-01-18" "test" "--frozen" "--no-run" "--message-format=json", kill_on_drop: false }`
[INFO] [stdout] 611aa38617df5f61640b2bff75e24f0139054aa46f341c5b5b02f282bb89464b
[INFO] running `Command { std: "docker" "start" "-a" "611aa38617df5f61640b2bff75e24f0139054aa46f341c5b5b02f282bb89464b", kill_on_drop: false }`
[INFO] [stderr]    Compiling libc v0.2.169
[INFO] [stderr]    Compiling linked-hash-map v0.5.6
[INFO] [stderr]    Compiling similar v2.7.0
[INFO] [stderr]    Compiling rustfmt-snippet v0.1.2
[INFO] [stderr]    Compiling pink-sidevm-macro v0.1.1 (/opt/rustwide/workdir)
[INFO] [stderr]    Compiling console v0.15.10
[INFO] [stderr]    Compiling insta v1.42.0
[INFO] [stdout] warning: use of deprecated macro `insta::assert_display_snapshot`: use assert_snapshot!() instead
[INFO] [stdout]   --> src/tests.rs:18:5
[INFO] [stdout]    |
[INFO] [stdout] 18 |     insta::assert_display_snapshot!(rustfmt_snippet::rustfmt_token_stream(&stream).unwrap())
[INFO] [stdout]    |     ^^^^^^^^^^^^^^^^^^^^^^^^^^^^^^
[INFO] [stdout]    |
[INFO] [stdout]    = note: `#[warn(deprecated)]` on by default
[INFO] [stdout] 
[INFO] [stdout] 
[INFO] [stdout] warning: use of deprecated macro `insta::assert_display_snapshot`: use assert_snapshot!() instead
[INFO] [stdout]   --> src/tests.rs:28:5
[INFO] [stdout]    |
[INFO] [stdout] 28 |     insta::assert_display_snapshot!(rustfmt_snippet::rustfmt_token_stream(&stream).unwrap())
[INFO] [stdout]    |     ^^^^^^^^^^^^^^^^^^^^^^^^^^^^^^
[INFO] [stdout] 
[INFO] [stdout] 
[INFO] [stderr]     Finished `test` profile [unoptimized + debuginfo] target(s) in 7.02s
[INFO] running `Command { std: "docker" "inspect" "611aa38617df5f61640b2bff75e24f0139054aa46f341c5b5b02f282bb89464b", kill_on_drop: false }`
[INFO] running `Command { std: "docker" "rm" "-f" "611aa38617df5f61640b2bff75e24f0139054aa46f341c5b5b02f282bb89464b", kill_on_drop: false }`
[INFO] [stdout] 611aa38617df5f61640b2bff75e24f0139054aa46f341c5b5b02f282bb89464b
[INFO] running `Command { std: "docker" "create" "-v" "/var/lib/crater-agent-workspace/builds/worker-7-tc1/target:/opt/rustwide/target:rw,Z" "-v" "/var/lib/crater-agent-workspace/builds/worker-7-tc1/source:/opt/rustwide/workdir:ro,Z" "-v" "/var/lib/crater-agent-workspace/cargo-home:/opt/rustwide/cargo-home:ro,Z" "-v" "/var/lib/crater-agent-workspace/rustup-home:/opt/rustwide/rustup-home:ro,Z" "-e" "SOURCE_DIR=/opt/rustwide/workdir" "-e" "CARGO_TARGET_DIR=/opt/rustwide/target" "-e" "CARGO_INCREMENTAL=0" "-e" "RUST_BACKTRACE=full" "-e" "RUSTFLAGS=--cap-lints=forbid" "-e" "RUSTDOCFLAGS=--cap-lints=forbid" "-e" "CARGO_HOME=/opt/rustwide/cargo-home" "-e" "RUSTUP_HOME=/opt/rustwide/rustup-home" "-w" "/opt/rustwide/workdir" "-m" "1610612736" "--user" "0:0" "--network" "none" "ghcr.io/rust-lang/crates-build-env/linux@sha256:819108c5571ea2e421544af4d832f968d213c87fbe3707a016657f43d2f853bc" "/opt/rustwide/cargo-home/bin/cargo" "+nightly-2025-01-18" "test" "--frozen", kill_on_drop: false }`
[INFO] [stdout] c1c65b6d78bc71aeddb511a5df66df64def586ef89af3fdfb7659646ca68a67b
[INFO] running `Command { std: "docker" "start" "-a" "c1c65b6d78bc71aeddb511a5df66df64def586ef89af3fdfb7659646ca68a67b", kill_on_drop: false }`
[INFO] [stderr] warning: use of deprecated macro `insta::assert_display_snapshot`: use assert_snapshot!() instead
[INFO] [stderr]   --> src/tests.rs:18:5
[INFO] [stderr]    |
[INFO] [stderr] 18 |     insta::assert_display_snapshot!(rustfmt_snippet::rustfmt_token_stream(&stream).unwrap())
[INFO] [stderr]    |     ^^^^^^^^^^^^^^^^^^^^^^^^^^^^^^
[INFO] [stderr]    |
[INFO] [stderr]    = note: `#[warn(deprecated)]` on by default
[INFO] [stderr] 
[INFO] [stderr] warning: use of deprecated macro `insta::assert_display_snapshot`: use assert_snapshot!() instead
[INFO] [stderr]   --> src/tests.rs:28:5
[INFO] [stderr]    |
[INFO] [stderr] 28 |     insta::assert_display_snapshot!(rustfmt_snippet::rustfmt_token_stream(&stream).unwrap())
[INFO] [stderr]    |     ^^^^^^^^^^^^^^^^^^^^^^^^^^^^^^
[INFO] [stderr] 
[INFO] [stderr] warning: `pink-sidevm-macro` (lib test) generated 2 warnings
[INFO] [stderr]     Finished `test` profile [unoptimized + debuginfo] target(s) in 0.06s
[INFO] [stderr]      Running unittests src/lib.rs (/opt/rustwide/target/debug/deps/pink_sidevm_macro-302b7d23f1300021)
[INFO] [stdout] 
[INFO] [stdout] running 2 tests
[INFO] [stderr] error: 'rustfmt' is not installed for the toolchain 'nightly-2025-01-18-x86_64-unknown-linux-gnu'.
[INFO] [stderr] To install, run `rustup component add --toolchain nightly-2025-01-18-x86_64-unknown-linux-gnu rustfmt`
[INFO] [stderr] error: 'rustfmt' is not installed for the toolchain 'nightly-2025-01-18-x86_64-unknown-linux-gnu'.
[INFO] [stderr] To install, run `rustup component add --toolchain nightly-2025-01-18-x86_64-unknown-linux-gnu rustfmt`
[INFO] [stdout] test tests::test_main ... FAILED
[INFO] [stdout] test tests::test_ocall ... FAILED
[INFO] [stderr] error: test failed, to rerun pass `--lib`
[INFO] [stdout] 
[INFO] [stdout] failures:
[INFO] [stdout] 
[INFO] [stdout] ---- tests::test_main stdout ----
[INFO] [stdout] ━━━━━━━━━━━━━━━━━━━━━━━━━━━━━━━ Snapshot Summary ━━━━━━━━━━━━━━━━━━━━━━━━━━━━━━━
[INFO] [stdout] Snapshot file: src/snapshots/pink_sidevm_macro__tests__main.snap
[INFO] [stdout] Snapshot: main
[INFO] [stdout] Source: src/tests.rs:28
[INFO] [stdout] ────────────────────────────────────────────────────────────────────────────────
[INFO] [stdout] Expression: rustfmt_snippet::rustfmt_token_stream(&stream).unwrap()
[INFO] [stdout] ────────────────────────────────────────────────────────────────────────────────
[INFO] [stdout] -old snapshot
[INFO] [stdout] +new results
[INFO] [stdout] ────────────┬───────────────────────────────────────────────────────────────────
[INFO] [stdout]     0       │-#[no_mangle]
[INFO] [stdout]     1       │-fn sidevm_main_future() -> std::pin::Pin<std::boxed::Box<dyn std::future::Future<Output = ()>>> {
[INFO] [stdout]     2       │-    async fn the_main() {
[INFO] [stdout]     3       │-        sleep(1).await
[INFO] [stdout]     4       │-    }
[INFO] [stdout]     5       │-    Box::pin(the_main())
[INFO] [stdout]     6       │-}
[INFO] [stdout] ────────────┴───────────────────────────────────────────────────────────────────
[INFO] [stdout] 
[INFO] [stdout] thread 'tests::test_main' panicked at src/tests.rs:28:5:
[INFO] [stdout] called `Result::unwrap()` on an `Err` value: FileIo(Os { code: 30, kind: ReadOnlyFilesystem, message: "Read-only file system" }, "/opt/rustwide/workdir/src/snapshots/pink_sidevm_macro__tests__main.snap.new")
[INFO] [stdout] stack backtrace:
[INFO] [stdout]    0:     0x7efb27caf84a - std::backtrace_rs::backtrace::libunwind::trace::hb059275cfc8d6126
[INFO] [stdout]                                at /rustc/6067b36314ab5eb2eb47cecc464545ba58e1ad24/library/std/src/../../backtrace/src/backtrace/libunwind.rs:116:5
[INFO] [stdout]    1:     0x7efb27caf84a - std::backtrace_rs::backtrace::trace_unsynchronized::h2da071e4327ce3ee
[INFO] [stdout]                                at /rustc/6067b36314ab5eb2eb47cecc464545ba58e1ad24/library/std/src/../../backtrace/src/backtrace/mod.rs:66:5
[INFO] [stdout]    2:     0x7efb27caf84a - std::sys::backtrace::_print_fmt::h842a1474e6f8d23f
[INFO] [stdout]                                at /rustc/6067b36314ab5eb2eb47cecc464545ba58e1ad24/library/std/src/sys/backtrace.rs:66:9
[INFO] [stdout]    3:     0x7efb27caf84a - <std::sys::backtrace::BacktraceLock::print::DisplayBacktrace as core::fmt::Display>::fmt::h71a62eb3b9696b12
[INFO] [stdout]                                at /rustc/6067b36314ab5eb2eb47cecc464545ba58e1ad24/library/std/src/sys/backtrace.rs:39:26
[INFO] [stdout]    4:     0x7efb27d016b3 - core::fmt::rt::Argument::fmt::hdb6b616786b41dc1
[INFO] [stdout]                                at /rustc/6067b36314ab5eb2eb47cecc464545ba58e1ad24/library/core/src/fmt/rt.rs:177:76
[INFO] [stdout]    5:     0x7efb27d016b3 - core::fmt::write::h2cc1698af7e2d686
[INFO] [stdout]                                at /rustc/6067b36314ab5eb2eb47cecc464545ba58e1ad24/library/core/src/fmt/mod.rs:1440:21
[INFO] [stdout]    6:     0x7efb27ca3353 - std::io::Write::write_fmt::hab1b4cd059a79022
[INFO] [stdout]                                at /rustc/6067b36314ab5eb2eb47cecc464545ba58e1ad24/library/std/src/io/mod.rs:1887:15
[INFO] [stdout]    7:     0x7efb27caf692 - std::sys::backtrace::BacktraceLock::print::h147fe35b4ea13b08
[INFO] [stdout]                                at /rustc/6067b36314ab5eb2eb47cecc464545ba58e1ad24/library/std/src/sys/backtrace.rs:42:9
[INFO] [stdout]    8:     0x7efb27cb1c5f - std::panicking::default_hook::{{closure}}::hbd44223dbdc0d208
[INFO] [stdout]                                at /rustc/6067b36314ab5eb2eb47cecc464545ba58e1ad24/library/std/src/panicking.rs:298:22
[INFO] [stdout]    9:     0x7efb27cb1a78 - std::panicking::default_hook::h20f81eb0576efcec
[INFO] [stdout]                                at /rustc/6067b36314ab5eb2eb47cecc464545ba58e1ad24/library/std/src/panicking.rs:322:9
[INFO] [stdout]   10:     0x5870b2d02a43 - <alloc::boxed::Box<F,A> as core::ops::function::Fn<Args>>::call::hdb53814c496a4d34
[INFO] [stdout]                                at /rustc/6067b36314ab5eb2eb47cecc464545ba58e1ad24/library/alloc/src/boxed.rs:2027:9
[INFO] [stdout]   11:     0x5870b2d02a43 - test::test_main::{{closure}}::hc0a4963c59427c24
[INFO] [stdout]                                at /rustc/6067b36314ab5eb2eb47cecc464545ba58e1ad24/library/test/src/lib.rs:134:21
[INFO] [stdout]   12:     0x7efb27cb27c3 - <alloc::boxed::Box<F,A> as core::ops::function::Fn<Args>>::call::h591b2225413a77e9
[INFO] [stdout]                                at /rustc/6067b36314ab5eb2eb47cecc464545ba58e1ad24/library/alloc/src/boxed.rs:2027:9
[INFO] [stdout]   13:     0x7efb27cb27c3 - std::panicking::rust_panic_with_hook::h625eea43051b2edc
[INFO] [stdout]                                at /rustc/6067b36314ab5eb2eb47cecc464545ba58e1ad24/library/std/src/panicking.rs:839:13
[INFO] [stdout]   14:     0x7efb27cb247a - std::panicking::begin_panic_handler::{{closure}}::h4f9159cfbc3f6bd3
[INFO] [stdout]                                at /rustc/6067b36314ab5eb2eb47cecc464545ba58e1ad24/library/std/src/panicking.rs:704:13
[INFO] [stdout]   15:     0x7efb27cafd49 - std::sys::backtrace::__rust_end_short_backtrace::h0390abce48353151
[INFO] [stdout]                                at /rustc/6067b36314ab5eb2eb47cecc464545ba58e1ad24/library/std/src/sys/backtrace.rs:168:18
[INFO] [stdout]   16:     0x7efb27cb210d - rust_begin_unwind
[INFO] [stdout]                                at /rustc/6067b36314ab5eb2eb47cecc464545ba58e1ad24/library/std/src/panicking.rs:695:5
[INFO] [stdout]   17:     0x7efb27cfd780 - core::panicking::panic_fmt::h9e7c637e9e5f29c9
[INFO] [stdout]                                at /rustc/6067b36314ab5eb2eb47cecc464545ba58e1ad24/library/core/src/panicking.rs:75:14
[INFO] [stdout]   18:     0x7efb27cfdcf6 - core::result::unwrap_failed::h7979f09313fe1849
[INFO] [stdout]                                at /rustc/6067b36314ab5eb2eb47cecc464545ba58e1ad24/library/core/src/result.rs:1704:5
[INFO] [stdout]   19:     0x5870b2bc482f - core::result::Result<T,E>::unwrap::h5aaac22ccccbfe48
[INFO] [stdout]                                at /rustc/6067b36314ab5eb2eb47cecc464545ba58e1ad24/library/core/src/result.rs:1109:23
[INFO] [stdout]   20:     0x5870b2bc482f - pink_sidevm_macro::tests::test_main::heaea8b9f665fba30
[INFO] [stdout]                                at /opt/rustwide/workdir/src/tests.rs:28:5
[INFO] [stdout]   21:     0x5870b2bc4037 - pink_sidevm_macro::tests::test_main::{{closure}}::hf1c89443ae805382
[INFO] [stdout]                                at /opt/rustwide/workdir/src/tests.rs:22:15
[INFO] [stdout]   22:     0x5870b2bac8c6 - core::ops::function::FnOnce::call_once::hce26001eea850fdc
[INFO] [stdout]                                at /rustc/6067b36314ab5eb2eb47cecc464545ba58e1ad24/library/core/src/ops/function.rs:250:5
[INFO] [stdout]   23:     0x5870b2d0819b - core::ops::function::FnOnce::call_once::he27718dfdd183f43
[INFO] [stdout]                                at /rustc/6067b36314ab5eb2eb47cecc464545ba58e1ad24/library/core/src/ops/function.rs:250:5
[INFO] [stdout]   24:     0x5870b2d0819b - test::__rust_begin_short_backtrace::h4e84902998457a5d
[INFO] [stdout]                                at /rustc/6067b36314ab5eb2eb47cecc464545ba58e1ad24/library/test/src/lib.rs:632:18
[INFO] [stdout]   25:     0x5870b2d070d3 - test::run_test_in_process::{{closure}}::h7176fd18fc1feca0
[INFO] [stdout]                                at /rustc/6067b36314ab5eb2eb47cecc464545ba58e1ad24/library/test/src/lib.rs:655:60
[INFO] [stdout]   26:     0x5870b2d070d3 - <core::panic::unwind_safe::AssertUnwindSafe<F> as core::ops::function::FnOnce<()>>::call_once::hf79cff2a624d8cf7
[INFO] [stdout]                                at /rustc/6067b36314ab5eb2eb47cecc464545ba58e1ad24/library/core/src/panic/unwind_safe.rs:272:9
[INFO] [stdout]   27:     0x5870b2d070d3 - std::panicking::try::do_call::h3da0561d9ab99c25
[INFO] [stdout]                                at /rustc/6067b36314ab5eb2eb47cecc464545ba58e1ad24/library/std/src/panicking.rs:587:40
[INFO] [stdout]   28:     0x5870b2d070d3 - std::panicking::try::h41c9fa508bc61df6
[INFO] [stdout]                                at /rustc/6067b36314ab5eb2eb47cecc464545ba58e1ad24/library/std/src/panicking.rs:550:19
[INFO] [stdout]   29:     0x5870b2d070d3 - std::panic::catch_unwind::h6b3ff07bb5afad93
[INFO] [stdout]                                at /rustc/6067b36314ab5eb2eb47cecc464545ba58e1ad24/library/std/src/panic.rs:358:14
[INFO] [stdout]   30:     0x5870b2d070d3 - test::run_test_in_process::hc7253dd11b39b9f4
[INFO] [stdout]                                at /rustc/6067b36314ab5eb2eb47cecc464545ba58e1ad24/library/test/src/lib.rs:655:27
[INFO] [stdout]   31:     0x5870b2d070d3 - test::run_test::{{closure}}::hfb2007f8649c30bb
[INFO] [stdout]                                at /rustc/6067b36314ab5eb2eb47cecc464545ba58e1ad24/library/test/src/lib.rs:576:43
[INFO] [stdout]   32:     0x5870b2cca1b5 - test::run_test::{{closure}}::h56a17aa7a282a9f4
[INFO] [stdout]                                at /rustc/6067b36314ab5eb2eb47cecc464545ba58e1ad24/library/test/src/lib.rs:606:41
[INFO] [stdout]   33:     0x5870b2cca1b5 - std::sys::backtrace::__rust_begin_short_backtrace::hd2d2d2fb8e8c6aac
[INFO] [stdout]                                at /rustc/6067b36314ab5eb2eb47cecc464545ba58e1ad24/library/std/src/sys/backtrace.rs:152:18
[INFO] [stdout]   34:     0x5870b2ccda9a - std::thread::Builder::spawn_unchecked_::{{closure}}::{{closure}}::h4faa3f9db6133423
[INFO] [stdout]                                at /rustc/6067b36314ab5eb2eb47cecc464545ba58e1ad24/library/std/src/thread/mod.rs:559:17
[INFO] [stdout]   35:     0x5870b2ccda9a - <core::panic::unwind_safe::AssertUnwindSafe<F> as core::ops::function::FnOnce<()>>::call_once::hf2e855a36a4ea846
[INFO] [stdout]                                at /rustc/6067b36314ab5eb2eb47cecc464545ba58e1ad24/library/core/src/panic/unwind_safe.rs:272:9
[INFO] [stdout]   36:     0x5870b2ccda9a - std::panicking::try::do_call::h2f73af3616c35465
[INFO] [stdout]                                at /rustc/6067b36314ab5eb2eb47cecc464545ba58e1ad24/library/std/src/panicking.rs:587:40
[INFO] [stdout]   37:     0x5870b2ccda9a - std::panicking::try::hd1660ce9efadef5a
[INFO] [stdout]                                at /rustc/6067b36314ab5eb2eb47cecc464545ba58e1ad24/library/std/src/panicking.rs:550:19
[INFO] [stdout]   38:     0x5870b2ccda9a - std::panic::catch_unwind::h5ee8d7823b8ca744
[INFO] [stdout]                                at /rustc/6067b36314ab5eb2eb47cecc464545ba58e1ad24/library/std/src/panic.rs:358:14
[INFO] [stdout]   39:     0x5870b2ccda9a - std::thread::Builder::spawn_unchecked_::{{closure}}::h53c3a1894dce8407
[INFO] [stdout]                                at /rustc/6067b36314ab5eb2eb47cecc464545ba58e1ad24/library/std/src/thread/mod.rs:557:30
[INFO] [stdout]   40:     0x5870b2ccda9a - core::ops::function::FnOnce::call_once{{vtable.shim}}::h048ce291ad4f62bf
[INFO] [stdout]                                at /rustc/6067b36314ab5eb2eb47cecc464545ba58e1ad24/library/core/src/ops/function.rs:250:5
[INFO] [stdout]   41:     0x7efb27cbc89b - <alloc::boxed::Box<F,A> as core::ops::function::FnOnce<Args>>::call_once::ha52bedf99a3b4981
[INFO] [stdout]                                at /rustc/6067b36314ab5eb2eb47cecc464545ba58e1ad24/library/alloc/src/boxed.rs:2013:9
[INFO] [stdout]   42:     0x7efb27cbc89b - <alloc::boxed::Box<F,A> as core::ops::function::FnOnce<Args>>::call_once::h567748934d80ccf8
[INFO] [stdout]                                at /rustc/6067b36314ab5eb2eb47cecc464545ba58e1ad24/library/alloc/src/boxed.rs:2013:9
[INFO] [stdout]   43:     0x7efb27cbc89b - std::sys::pal::unix::thread::Thread::new::thread_start::h2d970728ae887adc
[INFO] [stdout]                                at /rustc/6067b36314ab5eb2eb47cecc464545ba58e1ad24/library/std/src/sys/pal/unix/thread.rs:106:17
[INFO] [stdout]   44:     0x7efb2792aac3 - <unknown>
[INFO] [stdout]   45:     0x7efb279bba04 - clone
[INFO] [stdout]   46:                0x0 - <unknown>
[INFO] [stdout] 
[INFO] [stdout] ---- tests::test_ocall stdout ----
[INFO] [stdout] ━━━━━━━━━━━━━━━━━━━━━━━━━━━━━━━ Snapshot Summary ━━━━━━━━━━━━━━━━━━━━━━━━━━━━━━━
[INFO] [stdout] Snapshot file: src/snapshots/pink_sidevm_macro__tests__ocall.snap
[INFO] [stdout] Snapshot: ocall
[INFO] [stdout] Source: src/tests.rs:18
[INFO] [stdout] ────────────────────────────────────────────────────────────────────────────────
[INFO] [stdout] Expression: rustfmt_snippet::rustfmt_token_stream(&stream).unwrap()
[INFO] [stdout] ────────────────────────────────────────────────────────────────────────────────
[INFO] [stdout] -old snapshot
[INFO] [stdout] +new results
[INFO] [stdout] ────────────┬───────────────────────────────────────────────────────────────────
[INFO] [stdout]     0       │-pub trait Ocall {
[INFO] [stdout]     1       │-    fn call_slow(&mut self, a: i32, b: i32) -> i32;
[INFO] [stdout]     2       │-    fn call_fi(&mut self, a: i32, b: i32) -> i32;
[INFO] [stdout]     3       │-    fn call_fo(&mut self, a: i32, b: i32) -> i32;
[INFO] [stdout]     4       │-    fn poll_fi_fo(&mut self, a: i32, b: i32) -> i32;
[INFO] [stdout]     5       │-}
[INFO] [stdout]     6       │-pub mod ocall_guest {
[INFO] [stdout]     7       │-    use super::*;
[INFO] [stdout]     8       │-    pub fn call_slow(a: i32, b: i32) -> i32 {
[INFO] [stdout]     9       │-        unsafe {
[INFO] [stdout]    10       │-            let inputs = (a, b);
[INFO] [stdout]    11       │-            let mut input_buf = Buffer::default();
[INFO] [stdout]    12       │-            Encode::encode_to(&inputs, &mut input_buf);
[INFO] [stdout]    13       │-            let len = input_buf.len() as IntPtr;
[INFO] [stdout]    14       │-            let ret = do_ocall(101, input_buf.as_ptr() as IntPtr, len, 0, 0);
[INFO] [stdout]    15       │-            let len = <Result<i32> as RetDecode>::decode_ret(ret)?;
[INFO] [stdout]    16       │-            if len < 0 {
[INFO] [stdout]    17       │-                panic!("ocall returned an error");
[INFO] [stdout]    18       │-            }
[INFO] [stdout]    19       │-            let mut buf = alloc_buffer(len as _);
[INFO] [stdout]    20       │-            let ret = do_ocall_fast_return(0, buf.as_mut_ptr() as IntPtr, len as IntPtr, 0, 0);
[INFO] [stdout]    21       │-            let ret = <Result<i32> as RetDecode>::decode_ret(ret)?;
[INFO] [stdout]    22       │-            if ret != len {
[INFO] [stdout]    23       │-                panic!("ocall get return length mismatch");
[INFO] [stdout]    24       │-            }
[INFO] [stdout]    25       │-            Ok(Decode::decode(&mut buf.as_ref()).expect("Failed to decode ocall return value"))
[INFO] [stdout]    26       │-        }
[INFO] [stdout]    27       │-    }
[INFO] [stdout]    28       │-    pub fn call_fi(a: i32, b: i32) -> i32 {
[INFO] [stdout]    29       │-        unsafe {
[INFO] [stdout]    30       │-            let stack = StackedArgs::empty();
[INFO] [stdout]    31       │-            let stack = stack.push_arg(a);
[INFO] [stdout]    32       │-            let stack = stack.push_arg(b);
[INFO] [stdout]    33       │-            let args = stack.dump();
[INFO] [stdout]    34       │-            let ret = do_ocall(103, args[0], args[1], args[2], args[3]);
[INFO] [stdout]    35       │-            let len = <Result<i32> as RetDecode>::decode_ret(ret)?;
[INFO] [stdout]    36       │-            if len < 0 {
[INFO] [stdout]    37       │-                panic!("ocall returned an error");
[INFO] [stdout]    38       │-            }
[INFO] [stdout]    39       │-            let mut buf = alloc_buffer(len as _);
[INFO] [stdout]    40       │-            let ret = do_ocall_fast_return(0, buf.as_mut_ptr() as IntPtr, len as IntPtr, 0, 0);
[INFO] [stdout]    41       │-            let ret = <Result<i32> as RetDecode>::decode_ret(ret)?;
[INFO] [stdout]    42       │-            if ret != len {
[INFO] [stdout]    43       │-                panic!("ocall get return length mismatch");
[INFO] [stdout]    44       │-            }
[INFO] [stdout]    45       │-            Ok(Decode::decode(&mut buf.as_ref()).expect("Failed to decode ocall return value"))
[INFO] [stdout]    46       │-        }
[INFO] [stdout]    47       │-    }
[INFO] [stdout]    48       │-    pub fn call_fo(a: i32, b: i32) -> i32 {
[INFO] [stdout]    49       │-        unsafe {
[INFO] [stdout]    50       │-            let inputs = (a, b);
[INFO] [stdout]    51       │-            let mut input_buf = Buffer::default();
[INFO] [stdout]    52       │-            Encode::encode_to(&inputs, &mut input_buf);
[INFO] [stdout]    53       │-            let len = input_buf.len() as IntPtr;
[INFO] [stdout]    54       │-            let ret = do_ocall_fast_return(104, input_buf.as_ptr() as IntPtr, len, 0, 0);
[INFO] [stdout]    55       │-            <Result<i32> as RetDecode>::decode_ret(ret).and_then(I32Convertible::from_i32)
[INFO] [stdout]    56       │-        }
[INFO] [stdout]    57       │-    }
[INFO] [stdout]    58       │-    pub fn poll_fi_fo(a: i32, b: i32) -> i32 {
[INFO] [stdout]    59       │-        unsafe {
[INFO] [stdout]    60       │-            let stack = StackedArgs::empty();
[INFO] [stdout]    61       │-            let stack = stack.push_arg(a);
[INFO] [stdout]    62       │-            let stack = stack.push_arg(b);
[INFO] [stdout]    63       │-            let args = stack.dump();
[INFO] [stdout]    64       │-            let ret = do_ocall_fast_return(102, args[0], args[1], args[2], args[3]);
[INFO] [stdout]    65       │-            <Result<i32> as RetDecode>::decode_ret(ret).and_then(I32Convertible::from_i32)
[INFO] [stdout]    66       │-        }
[INFO] [stdout]    67       │-    }
[INFO] [stdout]    68       │-}
[INFO] [stdout]    69       │-pub fn dispatch_call_fast_return<Env: Ocall + OcallEnv, Vm: VmMemory>(
[INFO] [stdout]    70       │-    env: &mut Env,
[INFO] [stdout]    71       │-    vm: &Vm,
[INFO] [stdout]    72       │-    id: i32,
[INFO] [stdout]    73       │-    p0: IntPtr,
[INFO] [stdout]    74       │-    p1: IntPtr,
[INFO] [stdout]    75       │-    p2: IntPtr,
[INFO] [stdout]    76       │-    p3: IntPtr,
[INFO] [stdout]    77       │-) -> Result<i32> {
[INFO] [stdout]    78       │-    match id {
[INFO] [stdout]    79       │-        0 => {
[INFO] [stdout]    80       │-            let buffer = env.take_return().ok_or(OcallError::NotFound)?;
[INFO] [stdout]    81       │-            let len = p1 as usize;
[INFO] [stdout]    82       │-            if buffer.len() != len {
[INFO] [stdout]    83       │-                return Err(OcallError::InvalidParameter);
[INFO] [stdout]    84       │-            }
[INFO] [stdout]    85       │-            vm.copy_to_vm(&buffer, p0)?;
[INFO] [stdout]    86       │-            Ok(len as i32)
[INFO] [stdout]    87       │-        }
[INFO] [stdout]    88       │-        104 => {
[INFO] [stdout]    89       │-            let (a, b) = {
[INFO] [stdout]    90       │-                let mut buf = vm.slice_from_vm(p0, p1)?;
[INFO] [stdout]    91       │-                Decode::decode(&mut buf).or(Err(OcallError::InvalidParameter))?
[INFO] [stdout]    92       │-            };
[INFO] [stdout]    93       │-            env.call_fo(a, b).map(|x| x.to_i32())
[INFO] [stdout]    94       │-        }
[INFO] [stdout]    95       │-        102 => {
[INFO] [stdout]    96       │-            let stack = StackedArgs::load(&[p0, p1, p2, p3]).ok_or(OcallError::InvalidParameter)?;
[INFO] [stdout]    97       │-            let (b, stack) = stack.pop_arg(vm)?;
[INFO] [stdout]    98       │-            let (a, stack) = stack.pop_arg(vm)?;
[INFO] [stdout]    99       │-            let _: StackedArgs<()> = stack;
[INFO] [stdout]   100       │-            env.poll_fi_fo(a, b).map(|x| x.to_i32())
[INFO] [stdout]   101       │-        }
[INFO] [stdout]   102       │-        _ => Err(OcallError::UnknownCallNumber),
[INFO] [stdout]   103       │-    }
[INFO] [stdout]   104       │-}
[INFO] [stdout]   105       │-pub fn dispatch_call<Env: Ocall + OcallEnv, Vm: VmMemory>(
[INFO] [stdout]   106       │-    env: &mut Env,
[INFO] [stdout]   107       │-    vm: &Vm,
[INFO] [stdout]   108       │-    id: i32,
[INFO] [stdout]   109       │-    p0: IntPtr,
[INFO] [stdout]   110       │-    p1: IntPtr,
[INFO] [stdout]   111       │-    p2: IntPtr,
[INFO] [stdout]   112       │-    p3: IntPtr,
[INFO] [stdout]   113       │-) -> Result<i32> {
[INFO] [stdout]   114       │-    Ok(match id {
[INFO] [stdout]   115       │-        101 => {
[INFO] [stdout]   116       │-            let (a, b) = {
[INFO] [stdout]   117       │-                let mut buf = vm.slice_from_vm(p0, p1)?;
[INFO] [stdout]   118       │-                Decode::decode(&mut buf).or(Err(OcallError::InvalidParameter))?
[INFO] [stdout]   119       │-            };
[INFO] [stdout]   120       │-            let ret = env.call_slow(a, b);
[INFO] [stdout]   121       │-            env.put_return(ret?.encode()) as _
[INFO] [stdout]   122       │-        }
[INFO] [stdout]   123       │-        103 => {
[INFO] [stdout]   124       │-            let stack = StackedArgs::load(&[p0, p1, p2, p3]).ok_or(OcallError::InvalidParameter)?;
[INFO] [stdout]   125       │-            let (b, stack) = stack.pop_arg(vm)?;
[INFO] [stdout]   126       │-            let (a, stack) = stack.pop_arg(vm)?;
[INFO] [stdout]   127       │-            let _: StackedArgs<()> = stack;
[INFO] [stdout]   128       │-            let ret = env.call_fi(a, b);
[INFO] [stdout]   129       │-            env.put_return(ret?.encode()) as _
[INFO] [stdout]   130       │-        }
[INFO] [stdout]   131       │-        _ => return Err(OcallError::UnknownCallNumber),
[INFO] [stdout]   132       │-    })
[INFO] [stdout]   133       │-}
[INFO] [stdout]   134       │-pub fn ocall_id2name(id: i32) -> &'static str {
[INFO] [stdout]   135       │-    match id {
[INFO] [stdout]   136       │-        0 => "get_return",
[INFO] [stdout]   137       │-        101i32 => "call_slow",
[INFO] [stdout]   138       │-        103i32 => "call_fi",
[INFO] [stdout]   139       │-        104i32 => "call_fo",
[INFO] [stdout]   140       │-        102i32 => "poll_fi_fo",
[INFO] [stdout]   141       │-        _ => "unknown",
[INFO] [stdout]   142       │-    }
[INFO] [stdout]   143       │-}
[INFO] [stdout] ────────────┴───────────────────────────────────────────────────────────────────
[INFO] [stdout] 
[INFO] [stdout] thread 'tests::test_ocall' panicked at src/tests.rs:18:5:
[INFO] [stdout] called `Result::unwrap()` on an `Err` value: FileIo(Os { code: 30, kind: ReadOnlyFilesystem, message: "Read-only file system" }, "/opt/rustwide/workdir/src/snapshots/pink_sidevm_macro__tests__ocall.snap.new")
[INFO] [stdout] stack backtrace:
[INFO] [stdout]    0:     0x7efb27caf84a - std::backtrace_rs::backtrace::libunwind::trace::hb059275cfc8d6126
[INFO] [stdout]                                at /rustc/6067b36314ab5eb2eb47cecc464545ba58e1ad24/library/std/src/../../backtrace/src/backtrace/libunwind.rs:116:5
[INFO] [stdout]    1:     0x7efb27caf84a - std::backtrace_rs::backtrace::trace_unsynchronized::h2da071e4327ce3ee
[INFO] [stdout]                                at /rustc/6067b36314ab5eb2eb47cecc464545ba58e1ad24/library/std/src/../../backtrace/src/backtrace/mod.rs:66:5
[INFO] [stdout]    2:     0x7efb27caf84a - std::sys::backtrace::_print_fmt::h842a1474e6f8d23f
[INFO] [stdout]                                at /rustc/6067b36314ab5eb2eb47cecc464545ba58e1ad24/library/std/src/sys/backtrace.rs:66:9
[INFO] [stdout]    3:     0x7efb27caf84a - <std::sys::backtrace::BacktraceLock::print::DisplayBacktrace as core::fmt::Display>::fmt::h71a62eb3b9696b12
[INFO] [stdout]                                at /rustc/6067b36314ab5eb2eb47cecc464545ba58e1ad24/library/std/src/sys/backtrace.rs:39:26
[INFO] [stdout]    4:     0x7efb27d016b3 - core::fmt::rt::Argument::fmt::hdb6b616786b41dc1
[INFO] [stdout]                                at /rustc/6067b36314ab5eb2eb47cecc464545ba58e1ad24/library/core/src/fmt/rt.rs:177:76
[INFO] [stdout]    5:     0x7efb27d016b3 - core::fmt::write::h2cc1698af7e2d686
[INFO] [stdout]                                at /rustc/6067b36314ab5eb2eb47cecc464545ba58e1ad24/library/core/src/fmt/mod.rs:1440:21
[INFO] [stdout]    6:     0x7efb27ca3353 - std::io::Write::write_fmt::hab1b4cd059a79022
[INFO] [stdout]                                at /rustc/6067b36314ab5eb2eb47cecc464545ba58e1ad24/library/std/src/io/mod.rs:1887:15
[INFO] [stdout]    7:     0x7efb27caf692 - std::sys::backtrace::BacktraceLock::print::h147fe35b4ea13b08
[INFO] [stdout]                                at /rustc/6067b36314ab5eb2eb47cecc464545ba58e1ad24/library/std/src/sys/backtrace.rs:42:9
[INFO] [stdout]    8:     0x7efb27cb1c5f - std::panicking::default_hook::{{closure}}::hbd44223dbdc0d208
[INFO] [stdout]                                at /rustc/6067b36314ab5eb2eb47cecc464545ba58e1ad24/library/std/src/panicking.rs:298:22
[INFO] [stdout]    9:     0x7efb27cb1a78 - std::panicking::default_hook::h20f81eb0576efcec
[INFO] [stdout]                                at /rustc/6067b36314ab5eb2eb47cecc464545ba58e1ad24/library/std/src/panicking.rs:322:9
[INFO] [stdout]   10:     0x5870b2d02a43 - <alloc::boxed::Box<F,A> as core::ops::function::Fn<Args>>::call::hdb53814c496a4d34
[INFO] [stdout]                                at /rustc/6067b36314ab5eb2eb47cecc464545ba58e1ad24/library/alloc/src/boxed.rs:2027:9
[INFO] [stdout]   11:     0x5870b2d02a43 - test::test_main::{{closure}}::hc0a4963c59427c24
[INFO] [stdout]                                at /rustc/6067b36314ab5eb2eb47cecc464545ba58e1ad24/library/test/src/lib.rs:134:21
[INFO] [stdout]   12:     0x7efb27cb27c3 - <alloc::boxed::Box<F,A> as core::ops::function::Fn<Args>>::call::h591b2225413a77e9
[INFO] [stdout]                                at /rustc/6067b36314ab5eb2eb47cecc464545ba58e1ad24/library/alloc/src/boxed.rs:2027:9
[INFO] [stdout]   13:     0x7efb27cb27c3 - std::panicking::rust_panic_with_hook::h625eea43051b2edc
[INFO] [stdout]                                at /rustc/6067b36314ab5eb2eb47cecc464545ba58e1ad24/library/std/src/panicking.rs:839:13
[INFO] [stdout]   14:     0x7efb27cb247a - std::panicking::begin_panic_handler::{{closure}}::h4f9159cfbc3f6bd3
[INFO] [stdout]                                at /rustc/6067b36314ab5eb2eb47cecc464545ba58e1ad24/library/std/src/panicking.rs:704:13
[INFO] [stdout]   15:     0x7efb27cafd49 - std::sys::backtrace::__rust_end_short_backtrace::h0390abce48353151
[INFO] [stdout]                                at /rustc/6067b36314ab5eb2eb47cecc464545ba58e1ad24/library/std/src/sys/backtrace.rs:168:18
[INFO] [stdout]   16:     0x7efb27cb210d - rust_begin_unwind
[INFO] [stdout]                                at /rustc/6067b36314ab5eb2eb47cecc464545ba58e1ad24/library/std/src/panicking.rs:695:5
[INFO] [stdout]   17:     0x7efb27cfd780 - core::panicking::panic_fmt::h9e7c637e9e5f29c9
[INFO] [stdout]                                at /rustc/6067b36314ab5eb2eb47cecc464545ba58e1ad24/library/core/src/panicking.rs:75:14
[INFO] [stdout]   18:     0x7efb27cfdcf6 - core::result::unwrap_failed::h7979f09313fe1849
[INFO] [stdout]                                at /rustc/6067b36314ab5eb2eb47cecc464545ba58e1ad24/library/core/src/result.rs:1704:5
[INFO] [stdout]   19:     0x5870b2bc3dc7 - core::result::Result<T,E>::unwrap::h5aaac22ccccbfe48
[INFO] [stdout]                                at /rustc/6067b36314ab5eb2eb47cecc464545ba58e1ad24/library/core/src/result.rs:1109:23
[INFO] [stdout]   20:     0x5870b2bc3dc7 - pink_sidevm_macro::tests::test_ocall::he11ebfcc37c08e3a
[INFO] [stdout]                                at /opt/rustwide/workdir/src/tests.rs:18:5
[INFO] [stdout]   21:     0x5870b2bc28e7 - pink_sidevm_macro::tests::test_ocall::{{closure}}::h2f540f855dab87ba
[INFO] [stdout]                                at /opt/rustwide/workdir/src/tests.rs:2:16
[INFO] [stdout]   22:     0x5870b2bac886 - core::ops::function::FnOnce::call_once::hcd39508e3bc5e974
[INFO] [stdout]                                at /rustc/6067b36314ab5eb2eb47cecc464545ba58e1ad24/library/core/src/ops/function.rs:250:5
[INFO] [stdout]   23:     0x5870b2d0819b - core::ops::function::FnOnce::call_once::he27718dfdd183f43
[INFO] [stdout]                                at /rustc/6067b36314ab5eb2eb47cecc464545ba58e1ad24/library/core/src/ops/function.rs:250:5
[INFO] [stdout]   24:     0x5870b2d0819b - test::__rust_begin_short_backtrace::h4e84902998457a5d
[INFO] [stdout]                                at /rustc/6067b36314ab5eb2eb47cecc464545ba58e1ad24/library/test/src/lib.rs:632:18
[INFO] [stdout]   25:     0x5870b2d070d3 - test::run_test_in_process::{{closure}}::h7176fd18fc1feca0
[INFO] [stdout]                                at /rustc/6067b36314ab5eb2eb47cecc464545ba58e1ad24/library/test/src/lib.rs:655:60
[INFO] [stdout]   26:     0x5870b2d070d3 - <core::panic::unwind_safe::AssertUnwindSafe<F> as core::ops::function::FnOnce<()>>::call_once::hf79cff2a624d8cf7
[INFO] [stdout]                                at /rustc/6067b36314ab5eb2eb47cecc464545ba58e1ad24/library/core/src/panic/unwind_safe.rs:272:9
[INFO] [stdout]   27:     0x5870b2d070d3 - std::panicking::try::do_call::h3da0561d9ab99c25
[INFO] [stdout]                                at /rustc/6067b36314ab5eb2eb47cecc464545ba58e1ad24/library/std/src/panicking.rs:587:40
[INFO] [stdout]   28:     0x5870b2d070d3 - std::panicking::try::h41c9fa508bc61df6
[INFO] [stdout]                                at /rustc/6067b36314ab5eb2eb47cecc464545ba58e1ad24/library/std/src/panicking.rs:550:19
[INFO] [stdout]   29:     0x5870b2d070d3 - std::panic::catch_unwind::h6b3ff07bb5afad93
[INFO] [stdout]                                at /rustc/6067b36314ab5eb2eb47cecc464545ba58e1ad24/library/std/src/panic.rs:358:14
[INFO] [stdout]   30:     0x5870b2d070d3 - test::run_test_in_process::hc7253dd11b39b9f4
[INFO] [stdout]                                at /rustc/6067b36314ab5eb2eb47cecc464545ba58e1ad24/library/test/src/lib.rs:655:27
[INFO] [stdout]   31:     0x5870b2d070d3 - test::run_test::{{closure}}::hfb2007f8649c30bb
[INFO] [stdout]                                at /rustc/6067b36314ab5eb2eb47cecc464545ba58e1ad24/library/test/src/lib.rs:576:43
[INFO] [stdout]   32:     0x5870b2cca1b5 - test::run_test::{{closure}}::h56a17aa7a282a9f4
[INFO] [stdout]                                at /rustc/6067b36314ab5eb2eb47cecc464545ba58e1ad24/library/test/src/lib.rs:606:41
[INFO] [stdout]   33:     0x5870b2cca1b5 - std::sys::backtrace::__rust_begin_short_backtrace::hd2d2d2fb8e8c6aac
[INFO] [stdout]                                at /rustc/6067b36314ab5eb2eb47cecc464545ba58e1ad24/library/std/src/sys/backtrace.rs:152:18
[INFO] [stdout]   34:     0x5870b2ccda9a - std::thread::Builder::spawn_unchecked_::{{closure}}::{{closure}}::h4faa3f9db6133423
[INFO] [stdout]                                at /rustc/6067b36314ab5eb2eb47cecc464545ba58e1ad24/library/std/src/thread/mod.rs:559:17
[INFO] [stdout]   35:     0x5870b2ccda9a - <core::panic::unwind_safe::AssertUnwindSafe<F> as core::ops::function::FnOnce<()>>::call_once::hf2e855a36a4ea846
[INFO] [stdout]                                at /rustc/6067b36314ab5eb2eb47cecc464545ba58e1ad24/library/core/src/panic/unwind_safe.rs:272:9
[INFO] [stdout]   36:     0x5870b2ccda9a - std::panicking::try::do_call::h2f73af3616c35465
[INFO] [stdout]                                at /rustc/6067b36314ab5eb2eb47cecc464545ba58e1ad24/library/std/src/panicking.rs:587:40
[INFO] [stdout]   37:     0x5870b2ccda9a - std::panicking::try::hd1660ce9efadef5a
[INFO] [stdout]                                at /rustc/6067b36314ab5eb2eb47cecc464545ba58e1ad24/library/std/src/panicking.rs:550:19
[INFO] [stdout]   38:     0x5870b2ccda9a - std::panic::catch_unwind::h5ee8d7823b8ca744
[INFO] [stdout]                                at /rustc/6067b36314ab5eb2eb47cecc464545ba58e1ad24/library/std/src/panic.rs:358:14
[INFO] [stdout]   39:     0x5870b2ccda9a - std::thread::Builder::spawn_unchecked_::{{closure}}::h53c3a1894dce8407
[INFO] [stdout]                                at /rustc/6067b36314ab5eb2eb47cecc464545ba58e1ad24/library/std/src/thread/mod.rs:557:30
[INFO] [stdout]   40:     0x5870b2ccda9a - core::ops::function::FnOnce::call_once{{vtable.shim}}::h048ce291ad4f62bf
[INFO] [stdout]                                at /rustc/6067b36314ab5eb2eb47cecc464545ba58e1ad24/library/core/src/ops/function.rs:250:5
[INFO] [stdout]   41:     0x7efb27cbc89b - <alloc::boxed::Box<F,A> as core::ops::function::FnOnce<Args>>::call_once::ha52bedf99a3b4981
[INFO] [stdout]                                at /rustc/6067b36314ab5eb2eb47cecc464545ba58e1ad24/library/alloc/src/boxed.rs:2013:9
[INFO] [stdout]   42:     0x7efb27cbc89b - <alloc::boxed::Box<F,A> as core::ops::function::FnOnce<Args>>::call_once::h567748934d80ccf8
[INFO] [stdout]                                at /rustc/6067b36314ab5eb2eb47cecc464545ba58e1ad24/library/alloc/src/boxed.rs:2013:9
[INFO] [stdout]   43:     0x7efb27cbc89b - std::sys::pal::unix::thread::Thread::new::thread_start::h2d970728ae887adc
[INFO] [stdout]                                at /rustc/6067b36314ab5eb2eb47cecc464545ba58e1ad24/library/std/src/sys/pal/unix/thread.rs:106:17
[INFO] [stdout]   44:     0x7efb2792aac3 - <unknown>
[INFO] [stdout]   45:     0x7efb279bba04 - clone
[INFO] [stdout]   46:                0x0 - <unknown>
[INFO] [stdout] 
[INFO] [stdout] 
[INFO] [stdout] failures:
[INFO] [stdout]     tests::test_main
[INFO] [stdout]     tests::test_ocall
[INFO] [stdout] 
[INFO] [stdout] test result: FAILED. 0 passed; 2 failed; 0 ignored; 0 measured; 0 filtered out; finished in 5.31s
[INFO] [stdout] 
[INFO] running `Command { std: "docker" "inspect" "c1c65b6d78bc71aeddb511a5df66df64def586ef89af3fdfb7659646ca68a67b", kill_on_drop: false }`
[INFO] running `Command { std: "docker" "rm" "-f" "c1c65b6d78bc71aeddb511a5df66df64def586ef89af3fdfb7659646ca68a67b", kill_on_drop: false }`
[INFO] [stdout] c1c65b6d78bc71aeddb511a5df66df64def586ef89af3fdfb7659646ca68a67b
