[INFO] fetching crate pillow-fs 4.2.0...
[INFO] testing pillow-fs-4.2.0 against nightly-2025-01-18+rustflags=-Zrandomize-layout for randomize-layout-2
[INFO] extracting crate pillow-fs 4.2.0 into /workspace/builds/worker-6-tc2/source
[INFO] validating manifest of crates.io crate pillow-fs 4.2.0 on toolchain nightly-2025-01-18
[INFO] running `Command { std: CARGO_HOME="/workspace/cargo-home" RUSTUP_HOME="/workspace/rustup-home" "/workspace/cargo-home/bin/cargo" "+nightly-2025-01-18" "metadata" "--manifest-path" "Cargo.toml" "--no-deps", kill_on_drop: false }`
[INFO] started tweaking crates.io crate pillow-fs 4.2.0
[INFO] finished tweaking crates.io crate pillow-fs 4.2.0
[INFO] tweaked toml for crates.io crate pillow-fs 4.2.0 written to /workspace/builds/worker-6-tc2/source/Cargo.toml
[INFO] running `Command { std: CARGO_HOME="/workspace/cargo-home" RUSTUP_HOME="/workspace/rustup-home" "/workspace/cargo-home/bin/cargo" "+nightly-2025-01-18" "generate-lockfile" "--manifest-path" "Cargo.toml", kill_on_drop: false }`
[INFO] [stderr]     Blocking waiting for file lock on package cache
[INFO] [stderr]     Updating crates.io index
[INFO] [stderr]      Locking 3 packages to latest compatible versions
[INFO] running `Command { std: CARGO_HOME="/workspace/cargo-home" RUSTUP_HOME="/workspace/rustup-home" "/workspace/cargo-home/bin/cargo" "+nightly-2025-01-18" "fetch" "--manifest-path" "Cargo.toml", kill_on_drop: false }`
[INFO] [stderr]     Blocking waiting for file lock on package cache
[INFO] running `Command { std: "docker" "create" "-v" "/var/lib/crater-agent-workspace/builds/worker-6-tc2/target:/opt/rustwide/target:rw,Z" "-v" "/var/lib/crater-agent-workspace/builds/worker-6-tc2/source:/opt/rustwide/workdir:ro,Z" "-v" "/var/lib/crater-agent-workspace/cargo-home:/opt/rustwide/cargo-home:ro,Z" "-v" "/var/lib/crater-agent-workspace/rustup-home:/opt/rustwide/rustup-home:ro,Z" "-e" "SOURCE_DIR=/opt/rustwide/workdir" "-e" "CARGO_TARGET_DIR=/opt/rustwide/target" "-e" "CARGO_HOME=/opt/rustwide/cargo-home" "-e" "RUSTUP_HOME=/opt/rustwide/rustup-home" "-w" "/opt/rustwide/workdir" "-m" "1610612736" "--user" "0:0" "--network" "none" "ghcr.io/rust-lang/crates-build-env/linux@sha256:819108c5571ea2e421544af4d832f968d213c87fbe3707a016657f43d2f853bc" "/opt/rustwide/cargo-home/bin/cargo" "+nightly-2025-01-18" "metadata" "--no-deps" "--format-version=1", kill_on_drop: false }`
[INFO] [stdout] 0d8a91339608905a140f7928226bcf2728b134b29de4df4e600021a690d97d6d
[INFO] running `Command { std: "docker" "start" "-a" "0d8a91339608905a140f7928226bcf2728b134b29de4df4e600021a690d97d6d", kill_on_drop: false }`
[INFO] running `Command { std: "docker" "inspect" "0d8a91339608905a140f7928226bcf2728b134b29de4df4e600021a690d97d6d", kill_on_drop: false }`
[INFO] running `Command { std: "docker" "rm" "-f" "0d8a91339608905a140f7928226bcf2728b134b29de4df4e600021a690d97d6d", kill_on_drop: false }`
[INFO] [stdout] 0d8a91339608905a140f7928226bcf2728b134b29de4df4e600021a690d97d6d
[INFO] running `Command { std: "docker" "create" "-v" "/var/lib/crater-agent-workspace/builds/worker-6-tc2/target:/opt/rustwide/target:rw,Z" "-v" "/var/lib/crater-agent-workspace/builds/worker-6-tc2/source:/opt/rustwide/workdir:ro,Z" "-v" "/var/lib/crater-agent-workspace/cargo-home:/opt/rustwide/cargo-home:ro,Z" "-v" "/var/lib/crater-agent-workspace/rustup-home:/opt/rustwide/rustup-home:ro,Z" "-e" "SOURCE_DIR=/opt/rustwide/workdir" "-e" "CARGO_TARGET_DIR=/opt/rustwide/target" "-e" "CARGO_INCREMENTAL=0" "-e" "RUST_BACKTRACE=full" "-e" "RUSTFLAGS=--cap-lints=forbid -Zrandomize-layout" "-e" "RUSTDOCFLAGS=--cap-lints=forbid" "-e" "CARGO_HOME=/opt/rustwide/cargo-home" "-e" "RUSTUP_HOME=/opt/rustwide/rustup-home" "-w" "/opt/rustwide/workdir" "-m" "1610612736" "--user" "0:0" "--network" "none" "ghcr.io/rust-lang/crates-build-env/linux@sha256:819108c5571ea2e421544af4d832f968d213c87fbe3707a016657f43d2f853bc" "/opt/rustwide/cargo-home/bin/cargo" "+nightly-2025-01-18" "build" "--frozen" "--message-format=json", kill_on_drop: false }`
[INFO] [stdout] 550711c16892e7da38c6d79b82d160f7c198462b8be7f27c05b482b057fc1743
[INFO] running `Command { std: "docker" "start" "-a" "550711c16892e7da38c6d79b82d160f7c198462b8be7f27c05b482b057fc1743", kill_on_drop: false }`
[INFO] [stderr]    Compiling unicase v2.8.1
[INFO] [stderr]    Compiling mime v0.3.17
[INFO] [stderr]    Compiling mime_guess v2.0.5
[INFO] [stderr]    Compiling pillow-fs v4.2.0 (/opt/rustwide/workdir)
[INFO] [stderr]     Finished `dev` profile [unoptimized + debuginfo] target(s) in 1.80s
[INFO] running `Command { std: "docker" "inspect" "550711c16892e7da38c6d79b82d160f7c198462b8be7f27c05b482b057fc1743", kill_on_drop: false }`
[INFO] running `Command { std: "docker" "rm" "-f" "550711c16892e7da38c6d79b82d160f7c198462b8be7f27c05b482b057fc1743", kill_on_drop: false }`
[INFO] [stdout] 550711c16892e7da38c6d79b82d160f7c198462b8be7f27c05b482b057fc1743
[INFO] running `Command { std: "docker" "create" "-v" "/var/lib/crater-agent-workspace/builds/worker-6-tc2/target:/opt/rustwide/target:rw,Z" "-v" "/var/lib/crater-agent-workspace/builds/worker-6-tc2/source:/opt/rustwide/workdir:ro,Z" "-v" "/var/lib/crater-agent-workspace/cargo-home:/opt/rustwide/cargo-home:ro,Z" "-v" "/var/lib/crater-agent-workspace/rustup-home:/opt/rustwide/rustup-home:ro,Z" "-e" "SOURCE_DIR=/opt/rustwide/workdir" "-e" "CARGO_TARGET_DIR=/opt/rustwide/target" "-e" "CARGO_INCREMENTAL=0" "-e" "RUST_BACKTRACE=full" "-e" "RUSTFLAGS=--cap-lints=forbid -Zrandomize-layout" "-e" "RUSTDOCFLAGS=--cap-lints=forbid" "-e" "CARGO_HOME=/opt/rustwide/cargo-home" "-e" "RUSTUP_HOME=/opt/rustwide/rustup-home" "-w" "/opt/rustwide/workdir" "-m" "1610612736" "--user" "0:0" "--network" "none" "ghcr.io/rust-lang/crates-build-env/linux@sha256:819108c5571ea2e421544af4d832f968d213c87fbe3707a016657f43d2f853bc" "/opt/rustwide/cargo-home/bin/cargo" "+nightly-2025-01-18" "test" "--frozen" "--no-run" "--message-format=json", kill_on_drop: false }`
[INFO] [stdout] 110c7a8266330a70e8d53b7cee1620b5b22cff01efafce94fb809900b20f1331
[INFO] running `Command { std: "docker" "start" "-a" "110c7a8266330a70e8d53b7cee1620b5b22cff01efafce94fb809900b20f1331", kill_on_drop: false }`
[INFO] [stderr]    Compiling pillow-fs v4.2.0 (/opt/rustwide/workdir)
[INFO] [stderr]     Finished `test` profile [unoptimized + debuginfo] target(s) in 0.35s
[INFO] running `Command { std: "docker" "inspect" "110c7a8266330a70e8d53b7cee1620b5b22cff01efafce94fb809900b20f1331", kill_on_drop: false }`
[INFO] running `Command { std: "docker" "rm" "-f" "110c7a8266330a70e8d53b7cee1620b5b22cff01efafce94fb809900b20f1331", kill_on_drop: false }`
[INFO] [stdout] 110c7a8266330a70e8d53b7cee1620b5b22cff01efafce94fb809900b20f1331
[INFO] running `Command { std: "docker" "create" "-v" "/var/lib/crater-agent-workspace/builds/worker-6-tc2/target:/opt/rustwide/target:rw,Z" "-v" "/var/lib/crater-agent-workspace/builds/worker-6-tc2/source:/opt/rustwide/workdir:ro,Z" "-v" "/var/lib/crater-agent-workspace/cargo-home:/opt/rustwide/cargo-home:ro,Z" "-v" "/var/lib/crater-agent-workspace/rustup-home:/opt/rustwide/rustup-home:ro,Z" "-e" "SOURCE_DIR=/opt/rustwide/workdir" "-e" "CARGO_TARGET_DIR=/opt/rustwide/target" "-e" "CARGO_INCREMENTAL=0" "-e" "RUST_BACKTRACE=full" "-e" "RUSTFLAGS=--cap-lints=forbid -Zrandomize-layout" "-e" "RUSTDOCFLAGS=--cap-lints=forbid" "-e" "CARGO_HOME=/opt/rustwide/cargo-home" "-e" "RUSTUP_HOME=/opt/rustwide/rustup-home" "-w" "/opt/rustwide/workdir" "-m" "1610612736" "--user" "0:0" "--network" "none" "ghcr.io/rust-lang/crates-build-env/linux@sha256:819108c5571ea2e421544af4d832f968d213c87fbe3707a016657f43d2f853bc" "/opt/rustwide/cargo-home/bin/cargo" "+nightly-2025-01-18" "test" "--frozen", kill_on_drop: false }`
[INFO] [stdout] dfcf3122f5df5d4d937a681ae9cab81844fe154b95c4e7228812f806b70eb83e
[INFO] running `Command { std: "docker" "start" "-a" "dfcf3122f5df5d4d937a681ae9cab81844fe154b95c4e7228812f806b70eb83e", kill_on_drop: false }`
[INFO] [stderr]     Finished `test` profile [unoptimized + debuginfo] target(s) in 0.02s
[INFO] [stderr]      Running unittests src/lib.rs (/opt/rustwide/target/debug/deps/pillow_fs-b2acba054a829f72)
[INFO] [stdout] 
[INFO] [stdout] running 0 tests
[INFO] [stdout] 
[INFO] [stdout] test result: ok. 0 passed; 0 failed; 0 ignored; 0 measured; 0 filtered out; finished in 0.00s
[INFO] [stdout] 
[INFO] [stderr]    Doc-tests pillow_fs
[INFO] [stdout] 
[INFO] [stdout] running 2 tests
[INFO] [stdout] test src/lib.rs - FS::read_to_hex (line 92) ... FAILED
[INFO] [stdout] test src/lib.rs - FS::get_all_in_directories (line 59) ... FAILED
[INFO] [stdout] 
[INFO] [stdout] failures:
[INFO] [stdout] 
[INFO] [stdout] ---- src/lib.rs - FS::read_to_hex (line 92) stdout ----
[INFO] [stdout] error[E0432]: unresolved import `FS`
[INFO] [stdout]  --> src/lib.rs:93:5
[INFO] [stdout]   |
[INFO] [stdout] 3 | use FS;
[INFO] [stdout]   |     ^^ no external crate `FS`
[INFO] [stdout]   |
[INFO] [stdout] help: consider importing this struct instead
[INFO] [stdout]   |
[INFO] [stdout] 3 | use pillow_fs::FS;
[INFO] [stdout]   |     ~~~~~~~~~~~~~
[INFO] [stdout] 
[INFO] [stdout] error: aborting due to 1 previous error
[INFO] [stdout] 
[INFO] [stdout] For more information about this error, try `rustc --explain E0432`.
[INFO] [stdout] Couldn't compile the test.
[INFO] [stdout] ---- src/lib.rs - FS::get_all_in_directories (line 59) stdout ----
[INFO] [stdout] error: expected identifier, found `(`
[INFO] [stdout]  --> src/lib.rs:62:4
[INFO] [stdout]   |
[INFO] [stdout] 5 | fn (){
[INFO] [stdout]   |    ^ expected identifier
[INFO] [stdout] 
[INFO] [stdout] error[E0432]: unresolved import `FS`
[INFO] [stdout]  --> src/lib.rs:60:5
[INFO] [stdout]   |
[INFO] [stdout] 3 | use FS;
[INFO] [stdout]   |     ^^ no external crate `FS`
[INFO] [stdout]   |
[INFO] [stdout] help: consider importing this struct instead
[INFO] [stdout]   |
[INFO] [stdout] 3 | use pillow_fs::FS;
[INFO] [stdout]   |     ~~~~~~~~~~~~~
[INFO] [stdout] 
[INFO] [stdout] error: aborting due to 2 previous errors
[INFO] [stdout] 
[INFO] [stdout] For more information about this error, try `rustc --explain E0432`.
[INFO] [stdout] Couldn't compile the test.
[INFO] [stdout] 
[INFO] [stdout] failures:
[INFO] [stdout]     src/lib.rs - FS::get_all_in_directories (line 59)
[INFO] [stdout]     src/lib.rs - FS::read_to_hex (line 92)
[INFO] [stdout] 
[INFO] [stdout] test result: FAILED. 0 passed; 2 failed; 0 ignored; 0 measured; 0 filtered out; finished in 0.12s
[INFO] [stdout] 
[INFO] [stderr] error: doctest failed, to rerun pass `--doc`
[INFO] running `Command { std: "docker" "inspect" "dfcf3122f5df5d4d937a681ae9cab81844fe154b95c4e7228812f806b70eb83e", kill_on_drop: false }`
[INFO] running `Command { std: "docker" "rm" "-f" "dfcf3122f5df5d4d937a681ae9cab81844fe154b95c4e7228812f806b70eb83e", kill_on_drop: false }`
[INFO] [stdout] dfcf3122f5df5d4d937a681ae9cab81844fe154b95c4e7228812f806b70eb83e
