[INFO] fetching crate picodata-plugin 24.6.1...
[INFO] testing picodata-plugin-24.6.1 against nightly-2025-01-18 for randomize-layout-2
[INFO] extracting crate picodata-plugin 24.6.1 into /workspace/builds/worker-3-tc1/source
[INFO] validating manifest of crates.io crate picodata-plugin 24.6.1 on toolchain nightly-2025-01-18
[INFO] running `Command { std: CARGO_HOME="/workspace/cargo-home" RUSTUP_HOME="/workspace/rustup-home" "/workspace/cargo-home/bin/cargo" "+nightly-2025-01-18" "metadata" "--manifest-path" "Cargo.toml" "--no-deps", kill_on_drop: false }`
[INFO] started tweaking crates.io crate picodata-plugin 24.6.1
[INFO] finished tweaking crates.io crate picodata-plugin 24.6.1
[INFO] tweaked toml for crates.io crate picodata-plugin 24.6.1 written to /workspace/builds/worker-3-tc1/source/Cargo.toml
[INFO] running `Command { std: CARGO_HOME="/workspace/cargo-home" RUSTUP_HOME="/workspace/rustup-home" "/workspace/cargo-home/bin/cargo" "+nightly-2025-01-18" "generate-lockfile" "--manifest-path" "Cargo.toml", kill_on_drop: false }`
[INFO] [stderr]     Updating crates.io index
[INFO] [stderr]      Locking 289 packages to latest compatible versions
[INFO] [stderr]       Adding rmp v0.8.11 (available: v0.8.14)
[INFO] [stderr]       Adding rmp-serde v1.1.2 (available: v1.3.0)
[INFO] [stderr]       Adding rmpv v1.0.0 (available: v1.3.0)
[INFO] [stderr]       Adding tarantool v5.0.0 (available: v6.1.0)
[INFO] [stderr]       Adding tarolog v0.1.0 (available: v0.2.1)
[INFO] [stderr]       Adding thiserror v1.0.69 (available: v2.0.11)
[INFO] [stderr]       Adding time v0.3.17 (available: v0.3.37)
[INFO] [stderr]       Adding time-core v0.1.0 (available: v0.1.2)
[INFO] [stderr]       Adding tokio v1.29.1 (available: v1.43.0)
[INFO] [stderr]       Adding tokio-macros v2.1.0 (available: v2.5.0)
[INFO] [stderr]       Adding tros v0.1.3 (available: v0.2.2)
[INFO] running `Command { std: CARGO_HOME="/workspace/cargo-home" RUSTUP_HOME="/workspace/rustup-home" "/workspace/cargo-home/bin/cargo" "+nightly-2025-01-18" "fetch" "--manifest-path" "Cargo.toml", kill_on_drop: false }`
[INFO] [stderr]  Downloading crates ...
[INFO] [stderr]   Downloaded va_list v0.2.0
[INFO] [stderr]   Downloaded tarantool-proc v3.2.0
[INFO] [stderr]   Downloaded rmp v0.8.11
[INFO] [stderr]   Downloaded rmpv v1.0.0
[INFO] [stderr]   Downloaded gensym v0.1.1
[INFO] [stderr]   Downloaded derive_builder_macro v0.13.1
[INFO] [stderr]   Downloaded tros v0.1.3
[INFO] [stderr]   Downloaded picodata-plugin-proc-macro v24.6.1
[INFO] [stderr]   Downloaded core_extensions_proc_macros v1.5.3
[INFO] [stderr]   Downloaded as_derive_utils v0.11.0
[INFO] [stderr]   Downloaded abi_stable_shared v0.11.0
[INFO] [stderr]   Downloaded tstr_proc_macros v0.2.2
[INFO] [stderr]   Downloaded repr_offset v0.2.2
[INFO] [stderr]   Downloaded core_extensions v1.5.3
[INFO] [stderr]   Downloaded dec v0.4.9
[INFO] [stderr]   Downloaded abi_stable_derive v0.11.3
[INFO] [stderr]   Downloaded tarantool v4.0.1
[INFO] [stderr]   Downloaded const_panic v0.2.12
[INFO] [stderr]   Downloaded tester v0.7.0
[INFO] [stderr]   Downloaded derive_builder_core v0.13.1
[INFO] [stderr]   Downloaded tarantool v5.0.0
[INFO] [stderr]   Downloaded decnumber-sys v0.1.6
[INFO] [stderr]   Downloaded picodata-rmp-serde v1.0.0
[INFO] [stderr]   Downloaded abi_stable v0.11.3
[INFO] [stderr]   Downloaded tlua v3.1.0
[INFO] [stderr]   Downloaded derive_builder v0.13.1
[INFO] [stderr]   Downloaded serde-json-core v0.5.1
[INFO] [stderr]   Downloaded linkme v0.3.31
[INFO] [stderr]   Downloaded linkme v0.2.10
[INFO] [stderr]   Downloaded refpool v0.4.3
[INFO] [stderr]   Downloaded tstr v0.2.4
[INFO] [stderr]   Downloaded dlopen v0.1.8
[INFO] [stderr]   Downloaded linkme-impl v0.3.31
[INFO] [stderr]   Downloaded tarolog v0.1.0
[INFO] [stderr]   Downloaded async-scoped v0.9.0
[INFO] [stderr]   Downloaded dlopen_derive v0.1.4
[INFO] [stderr]   Downloaded linkme-impl v0.2.10
[INFO] [stderr]   Downloaded tlua-derive v0.2.1
[INFO] running `Command { std: "docker" "create" "-v" "/var/lib/crater-agent-workspace/builds/worker-3-tc1/target:/opt/rustwide/target:rw,Z" "-v" "/var/lib/crater-agent-workspace/builds/worker-3-tc1/source:/opt/rustwide/workdir:ro,Z" "-v" "/var/lib/crater-agent-workspace/cargo-home:/opt/rustwide/cargo-home:ro,Z" "-v" "/var/lib/crater-agent-workspace/rustup-home:/opt/rustwide/rustup-home:ro,Z" "-e" "SOURCE_DIR=/opt/rustwide/workdir" "-e" "CARGO_TARGET_DIR=/opt/rustwide/target" "-e" "CARGO_HOME=/opt/rustwide/cargo-home" "-e" "RUSTUP_HOME=/opt/rustwide/rustup-home" "-w" "/opt/rustwide/workdir" "-m" "1610612736" "--user" "0:0" "--network" "none" "ghcr.io/rust-lang/crates-build-env/linux@sha256:819108c5571ea2e421544af4d832f968d213c87fbe3707a016657f43d2f853bc" "/opt/rustwide/cargo-home/bin/cargo" "+nightly-2025-01-18" "metadata" "--no-deps" "--format-version=1", kill_on_drop: false }`
[INFO] [stdout] 061e79cc85421000d33be9ae8952a354012b16907dd8c6be569f9d1a0dd1148e
[INFO] running `Command { std: "docker" "start" "-a" "061e79cc85421000d33be9ae8952a354012b16907dd8c6be569f9d1a0dd1148e", kill_on_drop: false }`
[INFO] running `Command { std: "docker" "inspect" "061e79cc85421000d33be9ae8952a354012b16907dd8c6be569f9d1a0dd1148e", kill_on_drop: false }`
[INFO] running `Command { std: "docker" "rm" "-f" "061e79cc85421000d33be9ae8952a354012b16907dd8c6be569f9d1a0dd1148e", kill_on_drop: false }`
[INFO] [stdout] 061e79cc85421000d33be9ae8952a354012b16907dd8c6be569f9d1a0dd1148e
[INFO] running `Command { std: "docker" "create" "-v" "/var/lib/crater-agent-workspace/builds/worker-3-tc1/target:/opt/rustwide/target:rw,Z" "-v" "/var/lib/crater-agent-workspace/builds/worker-3-tc1/source:/opt/rustwide/workdir:ro,Z" "-v" "/var/lib/crater-agent-workspace/cargo-home:/opt/rustwide/cargo-home:ro,Z" "-v" "/var/lib/crater-agent-workspace/rustup-home:/opt/rustwide/rustup-home:ro,Z" "-e" "SOURCE_DIR=/opt/rustwide/workdir" "-e" "CARGO_TARGET_DIR=/opt/rustwide/target" "-e" "CARGO_INCREMENTAL=0" "-e" "RUST_BACKTRACE=full" "-e" "RUSTFLAGS=--cap-lints=forbid" "-e" "RUSTDOCFLAGS=--cap-lints=forbid" "-e" "CARGO_HOME=/opt/rustwide/cargo-home" "-e" "RUSTUP_HOME=/opt/rustwide/rustup-home" "-w" "/opt/rustwide/workdir" "-m" "1610612736" "--user" "0:0" "--network" "none" "ghcr.io/rust-lang/crates-build-env/linux@sha256:819108c5571ea2e421544af4d832f968d213c87fbe3707a016657f43d2f853bc" "/opt/rustwide/cargo-home/bin/cargo" "+nightly-2025-01-18" "build" "--frozen" "--message-format=json", kill_on_drop: false }`
[INFO] [stdout] b9be809ffc69e33999b7e9b807ee29797ec0cba333ade330c8e6aeefd3a22d51
[INFO] running `Command { std: "docker" "start" "-a" "b9be809ffc69e33999b7e9b807ee29797ec0cba333ade330c8e6aeefd3a22d51", kill_on_drop: false }`
[INFO] [stderr]    Compiling syn v1.0.109
[INFO] [stderr]    Compiling strsim v0.10.0
[INFO] [stderr]    Compiling fnv v1.0.7
[INFO] [stderr]    Compiling proc-macro2 v0.4.30
[INFO] [stderr]    Compiling serde v1.0.217
[INFO] [stderr]    Compiling num-traits v0.2.19
[INFO] [stderr]    Compiling unicode-xid v0.1.0
[INFO] [stderr]    Compiling futures-sink v0.3.31
[INFO] [stderr]    Compiling generic-array v0.14.7
[INFO] [stderr]    Compiling syn v2.0.96
[INFO] [stderr]    Compiling futures-core v0.3.31
[INFO] [stderr]    Compiling crossbeam-utils v0.8.21
[INFO] [stderr]    Compiling proc-macro-error-attr v1.0.4
[INFO] [stderr]    Compiling syn v0.15.44
[INFO] [stderr]    Compiling futures-io v0.3.31
[INFO] [stderr]    Compiling proc-macro-error v1.0.4
[INFO] [stderr]    Compiling cc v1.2.10
[INFO] [stderr]    Compiling serde_json v1.0.137
[INFO] [stderr]    Compiling futures-channel v0.3.31
[INFO] [stderr]    Compiling opaque-debug v0.3.1
[INFO] [stderr]    Compiling time-core v0.1.0
[INFO] [stderr]    Compiling time v0.3.17
[INFO] [stderr]    Compiling parking_lot_core v0.9.10
[INFO] [stderr]    Compiling dirs-sys v0.3.7
[INFO] [stderr]    Compiling refpool v0.4.3
[INFO] [stderr]    Compiling linkme-impl v0.3.31
[INFO] [stderr]    Compiling base64 v0.13.1
[INFO] [stderr]    Compiling va_list v0.2.0
[INFO] [stderr]    Compiling log v0.4.25
[INFO] [stderr]    Compiling uuid v0.8.2
[INFO] [stderr]    Compiling dirs v2.0.2
[INFO] [stderr]    Compiling parking_lot v0.12.3
[INFO] [stderr]    Compiling tokio v1.29.1
[INFO] [stderr]    Compiling getopts v0.2.21
[INFO] [stderr]    Compiling heapless v0.7.17
[INFO] [stderr]    Compiling term v0.6.1
[INFO] [stderr]    Compiling num_cpus v1.16.0
[INFO] [stderr]    Compiling mio v0.8.11
[INFO] [stderr]    Compiling block-buffer v0.9.0
[INFO] [stderr]    Compiling digest v0.9.0
[INFO] [stderr]    Compiling block-buffer v0.10.4
[INFO] [stderr]    Compiling crypto-common v0.1.6
[INFO] [stderr]    Compiling socket2 v0.4.10
[INFO] [stderr]    Compiling quote v0.6.13
[INFO] [stderr]    Compiling rmp v0.8.11
[INFO] [stderr]    Compiling sha-1 v0.9.8
[INFO] [stderr]    Compiling crossbeam-queue v0.3.12
[INFO] [stderr]    Compiling digest v0.10.7
[INFO] [stderr]    Compiling signal-hook-registry v1.4.2
[INFO] [stderr]    Compiling core_extensions v1.5.3
[INFO] [stderr]    Compiling tester v0.7.0
[INFO] [stderr]    Compiling md-5 v0.10.6
[INFO] [stderr]    Compiling spin v0.9.8
[INFO] [stderr]    Compiling hash32 v0.2.1
[INFO] [stderr]    Compiling tstr_proc_macros v0.2.2
[INFO] [stderr]    Compiling core_extensions_proc_macros v1.5.3
[INFO] [stderr]    Compiling stable_deref_trait v1.2.0
[INFO] [stderr]    Compiling getrandom v0.2.15
[INFO] [stderr]    Compiling iana-time-zone v0.1.61
[INFO] [stderr]    Compiling bitflags v2.8.0
[INFO] [stderr]    Compiling typed-arena v2.0.2
[INFO] [stderr]    Compiling abi_stable_shared v0.11.0
[INFO] [stderr]    Compiling uuid v1.12.0
[INFO] [stderr]    Compiling chrono v0.4.39
[INFO] [stderr]    Compiling crossbeam-channel v0.5.14
[INFO] [stderr]    Compiling generational-arena v0.2.9
[INFO] [stderr]    Compiling libloading v0.7.4
[INFO] [stderr]    Compiling const_panic v0.2.12
[INFO] [stderr]    Compiling nix v0.27.1
[INFO] [stderr]    Compiling tstr v0.2.4
[INFO] [stderr]    Compiling decnumber-sys v0.1.6
[INFO] [stderr]    Compiling repr_offset v0.2.2
[INFO] [stderr]    Compiling dlopen_derive v0.1.4
[INFO] [stderr]    Compiling serde_derive v1.0.217
[INFO] [stderr]    Compiling futures-macro v0.3.31
[INFO] [stderr]    Compiling thiserror-impl v1.0.69
[INFO] [stderr]    Compiling async-trait v0.1.85
[INFO] [stderr]    Compiling tokio-macros v2.1.0
[INFO] [stderr]    Compiling pin-project-internal v1.1.8
[INFO] [stderr]    Compiling gensym v0.1.1
[INFO] [stderr]    Compiling darling_core v0.14.4
[INFO] [stderr]    Compiling as_derive_utils v0.11.0
[INFO] [stderr]    Compiling dlopen v0.1.8
[INFO] [stderr]    Compiling linkme v0.3.31
[INFO] [stderr]    Compiling futures-util v0.3.31
[INFO] [stderr]    Compiling dec v0.4.9
[INFO] [stderr]    Compiling pin-project v1.1.8
[INFO] [stderr]    Compiling thiserror v1.0.69
[INFO] [stderr]    Compiling tlua-derive v0.2.1
[INFO] [stderr]    Compiling linkme-impl v0.2.10
[INFO] [stderr]    Compiling abi_stable_derive v0.11.3
[INFO] [stderr]    Compiling linkme v0.2.10
[INFO] [stderr]    Compiling darling_macro v0.14.4
[INFO] [stderr]    Compiling darling v0.14.4
[INFO] [stderr]    Compiling derive_builder_core v0.13.1
[INFO] [stderr]    Compiling tarantool-proc v3.2.0
[INFO] [stderr]    Compiling derive_builder_macro v0.13.1
[INFO] [stderr]    Compiling derive_builder v0.13.1
[INFO] [stderr]    Compiling futures-executor v0.3.31
[INFO] [stderr]    Compiling futures v0.3.31
[INFO] [stderr]    Compiling serde_bytes v0.11.15
[INFO] [stderr]    Compiling tlua v3.1.0
[INFO] [stderr]    Compiling picodata-rmp-serde v1.0.0
[INFO] [stderr]    Compiling rmp-serde v1.1.2
[INFO] [stderr]    Compiling serde-json-core v0.5.1
[INFO] [stderr]    Compiling async-scoped v0.9.0
[INFO] [stderr]    Compiling rmpv v1.0.0
[INFO] [stderr]    Compiling abi_stable v0.11.3
[INFO] [stderr]    Compiling tarantool v4.0.1
[INFO] [stderr]    Compiling tarantool v5.0.0
[INFO] [stderr]    Compiling tros v0.1.3
[INFO] [stderr]    Compiling tarolog v0.1.0
[INFO] [stderr]    Compiling picodata-plugin-proc-macro v24.6.1
[INFO] [stderr]    Compiling picodata-plugin v24.6.1 (/opt/rustwide/workdir)
[INFO] [stdout] warning: non-local `impl` definition, `impl` blocks should be written at the same level as their item
[INFO] [stdout]    --> src/plugin/interface.rs:229:1
[INFO] [stdout]     |
[INFO] [stdout] 229 | #[sabi_trait]
[INFO] [stdout]     | -^^^^^^^^^^^^
[INFO] [stdout]     | |
[INFO] [stdout]     | `ServiceStable_Interface` is not local
[INFO] [stdout]     | `InterfaceType` is not local
[INFO] [stdout]     | move the `impl` block outside of this constant `__inside_generated_mod`
[INFO] [stdout]     |
[INFO] [stdout]     = note: the attribute macro `sabi_trait` defines the non-local `impl`, and may need to be changed
[INFO] [stdout]     = note: the attribute macro `sabi_trait` may come from an old version of the `abi_stable_derive` crate, try updating your dependency with `cargo update -p abi_stable_derive`
[INFO] [stdout]     = note: an `impl` is never scoped, even when it is nested inside an item, as it may impact type checking outside of that item, which can be the case if neither the trait or the self type are at the same nesting level as the `impl`
[INFO] [stdout]     = note: items in an anonymous const item (`const _: () = { ... }`) are treated as in the same scope as the anonymous const's declaration for the purpose of this lint
[INFO] [stdout]     = note: `#[warn(non_local_definitions)]` on by default
[INFO] [stdout]     = note: this warning originates in the attribute macro `sabi_trait` (in Nightly builds, run with -Z macro-backtrace for more info)
[INFO] [stdout] 
[INFO] [stdout] 
[INFO] [stdout] warning: non-local `impl` definition, `impl` blocks should be written at the same level as their item
[INFO] [stdout]    --> src/plugin/interface.rs:330:1
[INFO] [stdout]     |
[INFO] [stdout] 330 | #[sabi_trait]
[INFO] [stdout]     | -^^^^^^^^^^^^
[INFO] [stdout]     | |
[INFO] [stdout]     | `Factory_Interface` is not local
[INFO] [stdout]     | `InterfaceType` is not local
[INFO] [stdout]     | move the `impl` block outside of this constant `__inside_generated_mod`
[INFO] [stdout]     |
[INFO] [stdout]     = note: the attribute macro `sabi_trait` defines the non-local `impl`, and may need to be changed
[INFO] [stdout]     = note: the attribute macro `sabi_trait` may come from an old version of the `abi_stable_derive` crate, try updating your dependency with `cargo update -p abi_stable_derive`
[INFO] [stdout]     = note: an `impl` is never scoped, even when it is nested inside an item, as it may impact type checking outside of that item, which can be the case if neither the trait or the self type are at the same nesting level as the `impl`
[INFO] [stdout]     = note: items in an anonymous const item (`const _: () = { ... }`) are treated as in the same scope as the anonymous const's declaration for the purpose of this lint
[INFO] [stdout]     = note: this warning originates in the attribute macro `sabi_trait` (in Nightly builds, run with -Z macro-backtrace for more info)
[INFO] [stdout] 
[INFO] [stdout] 
[INFO] [stdout] warning: non-local `impl` definition, `impl` blocks should be written at the same level as their item
[INFO] [stdout]    --> src/plugin/interface.rs:356:1
[INFO] [stdout]     |
[INFO] [stdout] 356 | #[sabi_trait]
[INFO] [stdout]     | -^^^^^^^^^^^^
[INFO] [stdout]     | |
[INFO] [stdout]     | `Validator_Interface` is not local
[INFO] [stdout]     | `InterfaceType` is not local
[INFO] [stdout]     | move the `impl` block outside of this constant `__inside_generated_mod`
[INFO] [stdout]     |
[INFO] [stdout]     = note: the attribute macro `sabi_trait` defines the non-local `impl`, and may need to be changed
[INFO] [stdout]     = note: the attribute macro `sabi_trait` may come from an old version of the `abi_stable_derive` crate, try updating your dependency with `cargo update -p abi_stable_derive`
[INFO] [stdout]     = note: an `impl` is never scoped, even when it is nested inside an item, as it may impact type checking outside of that item, which can be the case if neither the trait or the self type are at the same nesting level as the `impl`
[INFO] [stdout]     = note: items in an anonymous const item (`const _: () = { ... }`) are treated as in the same scope as the anonymous const's declaration for the purpose of this lint
[INFO] [stdout]     = note: this warning originates in the attribute macro `sabi_trait` (in Nightly builds, run with -Z macro-backtrace for more info)
[INFO] [stdout] 
[INFO] [stdout] 
[INFO] [stderr]     Finished `dev` profile [unoptimized + debuginfo] target(s) in 40.38s
[INFO] running `Command { std: "docker" "inspect" "b9be809ffc69e33999b7e9b807ee29797ec0cba333ade330c8e6aeefd3a22d51", kill_on_drop: false }`
[INFO] running `Command { std: "docker" "rm" "-f" "b9be809ffc69e33999b7e9b807ee29797ec0cba333ade330c8e6aeefd3a22d51", kill_on_drop: false }`
[INFO] [stdout] b9be809ffc69e33999b7e9b807ee29797ec0cba333ade330c8e6aeefd3a22d51
[INFO] running `Command { std: "docker" "create" "-v" "/var/lib/crater-agent-workspace/builds/worker-3-tc1/target:/opt/rustwide/target:rw,Z" "-v" "/var/lib/crater-agent-workspace/builds/worker-3-tc1/source:/opt/rustwide/workdir:ro,Z" "-v" "/var/lib/crater-agent-workspace/cargo-home:/opt/rustwide/cargo-home:ro,Z" "-v" "/var/lib/crater-agent-workspace/rustup-home:/opt/rustwide/rustup-home:ro,Z" "-e" "SOURCE_DIR=/opt/rustwide/workdir" "-e" "CARGO_TARGET_DIR=/opt/rustwide/target" "-e" "CARGO_INCREMENTAL=0" "-e" "RUST_BACKTRACE=full" "-e" "RUSTFLAGS=--cap-lints=forbid" "-e" "RUSTDOCFLAGS=--cap-lints=forbid" "-e" "CARGO_HOME=/opt/rustwide/cargo-home" "-e" "RUSTUP_HOME=/opt/rustwide/rustup-home" "-w" "/opt/rustwide/workdir" "-m" "1610612736" "--user" "0:0" "--network" "none" "ghcr.io/rust-lang/crates-build-env/linux@sha256:819108c5571ea2e421544af4d832f968d213c87fbe3707a016657f43d2f853bc" "/opt/rustwide/cargo-home/bin/cargo" "+nightly-2025-01-18" "test" "--frozen" "--no-run" "--message-format=json", kill_on_drop: false }`
[INFO] [stdout] fd46846d2449af5306d995e77cb8bc27b2af8e975cb5624919d4d8fe6871e0f4
[INFO] running `Command { std: "docker" "start" "-a" "fd46846d2449af5306d995e77cb8bc27b2af8e975cb5624919d4d8fe6871e0f4", kill_on_drop: false }`
[INFO] [stderr]    Compiling futures-channel v0.3.31
[INFO] [stderr]    Compiling syn v2.0.96
[INFO] [stderr]    Compiling parking_lot_core v0.9.10
[INFO] [stderr]    Compiling darling_core v0.14.4
[INFO] [stderr]    Compiling openssl-sys v0.9.104
[INFO] [stderr]    Compiling futures-core v0.3.31
[INFO] [stderr]    Compiling futures-sink v0.3.31
[INFO] [stderr]    Compiling tracing-core v0.1.33
[INFO] [stderr]    Compiling hashbrown v0.15.2
[INFO] [stderr]    Compiling openssl v0.10.68
[INFO] [stderr]    Compiling native-tls v0.2.12
[INFO] [stderr]    Compiling heapless v0.7.17
[INFO] [stderr]    Compiling socket2 v0.5.8
[INFO] [stderr]    Compiling sync_wrapper v1.0.2
[INFO] [stderr]    Compiling rustls-pki-types v1.10.1
[INFO] [stderr]    Compiling tower-layer v0.3.3
[INFO] [stderr]    Compiling encoding_rs v0.8.35
[INFO] [stderr]    Compiling ipnet v2.11.0
[INFO] [stderr]    Compiling threadpool v1.8.1
[INFO] [stderr]    Compiling parking_lot v0.12.3
[INFO] [stderr]    Compiling tracing v0.1.41
[INFO] [stderr]    Compiling rustls-pemfile v2.2.0
[INFO] [stderr]    Compiling indexmap v2.7.1
[INFO] [stderr]    Compiling darling_macro v0.14.4
[INFO] [stderr]    Compiling darling v0.14.4
[INFO] [stderr]    Compiling derive_builder_core v0.13.1
[INFO] [stderr]    Compiling tarantool-proc v3.2.0
[INFO] [stderr]    Compiling derive_builder_macro v0.13.1
[INFO] [stderr]    Compiling derive_builder v0.13.1
[INFO] [stderr]    Compiling synstructure v0.13.1
[INFO] [stderr]    Compiling futures-macro v0.3.31
[INFO] [stderr]    Compiling serde_derive v1.0.217
[INFO] [stderr]    Compiling zerofrom-derive v0.1.5
[INFO] [stderr]    Compiling yoke-derive v0.7.5
[INFO] [stderr]    Compiling tokio-macros v2.1.0
[INFO] [stderr]    Compiling zerovec-derive v0.10.3
[INFO] [stderr]    Compiling displaydoc v0.2.5
[INFO] [stderr]    Compiling thiserror-impl v1.0.69
[INFO] [stderr]    Compiling icu_provider_macros v1.5.0
[INFO] [stderr]    Compiling async-trait v0.1.85
[INFO] [stderr]    Compiling openssl-macros v0.1.1
[INFO] [stderr]    Compiling linkme-impl v0.3.31
[INFO] [stderr]    Compiling pin-project-internal v1.1.8
[INFO] [stderr]    Compiling gensym v0.1.1
[INFO] [stderr]    Compiling tokio v1.29.1
[INFO] [stderr]    Compiling futures-util v0.3.31
[INFO] [stderr]    Compiling zerofrom v0.1.5
[INFO] [stderr]    Compiling linkme v0.3.31
[INFO] [stderr]    Compiling yoke v0.7.5
[INFO] [stderr]    Compiling thiserror v1.0.69
[INFO] [stderr]    Compiling pin-project v1.1.8
[INFO] [stderr]    Compiling zerovec v0.10.4
[INFO] [stderr]    Compiling tinystr v0.7.6
[INFO] [stderr]    Compiling icu_collections v1.5.0
[INFO] [stderr]    Compiling icu_locid v1.5.0
[INFO] [stderr]    Compiling icu_provider v1.5.0
[INFO] [stderr]    Compiling serde v1.0.217
[INFO] [stderr]    Compiling icu_locid_transform v1.5.0
[INFO] [stderr]    Compiling futures-executor v0.3.31
[INFO] [stderr]    Compiling futures v0.3.31
[INFO] [stderr]    Compiling http-body-util v0.1.2
[INFO] [stderr]    Compiling icu_properties v1.5.1
[INFO] [stderr]    Compiling tokio-util v0.7.13
[INFO] [stderr]    Compiling async-scoped v0.9.0
[INFO] [stderr]    Compiling tokio-native-tls v0.3.1
[INFO] [stderr]    Compiling tower v0.5.2
[INFO] [stderr]    Compiling h2 v0.4.7
[INFO] [stderr]    Compiling serde_bytes v0.11.15
[INFO] [stderr]    Compiling tlua v3.1.0
[INFO] [stderr]    Compiling serde_json v1.0.137
[INFO] [stderr]    Compiling rmp-serde v1.1.2
[INFO] [stderr]    Compiling picodata-rmp-serde v1.0.0
[INFO] [stderr]    Compiling serde-json-core v0.5.1
[INFO] [stderr]    Compiling serde_urlencoded v0.7.1
[INFO] [stderr]    Compiling rmpv v1.0.0
[INFO] [stderr]    Compiling icu_normalizer v1.5.0
[INFO] [stderr]    Compiling idna_adapter v1.2.0
[INFO] [stderr]    Compiling idna v1.0.3
[INFO] [stderr]    Compiling abi_stable v0.11.3
[INFO] [stderr]    Compiling url v2.5.4
[INFO] [stderr]    Compiling hyper v1.5.2
[INFO] [stderr]    Compiling tarantool v4.0.1
[INFO] [stderr]    Compiling tarantool v5.0.0
[INFO] [stderr]    Compiling hyper-util v0.1.10
[INFO] [stderr]    Compiling hyper-tls v0.6.0
[INFO] [stderr]    Compiling reqwest v0.12.12
[INFO] [stderr]    Compiling tros v0.1.3
[INFO] [stderr]    Compiling tarolog v0.1.0
[INFO] [stderr]    Compiling picodata-plugin-proc-macro v24.6.1
[INFO] [stderr]    Compiling picodata-plugin v24.6.1 (/opt/rustwide/workdir)
[INFO] [stdout] warning: non-local `impl` definition, `impl` blocks should be written at the same level as their item
[INFO] [stdout]    --> src/plugin/interface.rs:229:1
[INFO] [stdout]     |
[INFO] [stdout] 229 | #[sabi_trait]
[INFO] [stdout]     | -^^^^^^^^^^^^
[INFO] [stdout]     | |
[INFO] [stdout]     | `ServiceStable_Interface` is not local
[INFO] [stdout]     | `InterfaceType` is not local
[INFO] [stdout]     | move the `impl` block outside of this constant `__inside_generated_mod`
[INFO] [stdout]     |
[INFO] [stdout]     = note: the attribute macro `sabi_trait` defines the non-local `impl`, and may need to be changed
[INFO] [stdout]     = note: the attribute macro `sabi_trait` may come from an old version of the `abi_stable_derive` crate, try updating your dependency with `cargo update -p abi_stable_derive`
[INFO] [stdout]     = note: an `impl` is never scoped, even when it is nested inside an item, as it may impact type checking outside of that item, which can be the case if neither the trait or the self type are at the same nesting level as the `impl`
[INFO] [stdout]     = note: items in an anonymous const item (`const _: () = { ... }`) are treated as in the same scope as the anonymous const's declaration for the purpose of this lint
[INFO] [stdout]     = note: `#[warn(non_local_definitions)]` on by default
[INFO] [stdout]     = note: this warning originates in the attribute macro `sabi_trait` (in Nightly builds, run with -Z macro-backtrace for more info)
[INFO] [stdout] 
[INFO] [stdout] 
[INFO] [stdout] warning: non-local `impl` definition, `impl` blocks should be written at the same level as their item
[INFO] [stdout]    --> src/plugin/interface.rs:330:1
[INFO] [stdout]     |
[INFO] [stdout] 330 | #[sabi_trait]
[INFO] [stdout]     | -^^^^^^^^^^^^
[INFO] [stdout]     | |
[INFO] [stdout]     | `Factory_Interface` is not local
[INFO] [stdout]     | `InterfaceType` is not local
[INFO] [stdout]     | move the `impl` block outside of this constant `__inside_generated_mod`
[INFO] [stdout]     |
[INFO] [stdout]     = note: the attribute macro `sabi_trait` defines the non-local `impl`, and may need to be changed
[INFO] [stdout]     = note: the attribute macro `sabi_trait` may come from an old version of the `abi_stable_derive` crate, try updating your dependency with `cargo update -p abi_stable_derive`
[INFO] [stdout]     = note: an `impl` is never scoped, even when it is nested inside an item, as it may impact type checking outside of that item, which can be the case if neither the trait or the self type are at the same nesting level as the `impl`
[INFO] [stdout]     = note: items in an anonymous const item (`const _: () = { ... }`) are treated as in the same scope as the anonymous const's declaration for the purpose of this lint
[INFO] [stdout]     = note: this warning originates in the attribute macro `sabi_trait` (in Nightly builds, run with -Z macro-backtrace for more info)
[INFO] [stdout] 
[INFO] [stdout] 
[INFO] [stdout] warning: non-local `impl` definition, `impl` blocks should be written at the same level as their item
[INFO] [stdout]    --> src/plugin/interface.rs:356:1
[INFO] [stdout]     |
[INFO] [stdout] 356 | #[sabi_trait]
[INFO] [stdout]     | -^^^^^^^^^^^^
[INFO] [stdout]     | |
[INFO] [stdout]     | `Validator_Interface` is not local
[INFO] [stdout]     | `InterfaceType` is not local
[INFO] [stdout]     | move the `impl` block outside of this constant `__inside_generated_mod`
[INFO] [stdout]     |
[INFO] [stdout]     = note: the attribute macro `sabi_trait` defines the non-local `impl`, and may need to be changed
[INFO] [stdout]     = note: the attribute macro `sabi_trait` may come from an old version of the `abi_stable_derive` crate, try updating your dependency with `cargo update -p abi_stable_derive`
[INFO] [stdout]     = note: an `impl` is never scoped, even when it is nested inside an item, as it may impact type checking outside of that item, which can be the case if neither the trait or the self type are at the same nesting level as the `impl`
[INFO] [stdout]     = note: items in an anonymous const item (`const _: () = { ... }`) are treated as in the same scope as the anonymous const's declaration for the purpose of this lint
[INFO] [stdout]     = note: this warning originates in the attribute macro `sabi_trait` (in Nightly builds, run with -Z macro-backtrace for more info)
[INFO] [stdout] 
[INFO] [stdout] 
[INFO] [stdout] warning: non-local `impl` definition, `impl` blocks should be written at the same level as their item
[INFO] [stdout]    --> src/plugin/interface.rs:229:1
[INFO] [stdout]     |
[INFO] [stdout] 229 | #[sabi_trait]
[INFO] [stdout]     | -^^^^^^^^^^^^
[INFO] [stdout]     | |
[INFO] [stdout]     | `ServiceStable_Interface` is not local
[INFO] [stdout]     | `InterfaceType` is not local
[INFO] [stdout]     | move the `impl` block outside of this constant `__inside_generated_mod`
[INFO] [stdout]     |
[INFO] [stdout]     = note: the attribute macro `sabi_trait` defines the non-local `impl`, and may need to be changed
[INFO] [stdout]     = note: the attribute macro `sabi_trait` may come from an old version of the `abi_stable_derive` crate, try updating your dependency with `cargo update -p abi_stable_derive`
[INFO] [stdout]     = note: an `impl` is never scoped, even when it is nested inside an item, as it may impact type checking outside of that item, which can be the case if neither the trait or the self type are at the same nesting level as the `impl`
[INFO] [stdout]     = note: items in an anonymous const item (`const _: () = { ... }`) are treated as in the same scope as the anonymous const's declaration for the purpose of this lint
[INFO] [stdout]     = note: `#[warn(non_local_definitions)]` on by default
[INFO] [stdout]     = note: this warning originates in the attribute macro `sabi_trait` (in Nightly builds, run with -Z macro-backtrace for more info)
[INFO] [stdout] 
[INFO] [stdout] 
[INFO] [stdout] warning: non-local `impl` definition, `impl` blocks should be written at the same level as their item
[INFO] [stdout]    --> src/plugin/interface.rs:330:1
[INFO] [stdout]     |
[INFO] [stdout] 330 | #[sabi_trait]
[INFO] [stdout]     | -^^^^^^^^^^^^
[INFO] [stdout]     | |
[INFO] [stdout]     | `Factory_Interface` is not local
[INFO] [stdout]     | `InterfaceType` is not local
[INFO] [stdout]     | move the `impl` block outside of this constant `__inside_generated_mod`
[INFO] [stdout]     |
[INFO] [stdout]     = note: the attribute macro `sabi_trait` defines the non-local `impl`, and may need to be changed
[INFO] [stdout]     = note: the attribute macro `sabi_trait` may come from an old version of the `abi_stable_derive` crate, try updating your dependency with `cargo update -p abi_stable_derive`
[INFO] [stdout]     = note: an `impl` is never scoped, even when it is nested inside an item, as it may impact type checking outside of that item, which can be the case if neither the trait or the self type are at the same nesting level as the `impl`
[INFO] [stdout]     = note: items in an anonymous const item (`const _: () = { ... }`) are treated as in the same scope as the anonymous const's declaration for the purpose of this lint
[INFO] [stdout]     = note: this warning originates in the attribute macro `sabi_trait` (in Nightly builds, run with -Z macro-backtrace for more info)
[INFO] [stdout] 
[INFO] [stdout] 
[INFO] [stdout] warning: non-local `impl` definition, `impl` blocks should be written at the same level as their item
[INFO] [stdout]    --> src/plugin/interface.rs:356:1
[INFO] [stdout]     |
[INFO] [stdout] 356 | #[sabi_trait]
[INFO] [stdout]     | -^^^^^^^^^^^^
[INFO] [stdout]     | |
[INFO] [stdout]     | `Validator_Interface` is not local
[INFO] [stdout]     | `InterfaceType` is not local
[INFO] [stdout]     | move the `impl` block outside of this constant `__inside_generated_mod`
[INFO] [stdout]     |
[INFO] [stdout]     = note: the attribute macro `sabi_trait` defines the non-local `impl`, and may need to be changed
[INFO] [stdout]     = note: the attribute macro `sabi_trait` may come from an old version of the `abi_stable_derive` crate, try updating your dependency with `cargo update -p abi_stable_derive`
[INFO] [stdout]     = note: an `impl` is never scoped, even when it is nested inside an item, as it may impact type checking outside of that item, which can be the case if neither the trait or the self type are at the same nesting level as the `impl`
[INFO] [stdout]     = note: items in an anonymous const item (`const _: () = { ... }`) are treated as in the same scope as the anonymous const's declaration for the purpose of this lint
[INFO] [stdout]     = note: this warning originates in the attribute macro `sabi_trait` (in Nightly builds, run with -Z macro-backtrace for more info)
[INFO] [stdout] 
[INFO] [stdout] 
[INFO] [stderr]     Finished `test` profile [unoptimized + debuginfo] target(s) in 59.34s
[INFO] running `Command { std: "docker" "inspect" "fd46846d2449af5306d995e77cb8bc27b2af8e975cb5624919d4d8fe6871e0f4", kill_on_drop: false }`
[INFO] running `Command { std: "docker" "rm" "-f" "fd46846d2449af5306d995e77cb8bc27b2af8e975cb5624919d4d8fe6871e0f4", kill_on_drop: false }`
[INFO] [stdout] fd46846d2449af5306d995e77cb8bc27b2af8e975cb5624919d4d8fe6871e0f4
[INFO] running `Command { std: "docker" "create" "-v" "/var/lib/crater-agent-workspace/builds/worker-3-tc1/target:/opt/rustwide/target:rw,Z" "-v" "/var/lib/crater-agent-workspace/builds/worker-3-tc1/source:/opt/rustwide/workdir:ro,Z" "-v" "/var/lib/crater-agent-workspace/cargo-home:/opt/rustwide/cargo-home:ro,Z" "-v" "/var/lib/crater-agent-workspace/rustup-home:/opt/rustwide/rustup-home:ro,Z" "-e" "SOURCE_DIR=/opt/rustwide/workdir" "-e" "CARGO_TARGET_DIR=/opt/rustwide/target" "-e" "CARGO_INCREMENTAL=0" "-e" "RUST_BACKTRACE=full" "-e" "RUSTFLAGS=--cap-lints=forbid" "-e" "RUSTDOCFLAGS=--cap-lints=forbid" "-e" "CARGO_HOME=/opt/rustwide/cargo-home" "-e" "RUSTUP_HOME=/opt/rustwide/rustup-home" "-w" "/opt/rustwide/workdir" "-m" "1610612736" "--user" "0:0" "--network" "none" "ghcr.io/rust-lang/crates-build-env/linux@sha256:819108c5571ea2e421544af4d832f968d213c87fbe3707a016657f43d2f853bc" "/opt/rustwide/cargo-home/bin/cargo" "+nightly-2025-01-18" "test" "--frozen", kill_on_drop: false }`
[INFO] [stdout] 9f758da767f7d38ac6caf2495142048a13d7979f211e004b41d9ab8791b52d22
[INFO] running `Command { std: "docker" "start" "-a" "9f758da767f7d38ac6caf2495142048a13d7979f211e004b41d9ab8791b52d22", kill_on_drop: false }`
[INFO] [stderr] warning: non-local `impl` definition, `impl` blocks should be written at the same level as their item
[INFO] [stderr]    --> src/plugin/interface.rs:229:1
[INFO] [stderr]     |
[INFO] [stderr] 229 | #[sabi_trait]
[INFO] [stderr]     | -^^^^^^^^^^^^
[INFO] [stderr]     | |
[INFO] [stderr]     | `ServiceStable_Interface` is not local
[INFO] [stderr]     | `InterfaceType` is not local
[INFO] [stderr]     | move the `impl` block outside of this constant `__inside_generated_mod`
[INFO] [stderr]     |
[INFO] [stderr]     = note: the attribute macro `sabi_trait` defines the non-local `impl`, and may need to be changed
[INFO] [stderr]     = note: the attribute macro `sabi_trait` may come from an old version of the `abi_stable_derive` crate, try updating your dependency with `cargo update -p abi_stable_derive`
[INFO] [stderr]     = note: an `impl` is never scoped, even when it is nested inside an item, as it may impact type checking outside of that item, which can be the case if neither the trait or the self type are at the same nesting level as the `impl`
[INFO] [stderr]     = note: items in an anonymous const item (`const _: () = { ... }`) are treated as in the same scope as the anonymous const's declaration for the purpose of this lint
[INFO] [stderr]     = note: `#[warn(non_local_definitions)]` on by default
[INFO] [stderr]     = note: this warning originates in the attribute macro `sabi_trait` (in Nightly builds, run with -Z macro-backtrace for more info)
[INFO] [stderr] 
[INFO] [stderr] warning: non-local `impl` definition, `impl` blocks should be written at the same level as their item
[INFO] [stderr]    --> src/plugin/interface.rs:330:1
[INFO] [stderr]     |
[INFO] [stderr] 330 | #[sabi_trait]
[INFO] [stderr]     | -^^^^^^^^^^^^
[INFO] [stderr]     | |
[INFO] [stderr]     | `Factory_Interface` is not local
[INFO] [stderr]     | `InterfaceType` is not local
[INFO] [stderr]     | move the `impl` block outside of this constant `__inside_generated_mod`
[INFO] [stderr]     |
[INFO] [stderr]     = note: the attribute macro `sabi_trait` defines the non-local `impl`, and may need to be changed
[INFO] [stderr]     = note: the attribute macro `sabi_trait` may come from an old version of the `abi_stable_derive` crate, try updating your dependency with `cargo update -p abi_stable_derive`
[INFO] [stderr]     = note: an `impl` is never scoped, even when it is nested inside an item, as it may impact type checking outside of that item, which can be the case if neither the trait or the self type are at the same nesting level as the `impl`
[INFO] [stderr]     = note: items in an anonymous const item (`const _: () = { ... }`) are treated as in the same scope as the anonymous const's declaration for the purpose of this lint
[INFO] [stderr]     = note: this warning originates in the attribute macro `sabi_trait` (in Nightly builds, run with -Z macro-backtrace for more info)
[INFO] [stderr] 
[INFO] [stderr] warning: non-local `impl` definition, `impl` blocks should be written at the same level as their item
[INFO] [stderr]    --> src/plugin/interface.rs:356:1
[INFO] [stderr]     |
[INFO] [stderr] 356 | #[sabi_trait]
[INFO] [stderr]     | -^^^^^^^^^^^^
[INFO] [stderr]     | |
[INFO] [stderr]     | `Validator_Interface` is not local
[INFO] [stderr]     | `InterfaceType` is not local
[INFO] [stderr]     | move the `impl` block outside of this constant `__inside_generated_mod`
[INFO] [stderr]     |
[INFO] [stderr]     = note: the attribute macro `sabi_trait` defines the non-local `impl`, and may need to be changed
[INFO] [stderr]     = note: the attribute macro `sabi_trait` may come from an old version of the `abi_stable_derive` crate, try updating your dependency with `cargo update -p abi_stable_derive`
[INFO] [stderr]     = note: an `impl` is never scoped, even when it is nested inside an item, as it may impact type checking outside of that item, which can be the case if neither the trait or the self type are at the same nesting level as the `impl`
[INFO] [stderr]     = note: items in an anonymous const item (`const _: () = { ... }`) are treated as in the same scope as the anonymous const's declaration for the purpose of this lint
[INFO] [stderr]     = note: this warning originates in the attribute macro `sabi_trait` (in Nightly builds, run with -Z macro-backtrace for more info)
[INFO] [stderr] 
[INFO] [stderr] warning: `picodata-plugin` (lib) generated 3 warnings
[INFO] [stderr] warning: `picodata-plugin` (lib test) generated 3 warnings (3 duplicates)
[INFO] [stderr]     Finished `test` profile [unoptimized + debuginfo] target(s) in 0.61s
[INFO] [stderr]      Running unittests src/lib.rs (/opt/rustwide/target/debug/deps/picodata_plugin-1d9fcb1e1b0ffada)
[INFO] [stdout] 
[INFO] [stdout] running 1 test
[INFO] [stdout] test log::test::test_logger ... ok
[INFO] [stdout] 
[INFO] [stdout] test result: ok. 1 passed; 0 failed; 0 ignored; 0 measured; 0 filtered out; finished in 0.01s
[INFO] [stdout] 
[INFO] [stderr]    Doc-tests picodata_plugin
[INFO] [stdout] 
[INFO] [stdout] running 7 tests
[INFO] [stdout] test src/background.rs - background::ServiceWorkerManager::register_job (line 155) - compile ... FAILED
[INFO] [stdout] test src/interplay/mod.rs - interplay (line 96) - compile ... ok
[INFO] [stdout] test src/sql/mod.rs - sql::Query<'a>::execute (line 63) - compile ... ok
[INFO] [stdout] test src/interplay/mod.rs - interplay (line 27) - compile ... ok
[INFO] [stdout] test src/sql/mod.rs - sql::query_raw (line 24) - compile ... ok
[INFO] [stdout] test src/sql/mod.rs - sql::Query<'a>::fetch (line 97) - compile ... ok
[INFO] [stdout] test src/interplay/mod.rs - interplay (line 111) - compile ... FAILED
[INFO] [stdout] 
[INFO] [stdout] failures:
[INFO] [stdout] 
[INFO] [stdout] ---- src/background.rs - background::ServiceWorkerManager::register_job (line 155) stdout ----
[INFO] [stdout] error: expected one of `::`, `;`, or `as`, found `-`
[INFO] [stdout]  --> src/background.rs:157:13
[INFO] [stdout]   |
[INFO] [stdout] 4 | use picodata-plugin::background::{CancellationToken, InternalGlobalWorkerManager, ServiceId, ServiceWorkerManager};
[INFO] [stdout]   |             ^ expected one of `::`, `;`, or `as`
[INFO] [stdout] 
[INFO] [stdout] error: aborting due to 1 previous error
[INFO] [stdout] 
[INFO] [stdout] Couldn't compile the test.
[INFO] [stdout] ---- src/interplay/mod.rs - interplay (line 111) stdout ----
[INFO] [stdout] error[E0015]: cannot call non-const associated function `ThreadPool::new` in statics
[INFO] [stdout]  --> src/interplay/mod.rs:117:34
[INFO] [stdout]   |
[INFO] [stdout] 9 | static THREAD_POOL: ThreadPool = ThreadPool::new(16);
[INFO] [stdout]   |                                  ^^^^^^^^^^^^^^^^^^^
[INFO] [stdout]   |
[INFO] [stdout]   = note: calls in statics are limited to constant functions, tuple structs and tuple variants
[INFO] [stdout]   = note: consider wrapping this expression in `std::sync::LazyLock::new(|| ...)`
[INFO] [stdout] 
[INFO] [stdout] error[E0425]: cannot find function `parse` in this scope
[INFO] [stdout]   --> src/interplay/mod.rs:122:29
[INFO] [stdout]    |
[INFO] [stdout] 14 |         THREAD_POOL.execute(parse(file, tx.clone()));
[INFO] [stdout]    |                             ^^^^^ not found in this scope
[INFO] [stdout] 
[INFO] [stdout] error: aborting due to 2 previous errors
[INFO] [stdout] 
[INFO] [stdout] Some errors have detailed explanations: E0015, E0425.
[INFO] [stdout] For more information about an error, try `rustc --explain E0015`.
[INFO] [stdout] Couldn't compile the test.
[INFO] [stdout] 
[INFO] [stdout] failures:
[INFO] [stdout]     src/background.rs - background::ServiceWorkerManager::register_job (line 155)
[INFO] [stdout]     src/interplay/mod.rs - interplay (line 111)
[INFO] [stdout] 
[INFO] [stdout] test result: FAILED. 5 passed; 2 failed; 0 ignored; 0 measured; 0 filtered out; finished in 0.43s
[INFO] [stdout] 
[INFO] [stderr] error: doctest failed, to rerun pass `--doc`
[INFO] running `Command { std: "docker" "inspect" "9f758da767f7d38ac6caf2495142048a13d7979f211e004b41d9ab8791b52d22", kill_on_drop: false }`
[INFO] running `Command { std: "docker" "rm" "-f" "9f758da767f7d38ac6caf2495142048a13d7979f211e004b41d9ab8791b52d22", kill_on_drop: false }`
[INFO] [stdout] 9f758da767f7d38ac6caf2495142048a13d7979f211e004b41d9ab8791b52d22
