[INFO] fetching crate phantasm 0.1.3...
[INFO] testing phantasm-0.1.3 against nightly-2025-01-18 for randomize-layout-2
[INFO] extracting crate phantasm 0.1.3 into /workspace/builds/worker-5-tc1/source
[INFO] validating manifest of crates.io crate phantasm 0.1.3 on toolchain nightly-2025-01-18
[INFO] running `Command { std: CARGO_HOME="/workspace/cargo-home" RUSTUP_HOME="/workspace/rustup-home" "/workspace/cargo-home/bin/cargo" "+nightly-2025-01-18" "metadata" "--manifest-path" "Cargo.toml" "--no-deps", kill_on_drop: false }`
[INFO] started tweaking crates.io crate phantasm 0.1.3
[INFO] finished tweaking crates.io crate phantasm 0.1.3
[INFO] tweaked toml for crates.io crate phantasm 0.1.3 written to /workspace/builds/worker-5-tc1/source/Cargo.toml
[INFO] running `Command { std: CARGO_HOME="/workspace/cargo-home" RUSTUP_HOME="/workspace/rustup-home" "/workspace/cargo-home/bin/cargo" "+nightly-2025-01-18" "generate-lockfile" "--manifest-path" "Cargo.toml", kill_on_drop: false }`
[INFO] running `Command { std: CARGO_HOME="/workspace/cargo-home" RUSTUP_HOME="/workspace/rustup-home" "/workspace/cargo-home/bin/cargo" "+nightly-2025-01-18" "fetch" "--manifest-path" "Cargo.toml", kill_on_drop: false }`
[INFO] running `Command { std: "docker" "create" "-v" "/var/lib/crater-agent-workspace/builds/worker-5-tc1/target:/opt/rustwide/target:rw,Z" "-v" "/var/lib/crater-agent-workspace/builds/worker-5-tc1/source:/opt/rustwide/workdir:ro,Z" "-v" "/var/lib/crater-agent-workspace/cargo-home:/opt/rustwide/cargo-home:ro,Z" "-v" "/var/lib/crater-agent-workspace/rustup-home:/opt/rustwide/rustup-home:ro,Z" "-e" "SOURCE_DIR=/opt/rustwide/workdir" "-e" "CARGO_TARGET_DIR=/opt/rustwide/target" "-e" "CARGO_HOME=/opt/rustwide/cargo-home" "-e" "RUSTUP_HOME=/opt/rustwide/rustup-home" "-w" "/opt/rustwide/workdir" "-m" "1610612736" "--user" "0:0" "--network" "none" "ghcr.io/rust-lang/crates-build-env/linux@sha256:819108c5571ea2e421544af4d832f968d213c87fbe3707a016657f43d2f853bc" "/opt/rustwide/cargo-home/bin/cargo" "+nightly-2025-01-18" "metadata" "--no-deps" "--format-version=1", kill_on_drop: false }`
[INFO] [stdout] 5fd067158b71cd182566dec4f149ce2f4f8f88f046ccf8224dcd3fde8cff6ce0
[INFO] running `Command { std: "docker" "start" "-a" "5fd067158b71cd182566dec4f149ce2f4f8f88f046ccf8224dcd3fde8cff6ce0", kill_on_drop: false }`
[INFO] running `Command { std: "docker" "inspect" "5fd067158b71cd182566dec4f149ce2f4f8f88f046ccf8224dcd3fde8cff6ce0", kill_on_drop: false }`
[INFO] running `Command { std: "docker" "rm" "-f" "5fd067158b71cd182566dec4f149ce2f4f8f88f046ccf8224dcd3fde8cff6ce0", kill_on_drop: false }`
[INFO] [stdout] 5fd067158b71cd182566dec4f149ce2f4f8f88f046ccf8224dcd3fde8cff6ce0
[INFO] running `Command { std: "docker" "create" "-v" "/var/lib/crater-agent-workspace/builds/worker-5-tc1/target:/opt/rustwide/target:rw,Z" "-v" "/var/lib/crater-agent-workspace/builds/worker-5-tc1/source:/opt/rustwide/workdir:ro,Z" "-v" "/var/lib/crater-agent-workspace/cargo-home:/opt/rustwide/cargo-home:ro,Z" "-v" "/var/lib/crater-agent-workspace/rustup-home:/opt/rustwide/rustup-home:ro,Z" "-e" "SOURCE_DIR=/opt/rustwide/workdir" "-e" "CARGO_TARGET_DIR=/opt/rustwide/target" "-e" "CARGO_INCREMENTAL=0" "-e" "RUST_BACKTRACE=full" "-e" "RUSTFLAGS=--cap-lints=forbid" "-e" "RUSTDOCFLAGS=--cap-lints=forbid" "-e" "CARGO_HOME=/opt/rustwide/cargo-home" "-e" "RUSTUP_HOME=/opt/rustwide/rustup-home" "-w" "/opt/rustwide/workdir" "-m" "1610612736" "--user" "0:0" "--network" "none" "ghcr.io/rust-lang/crates-build-env/linux@sha256:819108c5571ea2e421544af4d832f968d213c87fbe3707a016657f43d2f853bc" "/opt/rustwide/cargo-home/bin/cargo" "+nightly-2025-01-18" "build" "--frozen" "--message-format=json", kill_on_drop: false }`
[INFO] [stdout] e3b352a4d8373721ae3907e1cc709d33bcce6a89ce3f0614e6a6b5256f0f6217
[INFO] running `Command { std: "docker" "start" "-a" "e3b352a4d8373721ae3907e1cc709d33bcce6a89ce3f0614e6a6b5256f0f6217", kill_on_drop: false }`
[INFO] [stderr]    Compiling phantasm v0.1.3 (/opt/rustwide/workdir)
[INFO] [stderr]     Finished `dev` profile [unoptimized + debuginfo] target(s) in 0.08s
[INFO] running `Command { std: "docker" "inspect" "e3b352a4d8373721ae3907e1cc709d33bcce6a89ce3f0614e6a6b5256f0f6217", kill_on_drop: false }`
[INFO] running `Command { std: "docker" "rm" "-f" "e3b352a4d8373721ae3907e1cc709d33bcce6a89ce3f0614e6a6b5256f0f6217", kill_on_drop: false }`
[INFO] [stdout] e3b352a4d8373721ae3907e1cc709d33bcce6a89ce3f0614e6a6b5256f0f6217
[INFO] running `Command { std: "docker" "create" "-v" "/var/lib/crater-agent-workspace/builds/worker-5-tc1/target:/opt/rustwide/target:rw,Z" "-v" "/var/lib/crater-agent-workspace/builds/worker-5-tc1/source:/opt/rustwide/workdir:ro,Z" "-v" "/var/lib/crater-agent-workspace/cargo-home:/opt/rustwide/cargo-home:ro,Z" "-v" "/var/lib/crater-agent-workspace/rustup-home:/opt/rustwide/rustup-home:ro,Z" "-e" "SOURCE_DIR=/opt/rustwide/workdir" "-e" "CARGO_TARGET_DIR=/opt/rustwide/target" "-e" "CARGO_INCREMENTAL=0" "-e" "RUST_BACKTRACE=full" "-e" "RUSTFLAGS=--cap-lints=forbid" "-e" "RUSTDOCFLAGS=--cap-lints=forbid" "-e" "CARGO_HOME=/opt/rustwide/cargo-home" "-e" "RUSTUP_HOME=/opt/rustwide/rustup-home" "-w" "/opt/rustwide/workdir" "-m" "1610612736" "--user" "0:0" "--network" "none" "ghcr.io/rust-lang/crates-build-env/linux@sha256:819108c5571ea2e421544af4d832f968d213c87fbe3707a016657f43d2f853bc" "/opt/rustwide/cargo-home/bin/cargo" "+nightly-2025-01-18" "test" "--frozen" "--no-run" "--message-format=json", kill_on_drop: false }`
[INFO] [stdout] 5d0a594c5dff39da2b972f314e5251a5282ada6533df38c2fe745976dce511f6
[INFO] running `Command { std: "docker" "start" "-a" "5d0a594c5dff39da2b972f314e5251a5282ada6533df38c2fe745976dce511f6", kill_on_drop: false }`
[INFO] [stderr]    Compiling phantasm v0.1.3 (/opt/rustwide/workdir)
[INFO] [stderr]     Finished `test` profile [unoptimized + debuginfo] target(s) in 0.30s
[INFO] running `Command { std: "docker" "inspect" "5d0a594c5dff39da2b972f314e5251a5282ada6533df38c2fe745976dce511f6", kill_on_drop: false }`
[INFO] running `Command { std: "docker" "rm" "-f" "5d0a594c5dff39da2b972f314e5251a5282ada6533df38c2fe745976dce511f6", kill_on_drop: false }`
[INFO] [stdout] 5d0a594c5dff39da2b972f314e5251a5282ada6533df38c2fe745976dce511f6
[INFO] running `Command { std: "docker" "create" "-v" "/var/lib/crater-agent-workspace/builds/worker-5-tc1/target:/opt/rustwide/target:rw,Z" "-v" "/var/lib/crater-agent-workspace/builds/worker-5-tc1/source:/opt/rustwide/workdir:ro,Z" "-v" "/var/lib/crater-agent-workspace/cargo-home:/opt/rustwide/cargo-home:ro,Z" "-v" "/var/lib/crater-agent-workspace/rustup-home:/opt/rustwide/rustup-home:ro,Z" "-e" "SOURCE_DIR=/opt/rustwide/workdir" "-e" "CARGO_TARGET_DIR=/opt/rustwide/target" "-e" "CARGO_INCREMENTAL=0" "-e" "RUST_BACKTRACE=full" "-e" "RUSTFLAGS=--cap-lints=forbid" "-e" "RUSTDOCFLAGS=--cap-lints=forbid" "-e" "CARGO_HOME=/opt/rustwide/cargo-home" "-e" "RUSTUP_HOME=/opt/rustwide/rustup-home" "-w" "/opt/rustwide/workdir" "-m" "1610612736" "--user" "0:0" "--network" "none" "ghcr.io/rust-lang/crates-build-env/linux@sha256:819108c5571ea2e421544af4d832f968d213c87fbe3707a016657f43d2f853bc" "/opt/rustwide/cargo-home/bin/cargo" "+nightly-2025-01-18" "test" "--frozen", kill_on_drop: false }`
[INFO] [stdout] cb2a5f61b10917b126843fe1b5f4081862a4b44a94243fc098257115a986f89a
[INFO] running `Command { std: "docker" "start" "-a" "cb2a5f61b10917b126843fe1b5f4081862a4b44a94243fc098257115a986f89a", kill_on_drop: false }`
[INFO] [stderr]     Finished `test` profile [unoptimized + debuginfo] target(s) in 0.01s
[INFO] [stderr]      Running unittests src/lib.rs (/opt/rustwide/target/debug/deps/phantasm-1fd6982821740503)
[INFO] [stderr]    Doc-tests phantasm
[INFO] [stdout] 
[INFO] [stdout] running 2 tests
[INFO] [stdout] test tests::debug ... ok
[INFO] [stdout] test tests::zstness ... ok
[INFO] [stdout] 
[INFO] [stdout] test result: ok. 2 passed; 0 failed; 0 ignored; 0 measured; 0 filtered out; finished in 0.00s
[INFO] [stdout] 
[INFO] [stdout] 
[INFO] [stdout] running 20 tests
[INFO] [stdout] test src/lib.rs - Contravariant (line 238) - compile fail ... FAILED
[INFO] [stdout] test src/lib.rs - (line 15) - compile fail ... ok
[INFO] [stdout] test src/lib.rs - Invariant (line 157) - compile fail ... FAILED
[INFO] [stdout] test src/lib.rs - tests::contravariance (line 516) - compile fail ... FAILED
[INFO] [stdout] test src/lib.rs - (line 95) - compile fail ... ok
[INFO] [stdout] test src/lib.rs - Invariant (line 148) - compile fail ... FAILED
[INFO] [stdout] test src/lib.rs - Covariant (line 202) - compile fail ... FAILED
[INFO] [stdout] test src/lib.rs - tests::covariance (line 502) - compile fail ... FAILED
[INFO] [stdout] test src/lib.rs - tests::invariance (line 487) - compile fail ... FAILED
[INFO] [stdout] test src/lib.rs - Covariant (line 193) ... ok
[INFO] [stdout] test src/lib.rs - r#impl::reexport_hack (line 287) ... ok
[INFO] [stdout] test src/lib.rs - (line 100) ... ok
[INFO] [stdout] test src/lib.rs - tests::invariance (line 493) - compile fail ... FAILED
[INFO] [stdout] test src/lib.rs - Invariant (line 137) ... ok
[INFO] [stdout] test src/lib.rs - Contravariant (line 227) ... ok
[INFO] [stdout] test src/lib.rs - (line 81) ... ok
[INFO] [stdout] test src/lib.rs - Covariant (line 182) ... ok
[INFO] [stdout] test src/lib.rs - Contravariant (line 247) ... ok
[INFO] [stdout] test src/lib.rs - (line 114) ... ok
[INFO] [stdout] test src/lib.rs - (line 63) ... ok
[INFO] [stdout] 
[INFO] [stdout] failures:
[INFO] [stdout] 
[INFO] [stdout] ---- src/lib.rs - Contravariant (line 238) stdout ----
[INFO] [stdout] error: lifetime may not live long enough
[INFO] [stdout]  --> src/lib.rs:244:45
[INFO] [stdout]   |
[INFO] [stdout] 8 | fn covariant_fail<'l>(with_sub: Contravariant<Lt<'static>>) {
[INFO] [stdout]   |                   -- lifetime `'l` defined here
[INFO] [stdout] 9 |     let with_super: Contravariant<Lt<'l>> = with_sub; // mismatched types
[INFO] [stdout]   |                                             ^^^^^^^^ assignment requires that `'l` must outlive `'static`
[INFO] [stdout] 
[INFO] [stdout] error: aborting due to 1 previous error
[INFO] [stdout] 
[INFO] [stdout] Some expected error codes were not found: ["E0308"]
[INFO] [stdout] ---- src/lib.rs - Invariant (line 157) stdout ----
[INFO] [stdout] error: lifetime may not live long enough
[INFO] [stdout]  --> src/lib.rs:163:19
[INFO] [stdout]   |
[INFO] [stdout] 8 | fn contravariant_fail<'l>(with_super: Invariant<Lt<'l>>) {
[INFO] [stdout]   |                       -- lifetime `'l` defined here
[INFO] [stdout] 9 |     let with_sub: Invariant<Lt<'static>> = with_super; // mismatched types
[INFO] [stdout]   |                   ^^^^^^^^^^^^^^^^^^^^^^ type annotation requires that `'l` must outlive `'static`
[INFO] [stdout]   |
[INFO] [stdout]   = note: requirement occurs because of the type `phantasm::r#impl::Invariant<phantasm::r#impl::Lt<'_>>`, which makes the generic argument `phantasm::r#impl::Lt<'_>` invariant
[INFO] [stdout]   = note: the enum `phantasm::r#impl::Invariant<T>` is invariant over the parameter `T`
[INFO] [stdout]   = help: see <https://doc.rust-lang.org/nomicon/subtyping.html> for more information about variance
[INFO] [stdout] 
[INFO] [stdout] error: aborting due to 1 previous error
[INFO] [stdout] 
[INFO] [stdout] Some expected error codes were not found: ["E0308"]
[INFO] [stdout] ---- src/lib.rs - tests::contravariance (line 516) stdout ----
[INFO] [stdout] error: lifetime may not live long enough
[INFO] [stdout]  --> src/lib.rs:520:5
[INFO] [stdout]   |
[INFO] [stdout] 6 | fn covariant_fail<'l>(arg: Contravariant<Lt<'static>>) -> Contravariant<Lt<'l>> {
[INFO] [stdout]   |                   -- lifetime `'l` defined here
[INFO] [stdout] 7 |     arg
[INFO] [stdout]   |     ^^^ returning this value requires that `'l` must outlive `'static`
[INFO] [stdout] 
[INFO] [stdout] error: aborting due to 1 previous error
[INFO] [stdout] 
[INFO] [stdout] Some expected error codes were not found: ["E0308"]
[INFO] [stdout] ---- src/lib.rs - Invariant (line 148) stdout ----
[INFO] [stdout] error: lifetime may not live long enough
[INFO] [stdout]  --> src/lib.rs:154:41
[INFO] [stdout]   |
[INFO] [stdout] 8 | fn covariant_fail<'l>(with_sub: Invariant<Lt<'static>>) {
[INFO] [stdout]   |                   -- lifetime `'l` defined here
[INFO] [stdout] 9 |     let with_super: Invariant<Lt<'l>> = with_sub; // mismatched types
[INFO] [stdout]   |                                         ^^^^^^^^ assignment requires that `'l` must outlive `'static`
[INFO] [stdout]   |
[INFO] [stdout]   = note: requirement occurs because of the type `phantasm::r#impl::Invariant<phantasm::r#impl::Lt<'_>>`, which makes the generic argument `phantasm::r#impl::Lt<'_>` invariant
[INFO] [stdout]   = note: the enum `phantasm::r#impl::Invariant<T>` is invariant over the parameter `T`
[INFO] [stdout]   = help: see <https://doc.rust-lang.org/nomicon/subtyping.html> for more information about variance
[INFO] [stdout] 
[INFO] [stdout] error: aborting due to 1 previous error
[INFO] [stdout] 
[INFO] [stdout] Some expected error codes were not found: ["E0308"]
[INFO] [stdout] ---- src/lib.rs - Covariant (line 202) stdout ----
[INFO] [stdout] error: lifetime may not live long enough
[INFO] [stdout]  --> src/lib.rs:208:19
[INFO] [stdout]   |
[INFO] [stdout] 8 | fn contravariant_fail<'l>(with_super: Covariant<Lt<'l>>) {
[INFO] [stdout]   |                       -- lifetime `'l` defined here
[INFO] [stdout] 9 |     let with_sub: Covariant<Lt<'static>> = with_super; // mismatched types
[INFO] [stdout]   |                   ^^^^^^^^^^^^^^^^^^^^^^ type annotation requires that `'l` must outlive `'static`
[INFO] [stdout] 
[INFO] [stdout] error: aborting due to 1 previous error
[INFO] [stdout] 
[INFO] [stdout] Some expected error codes were not found: ["E0308"]
[INFO] [stdout] ---- src/lib.rs - tests::covariance (line 502) stdout ----
[INFO] [stdout] error: lifetime may not live long enough
[INFO] [stdout]  --> src/lib.rs:506:5
[INFO] [stdout]   |
[INFO] [stdout] 6 | fn contravariant_fail<'l>(arg: Covariant<Lt<'l>>) -> Covariant<Lt<'static>> {
[INFO] [stdout]   |                       -- lifetime `'l` defined here
[INFO] [stdout] 7 |     arg
[INFO] [stdout]   |     ^^^ returning this value requires that `'l` must outlive `'static`
[INFO] [stdout] 
[INFO] [stdout] error: aborting due to 1 previous error
[INFO] [stdout] 
[INFO] [stdout] Some expected error codes were not found: ["E0308"]
[INFO] [stdout] ---- src/lib.rs - tests::invariance (line 487) stdout ----
[INFO] [stdout] error: lifetime may not live long enough
[INFO] [stdout]  --> src/lib.rs:491:5
[INFO] [stdout]   |
[INFO] [stdout] 6 | fn contravariant_fail<'l>(arg: Invariant<Lt<'l>>) -> Invariant<Lt<'static>> {
[INFO] [stdout]   |                       -- lifetime `'l` defined here
[INFO] [stdout] 7 |     arg
[INFO] [stdout]   |     ^^^ returning this value requires that `'l` must outlive `'static`
[INFO] [stdout]   |
[INFO] [stdout]   = note: requirement occurs because of the type `phantasm::r#impl::Invariant<phantasm::r#impl::Lt<'_>>`, which makes the generic argument `phantasm::r#impl::Lt<'_>` invariant
[INFO] [stdout]   = note: the enum `phantasm::r#impl::Invariant<T>` is invariant over the parameter `T`
[INFO] [stdout]   = help: see <https://doc.rust-lang.org/nomicon/subtyping.html> for more information about variance
[INFO] [stdout] 
[INFO] [stdout] error: aborting due to 1 previous error
[INFO] [stdout] 
[INFO] [stdout] Some expected error codes were not found: ["E0308"]
[INFO] [stdout] ---- src/lib.rs - tests::invariance (line 493) stdout ----
[INFO] [stdout] error: lifetime may not live long enough
[INFO] [stdout]  --> src/lib.rs:497:5
[INFO] [stdout]   |
[INFO] [stdout] 6 | fn covariant_fail<'l>(arg: Invariant<Lt<'static>>) -> Invariant<Lt<'l>> {
[INFO] [stdout]   |                   -- lifetime `'l` defined here
[INFO] [stdout] 7 |     arg
[INFO] [stdout]   |     ^^^ returning this value requires that `'l` must outlive `'static`
[INFO] [stdout]   |
[INFO] [stdout]   = note: requirement occurs because of the type `phantasm::r#impl::Invariant<phantasm::r#impl::Lt<'_>>`, which makes the generic argument `phantasm::r#impl::Lt<'_>` invariant
[INFO] [stdout]   = note: the enum `phantasm::r#impl::Invariant<T>` is invariant over the parameter `T`
[INFO] [stdout]   = help: see <https://doc.rust-lang.org/nomicon/subtyping.html> for more information about variance
[INFO] [stdout] 
[INFO] [stdout] error: aborting due to 1 previous error
[INFO] [stdout] 
[INFO] [stdout] Some expected error codes were not found: ["E0308"]
[INFO] [stdout] 
[INFO] [stdout] failures:
[INFO] [stdout]     src/lib.rs - Contravariant (line 238)
[INFO] [stdout]     src/lib.rs - Covariant (line 202)
[INFO] [stdout]     src/lib.rs - Invariant (line 148)
[INFO] [stdout]     src/lib.rs - Invariant (line 157)
[INFO] [stdout]     src/lib.rs - tests::contravariance (line 516)
[INFO] [stdout]     src/lib.rs - tests::covariance (line 502)
[INFO] [stdout]     src/lib.rs - tests::invariance (line 487)
[INFO] [stdout]     src/lib.rs - tests::invariance (line 493)
[INFO] [stdout] 
[INFO] [stdout] test result: FAILED. 12 passed; 8 failed; 0 ignored; 0 measured; 0 filtered out; finished in 0.69s
[INFO] [stdout] 
[INFO] [stderr] error: doctest failed, to rerun pass `--doc`
[INFO] running `Command { std: "docker" "inspect" "cb2a5f61b10917b126843fe1b5f4081862a4b44a94243fc098257115a986f89a", kill_on_drop: false }`
[INFO] running `Command { std: "docker" "rm" "-f" "cb2a5f61b10917b126843fe1b5f4081862a4b44a94243fc098257115a986f89a", kill_on_drop: false }`
[INFO] [stdout] cb2a5f61b10917b126843fe1b5f4081862a4b44a94243fc098257115a986f89a
