[INFO] fetching crate pgx-utils 0.6.1...
[INFO] testing pgx-utils-0.6.1 against nightly-2025-01-18 for randomize-layout-2
[INFO] extracting crate pgx-utils 0.6.1 into /workspace/builds/worker-1-tc1/source
[INFO] validating manifest of crates.io crate pgx-utils 0.6.1 on toolchain nightly-2025-01-18
[INFO] running `Command { std: CARGO_HOME="/workspace/cargo-home" RUSTUP_HOME="/workspace/rustup-home" "/workspace/cargo-home/bin/cargo" "+nightly-2025-01-18" "metadata" "--manifest-path" "Cargo.toml" "--no-deps", kill_on_drop: false }`
[INFO] started tweaking crates.io crate pgx-utils 0.6.1
[INFO] finished tweaking crates.io crate pgx-utils 0.6.1
[INFO] tweaked toml for crates.io crate pgx-utils 0.6.1 written to /workspace/builds/worker-1-tc1/source/Cargo.toml
[INFO] running `Command { std: CARGO_HOME="/workspace/cargo-home" RUSTUP_HOME="/workspace/rustup-home" "/workspace/cargo-home/bin/cargo" "+nightly-2025-01-18" "generate-lockfile" "--manifest-path" "Cargo.toml", kill_on_drop: false }`
[INFO] [stderr]     Updating crates.io index
[INFO] [stderr]      Locking 91 packages to latest compatible versions
[INFO] [stderr]       Adding convert_case v0.5.0 (available: v0.7.1)
[INFO] [stderr]       Adding owo-colors v3.5.0 (available: v4.1.0)
[INFO] [stderr]       Adding petgraph v0.6.5 (available: v0.7.1)
[INFO] [stderr]       Adding syn v1.0.109 (available: v2.0.96)
[INFO] running `Command { std: CARGO_HOME="/workspace/cargo-home" RUSTUP_HOME="/workspace/rustup-home" "/workspace/cargo-home/bin/cargo" "+nightly-2025-01-18" "fetch" "--manifest-path" "Cargo.toml", kill_on_drop: false }`
[INFO] running `Command { std: "docker" "create" "-v" "/var/lib/crater-agent-workspace/builds/worker-1-tc1/target:/opt/rustwide/target:rw,Z" "-v" "/var/lib/crater-agent-workspace/builds/worker-1-tc1/source:/opt/rustwide/workdir:ro,Z" "-v" "/var/lib/crater-agent-workspace/cargo-home:/opt/rustwide/cargo-home:ro,Z" "-v" "/var/lib/crater-agent-workspace/rustup-home:/opt/rustwide/rustup-home:ro,Z" "-e" "SOURCE_DIR=/opt/rustwide/workdir" "-e" "CARGO_TARGET_DIR=/opt/rustwide/target" "-e" "CARGO_HOME=/opt/rustwide/cargo-home" "-e" "RUSTUP_HOME=/opt/rustwide/rustup-home" "-w" "/opt/rustwide/workdir" "-m" "1610612736" "--user" "0:0" "--network" "none" "ghcr.io/rust-lang/crates-build-env/linux@sha256:819108c5571ea2e421544af4d832f968d213c87fbe3707a016657f43d2f853bc" "/opt/rustwide/cargo-home/bin/cargo" "+nightly-2025-01-18" "metadata" "--no-deps" "--format-version=1", kill_on_drop: false }`
[INFO] [stdout] 827eeaaafa9040811558ddf4fca41aab039de7d105babb75001707703d84566d
[INFO] running `Command { std: "docker" "start" "-a" "827eeaaafa9040811558ddf4fca41aab039de7d105babb75001707703d84566d", kill_on_drop: false }`
[INFO] running `Command { std: "docker" "inspect" "827eeaaafa9040811558ddf4fca41aab039de7d105babb75001707703d84566d", kill_on_drop: false }`
[INFO] running `Command { std: "docker" "rm" "-f" "827eeaaafa9040811558ddf4fca41aab039de7d105babb75001707703d84566d", kill_on_drop: false }`
[INFO] [stdout] 827eeaaafa9040811558ddf4fca41aab039de7d105babb75001707703d84566d
[INFO] running `Command { std: "docker" "create" "-v" "/var/lib/crater-agent-workspace/builds/worker-1-tc1/target:/opt/rustwide/target:rw,Z" "-v" "/var/lib/crater-agent-workspace/builds/worker-1-tc1/source:/opt/rustwide/workdir:ro,Z" "-v" "/var/lib/crater-agent-workspace/cargo-home:/opt/rustwide/cargo-home:ro,Z" "-v" "/var/lib/crater-agent-workspace/rustup-home:/opt/rustwide/rustup-home:ro,Z" "-e" "SOURCE_DIR=/opt/rustwide/workdir" "-e" "CARGO_TARGET_DIR=/opt/rustwide/target" "-e" "CARGO_INCREMENTAL=0" "-e" "RUST_BACKTRACE=full" "-e" "RUSTFLAGS=--cap-lints=forbid" "-e" "RUSTDOCFLAGS=--cap-lints=forbid" "-e" "CARGO_HOME=/opt/rustwide/cargo-home" "-e" "RUSTUP_HOME=/opt/rustwide/rustup-home" "-w" "/opt/rustwide/workdir" "-m" "1610612736" "--user" "0:0" "--network" "none" "ghcr.io/rust-lang/crates-build-env/linux@sha256:819108c5571ea2e421544af4d832f968d213c87fbe3707a016657f43d2f853bc" "/opt/rustwide/cargo-home/bin/cargo" "+nightly-2025-01-18" "build" "--frozen" "--message-format=json", kill_on_drop: false }`
[INFO] [stdout] 1af1534361414af665f45582a7ebc4377f2e6eeecd7010ae925fdcf254bb7cdc
[INFO] running `Command { std: "docker" "start" "-a" "1af1534361414af665f45582a7ebc4377f2e6eeecd7010ae925fdcf254bb7cdc", kill_on_drop: false }`
[INFO] [stderr]    Compiling unicode-ident v1.0.14
[INFO] [stderr]    Compiling proc-macro2 v1.0.93
[INFO] [stderr]    Compiling once_cell v1.20.2
[INFO] [stderr]    Compiling memchr v2.7.4
[INFO] [stderr]    Compiling regex-syntax v0.6.29
[INFO] [stderr]    Compiling regex-syntax v0.8.5
[INFO] [stderr]    Compiling pin-project-lite v0.2.16
[INFO] [stderr]    Compiling lazy_static v1.5.0
[INFO] [stderr]    Compiling serde v1.0.217
[INFO] [stderr]    Compiling cfg-if v1.0.0
[INFO] [stderr]    Compiling log v0.4.25
[INFO] [stderr]    Compiling tracing-core v0.1.33
[INFO] [stderr]    Compiling libc v0.2.169
[INFO] [stderr]    Compiling overload v0.1.1
[INFO] [stderr]    Compiling nu-ansi-term v0.46.0
[INFO] [stderr]    Compiling aho-corasick v1.1.3
[INFO] [stderr]    Compiling tracing-log v0.2.0
[INFO] [stderr]    Compiling quote v1.0.38
[INFO] [stderr]    Compiling thread_local v1.1.8
[INFO] [stderr]    Compiling sharded-slab v0.1.7
[INFO] [stderr]    Compiling syn v2.0.96
[INFO] [stderr]    Compiling syn v1.0.109
[INFO] [stderr]    Compiling equivalent v1.0.1
[INFO] [stderr]    Compiling eyre v0.6.12
[INFO] [stderr]    Compiling smallvec v1.13.2
[INFO] [stderr]    Compiling hashbrown v0.15.2
[INFO] [stderr]    Compiling serde_json v1.0.137
[INFO] [stderr]    Compiling indenter v0.3.3
[INFO] [stderr]    Compiling itoa v1.0.14
[INFO] [stderr]    Compiling fixedbitset v0.4.2
[INFO] [stderr]    Compiling ryu v1.0.18
[INFO] [stderr]    Compiling indexmap v2.7.1
[INFO] [stderr]    Compiling cty v0.2.2
[INFO] [stderr]    Compiling cstr_core v0.2.6
[INFO] [stderr]    Compiling regex-automata v0.4.9
[INFO] [stderr]    Compiling regex-automata v0.1.10
[INFO] [stderr]    Compiling petgraph v0.6.5
[INFO] [stderr]    Compiling matchers v0.1.0
[INFO] [stderr]    Compiling atty v0.2.14
[INFO] [stderr]    Compiling unescape v0.1.0
[INFO] [stderr]    Compiling convert_case v0.5.0
[INFO] [stderr]    Compiling seq-macro v0.3.5
[INFO] [stderr]    Compiling regex v1.11.1
[INFO] [stderr]    Compiling tracing-attributes v0.1.28
[INFO] [stderr]    Compiling serde_derive v1.0.217
[INFO] [stderr]    Compiling tracing v0.1.41
[INFO] [stderr]    Compiling tracing-subscriber v0.3.19
[INFO] [stderr]    Compiling tracing-error v0.2.1
[INFO] [stderr]    Compiling pgx-utils v0.6.1 (/opt/rustwide/workdir)
[INFO] [stdout] warning: field `0` is never read
[INFO] [stdout]   --> src/sql_entity_graph/pgx_attribute.rs:45:10
[INFO] [stdout]    |
[INFO] [stdout] 45 |     Path(syn::Path),
[INFO] [stdout]    |     ---- ^^^^^^^^^
[INFO] [stdout]    |     |
[INFO] [stdout]    |     field in this variant
[INFO] [stdout]    |
[INFO] [stdout]    = note: `#[warn(dead_code)]` on by default
[INFO] [stdout] help: consider changing the field to be of unit type to suppress this warning while preserving the field numbering, or remove the field
[INFO] [stdout]    |
[INFO] [stdout] 45 |     Path(()),
[INFO] [stdout]    |          ~~
[INFO] [stdout] 
[INFO] [stdout] 
[INFO] [stdout] warning: field `0` is never read
[INFO] [stdout]   --> src/sql_entity_graph/pgx_attribute.rs:46:10
[INFO] [stdout]    |
[INFO] [stdout] 46 |     List(syn::MetaList),
[INFO] [stdout]    |     ---- ^^^^^^^^^^^^^
[INFO] [stdout]    |     |
[INFO] [stdout]    |     field in this variant
[INFO] [stdout]    |
[INFO] [stdout] help: consider changing the field to be of unit type to suppress this warning while preserving the field numbering, or remove the field
[INFO] [stdout]    |
[INFO] [stdout] 46 |     List(()),
[INFO] [stdout]    |          ~~
[INFO] [stdout] 
[INFO] [stdout] 
[INFO] [stdout] warning: field `eq_token` is never read
[INFO] [stdout]   --> src/sql_entity_graph/pgx_attribute.rs:75:9
[INFO] [stdout]    |
[INFO] [stdout] 73 | pub struct NameValueArg {
[INFO] [stdout]    |            ------------ field in this struct
[INFO] [stdout] 74 |     pub path: syn::Path,
[INFO] [stdout] 75 |     pub eq_token: syn::token::Eq,
[INFO] [stdout]    |         ^^^^^^^^
[INFO] [stdout] 
[INFO] [stdout] 
[INFO] [stderr]     Finished `dev` profile [unoptimized + debuginfo] target(s) in 56.62s
[INFO] running `Command { std: "docker" "inspect" "1af1534361414af665f45582a7ebc4377f2e6eeecd7010ae925fdcf254bb7cdc", kill_on_drop: false }`
[INFO] running `Command { std: "docker" "rm" "-f" "1af1534361414af665f45582a7ebc4377f2e6eeecd7010ae925fdcf254bb7cdc", kill_on_drop: false }`
[INFO] [stdout] 1af1534361414af665f45582a7ebc4377f2e6eeecd7010ae925fdcf254bb7cdc
[INFO] running `Command { std: "docker" "create" "-v" "/var/lib/crater-agent-workspace/builds/worker-1-tc1/target:/opt/rustwide/target:rw,Z" "-v" "/var/lib/crater-agent-workspace/builds/worker-1-tc1/source:/opt/rustwide/workdir:ro,Z" "-v" "/var/lib/crater-agent-workspace/cargo-home:/opt/rustwide/cargo-home:ro,Z" "-v" "/var/lib/crater-agent-workspace/rustup-home:/opt/rustwide/rustup-home:ro,Z" "-e" "SOURCE_DIR=/opt/rustwide/workdir" "-e" "CARGO_TARGET_DIR=/opt/rustwide/target" "-e" "CARGO_INCREMENTAL=0" "-e" "RUST_BACKTRACE=full" "-e" "RUSTFLAGS=--cap-lints=forbid" "-e" "RUSTDOCFLAGS=--cap-lints=forbid" "-e" "CARGO_HOME=/opt/rustwide/cargo-home" "-e" "RUSTUP_HOME=/opt/rustwide/rustup-home" "-w" "/opt/rustwide/workdir" "-m" "1610612736" "--user" "0:0" "--network" "none" "ghcr.io/rust-lang/crates-build-env/linux@sha256:819108c5571ea2e421544af4d832f968d213c87fbe3707a016657f43d2f853bc" "/opt/rustwide/cargo-home/bin/cargo" "+nightly-2025-01-18" "test" "--frozen" "--no-run" "--message-format=json", kill_on_drop: false }`
[INFO] [stdout] b1830083a3ce08ac9d52a97d61e9d03e6914ff7038893accf1cfeec01f3c0943
[INFO] running `Command { std: "docker" "start" "-a" "b1830083a3ce08ac9d52a97d61e9d03e6914ff7038893accf1cfeec01f3c0943", kill_on_drop: false }`
[INFO] [stderr]    Compiling pgx-utils v0.6.1 (/opt/rustwide/workdir)
[INFO] [stdout] warning: field `0` is never read
[INFO] [stdout]   --> src/sql_entity_graph/pgx_attribute.rs:45:10
[INFO] [stdout]    |
[INFO] [stdout] 45 |     Path(syn::Path),
[INFO] [stdout]    |     ---- ^^^^^^^^^
[INFO] [stdout]    |     |
[INFO] [stdout]    |     field in this variant
[INFO] [stdout]    |
[INFO] [stdout]    = note: `#[warn(dead_code)]` on by default
[INFO] [stdout] help: consider changing the field to be of unit type to suppress this warning while preserving the field numbering, or remove the field
[INFO] [stdout]    |
[INFO] [stdout] 45 |     Path(()),
[INFO] [stdout]    |          ~~
[INFO] [stdout] 
[INFO] [stdout] 
[INFO] [stdout] warning: field `0` is never read
[INFO] [stdout]   --> src/sql_entity_graph/pgx_attribute.rs:46:10
[INFO] [stdout]    |
[INFO] [stdout] 46 |     List(syn::MetaList),
[INFO] [stdout]    |     ---- ^^^^^^^^^^^^^
[INFO] [stdout]    |     |
[INFO] [stdout]    |     field in this variant
[INFO] [stdout]    |
[INFO] [stdout] help: consider changing the field to be of unit type to suppress this warning while preserving the field numbering, or remove the field
[INFO] [stdout]    |
[INFO] [stdout] 46 |     List(()),
[INFO] [stdout]    |          ~~
[INFO] [stdout] 
[INFO] [stdout] 
[INFO] [stdout] warning: field `eq_token` is never read
[INFO] [stdout]   --> src/sql_entity_graph/pgx_attribute.rs:75:9
[INFO] [stdout]    |
[INFO] [stdout] 73 | pub struct NameValueArg {
[INFO] [stdout]    |            ------------ field in this struct
[INFO] [stdout] 74 |     pub path: syn::Path,
[INFO] [stdout] 75 |     pub eq_token: syn::token::Eq,
[INFO] [stdout]    |         ^^^^^^^^
[INFO] [stdout] 
[INFO] [stdout] 
[INFO] [stdout] warning: field `0` is never read
[INFO] [stdout]   --> src/sql_entity_graph/pgx_attribute.rs:45:10
[INFO] [stdout]    |
[INFO] [stdout] 45 |     Path(syn::Path),
[INFO] [stdout]    |     ---- ^^^^^^^^^
[INFO] [stdout]    |     |
[INFO] [stdout]    |     field in this variant
[INFO] [stdout]    |
[INFO] [stdout]    = note: `#[warn(dead_code)]` on by default
[INFO] [stdout] help: consider changing the field to be of unit type to suppress this warning while preserving the field numbering, or remove the field
[INFO] [stdout]    |
[INFO] [stdout] 45 |     Path(()),
[INFO] [stdout]    |          ~~
[INFO] [stdout] 
[INFO] [stdout] 
[INFO] [stdout] warning: field `0` is never read
[INFO] [stdout]   --> src/sql_entity_graph/pgx_attribute.rs:46:10
[INFO] [stdout]    |
[INFO] [stdout] 46 |     List(syn::MetaList),
[INFO] [stdout]    |     ---- ^^^^^^^^^^^^^
[INFO] [stdout]    |     |
[INFO] [stdout]    |     field in this variant
[INFO] [stdout]    |
[INFO] [stdout] help: consider changing the field to be of unit type to suppress this warning while preserving the field numbering, or remove the field
[INFO] [stdout]    |
[INFO] [stdout] 46 |     List(()),
[INFO] [stdout]    |          ~~
[INFO] [stdout] 
[INFO] [stdout] 
[INFO] [stdout] warning: field `eq_token` is never read
[INFO] [stdout]   --> src/sql_entity_graph/pgx_attribute.rs:75:9
[INFO] [stdout]    |
[INFO] [stdout] 73 | pub struct NameValueArg {
[INFO] [stdout]    |            ------------ field in this struct
[INFO] [stdout] 74 |     pub path: syn::Path,
[INFO] [stdout] 75 |     pub eq_token: syn::token::Eq,
[INFO] [stdout]    |         ^^^^^^^^
[INFO] [stdout] 
[INFO] [stdout] 
[INFO] [stderr]     Finished `test` profile [unoptimized + debuginfo] target(s) in 5.41s
[INFO] running `Command { std: "docker" "inspect" "b1830083a3ce08ac9d52a97d61e9d03e6914ff7038893accf1cfeec01f3c0943", kill_on_drop: false }`
[INFO] running `Command { std: "docker" "rm" "-f" "b1830083a3ce08ac9d52a97d61e9d03e6914ff7038893accf1cfeec01f3c0943", kill_on_drop: false }`
[INFO] [stdout] b1830083a3ce08ac9d52a97d61e9d03e6914ff7038893accf1cfeec01f3c0943
[INFO] running `Command { std: "docker" "create" "-v" "/var/lib/crater-agent-workspace/builds/worker-1-tc1/target:/opt/rustwide/target:rw,Z" "-v" "/var/lib/crater-agent-workspace/builds/worker-1-tc1/source:/opt/rustwide/workdir:ro,Z" "-v" "/var/lib/crater-agent-workspace/cargo-home:/opt/rustwide/cargo-home:ro,Z" "-v" "/var/lib/crater-agent-workspace/rustup-home:/opt/rustwide/rustup-home:ro,Z" "-e" "SOURCE_DIR=/opt/rustwide/workdir" "-e" "CARGO_TARGET_DIR=/opt/rustwide/target" "-e" "CARGO_INCREMENTAL=0" "-e" "RUST_BACKTRACE=full" "-e" "RUSTFLAGS=--cap-lints=forbid" "-e" "RUSTDOCFLAGS=--cap-lints=forbid" "-e" "CARGO_HOME=/opt/rustwide/cargo-home" "-e" "RUSTUP_HOME=/opt/rustwide/rustup-home" "-w" "/opt/rustwide/workdir" "-m" "1610612736" "--user" "0:0" "--network" "none" "ghcr.io/rust-lang/crates-build-env/linux@sha256:819108c5571ea2e421544af4d832f968d213c87fbe3707a016657f43d2f853bc" "/opt/rustwide/cargo-home/bin/cargo" "+nightly-2025-01-18" "test" "--frozen", kill_on_drop: false }`
[INFO] [stdout] e5bcf2de27340c090d6623ca290585851cdc7cb92db3e356ed980775ee563e95
[INFO] running `Command { std: "docker" "start" "-a" "e5bcf2de27340c090d6623ca290585851cdc7cb92db3e356ed980775ee563e95", kill_on_drop: false }`
[INFO] [stderr] warning: field `0` is never read
[INFO] [stderr]   --> src/sql_entity_graph/pgx_attribute.rs:45:10
[INFO] [stderr]    |
[INFO] [stderr] 45 |     Path(syn::Path),
[INFO] [stderr]    |     ---- ^^^^^^^^^
[INFO] [stderr]    |     |
[INFO] [stderr]    |     field in this variant
[INFO] [stderr]    |
[INFO] [stderr]    = note: `#[warn(dead_code)]` on by default
[INFO] [stderr] help: consider changing the field to be of unit type to suppress this warning while preserving the field numbering, or remove the field
[INFO] [stderr]    |
[INFO] [stderr] 45 |     Path(()),
[INFO] [stderr]    |          ~~
[INFO] [stderr] 
[INFO] [stderr] warning: field `0` is never read
[INFO] [stderr]   --> src/sql_entity_graph/pgx_attribute.rs:46:10
[INFO] [stderr]    |
[INFO] [stderr] 46 |     List(syn::MetaList),
[INFO] [stderr]    |     ---- ^^^^^^^^^^^^^
[INFO] [stderr]    |     |
[INFO] [stderr]    |     field in this variant
[INFO] [stderr]    |
[INFO] [stderr] help: consider changing the field to be of unit type to suppress this warning while preserving the field numbering, or remove the field
[INFO] [stderr]    |
[INFO] [stderr] 46 |     List(()),
[INFO] [stderr]    |          ~~
[INFO] [stderr] 
[INFO] [stderr] warning: field `eq_token` is never read
[INFO] [stderr]   --> src/sql_entity_graph/pgx_attribute.rs:75:9
[INFO] [stderr]    |
[INFO] [stderr] 73 | pub struct NameValueArg {
[INFO] [stderr]    |            ------------ field in this struct
[INFO] [stderr] 74 |     pub path: syn::Path,
[INFO] [stderr] 75 |     pub eq_token: syn::token::Eq,
[INFO] [stderr]    |         ^^^^^^^^
[INFO] [stderr] 
[INFO] [stderr] warning: `pgx-utils` (lib) generated 3 warnings
[INFO] [stderr] warning: `pgx-utils` (lib test) generated 3 warnings (3 duplicates)
[INFO] [stderr]     Finished `test` profile [unoptimized + debuginfo] target(s) in 0.08s
[INFO] [stderr]      Running unittests src/lib.rs (/opt/rustwide/target/debug/deps/pgx_utils-86b24e7e4ba9250b)
[INFO] [stdout] 
[INFO] [stdout] running 8 tests
[INFO] [stdout] test sql_entity_graph::aggregate::aggregate_type::tests::solo ... ok
[INFO] [stdout] test sql_entity_graph::aggregate::aggregate_type::tests::list_variadic_with_path ... ok
[INFO] [stdout] test sql_entity_graph::aggregate::aggregate_type::tests::list_variadic ... ok
[INFO] [stdout] test tests::parse_args ... ok
[INFO] [stdout] test sql_entity_graph::aggregate::tests::agg_missing_required ... ok
[INFO] [stdout] test sql_entity_graph::aggregate::aggregate_type::tests::list ... ok
[INFO] [stdout] test sql_entity_graph::aggregate::tests::agg_required_only ... ok
[INFO] [stdout] test sql_entity_graph::aggregate::tests::agg_all_options ... ok
[INFO] [stdout] 
[INFO] [stdout] test result: ok. 8 passed; 0 failed; 0 ignored; 0 measured; 0 filtered out; finished in 0.03s
[INFO] [stdout] 
[INFO] [stderr]    Doc-tests pgx_utils
[INFO] [stdout] 
[INFO] [stdout] running 16 tests
[INFO] [stdout] test src/sql_entity_graph/control_file.rs - sql_entity_graph::control_file::ControlFile (line 24) ... FAILED
[INFO] [stdout] test src/sql_entity_graph/control_file.rs - sql_entity_graph::control_file::ControlFile::from_str (line 46) ... FAILED
[INFO] [stdout] test src/sql_entity_graph/metadata/function_metadata.rs - sql_entity_graph::metadata::function_metadata::FunctionMetadata (line 15) ... ok
[INFO] [stdout] test src/sql_entity_graph/mapping.rs - sql_entity_graph::mapping::RustSqlMapping (line 21) ... ok
[INFO] [stdout] test src/sql_entity_graph/mapping.rs - sql_entity_graph::mapping::RustSourceOnlySqlMapping (line 55) ... ok
[INFO] [stdout] test src/sql_entity_graph/extension_sql/mod.rs - sql_entity_graph::extension_sql::ExtensionSql (line 137) ... ok
[INFO] [stdout] test src/sql_entity_graph/postgres_enum/mod.rs - sql_entity_graph::postgres_enum::PostgresEnum (line 32) ... ok
[INFO] [stdout] test src/sql_entity_graph/postgres_hash/mod.rs - sql_entity_graph::postgres_hash::PostgresHash (line 34) ... ok
[INFO] [stdout] test src/sql_entity_graph/to_sql/entity.rs - sql_entity_graph::to_sql::entity::ToSqlConfigEntity::to_sql (line 48) ... ignored
[INFO] [stdout] test src/sql_entity_graph/pg_extern/mod.rs - sql_entity_graph::pg_extern::PgExtern (line 53) ... ok
[INFO] [stdout] test src/sql_entity_graph/extension_sql/mod.rs - sql_entity_graph::extension_sql::ExtensionSqlFile (line 34) ... ok
[INFO] [stdout] test src/sql_entity_graph/postgres_ord/mod.rs - sql_entity_graph::postgres_ord::PostgresOrd (line 53) ... ok
[INFO] [stdout] test src/sql_entity_graph/postgres_hash/mod.rs - sql_entity_graph::postgres_hash::PostgresHash (line 53) ... ok
[INFO] [stdout] test src/sql_entity_graph/postgres_type/mod.rs - sql_entity_graph::postgres_type::PostgresType (line 32) ... ok
[INFO] [stdout] test src/sql_entity_graph/postgres_ord/mod.rs - sql_entity_graph::postgres_ord::PostgresOrd (line 34) ... ok
[INFO] [stdout] test src/sql_entity_graph/schema/mod.rs - sql_entity_graph::schema::Schema (line 31) ... ok
[INFO] [stdout] 
[INFO] [stdout] failures:
[INFO] [stdout] 
[INFO] [stdout] ---- src/sql_entity_graph/control_file.rs - sql_entity_graph::control_file::ControlFile (line 24) stdout ----
[INFO] [stdout] error: couldn't read `src/sql_entity_graph/../../../pgx-examples/custom_types/custom_types.control`: No such file or directory (os error 2)
[INFO] [stdout]  --> src/sql_entity_graph/control_file.rs:29:15
[INFO] [stdout]   |
[INFO] [stdout] 7 | let context = include_str!("../../../pgx-examples/custom_types/custom_types.control");
[INFO] [stdout]   |               ^^^^^^^^^^^^^^^^^^^^^^^^^^^^^^^^^^^^^^^^^^^^^^^^^^^^^^^^^^^^^^^^^^^^^^^
[INFO] [stdout]   |
[INFO] [stdout]   = note: this error originates in the macro `include_str` (in Nightly builds, run with -Z macro-backtrace for more info)
[INFO] [stdout] 
[INFO] [stdout] error: aborting due to 1 previous error
[INFO] [stdout] 
[INFO] [stdout] Couldn't compile the test.
[INFO] [stdout] ---- src/sql_entity_graph/control_file.rs - sql_entity_graph::control_file::ControlFile::from_str (line 46) stdout ----
[INFO] [stdout] error: couldn't read `src/sql_entity_graph/../../../pgx-examples/custom_types/custom_types.control`: No such file or directory (os error 2)
[INFO] [stdout]  --> src/sql_entity_graph/control_file.rs:50:15
[INFO] [stdout]   |
[INFO] [stdout] 6 | let context = include_str!("../../../pgx-examples/custom_types/custom_types.control");
[INFO] [stdout]   |               ^^^^^^^^^^^^^^^^^^^^^^^^^^^^^^^^^^^^^^^^^^^^^^^^^^^^^^^^^^^^^^^^^^^^^^^
[INFO] [stdout]   |
[INFO] [stdout]   = note: this error originates in the macro `include_str` (in Nightly builds, run with -Z macro-backtrace for more info)
[INFO] [stdout] 
[INFO] [stdout] error: aborting due to 1 previous error
[INFO] [stdout] 
[INFO] [stdout] Couldn't compile the test.
[INFO] [stdout] 
[INFO] [stdout] failures:
[INFO] [stdout]     src/sql_entity_graph/control_file.rs - sql_entity_graph::control_file::ControlFile (line 24)
[INFO] [stdout]     src/sql_entity_graph/control_file.rs - sql_entity_graph::control_file::ControlFile::from_str (line 46)
[INFO] [stdout] 
[INFO] [stdout] test result: FAILED. 13 passed; 2 failed; 1 ignored; 0 measured; 0 filtered out; finished in 4.87s
[INFO] [stdout] 
[INFO] [stderr] error: doctest failed, to rerun pass `--doc`
[INFO] running `Command { std: "docker" "inspect" "e5bcf2de27340c090d6623ca290585851cdc7cb92db3e356ed980775ee563e95", kill_on_drop: false }`
[INFO] running `Command { std: "docker" "rm" "-f" "e5bcf2de27340c090d6623ca290585851cdc7cb92db3e356ed980775ee563e95", kill_on_drop: false }`
[INFO] [stdout] e5bcf2de27340c090d6623ca290585851cdc7cb92db3e356ed980775ee563e95
