[INFO] fetching crate pgrx-sql-entity-graph 0.12.9...
[INFO] testing pgrx-sql-entity-graph-0.12.9 against nightly-2025-01-18 for randomize-layout-2
[INFO] extracting crate pgrx-sql-entity-graph 0.12.9 into /workspace/builds/worker-5-tc1/source
[INFO] validating manifest of crates.io crate pgrx-sql-entity-graph 0.12.9 on toolchain nightly-2025-01-18
[INFO] running `Command { std: CARGO_HOME="/workspace/cargo-home" RUSTUP_HOME="/workspace/rustup-home" "/workspace/cargo-home/bin/cargo" "+nightly-2025-01-18" "metadata" "--manifest-path" "Cargo.toml" "--no-deps", kill_on_drop: false }`
[INFO] started tweaking crates.io crate pgrx-sql-entity-graph 0.12.9
[INFO] finished tweaking crates.io crate pgrx-sql-entity-graph 0.12.9
[INFO] tweaked toml for crates.io crate pgrx-sql-entity-graph 0.12.9 written to /workspace/builds/worker-5-tc1/source/Cargo.toml
[INFO] running `Command { std: CARGO_HOME="/workspace/cargo-home" RUSTUP_HOME="/workspace/rustup-home" "/workspace/cargo-home/bin/cargo" "+nightly-2025-01-18" "generate-lockfile" "--manifest-path" "Cargo.toml", kill_on_drop: false }`
[INFO] [stderr]     Updating crates.io index
[INFO] [stderr]      Locking 71 packages to latest compatible versions
[INFO] [stderr]       Adding convert_case v0.6.0 (available: v0.7.1)
[INFO] [stderr]       Adding petgraph v0.6.5 (available: v0.7.1)
[INFO] [stderr]       Adding thiserror v1.0.69 (available: v2.0.11)
[INFO] running `Command { std: CARGO_HOME="/workspace/cargo-home" RUSTUP_HOME="/workspace/rustup-home" "/workspace/cargo-home/bin/cargo" "+nightly-2025-01-18" "fetch" "--manifest-path" "Cargo.toml", kill_on_drop: false }`
[INFO] running `Command { std: "docker" "create" "-v" "/var/lib/crater-agent-workspace/builds/worker-5-tc1/target:/opt/rustwide/target:rw,Z" "-v" "/var/lib/crater-agent-workspace/builds/worker-5-tc1/source:/opt/rustwide/workdir:ro,Z" "-v" "/var/lib/crater-agent-workspace/cargo-home:/opt/rustwide/cargo-home:ro,Z" "-v" "/var/lib/crater-agent-workspace/rustup-home:/opt/rustwide/rustup-home:ro,Z" "-e" "SOURCE_DIR=/opt/rustwide/workdir" "-e" "CARGO_TARGET_DIR=/opt/rustwide/target" "-e" "CARGO_HOME=/opt/rustwide/cargo-home" "-e" "RUSTUP_HOME=/opt/rustwide/rustup-home" "-w" "/opt/rustwide/workdir" "-m" "1610612736" "--user" "0:0" "--network" "none" "ghcr.io/rust-lang/crates-build-env/linux@sha256:819108c5571ea2e421544af4d832f968d213c87fbe3707a016657f43d2f853bc" "/opt/rustwide/cargo-home/bin/cargo" "+nightly-2025-01-18" "metadata" "--no-deps" "--format-version=1", kill_on_drop: false }`
[INFO] [stdout] cc8d194042c47d87eb8ab3b086d99ce6746138a06299f7fe6455e342db07fe75
[INFO] running `Command { std: "docker" "start" "-a" "cc8d194042c47d87eb8ab3b086d99ce6746138a06299f7fe6455e342db07fe75", kill_on_drop: false }`
[INFO] running `Command { std: "docker" "inspect" "cc8d194042c47d87eb8ab3b086d99ce6746138a06299f7fe6455e342db07fe75", kill_on_drop: false }`
[INFO] running `Command { std: "docker" "rm" "-f" "cc8d194042c47d87eb8ab3b086d99ce6746138a06299f7fe6455e342db07fe75", kill_on_drop: false }`
[INFO] [stdout] cc8d194042c47d87eb8ab3b086d99ce6746138a06299f7fe6455e342db07fe75
[INFO] running `Command { std: "docker" "create" "-v" "/var/lib/crater-agent-workspace/builds/worker-5-tc1/target:/opt/rustwide/target:rw,Z" "-v" "/var/lib/crater-agent-workspace/builds/worker-5-tc1/source:/opt/rustwide/workdir:ro,Z" "-v" "/var/lib/crater-agent-workspace/cargo-home:/opt/rustwide/cargo-home:ro,Z" "-v" "/var/lib/crater-agent-workspace/rustup-home:/opt/rustwide/rustup-home:ro,Z" "-e" "SOURCE_DIR=/opt/rustwide/workdir" "-e" "CARGO_TARGET_DIR=/opt/rustwide/target" "-e" "CARGO_INCREMENTAL=0" "-e" "RUST_BACKTRACE=full" "-e" "RUSTFLAGS=--cap-lints=forbid" "-e" "RUSTDOCFLAGS=--cap-lints=forbid" "-e" "CARGO_HOME=/opt/rustwide/cargo-home" "-e" "RUSTUP_HOME=/opt/rustwide/rustup-home" "-w" "/opt/rustwide/workdir" "-m" "1610612736" "--user" "0:0" "--network" "none" "ghcr.io/rust-lang/crates-build-env/linux@sha256:819108c5571ea2e421544af4d832f968d213c87fbe3707a016657f43d2f853bc" "/opt/rustwide/cargo-home/bin/cargo" "+nightly-2025-01-18" "build" "--frozen" "--message-format=json", kill_on_drop: false }`
[INFO] [stdout] 4d460f49ddb806b5d7bb1313dacff0ffaa540cb15f6e5749ad5e24639068edf6
[INFO] running `Command { std: "docker" "start" "-a" "4d460f49ddb806b5d7bb1313dacff0ffaa540cb15f6e5749ad5e24639068edf6", kill_on_drop: false }`
[INFO] [stderr]    Compiling unicode-ident v1.0.14
[INFO] [stderr]    Compiling proc-macro2 v1.0.93
[INFO] [stderr]    Compiling thiserror v1.0.69
[INFO] [stderr]    Compiling hashbrown v0.15.2
[INFO] [stderr]    Compiling equivalent v1.0.1
[INFO] [stderr]    Compiling unicode-segmentation v1.12.0
[INFO] [stderr]    Compiling fixedbitset v0.4.2
[INFO] [stderr]    Compiling unescape v0.1.0
[INFO] [stderr]    Compiling convert_case v0.6.0
[INFO] [stderr]    Compiling indexmap v2.7.1
[INFO] [stderr]    Compiling quote v1.0.38
[INFO] [stderr]    Compiling syn v2.0.96
[INFO] [stderr]    Compiling petgraph v0.6.5
[INFO] [stderr]    Compiling thiserror-impl v1.0.69
[INFO] [stderr]    Compiling pgrx-sql-entity-graph v0.12.9 (/opt/rustwide/workdir)
[INFO] [stderr]     Finished `dev` profile [unoptimized + debuginfo] target(s) in 24.16s
[INFO] running `Command { std: "docker" "inspect" "4d460f49ddb806b5d7bb1313dacff0ffaa540cb15f6e5749ad5e24639068edf6", kill_on_drop: false }`
[INFO] running `Command { std: "docker" "rm" "-f" "4d460f49ddb806b5d7bb1313dacff0ffaa540cb15f6e5749ad5e24639068edf6", kill_on_drop: false }`
[INFO] [stdout] 4d460f49ddb806b5d7bb1313dacff0ffaa540cb15f6e5749ad5e24639068edf6
[INFO] running `Command { std: "docker" "create" "-v" "/var/lib/crater-agent-workspace/builds/worker-5-tc1/target:/opt/rustwide/target:rw,Z" "-v" "/var/lib/crater-agent-workspace/builds/worker-5-tc1/source:/opt/rustwide/workdir:ro,Z" "-v" "/var/lib/crater-agent-workspace/cargo-home:/opt/rustwide/cargo-home:ro,Z" "-v" "/var/lib/crater-agent-workspace/rustup-home:/opt/rustwide/rustup-home:ro,Z" "-e" "SOURCE_DIR=/opt/rustwide/workdir" "-e" "CARGO_TARGET_DIR=/opt/rustwide/target" "-e" "CARGO_INCREMENTAL=0" "-e" "RUST_BACKTRACE=full" "-e" "RUSTFLAGS=--cap-lints=forbid" "-e" "RUSTDOCFLAGS=--cap-lints=forbid" "-e" "CARGO_HOME=/opt/rustwide/cargo-home" "-e" "RUSTUP_HOME=/opt/rustwide/rustup-home" "-w" "/opt/rustwide/workdir" "-m" "1610612736" "--user" "0:0" "--network" "none" "ghcr.io/rust-lang/crates-build-env/linux@sha256:819108c5571ea2e421544af4d832f968d213c87fbe3707a016657f43d2f853bc" "/opt/rustwide/cargo-home/bin/cargo" "+nightly-2025-01-18" "test" "--frozen" "--no-run" "--message-format=json", kill_on_drop: false }`
[INFO] [stdout] bc85a4f1972048d06ac7869fa3c3fe45b4dd6dcdb957e3670bdd016a4b1a30e8
[INFO] running `Command { std: "docker" "start" "-a" "bc85a4f1972048d06ac7869fa3c3fe45b4dd6dcdb957e3670bdd016a4b1a30e8", kill_on_drop: false }`
[INFO] [stderr]    Compiling pgrx-sql-entity-graph v0.12.9 (/opt/rustwide/workdir)
[INFO] [stderr]     Finished `test` profile [unoptimized + debuginfo] target(s) in 4.29s
[INFO] running `Command { std: "docker" "inspect" "bc85a4f1972048d06ac7869fa3c3fe45b4dd6dcdb957e3670bdd016a4b1a30e8", kill_on_drop: false }`
[INFO] running `Command { std: "docker" "rm" "-f" "bc85a4f1972048d06ac7869fa3c3fe45b4dd6dcdb957e3670bdd016a4b1a30e8", kill_on_drop: false }`
[INFO] [stdout] bc85a4f1972048d06ac7869fa3c3fe45b4dd6dcdb957e3670bdd016a4b1a30e8
[INFO] running `Command { std: "docker" "create" "-v" "/var/lib/crater-agent-workspace/builds/worker-5-tc1/target:/opt/rustwide/target:rw,Z" "-v" "/var/lib/crater-agent-workspace/builds/worker-5-tc1/source:/opt/rustwide/workdir:ro,Z" "-v" "/var/lib/crater-agent-workspace/cargo-home:/opt/rustwide/cargo-home:ro,Z" "-v" "/var/lib/crater-agent-workspace/rustup-home:/opt/rustwide/rustup-home:ro,Z" "-e" "SOURCE_DIR=/opt/rustwide/workdir" "-e" "CARGO_TARGET_DIR=/opt/rustwide/target" "-e" "CARGO_INCREMENTAL=0" "-e" "RUST_BACKTRACE=full" "-e" "RUSTFLAGS=--cap-lints=forbid" "-e" "RUSTDOCFLAGS=--cap-lints=forbid" "-e" "CARGO_HOME=/opt/rustwide/cargo-home" "-e" "RUSTUP_HOME=/opt/rustwide/rustup-home" "-w" "/opt/rustwide/workdir" "-m" "1610612736" "--user" "0:0" "--network" "none" "ghcr.io/rust-lang/crates-build-env/linux@sha256:819108c5571ea2e421544af4d832f968d213c87fbe3707a016657f43d2f853bc" "/opt/rustwide/cargo-home/bin/cargo" "+nightly-2025-01-18" "test" "--frozen", kill_on_drop: false }`
[INFO] [stdout] 362331a718ff47abf1fdc32efabd928edf4103371ee6ed3d0b5686c0b8a986b2
[INFO] running `Command { std: "docker" "start" "-a" "362331a718ff47abf1fdc32efabd928edf4103371ee6ed3d0b5686c0b8a986b2", kill_on_drop: false }`
[INFO] [stderr]     Finished `test` profile [unoptimized + debuginfo] target(s) in 0.05s
[INFO] [stderr]      Running unittests src/lib.rs (/opt/rustwide/target/debug/deps/pgrx_sql_entity_graph-7c29a803859c684c)
[INFO] [stdout] 
[INFO] [stdout] running 6 tests
[INFO] [stdout] test aggregate::aggregate_type::tests::solo ... ok
[INFO] [stdout] test extern_args::tests::parse_args ... ok
[INFO] [stdout] test aggregate::aggregate_type::tests::list ... ok
[INFO] [stdout] test aggregate::tests::agg_missing_required ... ok
[INFO] [stdout] test aggregate::tests::agg_required_only ... ok
[INFO] [stdout] test aggregate::tests::agg_all_options ... ok
[INFO] [stdout] 
[INFO] [stdout] test result: ok. 6 passed; 0 failed; 0 ignored; 0 measured; 0 filtered out; finished in 0.09s
[INFO] [stdout] 
[INFO] [stderr]    Doc-tests pgrx_sql_entity_graph
[INFO] [stdout] 
[INFO] [stdout] running 16 tests
[INFO] [stdout] test src/pgrx_attribute.rs - pgrx_attribute::PgrxArg::parse (line 54) ... ignored
[INFO] [stdout] test src/control_file.rs - control_file::ControlFile::from_str (line 60) ... FAILED
[INFO] [stdout] test src/control_file.rs - control_file::ControlFile (line 25) ... FAILED
[INFO] [stdout] test src/mapping.rs - mapping::RustSqlMapping (line 22) ... ok
[INFO] [stdout] test src/pg_extern/mod.rs - pg_extern::PgExtern (line 73) ... ok
[INFO] [stdout] test src/metadata/function_metadata.rs - metadata::function_metadata::FunctionMetadata (line 23) ... ok
[INFO] [stdout] test src/extension_sql/mod.rs - extension_sql::ExtensionSql (line 141) ... ok
[INFO] [stdout] test src/postgres_hash/mod.rs - postgres_hash::PostgresHash (line 36) ... ok
[INFO] [stdout] test src/to_sql/entity.rs - to_sql::entity::ToSqlConfigEntity::to_sql (line 55) ... ignored
[INFO] [stdout] test src/extension_sql/mod.rs - extension_sql::ExtensionSqlFile (line 36) ... ok
[INFO] [stdout] test src/postgres_enum/mod.rs - postgres_enum::PostgresEnum (line 34) ... ok
[INFO] [stdout] test src/postgres_hash/mod.rs - postgres_hash::PostgresHash (line 56) ... ok
[INFO] [stdout] test src/postgres_type/mod.rs - postgres_type::PostgresTypeDerive (line 34) ... ok
[INFO] [stdout] test src/postgres_ord/mod.rs - postgres_ord::PostgresOrd (line 56) ... ok
[INFO] [stdout] test src/schema/mod.rs - schema::Schema (line 31) ... ok
[INFO] [stdout] test src/postgres_ord/mod.rs - postgres_ord::PostgresOrd (line 36) ... ok
[INFO] [stdout] 
[INFO] [stdout] failures:
[INFO] [stdout] 
[INFO] [stdout] ---- src/control_file.rs - control_file::ControlFile::from_str (line 60) stdout ----
[INFO] [stdout] error: couldn't read `src/../../pgrx-examples/arrays/arrays.control`: No such file or directory (os error 2)
[INFO] [stdout]  --> src/control_file.rs:65:15
[INFO] [stdout]   |
[INFO] [stdout] 7 | let context = include_str!("../../pgrx-examples/arrays/arrays.control");
[INFO] [stdout]   |               ^^^^^^^^^^^^^^^^^^^^^^^^^^^^^^^^^^^^^^^^^^^^^^^^^^^^^^^^^
[INFO] [stdout]   |
[INFO] [stdout]   = note: this error originates in the macro `include_str` (in Nightly builds, run with -Z macro-backtrace for more info)
[INFO] [stdout] 
[INFO] [stdout] error: aborting due to 1 previous error
[INFO] [stdout] 
[INFO] [stdout] Couldn't compile the test.
[INFO] [stdout] ---- src/control_file.rs - control_file::ControlFile (line 25) stdout ----
[INFO] [stdout] error: couldn't read `src/../../pgrx-examples/arrays/arrays.control`: No such file or directory (os error 2)
[INFO] [stdout]  --> src/control_file.rs:31:15
[INFO] [stdout]   |
[INFO] [stdout] 8 | let context = include_str!("../../pgrx-examples/arrays/arrays.control");
[INFO] [stdout]   |               ^^^^^^^^^^^^^^^^^^^^^^^^^^^^^^^^^^^^^^^^^^^^^^^^^^^^^^^^^
[INFO] [stdout]   |
[INFO] [stdout]   = note: this error originates in the macro `include_str` (in Nightly builds, run with -Z macro-backtrace for more info)
[INFO] [stdout] 
[INFO] [stdout] error: aborting due to 1 previous error
[INFO] [stdout] 
[INFO] [stdout] Couldn't compile the test.
[INFO] [stdout] 
[INFO] [stdout] failures:
[INFO] [stdout]     src/control_file.rs - control_file::ControlFile (line 25)
[INFO] [stdout]     src/control_file.rs - control_file::ControlFile::from_str (line 60)
[INFO] [stdout] 
[INFO] [stdout] test result: FAILED. 12 passed; 2 failed; 2 ignored; 0 measured; 0 filtered out; finished in 3.67s
[INFO] [stdout] 
[INFO] [stderr] error: doctest failed, to rerun pass `--doc`
[INFO] running `Command { std: "docker" "inspect" "362331a718ff47abf1fdc32efabd928edf4103371ee6ed3d0b5686c0b8a986b2", kill_on_drop: false }`
[INFO] running `Command { std: "docker" "rm" "-f" "362331a718ff47abf1fdc32efabd928edf4103371ee6ed3d0b5686c0b8a986b2", kill_on_drop: false }`
[INFO] [stdout] 362331a718ff47abf1fdc32efabd928edf4103371ee6ed3d0b5686c0b8a986b2
