[INFO] fetching crate pf-rs 0.2.4...
[INFO] testing pf-rs-0.2.4 against nightly-2025-01-18+rustflags=-Zrandomize-layout for randomize-layout-2
[INFO] extracting crate pf-rs 0.2.4 into /workspace/builds/worker-3-tc2/source
[INFO] validating manifest of crates.io crate pf-rs 0.2.4 on toolchain nightly-2025-01-18
[INFO] running `Command { std: CARGO_HOME="/workspace/cargo-home" RUSTUP_HOME="/workspace/rustup-home" "/workspace/cargo-home/bin/cargo" "+nightly-2025-01-18" "metadata" "--manifest-path" "Cargo.toml" "--no-deps", kill_on_drop: false }`
[INFO] removed /workspace/builds/worker-3-tc2/source/.cargo/config.toml
[INFO] started tweaking crates.io crate pf-rs 0.2.4
[INFO] finished tweaking crates.io crate pf-rs 0.2.4
[INFO] tweaked toml for crates.io crate pf-rs 0.2.4 written to /workspace/builds/worker-3-tc2/source/Cargo.toml
[INFO] running `Command { std: CARGO_HOME="/workspace/cargo-home" RUSTUP_HOME="/workspace/rustup-home" "/workspace/cargo-home/bin/cargo" "+nightly-2025-01-18" "generate-lockfile" "--manifest-path" "Cargo.toml", kill_on_drop: false }`
[INFO] [stderr]     Updating crates.io index
[INFO] [stderr]      Locking 4 packages to latest compatible versions
[INFO] [stderr]       Adding nix v0.27.1 (available: v0.29.0)
[INFO] running `Command { std: CARGO_HOME="/workspace/cargo-home" RUSTUP_HOME="/workspace/rustup-home" "/workspace/cargo-home/bin/cargo" "+nightly-2025-01-18" "fetch" "--manifest-path" "Cargo.toml", kill_on_drop: false }`
[INFO] running `Command { std: "docker" "create" "-v" "/var/lib/crater-agent-workspace/builds/worker-3-tc2/target:/opt/rustwide/target:rw,Z" "-v" "/var/lib/crater-agent-workspace/builds/worker-3-tc2/source:/opt/rustwide/workdir:ro,Z" "-v" "/var/lib/crater-agent-workspace/cargo-home:/opt/rustwide/cargo-home:ro,Z" "-v" "/var/lib/crater-agent-workspace/rustup-home:/opt/rustwide/rustup-home:ro,Z" "-e" "SOURCE_DIR=/opt/rustwide/workdir" "-e" "CARGO_TARGET_DIR=/opt/rustwide/target" "-e" "CARGO_HOME=/opt/rustwide/cargo-home" "-e" "RUSTUP_HOME=/opt/rustwide/rustup-home" "-w" "/opt/rustwide/workdir" "-m" "1610612736" "--user" "0:0" "--network" "none" "ghcr.io/rust-lang/crates-build-env/linux@sha256:819108c5571ea2e421544af4d832f968d213c87fbe3707a016657f43d2f853bc" "/opt/rustwide/cargo-home/bin/cargo" "+nightly-2025-01-18" "metadata" "--no-deps" "--format-version=1", kill_on_drop: false }`
[INFO] [stdout] 4afde8eacd8483389be21dcf63474d8442c9fa4077268807d634bfec6b3c6579
[INFO] running `Command { std: "docker" "start" "-a" "4afde8eacd8483389be21dcf63474d8442c9fa4077268807d634bfec6b3c6579", kill_on_drop: false }`
[INFO] running `Command { std: "docker" "inspect" "4afde8eacd8483389be21dcf63474d8442c9fa4077268807d634bfec6b3c6579", kill_on_drop: false }`
[INFO] running `Command { std: "docker" "rm" "-f" "4afde8eacd8483389be21dcf63474d8442c9fa4077268807d634bfec6b3c6579", kill_on_drop: false }`
[INFO] [stdout] 4afde8eacd8483389be21dcf63474d8442c9fa4077268807d634bfec6b3c6579
[INFO] running `Command { std: "docker" "create" "-v" "/var/lib/crater-agent-workspace/builds/worker-3-tc2/target:/opt/rustwide/target:rw,Z" "-v" "/var/lib/crater-agent-workspace/builds/worker-3-tc2/source:/opt/rustwide/workdir:ro,Z" "-v" "/var/lib/crater-agent-workspace/cargo-home:/opt/rustwide/cargo-home:ro,Z" "-v" "/var/lib/crater-agent-workspace/rustup-home:/opt/rustwide/rustup-home:ro,Z" "-e" "SOURCE_DIR=/opt/rustwide/workdir" "-e" "CARGO_TARGET_DIR=/opt/rustwide/target" "-e" "CARGO_INCREMENTAL=0" "-e" "RUST_BACKTRACE=full" "-e" "RUSTFLAGS=--cap-lints=forbid -Zrandomize-layout" "-e" "RUSTDOCFLAGS=--cap-lints=forbid" "-e" "CARGO_HOME=/opt/rustwide/cargo-home" "-e" "RUSTUP_HOME=/opt/rustwide/rustup-home" "-w" "/opt/rustwide/workdir" "-m" "1610612736" "--user" "0:0" "--network" "none" "ghcr.io/rust-lang/crates-build-env/linux@sha256:819108c5571ea2e421544af4d832f968d213c87fbe3707a016657f43d2f853bc" "/opt/rustwide/cargo-home/bin/cargo" "+nightly-2025-01-18" "build" "--frozen" "--message-format=json", kill_on_drop: false }`
[INFO] [stdout] 817ab9817d8f71ba2d29bdceb8ec2f3ea3ddb994ae061c5e3f3d282d55270659
[INFO] running `Command { std: "docker" "start" "-a" "817ab9817d8f71ba2d29bdceb8ec2f3ea3ddb994ae061c5e3f3d282d55270659", kill_on_drop: false }`
[INFO] [stderr]    Compiling libc v0.2.169
[INFO] [stderr]    Compiling bitflags v2.8.0
[INFO] [stderr]    Compiling pf-rs v0.2.4 (/opt/rustwide/workdir)
[INFO] [stderr]    Compiling cfg-if v1.0.0
[INFO] [stdout] warning: unused import: `env`
[INFO] [stdout]  --> build.rs:1:29
[INFO] [stdout]   |
[INFO] [stdout] 1 | use std::{process::Command, env};
[INFO] [stdout]   |                             ^^^
[INFO] [stdout]   |
[INFO] [stdout]   = note: `#[warn(unused_imports)]` on by default
[INFO] [stdout] 
[INFO] [stdout] 
[INFO] [stderr]    Compiling nix v0.27.1
[INFO] [stdout] warning: unnecessary trailing semicolon
[INFO] [stdout]    --> src/common.rs:8:18
[INFO] [stdout]     |
[INFO] [stdout] 8   |               $init;
[INFO] [stdout]     |                    ^ help: remove this semicolon
[INFO] [stdout]     |
[INFO] [stdout]    ::: src/ioctl.rs:109:9
[INFO] [stdout]     |
[INFO] [stdout] 109 | /         cfor!(let mut p_resp = res; p_resp != std::ptr::null_mut(); p_resp = (*p_resp).ai_next;
[INFO] [stdout] 110 | |             {
[INFO] [stdout] 111 | |                 let resp = *p_resp;
[INFO] [stdout] ...   |
[INFO] [stdout] 265 | |         );
[INFO] [stdout]     | |_________- in this macro invocation
[INFO] [stdout]     |
[INFO] [stdout]     = note: `#[warn(redundant_semicolons)]` on by default
[INFO] [stdout]     = note: this warning originates in the macro `cfor` (in Nightly builds, run with -Z macro-backtrace for more info)
[INFO] [stdout] 
[INFO] [stdout] 
[INFO] [stdout] warning: unnecessary trailing semicolon
[INFO] [stdout]    --> src/common.rs:8:18
[INFO] [stdout]     |
[INFO] [stdout] 8   |               $init;
[INFO] [stdout]     |                    ^ help: remove this semicolon
[INFO] [stdout]     |
[INFO] [stdout]    ::: src/ioctl.rs:180:21
[INFO] [stdout]     |
[INFO] [stdout] 180 | /                     cfor!(let mut p_resp1 = res1; p_resp1 != std::ptr::null_mut(); p_resp1 = (*p_resp1).ai_next;
[INFO] [stdout] 181 | |                         {
[INFO] [stdout] 182 | |                             let resp1 = *p_resp1;
[INFO] [stdout] ...   |
[INFO] [stdout] 241 | |                     );
[INFO] [stdout]     | |_____________________- in this macro invocation
[INFO] [stdout]     |
[INFO] [stdout]     = note: this warning originates in the macro `cfor` (in Nightly builds, run with -Z macro-backtrace for more info)
[INFO] [stdout] 
[INFO] [stdout] 
[INFO] [stdout] warning: unnecessary trailing semicolon
[INFO] [stdout]    --> src/common.rs:8:18
[INFO] [stdout]     |
[INFO] [stdout] 8   |               $init;
[INFO] [stdout]     |                    ^ help: remove this semicolon
[INFO] [stdout]     |
[INFO] [stdout]    ::: src/pfr_addr.rs:290:13
[INFO] [stdout]     |
[INFO] [stdout] 290 | /             cfor!(let mut i = 31; tmp & (1 << i) > 0; i -= 1; // or (i = 31; tmp & (1 << i); --i)
[INFO] [stdout] 291 | |                 {
[INFO] [stdout] 292 | |                     b += 1;   //C b++;
[INFO] [stdout] 293 | |                 }
[INFO] [stdout] 294 | |             ); 
[INFO] [stdout]     | |_____________- in this macro invocation
[INFO] [stdout]     |
[INFO] [stdout]     = note: this warning originates in the macro `cfor` (in Nightly builds, run with -Z macro-backtrace for more info)
[INFO] [stdout] 
[INFO] [stdout] 
[INFO] [stdout] warning: unnecessary trailing semicolon
[INFO] [stdout]    --> src/common.rs:8:18
[INFO] [stdout]     |
[INFO] [stdout] 8   |               $init;
[INFO] [stdout]     |                    ^ help: remove this semicolon
[INFO] [stdout]     |
[INFO] [stdout]    ::: src/pfr_addr.rs:372:9
[INFO] [stdout]     |
[INFO] [stdout] 372 | /         cfor!(let mut i = 31; i > 31-b; i -= 1; // for (i = 31; i > 31-b; --i)
[INFO] [stdout] 373 | |             {
[INFO] [stdout] 374 | |                 m.pfa.addr32[j] |= 1 << i;   // m->addr32[j] |= (1 << i);
[INFO] [stdout] 375 | |             }
[INFO] [stdout] 376 | |         );
[INFO] [stdout]     | |_________- in this macro invocation
[INFO] [stdout]     |
[INFO] [stdout]     = note: this warning originates in the macro `cfor` (in Nightly builds, run with -Z macro-backtrace for more info)
[INFO] [stdout] 
[INFO] [stdout] 
[INFO] [stdout] warning: unnecessary trailing semicolon
[INFO] [stdout]    --> src/common.rs:8:18
[INFO] [stdout]     |
[INFO] [stdout] 8   |               $init;
[INFO] [stdout]     |                    ^ help: remove this semicolon
[INFO] [stdout]     |
[INFO] [stdout]    ::: src/pfr_addr.rs:386:13
[INFO] [stdout]     |
[INFO] [stdout] 386 | /             cfor!(let mut i = 0; i < 4; i += 1; // for (i = 0; i < 4; i++)
[INFO] [stdout] 387 | |                 {
[INFO] [stdout] 388 | |                     addr.pfa.addr32[i] = addr.pfa.addr32[i] & m.pfa.addr32[i]; // n->addr32[i] = n->addr32[i] & m->addr32[i];
[INFO] [stdout] 389 | |                 }
[INFO] [stdout] 390 | |             );
[INFO] [stdout]     | |_____________- in this macro invocation
[INFO] [stdout]     |
[INFO] [stdout]     = note: this warning originates in the macro `cfor` (in Nightly builds, run with -Z macro-backtrace for more info)
[INFO] [stdout] 
[INFO] [stdout] 
[INFO] [stdout] warning: unnecessary trailing semicolon
[INFO] [stdout]    --> src/common.rs:8:18
[INFO] [stdout]     |
[INFO] [stdout] 8   |               $init;
[INFO] [stdout]     |                    ^ help: remove this semicolon
[INFO] [stdout]     |
[INFO] [stdout]    ::: src/pfr_addr.rs:618:13
[INFO] [stdout]     |
[INFO] [stdout] 618 | /             cfor!(let mut p_resp = res; p_resp != std::ptr::null_mut(); p_resp = (*p_resp).ai_next;
[INFO] [stdout] 619 | |                 {
[INFO] [stdout] 620 | |                     let resp = *p_resp;
[INFO] [stdout] ...   |
[INFO] [stdout] 687 | |             );
[INFO] [stdout]     | |_____________- in this macro invocation
[INFO] [stdout]     |
[INFO] [stdout]     = note: this warning originates in the macro `cfor` (in Nightly builds, run with -Z macro-backtrace for more info)
[INFO] [stdout] 
[INFO] [stdout] 
[INFO] [stdout] warning: value assigned to `tmp` is never read
[INFO] [stdout]    --> src/pfr_addr.rs:279:17
[INFO] [stdout]     |
[INFO] [stdout] 279 |         let mut tmp: u32 = 0;
[INFO] [stdout]     |                 ^^^
[INFO] [stdout]     |
[INFO] [stdout]     = help: maybe it is overwritten before being read?
[INFO] [stdout]     = note: `#[warn(unused_assignments)]` on by default
[INFO] [stdout] 
[INFO] [stdout] 
[INFO] [stdout] warning: value assigned to `mask` is never read
[INFO] [stdout]    --> src/pfr_addr.rs:708:17
[INFO] [stdout]     |
[INFO] [stdout] 708 |         let mut mask: libc::c_int = -1;
[INFO] [stdout]     |                 ^^^^
[INFO] [stdout]     |
[INFO] [stdout]     = help: maybe it is overwritten before being read?
[INFO] [stdout] 
[INFO] [stdout] 
[INFO] [stdout] warning: value assigned to `bits` is never read
[INFO] [stdout]    --> src/pfr_addr.rs:840:17
[INFO] [stdout]     |
[INFO] [stdout] 840 |         let mut bits: libc::c_int = 0;
[INFO] [stdout]     |                 ^^^^
[INFO] [stdout]     |
[INFO] [stdout]     = help: maybe it is overwritten before being read?
[INFO] [stdout] 
[INFO] [stdout] 
[INFO] [stdout] warning: variable does not need to be mutable
[INFO] [stdout]    --> src/pfr_addr.rs:838:12
[INFO] [stdout]     |
[INFO] [stdout] 838 |     fn new(mut n: node_host, is_test: libc::c_int, not: libc::c_int) -> PfResult<Self>
[INFO] [stdout]     |            ----^
[INFO] [stdout]     |            |
[INFO] [stdout]     |            help: remove this `mut`
[INFO] [stdout]     |
[INFO] [stdout]     = note: `#[warn(unused_mut)]` on by default
[INFO] [stdout] 
[INFO] [stdout] 
[INFO] [stderr]     Finished `dev` profile [unoptimized + debuginfo] target(s) in 3.97s
[INFO] running `Command { std: "docker" "inspect" "817ab9817d8f71ba2d29bdceb8ec2f3ea3ddb994ae061c5e3f3d282d55270659", kill_on_drop: false }`
[INFO] running `Command { std: "docker" "rm" "-f" "817ab9817d8f71ba2d29bdceb8ec2f3ea3ddb994ae061c5e3f3d282d55270659", kill_on_drop: false }`
[INFO] [stdout] 817ab9817d8f71ba2d29bdceb8ec2f3ea3ddb994ae061c5e3f3d282d55270659
[INFO] running `Command { std: "docker" "create" "-v" "/var/lib/crater-agent-workspace/builds/worker-3-tc2/target:/opt/rustwide/target:rw,Z" "-v" "/var/lib/crater-agent-workspace/builds/worker-3-tc2/source:/opt/rustwide/workdir:ro,Z" "-v" "/var/lib/crater-agent-workspace/cargo-home:/opt/rustwide/cargo-home:ro,Z" "-v" "/var/lib/crater-agent-workspace/rustup-home:/opt/rustwide/rustup-home:ro,Z" "-e" "SOURCE_DIR=/opt/rustwide/workdir" "-e" "CARGO_TARGET_DIR=/opt/rustwide/target" "-e" "CARGO_INCREMENTAL=0" "-e" "RUST_BACKTRACE=full" "-e" "RUSTFLAGS=--cap-lints=forbid -Zrandomize-layout" "-e" "RUSTDOCFLAGS=--cap-lints=forbid" "-e" "CARGO_HOME=/opt/rustwide/cargo-home" "-e" "RUSTUP_HOME=/opt/rustwide/rustup-home" "-w" "/opt/rustwide/workdir" "-m" "1610612736" "--user" "0:0" "--network" "none" "ghcr.io/rust-lang/crates-build-env/linux@sha256:819108c5571ea2e421544af4d832f968d213c87fbe3707a016657f43d2f853bc" "/opt/rustwide/cargo-home/bin/cargo" "+nightly-2025-01-18" "test" "--frozen" "--no-run" "--message-format=json", kill_on_drop: false }`
[INFO] [stdout] b48a3284b3c9827d6fac698bec528909933fd7a1af1f0702c82585ea93cbe620
[INFO] running `Command { std: "docker" "start" "-a" "b48a3284b3c9827d6fac698bec528909933fd7a1af1f0702c82585ea93cbe620", kill_on_drop: false }`
[INFO] [stdout] warning: unused import: `env`
[INFO] [stdout]  --> build.rs:1:29
[INFO] [stdout]   |
[INFO] [stdout] 1 | use std::{process::Command, env};
[INFO] [stdout]   |                             ^^^
[INFO] [stdout]   |
[INFO] [stdout]   = note: `#[warn(unused_imports)]` on by default
[INFO] [stdout] 
[INFO] [stdout] 
[INFO] [stdout] warning: unnecessary trailing semicolon
[INFO] [stdout]    --> src/common.rs:8:18
[INFO] [stdout]     |
[INFO] [stdout] 8   |               $init;
[INFO] [stdout]     |                    ^ help: remove this semicolon
[INFO] [stdout]     |
[INFO] [stdout]    ::: src/ioctl.rs:109:9
[INFO] [stdout]     |
[INFO] [stdout] 109 | /         cfor!(let mut p_resp = res; p_resp != std::ptr::null_mut(); p_resp = (*p_resp).ai_next;
[INFO] [stdout] 110 | |             {
[INFO] [stdout] 111 | |                 let resp = *p_resp;
[INFO] [stdout] ...   |
[INFO] [stdout] 265 | |         );
[INFO] [stdout]     | |_________- in this macro invocation
[INFO] [stdout]     |
[INFO] [stdout]     = note: `#[warn(redundant_semicolons)]` on by default
[INFO] [stdout]     = note: this warning originates in the macro `cfor` (in Nightly builds, run with -Z macro-backtrace for more info)
[INFO] [stdout] 
[INFO] [stdout] 
[INFO] [stdout] warning: unnecessary trailing semicolon
[INFO] [stdout]    --> src/common.rs:8:18
[INFO] [stdout]     |
[INFO] [stdout] 8   |               $init;
[INFO] [stdout]     |                    ^ help: remove this semicolon
[INFO] [stdout]     |
[INFO] [stdout]    ::: src/ioctl.rs:180:21
[INFO] [stdout]     |
[INFO] [stdout] 180 | /                     cfor!(let mut p_resp1 = res1; p_resp1 != std::ptr::null_mut(); p_resp1 = (*p_resp1).ai_next;
[INFO] [stdout] 181 | |                         {
[INFO] [stdout] 182 | |                             let resp1 = *p_resp1;
[INFO] [stdout] ...   |
[INFO] [stdout] 241 | |                     );
[INFO] [stdout]     | |_____________________- in this macro invocation
[INFO] [stdout]     |
[INFO] [stdout]     = note: this warning originates in the macro `cfor` (in Nightly builds, run with -Z macro-backtrace for more info)
[INFO] [stdout] 
[INFO] [stdout] 
[INFO] [stdout] warning: unnecessary trailing semicolon
[INFO] [stdout]    --> src/common.rs:8:18
[INFO] [stdout]     |
[INFO] [stdout] 8   |               $init;
[INFO] [stdout]     |                    ^ help: remove this semicolon
[INFO] [stdout]     |
[INFO] [stdout]    ::: src/pfr_addr.rs:290:13
[INFO] [stdout]     |
[INFO] [stdout] 290 | /             cfor!(let mut i = 31; tmp & (1 << i) > 0; i -= 1; // or (i = 31; tmp & (1 << i); --i)
[INFO] [stdout] 291 | |                 {
[INFO] [stdout] 292 | |                     b += 1;   //C b++;
[INFO] [stdout] 293 | |                 }
[INFO] [stdout] 294 | |             ); 
[INFO] [stdout]     | |_____________- in this macro invocation
[INFO] [stdout]     |
[INFO] [stdout]     = note: this warning originates in the macro `cfor` (in Nightly builds, run with -Z macro-backtrace for more info)
[INFO] [stdout] 
[INFO] [stdout] 
[INFO] [stdout] warning: unnecessary trailing semicolon
[INFO] [stdout]    --> src/common.rs:8:18
[INFO] [stdout]     |
[INFO] [stdout] 8   |               $init;
[INFO] [stdout]     |                    ^ help: remove this semicolon
[INFO] [stdout]     |
[INFO] [stdout]    ::: src/pfr_addr.rs:372:9
[INFO] [stdout]     |
[INFO] [stdout] 372 | /         cfor!(let mut i = 31; i > 31-b; i -= 1; // for (i = 31; i > 31-b; --i)
[INFO] [stdout] 373 | |             {
[INFO] [stdout] 374 | |                 m.pfa.addr32[j] |= 1 << i;   // m->addr32[j] |= (1 << i);
[INFO] [stdout] 375 | |             }
[INFO] [stdout] 376 | |         );
[INFO] [stdout]     | |_________- in this macro invocation
[INFO] [stdout]     |
[INFO] [stdout]     = note: this warning originates in the macro `cfor` (in Nightly builds, run with -Z macro-backtrace for more info)
[INFO] [stdout] 
[INFO] [stdout] 
[INFO] [stdout] warning: unnecessary trailing semicolon
[INFO] [stdout]    --> src/common.rs:8:18
[INFO] [stdout]     |
[INFO] [stdout] 8   |               $init;
[INFO] [stdout]     |                    ^ help: remove this semicolon
[INFO] [stdout]     |
[INFO] [stdout]    ::: src/pfr_addr.rs:386:13
[INFO] [stdout]     |
[INFO] [stdout] 386 | /             cfor!(let mut i = 0; i < 4; i += 1; // for (i = 0; i < 4; i++)
[INFO] [stdout] 387 | |                 {
[INFO] [stdout] 388 | |                     addr.pfa.addr32[i] = addr.pfa.addr32[i] & m.pfa.addr32[i]; // n->addr32[i] = n->addr32[i] & m->addr32[i];
[INFO] [stdout] 389 | |                 }
[INFO] [stdout] 390 | |             );
[INFO] [stdout]     | |_____________- in this macro invocation
[INFO] [stdout]     |
[INFO] [stdout]     = note: this warning originates in the macro `cfor` (in Nightly builds, run with -Z macro-backtrace for more info)
[INFO] [stdout] 
[INFO] [stdout] 
[INFO] [stderr]    Compiling pf-rs v0.2.4 (/opt/rustwide/workdir)
[INFO] [stdout] warning: unnecessary trailing semicolon
[INFO] [stdout]    --> src/common.rs:8:18
[INFO] [stdout]     |
[INFO] [stdout] 8   |               $init;
[INFO] [stdout]     |                    ^ help: remove this semicolon
[INFO] [stdout]     |
[INFO] [stdout]    ::: src/pfr_addr.rs:618:13
[INFO] [stdout]     |
[INFO] [stdout] 618 | /             cfor!(let mut p_resp = res; p_resp != std::ptr::null_mut(); p_resp = (*p_resp).ai_next;
[INFO] [stdout] 619 | |                 {
[INFO] [stdout] 620 | |                     let resp = *p_resp;
[INFO] [stdout] ...   |
[INFO] [stdout] 687 | |             );
[INFO] [stdout]     | |_____________- in this macro invocation
[INFO] [stdout]     |
[INFO] [stdout]     = note: this warning originates in the macro `cfor` (in Nightly builds, run with -Z macro-backtrace for more info)
[INFO] [stdout] 
[INFO] [stdout] 
[INFO] [stdout] warning: value assigned to `tmp` is never read
[INFO] [stdout]    --> src/pfr_addr.rs:279:17
[INFO] [stdout]     |
[INFO] [stdout] 279 |         let mut tmp: u32 = 0;
[INFO] [stdout]     |                 ^^^
[INFO] [stdout]     |
[INFO] [stdout]     = help: maybe it is overwritten before being read?
[INFO] [stdout]     = note: `#[warn(unused_assignments)]` on by default
[INFO] [stdout] 
[INFO] [stdout] 
[INFO] [stdout] warning: value assigned to `mask` is never read
[INFO] [stdout]    --> src/pfr_addr.rs:708:17
[INFO] [stdout]     |
[INFO] [stdout] 708 |         let mut mask: libc::c_int = -1;
[INFO] [stdout]     |                 ^^^^
[INFO] [stdout]     |
[INFO] [stdout]     = help: maybe it is overwritten before being read?
[INFO] [stdout] 
[INFO] [stdout] 
[INFO] [stdout] warning: value assigned to `bits` is never read
[INFO] [stdout]    --> src/pfr_addr.rs:840:17
[INFO] [stdout]     |
[INFO] [stdout] 840 |         let mut bits: libc::c_int = 0;
[INFO] [stdout]     |                 ^^^^
[INFO] [stdout]     |
[INFO] [stdout]     = help: maybe it is overwritten before being read?
[INFO] [stdout] 
[INFO] [stdout] 
[INFO] [stdout] warning: variable does not need to be mutable
[INFO] [stdout]    --> src/pfr_addr.rs:838:12
[INFO] [stdout]     |
[INFO] [stdout] 838 |     fn new(mut n: node_host, is_test: libc::c_int, not: libc::c_int) -> PfResult<Self>
[INFO] [stdout]     |            ----^
[INFO] [stdout]     |            |
[INFO] [stdout]     |            help: remove this `mut`
[INFO] [stdout]     |
[INFO] [stdout]     = note: `#[warn(unused_mut)]` on by default
[INFO] [stdout] 
[INFO] [stdout] 
[INFO] [stdout] warning: unnecessary trailing semicolon
[INFO] [stdout]    --> src/common.rs:8:18
[INFO] [stdout]     |
[INFO] [stdout] 8   |               $init;
[INFO] [stdout]     |                    ^ help: remove this semicolon
[INFO] [stdout]     |
[INFO] [stdout]    ::: src/ioctl.rs:109:9
[INFO] [stdout]     |
[INFO] [stdout] 109 | /         cfor!(let mut p_resp = res; p_resp != std::ptr::null_mut(); p_resp = (*p_resp).ai_next;
[INFO] [stdout] 110 | |             {
[INFO] [stdout] 111 | |                 let resp = *p_resp;
[INFO] [stdout] ...   |
[INFO] [stdout] 265 | |         );
[INFO] [stdout]     | |_________- in this macro invocation
[INFO] [stdout]     |
[INFO] [stdout]     = note: `#[warn(redundant_semicolons)]` on by default
[INFO] [stdout]     = note: this warning originates in the macro `cfor` (in Nightly builds, run with -Z macro-backtrace for more info)
[INFO] [stdout] 
[INFO] [stdout] 
[INFO] [stdout] warning: unnecessary trailing semicolon
[INFO] [stdout]    --> src/common.rs:8:18
[INFO] [stdout]     |
[INFO] [stdout] 8   |               $init;
[INFO] [stdout]     |                    ^ help: remove this semicolon
[INFO] [stdout]     |
[INFO] [stdout]    ::: src/ioctl.rs:180:21
[INFO] [stdout]     |
[INFO] [stdout] 180 | /                     cfor!(let mut p_resp1 = res1; p_resp1 != std::ptr::null_mut(); p_resp1 = (*p_resp1).ai_next;
[INFO] [stdout] 181 | |                         {
[INFO] [stdout] 182 | |                             let resp1 = *p_resp1;
[INFO] [stdout] ...   |
[INFO] [stdout] 241 | |                     );
[INFO] [stdout]     | |_____________________- in this macro invocation
[INFO] [stdout]     |
[INFO] [stdout]     = note: this warning originates in the macro `cfor` (in Nightly builds, run with -Z macro-backtrace for more info)
[INFO] [stdout] 
[INFO] [stdout] 
[INFO] [stdout] warning: unnecessary trailing semicolon
[INFO] [stdout]    --> src/common.rs:8:18
[INFO] [stdout]     |
[INFO] [stdout] 8   |               $init;
[INFO] [stdout]     |                    ^ help: remove this semicolon
[INFO] [stdout]     |
[INFO] [stdout]    ::: src/pfr_addr.rs:290:13
[INFO] [stdout]     |
[INFO] [stdout] 290 | /             cfor!(let mut i = 31; tmp & (1 << i) > 0; i -= 1; // or (i = 31; tmp & (1 << i); --i)
[INFO] [stdout] 291 | |                 {
[INFO] [stdout] 292 | |                     b += 1;   //C b++;
[INFO] [stdout] 293 | |                 }
[INFO] [stdout] 294 | |             ); 
[INFO] [stdout]     | |_____________- in this macro invocation
[INFO] [stdout]     |
[INFO] [stdout]     = note: this warning originates in the macro `cfor` (in Nightly builds, run with -Z macro-backtrace for more info)
[INFO] [stdout] 
[INFO] [stdout] 
[INFO] [stdout] warning: unnecessary trailing semicolon
[INFO] [stdout]    --> src/common.rs:8:18
[INFO] [stdout]     |
[INFO] [stdout] 8   |               $init;
[INFO] [stdout]     |                    ^ help: remove this semicolon
[INFO] [stdout]     |
[INFO] [stdout]    ::: src/pfr_addr.rs:372:9
[INFO] [stdout]     |
[INFO] [stdout] 372 | /         cfor!(let mut i = 31; i > 31-b; i -= 1; // for (i = 31; i > 31-b; --i)
[INFO] [stdout] 373 | |             {
[INFO] [stdout] 374 | |                 m.pfa.addr32[j] |= 1 << i;   // m->addr32[j] |= (1 << i);
[INFO] [stdout] 375 | |             }
[INFO] [stdout] 376 | |         );
[INFO] [stdout]     | |_________- in this macro invocation
[INFO] [stdout]     |
[INFO] [stdout]     = note: this warning originates in the macro `cfor` (in Nightly builds, run with -Z macro-backtrace for more info)
[INFO] [stdout] 
[INFO] [stdout] 
[INFO] [stdout] warning: unnecessary trailing semicolon
[INFO] [stdout]    --> src/common.rs:8:18
[INFO] [stdout]     |
[INFO] [stdout] 8   |               $init;
[INFO] [stdout]     |                    ^ help: remove this semicolon
[INFO] [stdout]     |
[INFO] [stdout]    ::: src/pfr_addr.rs:386:13
[INFO] [stdout]     |
[INFO] [stdout] 386 | /             cfor!(let mut i = 0; i < 4; i += 1; // for (i = 0; i < 4; i++)
[INFO] [stdout] 387 | |                 {
[INFO] [stdout] 388 | |                     addr.pfa.addr32[i] = addr.pfa.addr32[i] & m.pfa.addr32[i]; // n->addr32[i] = n->addr32[i] & m->addr32[i];
[INFO] [stdout] 389 | |                 }
[INFO] [stdout] 390 | |             );
[INFO] [stdout]     | |_____________- in this macro invocation
[INFO] [stdout]     |
[INFO] [stdout]     = note: this warning originates in the macro `cfor` (in Nightly builds, run with -Z macro-backtrace for more info)
[INFO] [stdout] 
[INFO] [stdout] 
[INFO] [stdout] warning: unnecessary trailing semicolon
[INFO] [stdout]    --> src/common.rs:8:18
[INFO] [stdout]     |
[INFO] [stdout] 8   |               $init;
[INFO] [stdout]     |                    ^ help: remove this semicolon
[INFO] [stdout]     |
[INFO] [stdout]    ::: src/pfr_addr.rs:618:13
[INFO] [stdout]     |
[INFO] [stdout] 618 | /             cfor!(let mut p_resp = res; p_resp != std::ptr::null_mut(); p_resp = (*p_resp).ai_next;
[INFO] [stdout] 619 | |                 {
[INFO] [stdout] 620 | |                     let resp = *p_resp;
[INFO] [stdout] ...   |
[INFO] [stdout] 687 | |             );
[INFO] [stdout]     | |_____________- in this macro invocation
[INFO] [stdout]     |
[INFO] [stdout]     = note: this warning originates in the macro `cfor` (in Nightly builds, run with -Z macro-backtrace for more info)
[INFO] [stdout] 
[INFO] [stdout] 
[INFO] [stdout] warning: unnecessary `unsafe` block
[INFO] [stdout]    --> src/pf.rs:387:9
[INFO] [stdout]     |
[INFO] [stdout] 387 |         unsafe { pf.pfctl_kill_state("192.168.2.104", None).unwrap() };
[INFO] [stdout]     |         ^^^^^^ unnecessary `unsafe` block
[INFO] [stdout]     |
[INFO] [stdout]     = note: `#[warn(unused_unsafe)]` on by default
[INFO] [stdout] 
[INFO] [stdout] 
[INFO] [stdout] warning: unnecessary `unsafe` block
[INFO] [stdout]    --> src/pf.rs:395:9
[INFO] [stdout]     |
[INFO] [stdout] 395 |         unsafe { pf.pfctl_kill_state("192.168.2.1", None).unwrap() };
[INFO] [stdout]     |         ^^^^^^ unnecessary `unsafe` block
[INFO] [stdout] 
[INFO] [stdout] 
[INFO] [stdout] warning: value assigned to `tmp` is never read
[INFO] [stdout]    --> src/pfr_addr.rs:279:17
[INFO] [stdout]     |
[INFO] [stdout] 279 |         let mut tmp: u32 = 0;
[INFO] [stdout]     |                 ^^^
[INFO] [stdout]     |
[INFO] [stdout]     = help: maybe it is overwritten before being read?
[INFO] [stdout]     = note: `#[warn(unused_assignments)]` on by default
[INFO] [stdout] 
[INFO] [stdout] 
[INFO] [stdout] warning: value assigned to `mask` is never read
[INFO] [stdout]    --> src/pfr_addr.rs:708:17
[INFO] [stdout]     |
[INFO] [stdout] 708 |         let mut mask: libc::c_int = -1;
[INFO] [stdout]     |                 ^^^^
[INFO] [stdout]     |
[INFO] [stdout]     = help: maybe it is overwritten before being read?
[INFO] [stdout] 
[INFO] [stdout] 
[INFO] [stdout] warning: value assigned to `bits` is never read
[INFO] [stdout]    --> src/pfr_addr.rs:840:17
[INFO] [stdout]     |
[INFO] [stdout] 840 |         let mut bits: libc::c_int = 0;
[INFO] [stdout]     |                 ^^^^
[INFO] [stdout]     |
[INFO] [stdout]     = help: maybe it is overwritten before being read?
[INFO] [stdout] 
[INFO] [stdout] 
[INFO] [stdout] warning: variable does not need to be mutable
[INFO] [stdout]    --> src/pfr_addr.rs:838:12
[INFO] [stdout]     |
[INFO] [stdout] 838 |     fn new(mut n: node_host, is_test: libc::c_int, not: libc::c_int) -> PfResult<Self>
[INFO] [stdout]     |            ----^
[INFO] [stdout]     |            |
[INFO] [stdout]     |            help: remove this `mut`
[INFO] [stdout]     |
[INFO] [stdout]     = note: `#[warn(unused_mut)]` on by default
[INFO] [stdout] 
[INFO] [stdout] 
[INFO] [stderr]     Finished `test` profile [unoptimized + debuginfo] target(s) in 0.54s
[INFO] running `Command { std: "docker" "inspect" "b48a3284b3c9827d6fac698bec528909933fd7a1af1f0702c82585ea93cbe620", kill_on_drop: false }`
[INFO] running `Command { std: "docker" "rm" "-f" "b48a3284b3c9827d6fac698bec528909933fd7a1af1f0702c82585ea93cbe620", kill_on_drop: false }`
[INFO] [stdout] b48a3284b3c9827d6fac698bec528909933fd7a1af1f0702c82585ea93cbe620
[INFO] running `Command { std: "docker" "create" "-v" "/var/lib/crater-agent-workspace/builds/worker-3-tc2/target:/opt/rustwide/target:rw,Z" "-v" "/var/lib/crater-agent-workspace/builds/worker-3-tc2/source:/opt/rustwide/workdir:ro,Z" "-v" "/var/lib/crater-agent-workspace/cargo-home:/opt/rustwide/cargo-home:ro,Z" "-v" "/var/lib/crater-agent-workspace/rustup-home:/opt/rustwide/rustup-home:ro,Z" "-e" "SOURCE_DIR=/opt/rustwide/workdir" "-e" "CARGO_TARGET_DIR=/opt/rustwide/target" "-e" "CARGO_INCREMENTAL=0" "-e" "RUST_BACKTRACE=full" "-e" "RUSTFLAGS=--cap-lints=forbid -Zrandomize-layout" "-e" "RUSTDOCFLAGS=--cap-lints=forbid" "-e" "CARGO_HOME=/opt/rustwide/cargo-home" "-e" "RUSTUP_HOME=/opt/rustwide/rustup-home" "-w" "/opt/rustwide/workdir" "-m" "1610612736" "--user" "0:0" "--network" "none" "ghcr.io/rust-lang/crates-build-env/linux@sha256:819108c5571ea2e421544af4d832f968d213c87fbe3707a016657f43d2f853bc" "/opt/rustwide/cargo-home/bin/cargo" "+nightly-2025-01-18" "test" "--frozen", kill_on_drop: false }`
[INFO] [stdout] ffb330220d0f5b455ce2bbe17bb16ba35c7c119845a923333a29a2e6220a6fa2
[INFO] running `Command { std: "docker" "start" "-a" "ffb330220d0f5b455ce2bbe17bb16ba35c7c119845a923333a29a2e6220a6fa2", kill_on_drop: false }`
[INFO] [stderr] warning: unused import: `env`
[INFO] [stderr]  --> build.rs:1:29
[INFO] [stderr]   |
[INFO] [stderr] 1 | use std::{process::Command, env};
[INFO] [stderr]   |                             ^^^
[INFO] [stderr]   |
[INFO] [stderr]   = note: `#[warn(unused_imports)]` on by default
[INFO] [stderr] 
[INFO] [stderr] warning: `pf-rs` (build script) generated 1 warning
[INFO] [stderr] warning: unnecessary trailing semicolon
[INFO] [stderr]    --> src/common.rs:8:18
[INFO] [stderr]     |
[INFO] [stderr] 8   |               $init;
[INFO] [stderr]     |                    ^ help: remove this semicolon
[INFO] [stderr]     |
[INFO] [stderr]    ::: src/ioctl.rs:109:9
[INFO] [stderr]     |
[INFO] [stderr] 109 | /         cfor!(let mut p_resp = res; p_resp != std::ptr::null_mut(); p_resp = (*p_resp).ai_next;
[INFO] [stderr] 110 | |             {
[INFO] [stderr] 111 | |                 let resp = *p_resp;
[INFO] [stderr] ...   |
[INFO] [stderr] 265 | |         );
[INFO] [stderr]     | |_________- in this macro invocation
[INFO] [stderr]     |
[INFO] [stderr]     = note: `#[warn(redundant_semicolons)]` on by default
[INFO] [stderr]     = note: this warning originates in the macro `cfor` (in Nightly builds, run with -Z macro-backtrace for more info)
[INFO] [stderr] 
[INFO] [stderr] warning: unnecessary trailing semicolon
[INFO] [stderr]    --> src/common.rs:8:18
[INFO] [stderr]     |
[INFO] [stderr] 8   |               $init;
[INFO] [stderr]     |                    ^ help: remove this semicolon
[INFO] [stderr]     |
[INFO] [stderr]    ::: src/ioctl.rs:180:21
[INFO] [stderr]     |
[INFO] [stderr] 180 | /                     cfor!(let mut p_resp1 = res1; p_resp1 != std::ptr::null_mut(); p_resp1 = (*p_resp1).ai_next;
[INFO] [stderr] 181 | |                         {
[INFO] [stderr] 182 | |                             let resp1 = *p_resp1;
[INFO] [stderr] ...   |
[INFO] [stderr] 241 | |                     );
[INFO] [stderr]     | |_____________________- in this macro invocation
[INFO] [stderr]     |
[INFO] [stderr]     = note: this warning originates in the macro `cfor` (in Nightly builds, run with -Z macro-backtrace for more info)
[INFO] [stderr] 
[INFO] [stderr] warning: unnecessary trailing semicolon
[INFO] [stderr]    --> src/common.rs:8:18
[INFO] [stderr]     |
[INFO] [stderr] 8   |               $init;
[INFO] [stderr]     |                    ^ help: remove this semicolon
[INFO] [stderr]     |
[INFO] [stderr]    ::: src/pfr_addr.rs:290:13
[INFO] [stderr]     |
[INFO] [stderr] 290 | /             cfor!(let mut i = 31; tmp & (1 << i) > 0; i -= 1; // or (i = 31; tmp & (1 << i); --i)
[INFO] [stderr] 291 | |                 {
[INFO] [stderr] 292 | |                     b += 1;   //C b++;
[INFO] [stderr] 293 | |                 }
[INFO] [stderr] 294 | |             ); 
[INFO] [stderr]     | |_____________- in this macro invocation
[INFO] [stderr]     |
[INFO] [stderr]     = note: this warning originates in the macro `cfor` (in Nightly builds, run with -Z macro-backtrace for more info)
[INFO] [stderr] 
[INFO] [stderr] warning: unnecessary trailing semicolon
[INFO] [stderr]    --> src/common.rs:8:18
[INFO] [stderr]     |
[INFO] [stderr] 8   |               $init;
[INFO] [stderr]     |                    ^ help: remove this semicolon
[INFO] [stderr]     |
[INFO] [stderr]    ::: src/pfr_addr.rs:372:9
[INFO] [stderr]     |
[INFO] [stderr] 372 | /         cfor!(let mut i = 31; i > 31-b; i -= 1; // for (i = 31; i > 31-b; --i)
[INFO] [stderr] 373 | |             {
[INFO] [stderr] 374 | |                 m.pfa.addr32[j] |= 1 << i;   // m->addr32[j] |= (1 << i);
[INFO] [stderr] 375 | |             }
[INFO] [stderr] 376 | |         );
[INFO] [stderr]     | |_________- in this macro invocation
[INFO] [stderr]     |
[INFO] [stderr]     = note: this warning originates in the macro `cfor` (in Nightly builds, run with -Z macro-backtrace for more info)
[INFO] [stderr] 
[INFO] [stderr] warning: unnecessary trailing semicolon
[INFO] [stderr]    --> src/common.rs:8:18
[INFO] [stderr]     |
[INFO] [stderr] 8   |               $init;
[INFO] [stderr]     |                    ^ help: remove this semicolon
[INFO] [stderr]     |
[INFO] [stderr]    ::: src/pfr_addr.rs:386:13
[INFO] [stderr]     |
[INFO] [stderr] 386 | /             cfor!(let mut i = 0; i < 4; i += 1; // for (i = 0; i < 4; i++)
[INFO] [stderr] 387 | |                 {
[INFO] [stderr] 388 | |                     addr.pfa.addr32[i] = addr.pfa.addr32[i] & m.pfa.addr32[i]; // n->addr32[i] = n->addr32[i] & m->addr32[i];
[INFO] [stderr] 389 | |                 }
[INFO] [stderr] 390 | |             );
[INFO] [stderr]     | |_____________- in this macro invocation
[INFO] [stderr]     |
[INFO] [stderr]     = note: this warning originates in the macro `cfor` (in Nightly builds, run with -Z macro-backtrace for more info)
[INFO] [stderr] 
[INFO] [stderr] warning: unnecessary trailing semicolon
[INFO] [stderr]    --> src/common.rs:8:18
[INFO] [stderr]     |
[INFO] [stderr] 8   |               $init;
[INFO] [stderr]     |                    ^ help: remove this semicolon
[INFO] [stderr]     |
[INFO] [stderr]    ::: src/pfr_addr.rs:618:13
[INFO] [stderr]     |
[INFO] [stderr] 618 | /             cfor!(let mut p_resp = res; p_resp != std::ptr::null_mut(); p_resp = (*p_resp).ai_next;
[INFO] [stderr] 619 | |                 {
[INFO] [stderr] 620 | |                     let resp = *p_resp;
[INFO] [stderr] ...   |
[INFO] [stderr] 687 | |             );
[INFO] [stderr]     | |_____________- in this macro invocation
[INFO] [stderr]     |
[INFO] [stderr]     = note: this warning originates in the macro `cfor` (in Nightly builds, run with -Z macro-backtrace for more info)
[INFO] [stderr] 
[INFO] [stderr] warning: value assigned to `tmp` is never read
[INFO] [stderr]    --> src/pfr_addr.rs:279:17
[INFO] [stderr]     |
[INFO] [stderr] 279 |         let mut tmp: u32 = 0;
[INFO] [stderr]     |                 ^^^
[INFO] [stderr]     |
[INFO] [stderr]     = help: maybe it is overwritten before being read?
[INFO] [stderr]     = note: `#[warn(unused_assignments)]` on by default
[INFO] [stderr] 
[INFO] [stderr] warning: value assigned to `mask` is never read
[INFO] [stderr]    --> src/pfr_addr.rs:708:17
[INFO] [stderr]     |
[INFO] [stderr] 708 |         let mut mask: libc::c_int = -1;
[INFO] [stderr]     |                 ^^^^
[INFO] [stderr]     |
[INFO] [stderr]     = help: maybe it is overwritten before being read?
[INFO] [stderr] 
[INFO] [stderr] warning: value assigned to `bits` is never read
[INFO] [stderr]    --> src/pfr_addr.rs:840:17
[INFO] [stderr]     |
[INFO] [stderr] 840 |         let mut bits: libc::c_int = 0;
[INFO] [stderr]     |                 ^^^^
[INFO] [stderr]     |
[INFO] [stderr]     = help: maybe it is overwritten before being read?
[INFO] [stderr] 
[INFO] [stderr] warning: variable does not need to be mutable
[INFO] [stderr]    --> src/pfr_addr.rs:838:12
[INFO] [stderr]     |
[INFO] [stderr] 838 |     fn new(mut n: node_host, is_test: libc::c_int, not: libc::c_int) -> PfResult<Self>
[INFO] [stderr]     |            ----^
[INFO] [stderr]     |            |
[INFO] [stderr]     |            help: remove this `mut`
[INFO] [stderr]     |
[INFO] [stderr]     = note: `#[warn(unused_mut)]` on by default
[INFO] [stderr] 
[INFO] [stderr] warning: `pf-rs` (lib) generated 10 warnings (run `cargo fix --lib -p pf-rs` to apply 1 suggestion)
[INFO] [stderr] warning: unnecessary `unsafe` block
[INFO] [stderr]    --> src/pf.rs:387:9
[INFO] [stderr]     |
[INFO] [stderr] 387 |         unsafe { pf.pfctl_kill_state("192.168.2.104", None).unwrap() };
[INFO] [stderr]     |         ^^^^^^ unnecessary `unsafe` block
[INFO] [stderr]     |
[INFO] [stderr]     = note: `#[warn(unused_unsafe)]` on by default
[INFO] [stderr] 
[INFO] [stderr] warning: unnecessary `unsafe` block
[INFO] [stderr]    --> src/pf.rs:395:9
[INFO] [stderr]     |
[INFO] [stderr] 395 |         unsafe { pf.pfctl_kill_state("192.168.2.1", None).unwrap() };
[INFO] [stderr]     |         ^^^^^^ unnecessary `unsafe` block
[INFO] [stderr] 
[INFO] [stderr] warning: `pf-rs` (lib test) generated 12 warnings (10 duplicates)
[INFO] [stderr]     Finished `test` profile [unoptimized + debuginfo] target(s) in 0.02s
[INFO] [stderr]      Running unittests src/lib.rs (/opt/rustwide/target/debug/deps/pf_rs-95a06643f16d9b1e)
[INFO] [stdout] 
[INFO] [stdout] running 13 tests
[INFO] [stdout] test pf::tests::fake_test2_add ... ok
[INFO] [stdout] test pf::tests::fake_test_real_kill_state ... ok
[INFO] [stdout] test pf::tests::test_real_add ... ok
[INFO] [stdout] test pf::tests::test_unmask ... ok
[INFO] [stdout] test ioctl::tests::test_ioctl ... ok
[INFO] [stdout] test pf::tests::test_kill_state ... ok
[INFO] [stdout] test pf::tests::fake_test_add ... ok
[INFO] [stdout] test pfr_addr::tests::test_set_ipmask ... ok
[INFO] [stdout] test pfr_addr::tests::test_set_ipmask_cidr ... ok
[INFO] [stdout] test pf_tokenizer::test ... ok
[INFO] [stdout] test pf::tests::test_real_del ... FAILED
[INFO] [stdout] test pf::tests::test_real_check ... FAILED
[INFO] [stdout] test pf::tests::test_struct_sizes ... FAILED
[INFO] [stdout] 
[INFO] [stdout] failures:
[INFO] [stdout] 
[INFO] [stdout] ---- pf::tests::test_real_del stdout ----
[INFO] [stdout] 
[INFO] [stdout] thread 'pf::tests::test_real_del' panicked at src/pf.rs:379:89:
[INFO] [stdout] called `Result::unwrap()` on an `Err` value: ioctl DIOCRDELADDRS failed, errno: 9
[INFO] [stdout] stack backtrace:
[INFO] [stdout]    0:     0x57c8012a87ba - std::backtrace_rs::backtrace::libunwind::trace::hb059275cfc8d6126
[INFO] [stdout]                                at /rustc/6067b36314ab5eb2eb47cecc464545ba58e1ad24/library/std/src/../../backtrace/src/backtrace/libunwind.rs:116:5
[INFO] [stdout]    1:     0x57c8012a87ba - std::backtrace_rs::backtrace::trace_unsynchronized::h2da071e4327ce3ee
[INFO] [stdout]                                at /rustc/6067b36314ab5eb2eb47cecc464545ba58e1ad24/library/std/src/../../backtrace/src/backtrace/mod.rs:66:5
[INFO] [stdout]    2:     0x57c8012a87ba - std::sys::backtrace::_print_fmt::h842a1474e6f8d23f
[INFO] [stdout]                                at /rustc/6067b36314ab5eb2eb47cecc464545ba58e1ad24/library/std/src/sys/backtrace.rs:66:9
[INFO] [stdout]    3:     0x57c8012a87ba - <std::sys::backtrace::BacktraceLock::print::DisplayBacktrace as core::fmt::Display>::fmt::h71a62eb3b9696b12
[INFO] [stdout]                                at /rustc/6067b36314ab5eb2eb47cecc464545ba58e1ad24/library/std/src/sys/backtrace.rs:39:26
[INFO] [stdout]    4:     0x57c8012d0b73 - core::fmt::rt::Argument::fmt::hdb6b616786b41dc1
[INFO] [stdout]                                at /rustc/6067b36314ab5eb2eb47cecc464545ba58e1ad24/library/core/src/fmt/rt.rs:177:76
[INFO] [stdout]    5:     0x57c8012d0b73 - core::fmt::write::h2cc1698af7e2d686
[INFO] [stdout]                                at /rustc/6067b36314ab5eb2eb47cecc464545ba58e1ad24/library/core/src/fmt/mod.rs:1440:21
[INFO] [stdout]    6:     0x57c8012a5313 - std::io::Write::write_fmt::hab1b4cd059a79022
[INFO] [stdout]                                at /rustc/6067b36314ab5eb2eb47cecc464545ba58e1ad24/library/std/src/io/mod.rs:1887:15
[INFO] [stdout]    7:     0x57c8012a8602 - std::sys::backtrace::BacktraceLock::print::h147fe35b4ea13b08
[INFO] [stdout]                                at /rustc/6067b36314ab5eb2eb47cecc464545ba58e1ad24/library/std/src/sys/backtrace.rs:42:9
[INFO] [stdout]    8:     0x57c8012a9bdf - std::panicking::default_hook::{{closure}}::hbd44223dbdc0d208
[INFO] [stdout]                                at /rustc/6067b36314ab5eb2eb47cecc464545ba58e1ad24/library/std/src/panicking.rs:298:22
[INFO] [stdout]    9:     0x57c8012a99f8 - std::panicking::default_hook::h20f81eb0576efcec
[INFO] [stdout]                                at /rustc/6067b36314ab5eb2eb47cecc464545ba58e1ad24/library/std/src/panicking.rs:322:9
[INFO] [stdout]   10:     0x57c8012713a3 - <alloc::boxed::Box<F,A> as core::ops::function::Fn<Args>>::call::hdb53814c496a4d34
[INFO] [stdout]                                at /rustc/6067b36314ab5eb2eb47cecc464545ba58e1ad24/library/alloc/src/boxed.rs:2027:9
[INFO] [stdout]   11:     0x57c8012713a3 - test::test_main::{{closure}}::hc0a4963c59427c24
[INFO] [stdout]                                at /rustc/6067b36314ab5eb2eb47cecc464545ba58e1ad24/library/test/src/lib.rs:134:21
[INFO] [stdout]   12:     0x57c8012aa6d3 - <alloc::boxed::Box<F,A> as core::ops::function::Fn<Args>>::call::h591b2225413a77e9
[INFO] [stdout]                                at /rustc/6067b36314ab5eb2eb47cecc464545ba58e1ad24/library/alloc/src/boxed.rs:2027:9
[INFO] [stdout]   13:     0x57c8012aa6d3 - std::panicking::rust_panic_with_hook::h625eea43051b2edc
[INFO] [stdout]                                at /rustc/6067b36314ab5eb2eb47cecc464545ba58e1ad24/library/std/src/panicking.rs:839:13
[INFO] [stdout]   14:     0x57c8012aa38a - std::panicking::begin_panic_handler::{{closure}}::h4f9159cfbc3f6bd3
[INFO] [stdout]                                at /rustc/6067b36314ab5eb2eb47cecc464545ba58e1ad24/library/std/src/panicking.rs:704:13
[INFO] [stdout]   15:     0x57c8012a8cb9 - std::sys::backtrace::__rust_end_short_backtrace::h0390abce48353151
[INFO] [stdout]                                at /rustc/6067b36314ab5eb2eb47cecc464545ba58e1ad24/library/std/src/sys/backtrace.rs:168:18
[INFO] [stdout]   16:     0x57c8012aa01d - rust_begin_unwind
[INFO] [stdout]                                at /rustc/6067b36314ab5eb2eb47cecc464545ba58e1ad24/library/std/src/panicking.rs:695:5
[INFO] [stdout]   17:     0x57c8012cf550 - core::panicking::panic_fmt::h9e7c637e9e5f29c9
[INFO] [stdout]                                at /rustc/6067b36314ab5eb2eb47cecc464545ba58e1ad24/library/core/src/panicking.rs:75:14
[INFO] [stdout]   18:     0x57c8012cf9c6 - core::result::unwrap_failed::h7979f09313fe1849
[INFO] [stdout]                                at /rustc/6067b36314ab5eb2eb47cecc464545ba58e1ad24/library/core/src/result.rs:1704:5
[INFO] [stdout]   19:     0x57c80122b00a - core::result::Result<T,E>::unwrap::h08e225b41f6a5d72
[INFO] [stdout]                                at /rustc/6067b36314ab5eb2eb47cecc464545ba58e1ad24/library/core/src/result.rs:1109:23
[INFO] [stdout]   20:     0x57c80122b00a - pf_rs::pf::tests::test_real_del::ha09a01cd0456b5a9
[INFO] [stdout]                                at /opt/rustwide/workdir/src/pf.rs:379:9
[INFO] [stdout]   21:     0x57c80122ad27 - pf_rs::pf::tests::test_real_del::{{closure}}::h006c194ba113da19
[INFO] [stdout]                                at /opt/rustwide/workdir/src/pf.rs:375:23
[INFO] [stdout]   22:     0x57c8012328e6 - core::ops::function::FnOnce::call_once::hfad0c69aba8c980f
[INFO] [stdout]                                at /rustc/6067b36314ab5eb2eb47cecc464545ba58e1ad24/library/core/src/ops/function.rs:250:5
[INFO] [stdout]   23:     0x57c801276afb - core::ops::function::FnOnce::call_once::he27718dfdd183f43
[INFO] [stdout]                                at /rustc/6067b36314ab5eb2eb47cecc464545ba58e1ad24/library/core/src/ops/function.rs:250:5
[INFO] [stdout]   24:     0x57c801276afb - test::__rust_begin_short_backtrace::h4e84902998457a5d
[INFO] [stdout]                                at /rustc/6067b36314ab5eb2eb47cecc464545ba58e1ad24/library/test/src/lib.rs:632:18
[INFO] [stdout]   25:     0x57c801275a33 - test::run_test_in_process::{{closure}}::h7176fd18fc1feca0
[INFO] [stdout]                                at /rustc/6067b36314ab5eb2eb47cecc464545ba58e1ad24/library/test/src/lib.rs:655:60
[INFO] [stdout]   26:     0x57c801275a33 - <core::panic::unwind_safe::AssertUnwindSafe<F> as core::ops::function::FnOnce<()>>::call_once::hf79cff2a624d8cf7
[INFO] [stdout]                                at /rustc/6067b36314ab5eb2eb47cecc464545ba58e1ad24/library/core/src/panic/unwind_safe.rs:272:9
[INFO] [stdout]   27:     0x57c801275a33 - std::panicking::try::do_call::h3da0561d9ab99c25
[INFO] [stdout]                                at /rustc/6067b36314ab5eb2eb47cecc464545ba58e1ad24/library/std/src/panicking.rs:587:40
[INFO] [stdout]   28:     0x57c801275a33 - std::panicking::try::h41c9fa508bc61df6
[INFO] [stdout]                                at /rustc/6067b36314ab5eb2eb47cecc464545ba58e1ad24/library/std/src/panicking.rs:550:19
[INFO] [stdout]   29:     0x57c801275a33 - std::panic::catch_unwind::h6b3ff07bb5afad93
[INFO] [stdout]                                at /rustc/6067b36314ab5eb2eb47cecc464545ba58e1ad24/library/std/src/panic.rs:358:14
[INFO] [stdout]   30:     0x57c801275a33 - test::run_test_in_process::hc7253dd11b39b9f4
[INFO] [stdout]                                at /rustc/6067b36314ab5eb2eb47cecc464545ba58e1ad24/library/test/src/lib.rs:655:27
[INFO] [stdout]   31:     0x57c801275a33 - test::run_test::{{closure}}::hfb2007f8649c30bb
[INFO] [stdout]                                at /rustc/6067b36314ab5eb2eb47cecc464545ba58e1ad24/library/test/src/lib.rs:576:43
[INFO] [stdout]   32:     0x57c801238b15 - test::run_test::{{closure}}::h56a17aa7a282a9f4
[INFO] [stdout]                                at /rustc/6067b36314ab5eb2eb47cecc464545ba58e1ad24/library/test/src/lib.rs:606:41
[INFO] [stdout]   33:     0x57c801238b15 - std::sys::backtrace::__rust_begin_short_backtrace::hd2d2d2fb8e8c6aac
[INFO] [stdout]                                at /rustc/6067b36314ab5eb2eb47cecc464545ba58e1ad24/library/std/src/sys/backtrace.rs:152:18
[INFO] [stdout]   34:     0x57c80123c3fa - std::thread::Builder::spawn_unchecked_::{{closure}}::{{closure}}::h4faa3f9db6133423
[INFO] [stdout]                                at /rustc/6067b36314ab5eb2eb47cecc464545ba58e1ad24/library/std/src/thread/mod.rs:559:17
[INFO] [stdout]   35:     0x57c80123c3fa - <core::panic::unwind_safe::AssertUnwindSafe<F> as core::ops::function::FnOnce<()>>::call_once::hf2e855a36a4ea846
[INFO] [stdout]                                at /rustc/6067b36314ab5eb2eb47cecc464545ba58e1ad24/library/core/src/panic/unwind_safe.rs:272:9
[INFO] [stdout]   36:     0x57c80123c3fa - std::panicking::try::do_call::h2f73af3616c35465
[INFO] [stdout]                                at /rustc/6067b36314ab5eb2eb47cecc464545ba58e1ad24/library/std/src/panicking.rs:587:40
[INFO] [stdout]   37:     0x57c80123c3fa - std::panicking::try::hd1660ce9efadef5a
[INFO] [stdout]                                at /rustc/6067b36314ab5eb2eb47cecc464545ba58e1ad24/library/std/src/panicking.rs:550:19
[INFO] [stdout]   38:     0x57c80123c3fa - std::panic::catch_unwind::h5ee8d7823b8ca744
[INFO] [stdout]                                at /rustc/6067b36314ab5eb2eb47cecc464545ba58e1ad24/library/std/src/panic.rs:358:14
[INFO] [stdout]   39:     0x57c80123c3fa - std::thread::Builder::spawn_unchecked_::{{closure}}::h53c3a1894dce8407
[INFO] [stdout]                                at /rustc/6067b36314ab5eb2eb47cecc464545ba58e1ad24/library/std/src/thread/mod.rs:557:30
[INFO] [stdout]   40:     0x57c80123c3fa - core::ops::function::FnOnce::call_once{{vtable.shim}}::h048ce291ad4f62bf
[INFO] [stdout]                                at /rustc/6067b36314ab5eb2eb47cecc464545ba58e1ad24/library/core/src/ops/function.rs:250:5
[INFO] [stdout]   41:     0x57c8012ae60b - <alloc::boxed::Box<F,A> as core::ops::function::FnOnce<Args>>::call_once::ha52bedf99a3b4981
[INFO] [stdout]                                at /rustc/6067b36314ab5eb2eb47cecc464545ba58e1ad24/library/alloc/src/boxed.rs:2013:9
[INFO] [stdout]   42:     0x57c8012ae60b - <alloc::boxed::Box<F,A> as core::ops::function::FnOnce<Args>>::call_once::h567748934d80ccf8
[INFO] [stdout]                                at /rustc/6067b36314ab5eb2eb47cecc464545ba58e1ad24/library/alloc/src/boxed.rs:2013:9
[INFO] [stdout]   43:     0x57c8012ae60b - std::sys::pal::unix::thread::Thread::new::thread_start::h2d970728ae887adc
[INFO] [stdout]                                at /rustc/6067b36314ab5eb2eb47cecc464545ba58e1ad24/library/std/src/sys/pal/unix/thread.rs:106:17
[INFO] [stdout]   44:     0x7b141d60eac3 - <unknown>
[INFO] [stdout]   45:     0x7b141d69fa04 - clone
[INFO] [stdout]   46:                0x0 - <unknown>
[INFO] [stdout] 
[INFO] [stdout] ---- pf::tests::test_real_check stdout ----
[INFO] [stdout] 
[INFO] [stdout] thread 'pf::tests::test_real_check' panicked at src/pf.rs:371:87:
[INFO] [stdout] called `Result::unwrap()` on an `Err` value: ioctl DIOCRTSTADDRS failed, errno: 9
[INFO] [stdout] stack backtrace:
[INFO] [stdout]    0:     0x57c8012a87ba - std::backtrace_rs::backtrace::libunwind::trace::hb059275cfc8d6126
[INFO] [stdout]                                at /rustc/6067b36314ab5eb2eb47cecc464545ba58e1ad24/library/std/src/../../backtrace/src/backtrace/libunwind.rs:116:5
[INFO] [stdout]    1:     0x57c8012a87ba - std::backtrace_rs::backtrace::trace_unsynchronized::h2da071e4327ce3ee
[INFO] [stdout]                                at /rustc/6067b36314ab5eb2eb47cecc464545ba58e1ad24/library/std/src/../../backtrace/src/backtrace/mod.rs:66:5
[INFO] [stdout]    2:     0x57c8012a87ba - std::sys::backtrace::_print_fmt::h842a1474e6f8d23f
[INFO] [stdout]                                at /rustc/6067b36314ab5eb2eb47cecc464545ba58e1ad24/library/std/src/sys/backtrace.rs:66:9
[INFO] [stdout]    3:     0x57c8012a87ba - <std::sys::backtrace::BacktraceLock::print::DisplayBacktrace as core::fmt::Display>::fmt::h71a62eb3b9696b12
[INFO] [stdout]                                at /rustc/6067b36314ab5eb2eb47cecc464545ba58e1ad24/library/std/src/sys/backtrace.rs:39:26
[INFO] [stdout]    4:     0x57c8012d0b73 - core::fmt::rt::Argument::fmt::hdb6b616786b41dc1
[INFO] [stdout]                                at /rustc/6067b36314ab5eb2eb47cecc464545ba58e1ad24/library/core/src/fmt/rt.rs:177:76
[INFO] [stdout]    5:     0x57c8012d0b73 - core::fmt::write::h2cc1698af7e2d686
[INFO] [stdout]                                at /rustc/6067b36314ab5eb2eb47cecc464545ba58e1ad24/library/core/src/fmt/mod.rs:1440:21
[INFO] [stdout]    6:     0x57c8012a5313 - std::io::Write::write_fmt::hab1b4cd059a79022
[INFO] [stdout]                                at /rustc/6067b36314ab5eb2eb47cecc464545ba58e1ad24/library/std/src/io/mod.rs:1887:15
[INFO] [stdout]    7:     0x57c8012a8602 - std::sys::backtrace::BacktraceLock::print::h147fe35b4ea13b08
[INFO] [stdout]                                at /rustc/6067b36314ab5eb2eb47cecc464545ba58e1ad24/library/std/src/sys/backtrace.rs:42:9
[INFO] [stdout]    8:     0x57c8012a9bdf - std::panicking::default_hook::{{closure}}::hbd44223dbdc0d208
[INFO] [stdout]                                at /rustc/6067b36314ab5eb2eb47cecc464545ba58e1ad24/library/std/src/panicking.rs:298:22
[INFO] [stdout]    9:     0x57c8012a99f8 - std::panicking::default_hook::h20f81eb0576efcec
[INFO] [stdout]                                at /rustc/6067b36314ab5eb2eb47cecc464545ba58e1ad24/library/std/src/panicking.rs:322:9
[INFO] [stdout]   10:     0x57c8012713a3 - <alloc::boxed::Box<F,A> as core::ops::function::Fn<Args>>::call::hdb53814c496a4d34
[INFO] [stdout]                                at /rustc/6067b36314ab5eb2eb47cecc464545ba58e1ad24/library/alloc/src/boxed.rs:2027:9
[INFO] [stdout]   11:     0x57c8012713a3 - test::test_main::{{closure}}::hc0a4963c59427c24
[INFO] [stdout]                                at /rustc/6067b36314ab5eb2eb47cecc464545ba58e1ad24/library/test/src/lib.rs:134:21
[INFO] [stdout]   12:     0x57c8012aa6d3 - <alloc::boxed::Box<F,A> as core::ops::function::Fn<Args>>::call::h591b2225413a77e9
[INFO] [stdout]                                at /rustc/6067b36314ab5eb2eb47cecc464545ba58e1ad24/library/alloc/src/boxed.rs:2027:9
[INFO] [stdout]   13:     0x57c8012aa6d3 - std::panicking::rust_panic_with_hook::h625eea43051b2edc
[INFO] [stdout]                                at /rustc/6067b36314ab5eb2eb47cecc464545ba58e1ad24/library/std/src/panicking.rs:839:13
[INFO] [stdout]   14:     0x57c8012aa38a - std::panicking::begin_panic_handler::{{closure}}::h4f9159cfbc3f6bd3
[INFO] [stdout]                                at /rustc/6067b36314ab5eb2eb47cecc464545ba58e1ad24/library/std/src/panicking.rs:704:13
[INFO] [stdout]   15:     0x57c8012a8cb9 - std::sys::backtrace::__rust_end_short_backtrace::h0390abce48353151
[INFO] [stdout]                                at /rustc/6067b36314ab5eb2eb47cecc464545ba58e1ad24/library/std/src/sys/backtrace.rs:168:18
[INFO] [stdout]   16:     0x57c8012aa01d - rust_begin_unwind
[INFO] [stdout]                                at /rustc/6067b36314ab5eb2eb47cecc464545ba58e1ad24/library/std/src/panicking.rs:695:5
[INFO] [stdout]   17:     0x57c8012cf550 - core::panicking::panic_fmt::h9e7c637e9e5f29c9
[INFO] [stdout]                                at /rustc/6067b36314ab5eb2eb47cecc464545ba58e1ad24/library/core/src/panicking.rs:75:14
[INFO] [stdout]   18:     0x57c8012cf9c6 - core::result::unwrap_failed::h7979f09313fe1849
[INFO] [stdout]                                at /rustc/6067b36314ab5eb2eb47cecc464545ba58e1ad24/library/core/src/result.rs:1704:5
[INFO] [stdout]   19:     0x57c80122ac7a - core::result::Result<T,E>::unwrap::h08e225b41f6a5d72
[INFO] [stdout]                                at /rustc/6067b36314ab5eb2eb47cecc464545ba58e1ad24/library/core/src/result.rs:1109:23
[INFO] [stdout]   20:     0x57c80122ac7a - pf_rs::pf::tests::test_real_check::hfc354ea786641a0c
[INFO] [stdout]                                at /opt/rustwide/workdir/src/pf.rs:371:9
[INFO] [stdout]   21:     0x57c80122a997 - pf_rs::pf::tests::test_real_check::{{closure}}::h8cad357fd2832ab8
[INFO] [stdout]                                at /opt/rustwide/workdir/src/pf.rs:367:25
[INFO] [stdout]   22:     0x57c8012328a6 - core::ops::function::FnOnce::call_once::hf8a7af5ecf8a84e7
[INFO] [stdout]                                at /rustc/6067b36314ab5eb2eb47cecc464545ba58e1ad24/library/core/src/ops/function.rs:250:5
[INFO] [stdout]   23:     0x57c801276afb - core::ops::function::FnOnce::call_once::he27718dfdd183f43
[INFO] [stdout]                                at /rustc/6067b36314ab5eb2eb47cecc464545ba58e1ad24/library/core/src/ops/function.rs:250:5
[INFO] [stdout]   24:     0x57c801276afb - test::__rust_begin_short_backtrace::h4e84902998457a5d
[INFO] [stdout]                                at /rustc/6067b36314ab5eb2eb47cecc464545ba58e1ad24/library/test/src/lib.rs:632:18
[INFO] [stdout]   25:     0x57c801275a33 - test::run_test_in_process::{{closure}}::h7176fd18fc1feca0
[INFO] [stdout]                                at /rustc/6067b36314ab5eb2eb47cecc464545ba58e1ad24/library/test/src/lib.rs:655:60
[INFO] [stdout]   26:     0x57c801275a33 - <core::panic::unwind_safe::AssertUnwindSafe<F> as core::ops::function::FnOnce<()>>::call_once::hf79cff2a624d8cf7
[INFO] [stdout]                                at /rustc/6067b36314ab5eb2eb47cecc464545ba58e1ad24/library/core/src/panic/unwind_safe.rs:272:9
[INFO] [stdout]   27:     0x57c801275a33 - std::panicking::try::do_call::h3da0561d9ab99c25
[INFO] [stdout]                                at /rustc/6067b36314ab5eb2eb47cecc464545ba58e1ad24/library/std/src/panicking.rs:587:40
[INFO] [stdout]   28:     0x57c801275a33 - std::panicking::try::h41c9fa508bc61df6
[INFO] [stdout]                                at /rustc/6067b36314ab5eb2eb47cecc464545ba58e1ad24/library/std/src/panicking.rs:550:19
[INFO] [stdout]   29:     0x57c801275a33 - std::panic::catch_unwind::h6b3ff07bb5afad93
[INFO] [stdout]                                at /rustc/6067b36314ab5eb2eb47cecc464545ba58e1ad24/library/std/src/panic.rs:358:14
[INFO] [stdout]   30:     0x57c801275a33 - test::run_test_in_process::hc7253dd11b39b9f4
[INFO] [stdout]                                at /rustc/6067b36314ab5eb2eb47cecc464545ba58e1ad24/library/test/src/lib.rs:655:27
[INFO] [stdout]   31:     0x57c801275a33 - test::run_test::{{closure}}::hfb2007f8649c30bb
[INFO] [stdout]                                at /rustc/6067b36314ab5eb2eb47cecc464545ba58e1ad24/library/test/src/lib.rs:576:43
[INFO] [stdout]   32:     0x57c801238b15 - test::run_test::{{closure}}::h56a17aa7a282a9f4
[INFO] [stdout]                                at /rustc/6067b36314ab5eb2eb47cecc464545ba58e1ad24/library/test/src/lib.rs:606:41
[INFO] [stdout]   33:     0x57c801238b15 - std::sys::backtrace::__rust_begin_short_backtrace::hd2d2d2fb8e8c6aac
[INFO] [stdout]                                at /rustc/6067b36314ab5eb2eb47cecc464545ba58e1ad24/library/std/src/sys/backtrace.rs:152:18
[INFO] [stdout]   34:     0x57c80123c3fa - std::thread::Builder::spawn_unchecked_::{{closure}}::{{closure}}::h4faa3f9db6133423
[INFO] [stdout]                                at /rustc/6067b36314ab5eb2eb47cecc464545ba58e1ad24/library/std/src/thread/mod.rs:559:17
[INFO] [stdout]   35:     0x57c80123c3fa - <core::panic::unwind_safe::AssertUnwindSafe<F> as core::ops::function::FnOnce<()>>::call_once::hf2e855a36a4ea846
[INFO] [stdout]                                at /rustc/6067b36314ab5eb2eb47cecc464545ba58e1ad24/library/core/src/panic/unwind_safe.rs:272:9
[INFO] [stdout]   36:     0x57c80123c3fa - std::panicking::try::do_call::h2f73af3616c35465
[INFO] [stdout]                                at /rustc/6067b36314ab5eb2eb47cecc464545ba58e1ad24/library/std/src/panicking.rs:587:40
[INFO] [stdout]   37:     0x57c80123c3fa - std::panicking::try::hd1660ce9efadef5a
[INFO] [stdout]                                at /rustc/6067b36314ab5eb2eb47cecc464545ba58e1ad24/library/std/src/panicking.rs:550:19
[INFO] [stdout]   38:     0x57c80123c3fa - std::panic::catch_unwind::h5ee8d7823b8ca744
[INFO] [stdout]                                at /rustc/6067b36314ab5eb2eb47cecc464545ba58e1ad24/library/std/src/panic.rs:358:14
[INFO] [stdout]   39:     0x57c80123c3fa - std::thread::Builder::spawn_unchecked_::{{closure}}::h53c3a1894dce8407
[INFO] [stdout]                                at /rustc/6067b36314ab5eb2eb47cecc464545ba58e1ad24/library/std/src/thread/mod.rs:557:30
[INFO] [stdout]   40:     0x57c80123c3fa - core::ops::function::FnOnce::call_once{{vtable.shim}}::h048ce291ad4f62bf
[INFO] [stdout]                                at /rustc/6067b36314ab5eb2eb47cecc464545ba58e1ad24/library/core/src/ops/function.rs:250:5
[INFO] [stdout]   41:     0x57c8012ae60b - <alloc::boxed::Box<F,A> as core::ops::function::FnOnce<Args>>::call_once::ha52bedf99a3b4981
[INFO] [stdout]                                at /rustc/6067b36314ab5eb2eb47cecc464545ba58e1ad24/library/alloc/src/boxed.rs:2013:9
[INFO] [stdout]   42:     0x57c8012ae60b - <alloc::boxed::Box<F,A> as core::ops::function::FnOnce<Args>>::call_once::h567748934d80ccf8
[INFO] [stdout]                                at /rustc/6067b36314ab5eb2eb47cecc464545ba58e1ad24/library/alloc/src/boxed.rs:2013:9
[INFO] [stdout]   43:     0x57c8012ae60b - std::sys::pal::unix::thread::Thread::new::thread_start::h2d970728ae887adc
[INFO] [stdout]                                at /rustc/6067b36314ab5eb2eb47cecc464545ba58e1ad24/library/std/src/sys/pal/unix/thread.rs:106:17
[INFO] [stdout]   44:     0x7b141d60eac3 - <unknown>
[INFO] [stdout]   45:     0x7b141d69fa04 - clone
[INFO] [stdout]   46:                0x0 - <unknown>
[INFO] [stdout] 
[INFO] [stdout] ---- pf::tests::test_struct_sizes stdout ----
[INFO] [stdout] sizeof(struct pfioc_table = 1104) ?= 1104
[INFO] [stdout] sizeof(struct pfr_table = 1064) ?= 1064
[INFO] [stdout] sizeof(struct pfioc_state_kill = 224) ?= 224
[INFO] [stdout] sizeof(psk.psk_af) = 2
[INFO] [stdout] 
[INFO] [stdout] thread 'pf::tests::test_struct_sizes' panicked at src/pf.rs:432:9:
[INFO] [stdout] assertion `left == right` failed
[INFO] [stdout]   left: 1
[INFO] [stdout]  right: 2
[INFO] [stdout] stack backtrace:
[INFO] [stdout]    0:     0x57c8012a87ba - std::backtrace_rs::backtrace::libunwind::trace::hb059275cfc8d6126
[INFO] [stdout]                                at /rustc/6067b36314ab5eb2eb47cecc464545ba58e1ad24/library/std/src/../../backtrace/src/backtrace/libunwind.rs:116:5
[INFO] [stdout]    1:     0x57c8012a87ba - std::backtrace_rs::backtrace::trace_unsynchronized::h2da071e4327ce3ee
[INFO] [stdout]                                at /rustc/6067b36314ab5eb2eb47cecc464545ba58e1ad24/library/std/src/../../backtrace/src/backtrace/mod.rs:66:5
[INFO] [stdout]    2:     0x57c8012a87ba - std::sys::backtrace::_print_fmt::h842a1474e6f8d23f
[INFO] [stdout]                                at /rustc/6067b36314ab5eb2eb47cecc464545ba58e1ad24/library/std/src/sys/backtrace.rs:66:9
[INFO] [stdout]    3:     0x57c8012a87ba - <std::sys::backtrace::BacktraceLock::print::DisplayBacktrace as core::fmt::Display>::fmt::h71a62eb3b9696b12
[INFO] [stdout]                                at /rustc/6067b36314ab5eb2eb47cecc464545ba58e1ad24/library/std/src/sys/backtrace.rs:39:26
[INFO] [stdout]    4:     0x57c8012d0b73 - core::fmt::rt::Argument::fmt::hdb6b616786b41dc1
[INFO] [stdout]                                at /rustc/6067b36314ab5eb2eb47cecc464545ba58e1ad24/library/core/src/fmt/rt.rs:177:76
[INFO] [stdout]    5:     0x57c8012d0b73 - core::fmt::write::h2cc1698af7e2d686
[INFO] [stdout]                                at /rustc/6067b36314ab5eb2eb47cecc464545ba58e1ad24/library/core/src/fmt/mod.rs:1440:21
[INFO] [stdout]    6:     0x57c8012a5313 - std::io::Write::write_fmt::hab1b4cd059a79022
[INFO] [stdout]                                at /rustc/6067b36314ab5eb2eb47cecc464545ba58e1ad24/library/std/src/io/mod.rs:1887:15
[INFO] [stdout]    7:     0x57c8012a8602 - std::sys::backtrace::BacktraceLock::print::h147fe35b4ea13b08
[INFO] [stdout]                                at /rustc/6067b36314ab5eb2eb47cecc464545ba58e1ad24/library/std/src/sys/backtrace.rs:42:9
[INFO] [stdout]    8:     0x57c8012a9bdf - std::panicking::default_hook::{{closure}}::hbd44223dbdc0d208
[INFO] [stdout]                                at /rustc/6067b36314ab5eb2eb47cecc464545ba58e1ad24/library/std/src/panicking.rs:298:22
[INFO] [stdout]    9:     0x57c8012a99f8 - std::panicking::default_hook::h20f81eb0576efcec
[INFO] [stdout]                                at /rustc/6067b36314ab5eb2eb47cecc464545ba58e1ad24/library/std/src/panicking.rs:322:9
[INFO] [stdout]   10:     0x57c8012713a3 - <alloc::boxed::Box<F,A> as core::ops::function::Fn<Args>>::call::hdb53814c496a4d34
[INFO] [stdout]                                at /rustc/6067b36314ab5eb2eb47cecc464545ba58e1ad24/library/alloc/src/boxed.rs:2027:9
[INFO] [stdout]   11:     0x57c8012713a3 - test::test_main::{{closure}}::hc0a4963c59427c24
[INFO] [stdout]                                at /rustc/6067b36314ab5eb2eb47cecc464545ba58e1ad24/library/test/src/lib.rs:134:21
[INFO] [stdout]   12:     0x57c8012aa6d3 - <alloc::boxed::Box<F,A> as core::ops::function::Fn<Args>>::call::h591b2225413a77e9
[INFO] [stdout]                                at /rustc/6067b36314ab5eb2eb47cecc464545ba58e1ad24/library/alloc/src/boxed.rs:2027:9
[INFO] [stdout]   13:     0x57c8012aa6d3 - std::panicking::rust_panic_with_hook::h625eea43051b2edc
[INFO] [stdout]                                at /rustc/6067b36314ab5eb2eb47cecc464545ba58e1ad24/library/std/src/panicking.rs:839:13
[INFO] [stdout]   14:     0x57c8012aa38a - std::panicking::begin_panic_handler::{{closure}}::h4f9159cfbc3f6bd3
[INFO] [stdout]                                at /rustc/6067b36314ab5eb2eb47cecc464545ba58e1ad24/library/std/src/panicking.rs:704:13
[INFO] [stdout]   15:     0x57c8012a8cb9 - std::sys::backtrace::__rust_end_short_backtrace::h0390abce48353151
[INFO] [stdout]                                at /rustc/6067b36314ab5eb2eb47cecc464545ba58e1ad24/library/std/src/sys/backtrace.rs:168:18
[INFO] [stdout]   16:     0x57c8012aa01d - rust_begin_unwind
[INFO] [stdout]                                at /rustc/6067b36314ab5eb2eb47cecc464545ba58e1ad24/library/std/src/panicking.rs:695:5
[INFO] [stdout]   17:     0x57c8012cf550 - core::panicking::panic_fmt::h9e7c637e9e5f29c9
[INFO] [stdout]                                at /rustc/6067b36314ab5eb2eb47cecc464545ba58e1ad24/library/core/src/panicking.rs:75:14
[INFO] [stdout]   18:     0x57c8012cf942 - core::panicking::assert_failed_inner::h538bec7c1374cd9c
[INFO] [stdout]   19:     0x57c8012cf7f9 - core::panicking::assert_failed::h7fe8c93d80615b71
[INFO] [stdout]                                at /rustc/6067b36314ab5eb2eb47cecc464545ba58e1ad24/library/core/src/panicking.rs:364:5
[INFO] [stdout]   20:     0x57c80122c13d - pf_rs::pf::tests::test_struct_sizes::h2af294d2688fafcf
[INFO] [stdout]                                at /opt/rustwide/workdir/src/pf.rs:432:9
[INFO] [stdout]   21:     0x57c80122bcf7 - pf_rs::pf::tests::test_struct_sizes::{{closure}}::ha0c30541a92c5928
[INFO] [stdout]                                at /opt/rustwide/workdir/src/pf.rs:415:27
[INFO] [stdout]   22:     0x57c801232666 - core::ops::function::FnOnce::call_once::h354856f846626f98
[INFO] [stdout]                                at /rustc/6067b36314ab5eb2eb47cecc464545ba58e1ad24/library/core/src/ops/function.rs:250:5
[INFO] [stdout]   23:     0x57c801276afb - core::ops::function::FnOnce::call_once::he27718dfdd183f43
[INFO] [stdout]                                at /rustc/6067b36314ab5eb2eb47cecc464545ba58e1ad24/library/core/src/ops/function.rs:250:5
[INFO] [stdout]   24:     0x57c801276afb - test::__rust_begin_short_backtrace::h4e84902998457a5d
[INFO] [stdout]                                at /rustc/6067b36314ab5eb2eb47cecc464545ba58e1ad24/library/test/src/lib.rs:632:18
[INFO] [stdout]   25:     0x57c801275a33 - test::run_test_in_process::{{closure}}::h7176fd18fc1feca0
[INFO] [stdout]                                at /rustc/6067b36314ab5eb2eb47cecc464545ba58e1ad24/library/test/src/lib.rs:655:60
[INFO] [stdout]   26:     0x57c801275a33 - <core::panic::unwind_safe::AssertUnwindSafe<F> as core::ops::function::FnOnce<()>>::call_once::hf79cff2a624d8cf7
[INFO] [stdout]                                at /rustc/6067b36314ab5eb2eb47cecc464545ba58e1ad24/library/core/src/panic/unwind_safe.rs:272:9
[INFO] [stdout]   27:     0x57c801275a33 - std::panicking::try::do_call::h3da0561d9ab99c25
[INFO] [stdout]                                at /rustc/6067b36314ab5eb2eb47cecc464545ba58e1ad24/library/std/src/panicking.rs:587:40
[INFO] [stdout]   28:     0x57c801275a33 - std::panicking::try::h41c9fa508bc61df6
[INFO] [stdout]                                at /rustc/6067b36314ab5eb2eb47cecc464545ba58e1ad24/library/std/src/panicking.rs:550:19
[INFO] [stdout]   29:     0x57c801275a33 - std::panic::catch_unwind::h6b3ff07bb5afad93
[INFO] [stdout]                                at /rustc/6067b36314ab5eb2eb47cecc464545ba58e1ad24/library/std/src/panic.rs:358:14
[INFO] [stdout]   30:     0x57c801275a33 - test::run_test_in_process::hc7253dd11b39b9f4
[INFO] [stdout]                                at /rustc/6067b36314ab5eb2eb47cecc464545ba58e1ad24/library/test/src/lib.rs:655:27
[INFO] [stdout]   31:     0x57c801275a33 - test::run_test::{{closure}}::hfb2007f8649c30bb
[INFO] [stdout]                                at /rustc/6067b36314ab5eb2eb47cecc464545ba58e1ad24/library/test/src/lib.rs:576:43
[INFO] [stdout]   32:     0x57c801238b15 - test::run_test::{{closure}}::h56a17aa7a282a9f4
[INFO] [stdout]                                at /rustc/6067b36314ab5eb2eb47cecc464545ba58e1ad24/library/test/src/lib.rs:606:41
[INFO] [stdout]   33:     0x57c801238b15 - std::sys::backtrace::__rust_begin_short_backtrace::hd2d2d2fb8e8c6aac
[INFO] [stdout]                                at /rustc/6067b36314ab5eb2eb47cecc464545ba58e1ad24/library/std/src/sys/backtrace.rs:152:18
[INFO] [stdout]   34:     0x57c80123c3fa - std::thread::Builder::spawn_unchecked_::{{closure}}::{{closure}}::h4faa3f9db6133423
[INFO] [stdout]                                at /rustc/6067b36314ab5eb2eb47cecc464545ba58e1ad24/library/std/src/thread/mod.rs:559:17
[INFO] [stdout]   35:     0x57c80123c3fa - <core::panic::unwind_safe::AssertUnwindSafe<F> as core::ops::function::FnOnce<()>>::call_once::hf2e855a36a4ea846
[INFO] [stdout]                                at /rustc/6067b36314ab5eb2eb47cecc464545ba58e1ad24/library/core/src/panic/unwind_safe.rs:272:9
[INFO] [stdout]   36:     0x57c80123c3fa - std::panicking::try::do_call::h2f73af3616c35465
[INFO] [stdout]                                at /rustc/6067b36314ab5eb2eb47cecc464545ba58e1ad24/library/std/src/panicking.rs:587:40
[INFO] [stdout]   37:     0x57c80123c3fa - std::panicking::try::hd1660ce9efadef5a
[INFO] [stdout]                                at /rustc/6067b36314ab5eb2eb47cecc464545ba58e1ad24/library/std/src/panicking.rs:550:19
[INFO] [stdout]   38:     0x57c80123c3fa - std::panic::catch_unwind::h5ee8d7823b8ca744
[INFO] [stdout]                                at /rustc/6067b36314ab5eb2eb47cecc464545ba58e1ad24/library/std/src/panic.rs:358:14
[INFO] [stdout]   39:     0x57c80123c3fa - std::thread::Builder::spawn_unchecked_::{{closure}}::h53c3a1894dce8407
[INFO] [stdout]                                at /rustc/6067b36314ab5eb2eb47cecc464545ba58e1ad24/library/std/src/thread/mod.rs:557:30
[INFO] [stdout]   40:     0x57c80123c3fa - core::ops::function::FnOnce::call_once{{vtable.shim}}::h048ce291ad4f62bf
[INFO] [stdout]                                at /rustc/6067b36314ab5eb2eb47cecc464545ba58e1ad24/library/core/src/ops/function.rs:250:5
[INFO] [stdout]   41:     0x57c8012ae60b - <alloc::boxed::Box<F,A> as core::ops::function::FnOnce<Args>>::call_once::ha52bedf99a3b4981
[INFO] [stdout]                                at /rustc/6067b36314ab5eb2eb47cecc464545ba58e1ad24/library/alloc/src/boxed.rs:2013:9
[INFO] [stdout]   42:     0x57c8012ae60b - <alloc::boxed::Box<F,A> as core::ops::function::FnOnce<Args>>::call_once::h567748934d80ccf8
[INFO] [stdout]                                at /rustc/6067b36314ab5eb2eb47cecc464545ba58e1ad24/library/alloc/src/boxed.rs:2013:9
[INFO] [stdout]   43:     0x57c8012ae60b - std::sys::pal::unix::thread::Thread::new::thread_start::h2d970728ae887adc
[INFO] [stdout]                                at /rustc/6067b36314ab5eb2eb47cecc464545ba58e1ad24/library/std/src/sys/pal/unix/thread.rs:106:17
[INFO] [stdout]   44:     0x7b141d60eac3 - <unknown>
[INFO] [stdout]   45:     0x7b141d69fa04 - clone
[INFO] [stdout]   46:                0x0 - <unknown>
[INFO] [stdout] 
[INFO] [stdout] 
[INFO] [stdout] failures:
[INFO] [stdout]     pf::tests::test_real_check
[INFO] [stdout]     pf::tests::test_real_del
[INFO] [stdout]     pf::tests::test_struct_sizes
[INFO] [stdout] 
[INFO] [stdout] test result: FAILED. 10 passed; 3 failed; 0 ignored; 0 measured; 0 filtered out; finished in 0.03s
[INFO] [stdout] 
[INFO] [stderr] error: test failed, to rerun pass `--lib`
[INFO] running `Command { std: "docker" "inspect" "ffb330220d0f5b455ce2bbe17bb16ba35c7c119845a923333a29a2e6220a6fa2", kill_on_drop: false }`
[INFO] running `Command { std: "docker" "rm" "-f" "ffb330220d0f5b455ce2bbe17bb16ba35c7c119845a923333a29a2e6220a6fa2", kill_on_drop: false }`
[INFO] [stdout] ffb330220d0f5b455ce2bbe17bb16ba35c7c119845a923333a29a2e6220a6fa2
